[INFO] fetching crate tuirealm 2.0.3...
[INFO] testing tuirealm-2.0.3 against beta-2024-12-08 for beta-1.84.0-4-retry
[INFO] extracting crate tuirealm 2.0.3 into /workspace/builds/worker-2-tc2/source
[INFO] validating manifest of crates.io crate tuirealm 2.0.3 on toolchain beta-2024-12-08
[INFO] running `Command { std: CARGO_HOME="/workspace/cargo-home" RUSTUP_HOME="/workspace/rustup-home" "/workspace/cargo-home/bin/cargo" "+beta-2024-12-08" "metadata" "--manifest-path" "Cargo.toml" "--no-deps", kill_on_drop: false }`
[INFO] started tweaking crates.io crate tuirealm 2.0.3
[INFO] removed 0 missing examples
[INFO] finished tweaking crates.io crate tuirealm 2.0.3
[INFO] tweaked toml for crates.io crate tuirealm 2.0.3 written to /workspace/builds/worker-2-tc2/source/Cargo.toml
[INFO] crate crates.io crate tuirealm 2.0.3 already has a lockfile, it will not be regenerated
[INFO] running `Command { std: CARGO_HOME="/workspace/cargo-home" RUSTUP_HOME="/workspace/rustup-home" "/workspace/cargo-home/bin/cargo" "+beta-2024-12-08" "fetch" "--manifest-path" "Cargo.toml", kill_on_drop: false }`
[INFO] running `Command { std: "docker" "create" "-v" "/var/lib/crater-agent-workspace/builds/worker-2-tc2/target:/opt/rustwide/target:rw,Z" "-v" "/var/lib/crater-agent-workspace/builds/worker-2-tc2/source:/opt/rustwide/workdir:ro,Z" "-v" "/var/lib/crater-agent-workspace/cargo-home:/opt/rustwide/cargo-home:ro,Z" "-v" "/var/lib/crater-agent-workspace/rustup-home:/opt/rustwide/rustup-home:ro,Z" "-e" "SOURCE_DIR=/opt/rustwide/workdir" "-e" "CARGO_TARGET_DIR=/opt/rustwide/target" "-e" "CARGO_HOME=/opt/rustwide/cargo-home" "-e" "RUSTUP_HOME=/opt/rustwide/rustup-home" "-w" "/opt/rustwide/workdir" "-m" "1610612736" "--user" "0:0" "--network" "none" "ghcr.io/rust-lang/crates-build-env/linux@sha256:f3a9d4ad9d972b27faf3965f35b62e55ba32bbce8f20bc8fe909558a86702fde" "/opt/rustwide/cargo-home/bin/cargo" "+beta-2024-12-08" "metadata" "--no-deps" "--format-version=1", kill_on_drop: false }`
[INFO] [stdout] 464de082216d3fd19a0aa17ef52fb8ca8540299a6f300db3b35ae7eb0c0c87dd
[INFO] running `Command { std: "docker" "start" "-a" "464de082216d3fd19a0aa17ef52fb8ca8540299a6f300db3b35ae7eb0c0c87dd", kill_on_drop: false }`
[INFO] running `Command { std: "docker" "inspect" "464de082216d3fd19a0aa17ef52fb8ca8540299a6f300db3b35ae7eb0c0c87dd", kill_on_drop: false }`
[INFO] running `Command { std: "docker" "rm" "-f" "464de082216d3fd19a0aa17ef52fb8ca8540299a6f300db3b35ae7eb0c0c87dd", kill_on_drop: false }`
[INFO] [stdout] 464de082216d3fd19a0aa17ef52fb8ca8540299a6f300db3b35ae7eb0c0c87dd
[INFO] running `Command { std: "docker" "create" "-v" "/var/lib/crater-agent-workspace/builds/worker-2-tc2/target:/opt/rustwide/target:rw,Z" "-v" "/var/lib/crater-agent-workspace/builds/worker-2-tc2/source:/opt/rustwide/workdir:ro,Z" "-v" "/var/lib/crater-agent-workspace/cargo-home:/opt/rustwide/cargo-home:ro,Z" "-v" "/var/lib/crater-agent-workspace/rustup-home:/opt/rustwide/rustup-home:ro,Z" "-e" "SOURCE_DIR=/opt/rustwide/workdir" "-e" "CARGO_TARGET_DIR=/opt/rustwide/target" "-e" "CARGO_INCREMENTAL=0" "-e" "RUST_BACKTRACE=full" "-e" "RUSTFLAGS=--cap-lints=warn" "-e" "RUSTDOCFLAGS=--cap-lints=warn" "-e" "CARGO_HOME=/opt/rustwide/cargo-home" "-e" "RUSTUP_HOME=/opt/rustwide/rustup-home" "-w" "/opt/rustwide/workdir" "-m" "1610612736" "--user" "0:0" "--network" "none" "ghcr.io/rust-lang/crates-build-env/linux@sha256:f3a9d4ad9d972b27faf3965f35b62e55ba32bbce8f20bc8fe909558a86702fde" "/opt/rustwide/cargo-home/bin/cargo" "+beta-2024-12-08" "build" "--frozen" "--message-format=json", kill_on_drop: false }`
[INFO] [stdout] 5c57b19401a363d259b883c3d49c1f329454f6461820fc168ab16ccd1945f5e2
[INFO] running `Command { std: "docker" "start" "-a" "5c57b19401a363d259b883c3d49c1f329454f6461820fc168ab16ccd1945f5e2", kill_on_drop: false }`
[INFO] [stderr]    Compiling proc-macro2 v1.0.87
[INFO] [stderr]    Compiling unicode-ident v1.0.13
[INFO] [stderr]    Compiling libc v0.2.159
[INFO] [stderr]    Compiling rustversion v1.0.17
[INFO] [stderr]    Compiling autocfg v1.4.0
[INFO] [stderr]    Compiling parking_lot_core v0.9.10
[INFO] [stderr]    Compiling cfg-if v1.0.0
[INFO] [stderr]    Compiling memchr v2.7.4
[INFO] [stderr]    Compiling signal-hook v0.3.17
[INFO] [stderr]    Compiling rustix v0.38.37
[INFO] [stderr]    Compiling log v0.4.22
[INFO] [stderr]    Compiling scopeguard v1.2.0
[INFO] [stderr]    Compiling smallvec v1.13.2
[INFO] [stderr]    Compiling regex-syntax v0.8.5
[INFO] [stderr]    Compiling linux-raw-sys v0.4.14
[INFO] [stderr]    Compiling paste v1.0.15
[INFO] [stderr]    Compiling equivalent v1.0.1
[INFO] [stderr]    Compiling heck v0.5.0
[INFO] [stderr]    Compiling bitflags v2.6.0
[INFO] [stderr]    Compiling either v1.13.0
[INFO] [stderr]    Compiling allocator-api2 v0.2.18
[INFO] [stderr]    Compiling foldhash v0.1.3
[INFO] [stderr]    Compiling thiserror v1.0.64
[INFO] [stderr]    Compiling itoa v1.0.11
[INFO] [stderr]    Compiling unicode-segmentation v1.12.0
[INFO] [stderr]    Compiling aho-corasick v1.1.3
[INFO] [stderr]    Compiling itertools v0.13.0
[INFO] [stderr]    Compiling static_assertions v1.1.0
[INFO] [stderr]    Compiling unicode-width v0.1.14
[INFO] [stderr]    Compiling ryu v1.0.18
[INFO] [stderr]    Compiling lock_api v0.4.12
[INFO] [stderr]    Compiling cassowary v0.3.0
[INFO] [stderr]    Compiling once_cell v1.20.2
[INFO] [stderr]    Compiling hashbrown v0.15.0
[INFO] [stderr]    Compiling signal-hook-registry v1.4.2
[INFO] [stderr]    Compiling mio v1.0.2
[INFO] [stderr]    Compiling quote v1.0.37
[INFO] [stderr]    Compiling syn v2.0.79
[INFO] [stderr]    Compiling castaway v0.2.3
[INFO] [stderr]    Compiling parking_lot v0.12.3
[INFO] [stderr]    Compiling lru v0.12.5
[INFO] [stderr]    Compiling compact_str v0.8.0
[INFO] [stderr]    Compiling signal-hook-mio v0.2.4
[INFO] [stderr]    Compiling crossterm v0.28.1
[INFO] [stderr]    Compiling unicode-truncate v1.1.0
[INFO] [stderr]    Compiling regex-automata v0.4.8
[INFO] [stderr]    Compiling regex v1.11.0
[INFO] [stderr]    Compiling strum_macros v0.26.4
[INFO] [stderr]    Compiling instability v0.3.2
[INFO] [stderr]    Compiling thiserror-impl v1.0.64
[INFO] [stderr]    Compiling tuirealm_derive v2.0.0
[INFO] [stderr]    Compiling lazy-regex-proc_macros v3.3.0
[INFO] [stderr]    Compiling lazy-regex v3.3.0
[INFO] [stderr]    Compiling strum v0.26.3
[INFO] [stderr]    Compiling ratatui v0.28.1
[INFO] [stderr]    Compiling tuirealm v2.0.3 (/opt/rustwide/workdir)
[INFO] [stderr]     Finished `dev` profile [unoptimized + debuginfo] target(s) in 13.82s
[INFO] running `Command { std: "docker" "inspect" "5c57b19401a363d259b883c3d49c1f329454f6461820fc168ab16ccd1945f5e2", kill_on_drop: false }`
[INFO] running `Command { std: "docker" "rm" "-f" "5c57b19401a363d259b883c3d49c1f329454f6461820fc168ab16ccd1945f5e2", kill_on_drop: false }`
[INFO] [stdout] 5c57b19401a363d259b883c3d49c1f329454f6461820fc168ab16ccd1945f5e2
[INFO] running `Command { std: "docker" "create" "-v" "/var/lib/crater-agent-workspace/builds/worker-2-tc2/target:/opt/rustwide/target:rw,Z" "-v" "/var/lib/crater-agent-workspace/builds/worker-2-tc2/source:/opt/rustwide/workdir:ro,Z" "-v" "/var/lib/crater-agent-workspace/cargo-home:/opt/rustwide/cargo-home:ro,Z" "-v" "/var/lib/crater-agent-workspace/rustup-home:/opt/rustwide/rustup-home:ro,Z" "-e" "SOURCE_DIR=/opt/rustwide/workdir" "-e" "CARGO_TARGET_DIR=/opt/rustwide/target" "-e" "CARGO_INCREMENTAL=0" "-e" "RUST_BACKTRACE=full" "-e" "RUSTFLAGS=--cap-lints=warn" "-e" "RUSTDOCFLAGS=--cap-lints=warn" "-e" "CARGO_HOME=/opt/rustwide/cargo-home" "-e" "RUSTUP_HOME=/opt/rustwide/rustup-home" "-w" "/opt/rustwide/workdir" "-m" "1610612736" "--user" "0:0" "--network" "none" "ghcr.io/rust-lang/crates-build-env/linux@sha256:f3a9d4ad9d972b27faf3965f35b62e55ba32bbce8f20bc8fe909558a86702fde" "/opt/rustwide/cargo-home/bin/cargo" "+beta-2024-12-08" "test" "--frozen" "--no-run" "--message-format=json", kill_on_drop: false }`
[INFO] [stdout] 7082eb844dc9dabfbc2a62af7f362b0a2688efdb260822a0b302dc473b98efcc
[INFO] running `Command { std: "docker" "start" "-a" "7082eb844dc9dabfbc2a62af7f362b0a2688efdb260822a0b302dc473b98efcc", kill_on_drop: false }`
[INFO] [stderr]    Compiling rustix v0.38.37
[INFO] [stderr]    Compiling serde v1.0.210
[INFO] [stderr]    Compiling indexmap v2.6.0
[INFO] [stderr]    Compiling winnow v0.6.20
[INFO] [stderr]    Compiling yansi v1.0.1
[INFO] [stderr]    Compiling diff v0.1.13
[INFO] [stderr]    Compiling fastrand v2.1.1
[INFO] [stderr]    Compiling pretty_assertions v1.4.1
[INFO] [stderr]    Compiling crossterm v0.28.1
[INFO] [stderr]    Compiling tempfile v3.13.0
[INFO] [stderr]    Compiling serde_spanned v0.6.8
[INFO] [stderr]    Compiling toml_datetime v0.6.8
[INFO] [stderr]    Compiling toml_edit v0.22.22
[INFO] [stderr]    Compiling ratatui v0.28.1
[INFO] [stderr]    Compiling toml v0.8.19
[INFO] [stderr]    Compiling tuirealm v2.0.3 (/opt/rustwide/workdir)
[INFO] [stderr]     Finished `test` profile [unoptimized + debuginfo] target(s) in 13.51s
[INFO] running `Command { std: "docker" "inspect" "7082eb844dc9dabfbc2a62af7f362b0a2688efdb260822a0b302dc473b98efcc", kill_on_drop: false }`
[INFO] running `Command { std: "docker" "rm" "-f" "7082eb844dc9dabfbc2a62af7f362b0a2688efdb260822a0b302dc473b98efcc", kill_on_drop: false }`
[INFO] [stdout] 7082eb844dc9dabfbc2a62af7f362b0a2688efdb260822a0b302dc473b98efcc
[INFO] running `Command { std: "docker" "create" "-v" "/var/lib/crater-agent-workspace/builds/worker-2-tc2/target:/opt/rustwide/target:rw,Z" "-v" "/var/lib/crater-agent-workspace/builds/worker-2-tc2/source:/opt/rustwide/workdir:ro,Z" "-v" "/var/lib/crater-agent-workspace/cargo-home:/opt/rustwide/cargo-home:ro,Z" "-v" "/var/lib/crater-agent-workspace/rustup-home:/opt/rustwide/rustup-home:ro,Z" "-e" "SOURCE_DIR=/opt/rustwide/workdir" "-e" "CARGO_TARGET_DIR=/opt/rustwide/target" "-e" "CARGO_INCREMENTAL=0" "-e" "RUST_BACKTRACE=full" "-e" "RUSTFLAGS=--cap-lints=warn" "-e" "RUSTDOCFLAGS=--cap-lints=warn" "-e" "CARGO_HOME=/opt/rustwide/cargo-home" "-e" "RUSTUP_HOME=/opt/rustwide/rustup-home" "-w" "/opt/rustwide/workdir" "-m" "1610612736" "--user" "0:0" "--network" "none" "ghcr.io/rust-lang/crates-build-env/linux@sha256:f3a9d4ad9d972b27faf3965f35b62e55ba32bbce8f20bc8fe909558a86702fde" "/opt/rustwide/cargo-home/bin/cargo" "+beta-2024-12-08" "test" "--frozen", kill_on_drop: false }`
[INFO] [stdout] fe939b1546ae6764eca20aab8980f847cded91c78362457fd1a5c23d21ae22d7
[INFO] running `Command { std: "docker" "start" "-a" "fe939b1546ae6764eca20aab8980f847cded91c78362457fd1a5c23d21ae22d7", kill_on_drop: false }`
[INFO] [stderr]     Finished `test` profile [unoptimized + debuginfo] target(s) in 0.09s
[INFO] [stderr]      Running unittests src/lib.rs (/opt/rustwide/target/debug/deps/tuirealm-6294082a93c825ab)
[INFO] [stdout] 
[INFO] [stdout] running 103 tests
[INFO] [stdout] test core::application::test::application_should_add_injectors ... ok
[INFO] [stdout] test core::application::test::should_initialize_application ... ok
[INFO] [stdout] test core::event::test::key_event_from_key ... ok
[INFO] [stdout] test core::event::test::check_events ... ok
[INFO] [stdout] test core::application::test::should_subscribe_components ... ok
[INFO] [stdout] test core::injector::test::should_create_a_trait_object_injector ... ok
[INFO] [stdout] test core::props::borders::test::borders ... ok
[INFO] [stdout] test core::application::test::should_umount_all ... ok
[INFO] [stdout] test core::event::test::new_key_event ... ok
[INFO] [stdout] test core::props::input_type::test::validate_input_char_color ... ok
[INFO] [stdout] test core::props::input_type::test::validate_input_char_custom ... ok
[INFO] [stdout] test core::props::input_type::test::validate_input_char_numbers ... ok
[INFO] [stdout] test core::props::input_type::test::validate_input_char_phone ... ok
[INFO] [stdout] test core::props::input_type::test::validate_input_char_text ... ok
[INFO] [stdout] test core::application::test::should_restart_listener ... ok
[INFO] [stdout] test core::props::layout::test::should_build_a_layout ... ok
[INFO] [stdout] test core::props::dataset::test::dataset ... ok
[INFO] [stdout] test core::props::input_type::test::validate_input_email ... ok
[INFO] [stdout] test core::props::input_type::test::validate_input_type ... ok
[INFO] [stdout] test core::props::test::unwrapping_alignment_should_panic_if_not_identity - should panic ... ok
[INFO] [stdout] test core::props::test::unwrapping_borders_should_panic_if_not_identity - should panic ... ok
[INFO] [stdout] test core::props::test::unwrapping_color_should_panic_if_not_identity - should panic ... ok
[INFO] [stdout] test core::props::test::unwrapping_layout_should_panic_if_not_identity - should panic ... ok
[INFO] [stdout] test core::props::test::unwrapping_dataset_should_panic_if_not_identity - should panic ... ok
[INFO] [stdout] test core::props::test::unwrapping_direction_should_panic_if_not_identity - should panic ... ok
[INFO] [stdout] test core::props::test::unwrapping_flag_should_panic_if_not_identity - should panic ... ok
[INFO] [stdout] test core::props::test::unwrapping_payload_should_panic_if_not_identity - should panic ... ok
[INFO] [stdout] test core::props::test::unwrapping_should_unwrap ... ok
[INFO] [stdout] test core::props::test::unwrapping_length_should_panic_if_not_identity - should panic ... ok
[INFO] [stdout] test core::props::test::unwrapping_number_should_panic_if_not_identity - should panic ... ok
[INFO] [stdout] test core::props::test::unwrapping_string_should_panic_if_not_identity - should panic ... ok
[INFO] [stdout] test core::props::test::unwrapping_inputtype_should_panic_if_not_identity - should panic ... ok
[INFO] [stdout] test core::props::test::unwrapping_text_should_panic_if_not_identity - should panic ... ok
[INFO] [stdout] test core::props::test::unwrapping_style_should_panic_if_not_identity - should panic ... ok
[INFO] [stdout] test core::props::texts::test::tables ... ok
[INFO] [stdout] test core::props::test::unwrapping_textmodifiers_should_panic_if_not_identity - should panic ... ok
[INFO] [stdout] test core::props::texts::test::text_span ... ok
[INFO] [stdout] test core::props::test::unwrapping_size_should_panic_if_not_identity - should panic ... ok
[INFO] [stdout] test core::props::value::tests::prop_values ... ok
[INFO] [stdout] test core::props::test::unwrapping_shape_should_panic_if_not_identity - should panic ... ok
[INFO] [stdout] test core::props::value::tests::unwrap_prop_payloads ... ok
[INFO] [stdout] test core::props::test::unwrapping_title_should_panic_if_not_identity - should panic ... ok
[INFO] [stdout] test core::props::value::tests::unwrap_prop_values ... ok
[INFO] [stdout] test core::subscription::test::clause_always_should_forward ... ok
[INFO] [stdout] test core::subscription::test::clause_has_attribute_should_forward ... ok
[INFO] [stdout] test core::subscription::test::clause_and_should_forward ... ok
[INFO] [stdout] test core::subscription::test::clause_not_should_forward ... ok
[INFO] [stdout] test core::subscription::test::clause_or_should_forward ... ok
[INFO] [stdout] test core::subscription::test::clause_has_state_should_forward ... ok
[INFO] [stdout] test core::subscription::test::event_clause_any_should_forward ... ok
[INFO] [stdout] test core::subscription::test::clause_is_mounted_should_forward ... ok
[INFO] [stdout] test core::subscription::test::event_clause_mouse_should_forward ... ok
[INFO] [stdout] test core::subscription::test::event_clause_keyboard_should_forward ... ok
[INFO] [stdout] test core::subscription::test::event_clause_tick_should_forward ... ok
[INFO] [stdout] test core::subscription::test::event_clause_user_should_forward ... ok
[INFO] [stdout] test core::subscription::test::event_clause_window_resize_should_forward ... ok
[INFO] [stdout] test core::subscription::test::should_create_a_sub ... ok
[INFO] [stdout] test core::subscription::test::subscription_should_forward ... ok
[INFO] [stdout] test core::view::test::default_view_should_be_empty ... ok
[INFO] [stdout] test core::view::test::view_should_forward_events ... ok
[INFO] [stdout] test core::view::test::view_should_inject_properties ... ok
[INFO] [stdout] test core::view::test::view_should_mount_and_umount_components ... ok
[INFO] [stdout] test core::view::test::view_should_compile_with_dynamic_names ... ok
[INFO] [stdout] test core::view::test::view_should_read_and_write_attributes ... ok
[INFO] [stdout] test core::view::test::view_should_handle_focus ... ok
[INFO] [stdout] test core::view::test::view_should_read_state ... ok
[INFO] [stdout] test core::view::test::view_should_remount_component_without_losing_focus_stack ... ok
[INFO] [stdout] test listener::port::test::test_single_listener ... ok
[INFO] [stdout] test listener::builder::test::should_configure_and_start_event_listener_crossterm ... ok
[INFO] [stdout] test listener::builder::test::event_listener_cfg_should_panic_with_poll_timeout_zero - should panic ... ok
[INFO] [stdout] test listener::builder::test::should_add_port_via_port_1 ... ok
[INFO] [stdout] test listener::test::event_listener_with_poll_timeout_zero_should_panic - should panic ... ok
[INFO] [stdout] test core::view::test::view_should_umount_all ... ok
[INFO] [stdout] test listener::worker::test::worker_should_calc_times_correctly_without_tick ... ok
[INFO] [stdout] test listener::worker::test::worker_should_calc_times_correctly_with_tick ... ok
[INFO] [stdout] test listener::worker::test::worker_should_poll_multiple_times ... ok
[INFO] [stdout] test core::props::test::unwrapping_table_should_panic_if_not_identity - should panic ... ok
[INFO] [stdout] test listener::worker::test::worker_should_send_poll ... ok
[INFO] [stdout] test listener::worker::test::worker_should_send_tick ... ok
[INFO] [stdout] test terminal::event_listener::crossterm::test::adapt_crossterm_event ... ok
[INFO] [stdout] test terminal::event_listener::crossterm::test::adapt_crossterm_key_event ... ok
[INFO] [stdout] test terminal::event_listener::crossterm::test::adapt_crossterm_key_modifiers ... ok
[INFO] [stdout] test terminal::event_listener::crossterm::test::adapt_crossterm_keycode ... ok
[INFO] [stdout] test terminal::event_listener::crossterm::test::should_adapt_media_key ... ok
[INFO] [stdout] test terminal::event_listener::crossterm::test::should_adapt_mouse_event ... ok
[INFO] [stdout] test listener::worker::test::worker_should_panic_when_trying_next_tick_without_it - should panic ... ok
[INFO] [stdout] test utils::parser::test::utils_parse_email ... ok
[INFO] [stdout] test utils::parser::test::utils_parse_phone ... ok
[INFO] [stdout] test utils::types::test::email ... ok
[INFO] [stdout] test utils::types::test::phone_number ... ok
[INFO] [stdout] test utils::parser::test::utils_parse_color ... ok
[INFO] [stdout] test core::application::test::should_manipulate_components ... ok
[INFO] [stdout] test core::application::test::should_not_propagate_event_when_subs_are_locked ... ok
[INFO] [stdout] test core::application::test::should_propagate_events_if_is_mounted_cond_is_not_satisfied ... ok
[INFO] [stdout] test core::application::test::should_not_propagate_events_if_has_state_cond_is_not_satisfied ... ok
[INFO] [stdout] test core::application::test::should_not_propagate_events_if_is_mounted_cond_is_not_satisfied ... ok
[INFO] [stdout] test core::application::test::should_propagate_events_if_has_state_cond_is_satisfied ... ok
[INFO] [stdout] test core::application::test::should_not_propagate_events_if_has_attr_cond_is_not_satisfied ... ok
[INFO] [stdout] test core::application::test::should_propagate_events_if_has_attr_cond_is_satisfied ... ok
[INFO] [stdout] test core::application::test::should_do_tick ... ok
[INFO] [stdout] test core::application::test::should_lock_ports ... ok
[INFO] [stdout] test listener::test::worker_should_be_paused ... ok
[INFO] [stdout] test listener::test::worker_should_run_thread ... ok
[INFO] [stdout] 
[INFO] [stdout] test result: ok. 103 passed; 0 failed; 0 ignored; 0 measured; 0 filtered out; finished in 6.07s
[INFO] [stdout] 
[INFO] [stderr]    Doc-tests tuirealm
[INFO] [stdout] 
[INFO] [stdout] running 6 tests
[INFO] [stdout] test src/macros.rs - macros::subclause_and_not (line 56) ... ok
[INFO] [stdout] test src/macros.rs - macros::subclause_and (line 6) ... ok
[INFO] [stdout] test src/utils/parser.rs - utils::parser::parse_email (line 48) ... ok
[INFO] [stdout] test src/macros.rs - macros::subclause_or (line 104) ... ok
[INFO] [stdout] test src/terminal.rs - terminal::TerminalBridge (line 55) ... FAILED
[INFO] [stdout] test src/utils/parser.rs - utils::parser::parse_phone_number (line 66) ... ok
[INFO] [stdout] 
[INFO] [stdout] failures:
[INFO] [stdout] 
[INFO] [stdout] ---- src/terminal.rs - terminal::TerminalBridge (line 55) stdout ----
[INFO] [stdout] Test executable failed (exit status: 101).
[INFO] [stdout] 
[INFO] [stdout] stderr:
[INFO] [stdout] thread 'main' panicked at src/terminal.rs:8:53:
[INFO] [stdout] called `Result::unwrap()` on an `Err` value: CannotConnectStdout
[INFO] [stdout] stack backtrace:
[INFO] [stdout]    0:     0x603dd8f78f6a - std::backtrace_rs::backtrace::libunwind::trace::h8810477743020387
[INFO] [stdout]                                at /rustc/202008a1b8de96d2e5b6bc02d379db03a877d34d/library/std/src/../../backtrace/src/backtrace/libunwind.rs:116:5
[INFO] [stdout]    1:     0x603dd8f78f6a - std::backtrace_rs::backtrace::trace_unsynchronized::h3aa55355dd6c54a6
[INFO] [stdout]                                at /rustc/202008a1b8de96d2e5b6bc02d379db03a877d34d/library/std/src/../../backtrace/src/backtrace/mod.rs:66:5
[INFO] [stdout]    2:     0x603dd8f78f6a - std::sys::backtrace::_print_fmt::h8588b0f62410823f
[INFO] [stdout]                                at /rustc/202008a1b8de96d2e5b6bc02d379db03a877d34d/library/std/src/sys/backtrace.rs:66:9
[INFO] [stdout]    3:     0x603dd8f78f6a - <std::sys::backtrace::BacktraceLock::print::DisplayBacktrace as core::fmt::Display>::fmt::h98c26ac25ffe89bb
[INFO] [stdout]                                at /rustc/202008a1b8de96d2e5b6bc02d379db03a877d34d/library/std/src/sys/backtrace.rs:39:26
[INFO] [stdout]    4:     0x603dd8f991e3 - core::fmt::rt::Argument::fmt::hf95377f4aebd453b
[INFO] [stdout]                                at /rustc/202008a1b8de96d2e5b6bc02d379db03a877d34d/library/core/src/fmt/rt.rs:177:76
[INFO] [stdout]    5:     0x603dd8f991e3 - core::fmt::write::h0dd5f6e2238c7982
[INFO] [stdout]                                at /rustc/202008a1b8de96d2e5b6bc02d379db03a877d34d/library/core/src/fmt/mod.rs:1189:21
[INFO] [stdout]    6:     0x603dd8f76123 - std::io::Write::write_fmt::hc00bff0a88e08857
[INFO] [stdout]                                at /rustc/202008a1b8de96d2e5b6bc02d379db03a877d34d/library/std/src/io/mod.rs:1884:15
[INFO] [stdout]    7:     0x603dd8f78db2 - std::sys::backtrace::BacktraceLock::print::h5c19c1c038ee186d
[INFO] [stdout]                                at /rustc/202008a1b8de96d2e5b6bc02d379db03a877d34d/library/std/src/sys/backtrace.rs:42:9
[INFO] [stdout]    8:     0x603dd8f7a0fd - std::panicking::default_hook::{{closure}}::h77172f079a1fcb13
[INFO] [stdout]                                at /rustc/202008a1b8de96d2e5b6bc02d379db03a877d34d/library/std/src/panicking.rs:268:22
[INFO] [stdout]    9:     0x603dd8f79f43 - std::panicking::default_hook::he5f8e3b203ccddba
[INFO] [stdout]                                at /rustc/202008a1b8de96d2e5b6bc02d379db03a877d34d/library/std/src/panicking.rs:295:9
[INFO] [stdout]   10:     0x603dd8f7a6d7 - std::panicking::rust_panic_with_hook::h53863d4e9018df39
[INFO] [stdout]                                at /rustc/202008a1b8de96d2e5b6bc02d379db03a877d34d/library/std/src/panicking.rs:801:13
[INFO] [stdout]   11:     0x603dd8f7a56a - std::panicking::begin_panic_handler::{{closure}}::h67280e6fa0757873
[INFO] [stdout]                                at /rustc/202008a1b8de96d2e5b6bc02d379db03a877d34d/library/std/src/panicking.rs:674:13
[INFO] [stdout]   12:     0x603dd8f79449 - std::sys::backtrace::__rust_end_short_backtrace::h1dac3f54d6fbbeb2
[INFO] [stdout]                                at /rustc/202008a1b8de96d2e5b6bc02d379db03a877d34d/library/std/src/sys/backtrace.rs:170:18
[INFO] [stdout]   13:     0x603dd8f7a1fc - rust_begin_unwind
[INFO] [stdout]                                at /rustc/202008a1b8de96d2e5b6bc02d379db03a877d34d/library/std/src/panicking.rs:665:5
[INFO] [stdout]   14:     0x603dd8ef15b0 - core::panicking::panic_fmt::h6792bd1b2bf01041
[INFO] [stdout]                                at /rustc/202008a1b8de96d2e5b6bc02d379db03a877d34d/library/core/src/panicking.rs:76:14
[INFO] [stdout]   15:     0x603dd8ef19c6 - core::result::unwrap_failed::h05e0602ed34287c5
[INFO] [stdout]                                at /rustc/202008a1b8de96d2e5b6bc02d379db03a877d34d/library/core/src/result.rs:1699:5
[INFO] [stdout]   16:     0x603dd8ef208b - rust_out::main::_doctest_main_src_terminal_rs_55_0::hd5e3d44255fb62a4
[INFO] [stdout]   17:     0x603dd8ef2016 - rust_out::main::h57eefffa92e38ed0
[INFO] [stdout]   18:     0x603dd8ef1ef3 - core::ops::function::FnOnce::call_once::hcb3872443a25b5b7
[INFO] [stdout]   19:     0x603dd8ef1e96 - std::sys::backtrace::__rust_begin_short_backtrace::hb8f53f53663d2e9e
[INFO] [stdout]   20:     0x603dd8ef1e79 - std::rt::lang_start::{{closure}}::h0d6bdb8cb611c7e9
[INFO] [stdout]   21:     0x603dd8f72d57 - core::ops::function::impls::<impl core::ops::function::FnOnce<A> for &F>::call_once::hba2470d01d3f5e41
[INFO] [stdout]                                at /rustc/202008a1b8de96d2e5b6bc02d379db03a877d34d/library/core/src/ops/function.rs:284:13
[INFO] [stdout]   22:     0x603dd8f72d57 - std::panicking::try::do_call::hc063fb73159aab72
[INFO] [stdout]                                at /rustc/202008a1b8de96d2e5b6bc02d379db03a877d34d/library/std/src/panicking.rs:557:40
[INFO] [stdout]   23:     0x603dd8f72d57 - std::panicking::try::h2767c6d245d3a3bb
[INFO] [stdout]                                at /rustc/202008a1b8de96d2e5b6bc02d379db03a877d34d/library/std/src/panicking.rs:520:19
[INFO] [stdout]   24:     0x603dd8f72d57 - std::panic::catch_unwind::h061c6ef75790da63
[INFO] [stdout]                                at /rustc/202008a1b8de96d2e5b6bc02d379db03a877d34d/library/std/src/panic.rs:358:14
[INFO] [stdout]   25:     0x603dd8f72d57 - std::rt::lang_start_internal::{{closure}}::h5c5e35b11a4b8c4e
[INFO] [stdout]                                at /rustc/202008a1b8de96d2e5b6bc02d379db03a877d34d/library/std/src/rt.rs:174:48
[INFO] [stdout]   26:     0x603dd8f72d57 - std::panicking::try::do_call::h705e99690a8109cc
[INFO] [stdout]                                at /rustc/202008a1b8de96d2e5b6bc02d379db03a877d34d/library/std/src/panicking.rs:557:40
[INFO] [stdout]   27:     0x603dd8f72d57 - std::panicking::try::he5f4452754ed9a34
[INFO] [stdout]                                at /rustc/202008a1b8de96d2e5b6bc02d379db03a877d34d/library/std/src/panicking.rs:520:19
[INFO] [stdout]   28:     0x603dd8f72d57 - std::panic::catch_unwind::h5db61b3bcbe883e5
[INFO] [stdout]                                at /rustc/202008a1b8de96d2e5b6bc02d379db03a877d34d/library/std/src/panic.rs:358:14
[INFO] [stdout]   29:     0x603dd8f72d57 - std::rt::lang_start_internal::h81da9b59bab665c6
[INFO] [stdout]                                at /rustc/202008a1b8de96d2e5b6bc02d379db03a877d34d/library/std/src/rt.rs:174:20
[INFO] [stdout]   30:     0x603dd8ef1e57 - std::rt::lang_start::h2798034e47ddebf9
[INFO] [stdout]   31:     0x603dd8ef20f5 - main
[INFO] [stdout]   32:     0x700fcaaf1d90 - <unknown>
[INFO] [stdout]   33:     0x700fcaaf1e40 - __libc_start_main
[INFO] [stdout]   34:     0x603dd8ef1d65 - _start
[INFO] [stdout]   35:                0x0 - <unknown>
[INFO] [stdout] 
[INFO] [stdout] 
[INFO] [stdout] 
[INFO] [stdout] failures:
[INFO] [stdout]     src/terminal.rs - terminal::TerminalBridge (line 55)
[INFO] [stdout] 
[INFO] [stdout] test result: FAILED. 5 passed; 1 failed; 0 ignored; 0 measured; 0 filtered out; finished in 3.18s
[INFO] [stdout] 
[INFO] [stderr] error: doctest failed, to rerun pass `--doc`
[INFO] running `Command { std: "docker" "inspect" "fe939b1546ae6764eca20aab8980f847cded91c78362457fd1a5c23d21ae22d7", kill_on_drop: false }`
[INFO] running `Command { std: "docker" "rm" "-f" "fe939b1546ae6764eca20aab8980f847cded91c78362457fd1a5c23d21ae22d7", kill_on_drop: false }`
[INFO] [stdout] fe939b1546ae6764eca20aab8980f847cded91c78362457fd1a5c23d21ae22d7
