[INFO] fetching crate tui-tree-widget-table 0.1.1...
[INFO] testing tui-tree-widget-table-0.1.1 against beta-2024-12-08 for beta-1.84.0-4-retry
[INFO] extracting crate tui-tree-widget-table 0.1.1 into /workspace/builds/worker-4-tc2/source
[INFO] validating manifest of crates.io crate tui-tree-widget-table 0.1.1 on toolchain beta-2024-12-08
[INFO] running `Command { std: CARGO_HOME="/workspace/cargo-home" RUSTUP_HOME="/workspace/rustup-home" "/workspace/cargo-home/bin/cargo" "+beta-2024-12-08" "metadata" "--manifest-path" "Cargo.toml" "--no-deps", kill_on_drop: false }`
[INFO] started tweaking crates.io crate tui-tree-widget-table 0.1.1
[INFO] finished tweaking crates.io crate tui-tree-widget-table 0.1.1
[INFO] tweaked toml for crates.io crate tui-tree-widget-table 0.1.1 written to /workspace/builds/worker-4-tc2/source/Cargo.toml
[INFO] crate crates.io crate tui-tree-widget-table 0.1.1 already has a lockfile, it will not be regenerated
[INFO] running `Command { std: CARGO_HOME="/workspace/cargo-home" RUSTUP_HOME="/workspace/rustup-home" "/workspace/cargo-home/bin/cargo" "+beta-2024-12-08" "fetch" "--manifest-path" "Cargo.toml", kill_on_drop: false }`
[INFO] [stderr]     Blocking waiting for file lock on package cache
[INFO] [stderr]     Blocking waiting for file lock on package cache
[INFO] running `Command { std: "docker" "create" "-v" "/var/lib/crater-agent-workspace/builds/worker-4-tc2/target:/opt/rustwide/target:rw,Z" "-v" "/var/lib/crater-agent-workspace/builds/worker-4-tc2/source:/opt/rustwide/workdir:ro,Z" "-v" "/var/lib/crater-agent-workspace/cargo-home:/opt/rustwide/cargo-home:ro,Z" "-v" "/var/lib/crater-agent-workspace/rustup-home:/opt/rustwide/rustup-home:ro,Z" "-e" "SOURCE_DIR=/opt/rustwide/workdir" "-e" "CARGO_TARGET_DIR=/opt/rustwide/target" "-e" "CARGO_HOME=/opt/rustwide/cargo-home" "-e" "RUSTUP_HOME=/opt/rustwide/rustup-home" "-w" "/opt/rustwide/workdir" "-m" "1610612736" "--user" "0:0" "--network" "none" "ghcr.io/rust-lang/crates-build-env/linux@sha256:f3a9d4ad9d972b27faf3965f35b62e55ba32bbce8f20bc8fe909558a86702fde" "/opt/rustwide/cargo-home/bin/cargo" "+beta-2024-12-08" "metadata" "--no-deps" "--format-version=1", kill_on_drop: false }`
[INFO] [stdout] 6e43326e07823ad21083f791955c7385bf2122f0a3477ca9cf867a0d847ac4a8
[INFO] running `Command { std: "docker" "start" "-a" "6e43326e07823ad21083f791955c7385bf2122f0a3477ca9cf867a0d847ac4a8", kill_on_drop: false }`
[INFO] running `Command { std: "docker" "inspect" "6e43326e07823ad21083f791955c7385bf2122f0a3477ca9cf867a0d847ac4a8", kill_on_drop: false }`
[INFO] running `Command { std: "docker" "rm" "-f" "6e43326e07823ad21083f791955c7385bf2122f0a3477ca9cf867a0d847ac4a8", kill_on_drop: false }`
[INFO] [stdout] 6e43326e07823ad21083f791955c7385bf2122f0a3477ca9cf867a0d847ac4a8
[INFO] running `Command { std: "docker" "create" "-v" "/var/lib/crater-agent-workspace/builds/worker-4-tc2/target:/opt/rustwide/target:rw,Z" "-v" "/var/lib/crater-agent-workspace/builds/worker-4-tc2/source:/opt/rustwide/workdir:ro,Z" "-v" "/var/lib/crater-agent-workspace/cargo-home:/opt/rustwide/cargo-home:ro,Z" "-v" "/var/lib/crater-agent-workspace/rustup-home:/opt/rustwide/rustup-home:ro,Z" "-e" "SOURCE_DIR=/opt/rustwide/workdir" "-e" "CARGO_TARGET_DIR=/opt/rustwide/target" "-e" "CARGO_INCREMENTAL=0" "-e" "RUST_BACKTRACE=full" "-e" "RUSTFLAGS=--cap-lints=warn" "-e" "RUSTDOCFLAGS=--cap-lints=warn" "-e" "CARGO_HOME=/opt/rustwide/cargo-home" "-e" "RUSTUP_HOME=/opt/rustwide/rustup-home" "-w" "/opt/rustwide/workdir" "-m" "1610612736" "--user" "0:0" "--network" "none" "ghcr.io/rust-lang/crates-build-env/linux@sha256:f3a9d4ad9d972b27faf3965f35b62e55ba32bbce8f20bc8fe909558a86702fde" "/opt/rustwide/cargo-home/bin/cargo" "+beta-2024-12-08" "build" "--frozen" "--message-format=json", kill_on_drop: false }`
[INFO] [stdout] 5154ceb74e29e592a635ec2014e71ec1a068bb17c00b10b0872b8ee8a4a78200
[INFO] running `Command { std: "docker" "start" "-a" "5154ceb74e29e592a635ec2014e71ec1a068bb17c00b10b0872b8ee8a4a78200", kill_on_drop: false }`
[INFO] [stderr]    Compiling proc-macro2 v1.0.67
[INFO] [stderr]    Compiling unicode-ident v1.0.12
[INFO] [stderr]    Compiling rustversion v1.0.14
[INFO] [stderr]    Compiling heck v0.4.1
[INFO] [stderr]    Compiling paste v1.0.14
[INFO] [stderr]    Compiling either v1.9.0
[INFO] [stderr]    Compiling unicode-segmentation v1.10.1
[INFO] [stderr]    Compiling unicode-width v0.1.10
[INFO] [stderr]    Compiling indoc v2.0.4
[INFO] [stderr]    Compiling bitflags v2.4.0
[INFO] [stderr]    Compiling cassowary v0.3.0
[INFO] [stderr]    Compiling itertools v0.11.0
[INFO] [stderr]    Compiling quote v1.0.33
[INFO] [stderr]    Compiling syn v2.0.37
[INFO] [stderr]    Compiling strum_macros v0.25.2
[INFO] [stderr]    Compiling strum v0.25.0
[INFO] [stderr]    Compiling ratatui v0.23.0
[INFO] [stderr]    Compiling tui-tree-widget-table v0.1.1 (/opt/rustwide/workdir)
[INFO] [stderr]     Finished `dev` profile [unoptimized + debuginfo] target(s) in 10.77s
[INFO] running `Command { std: "docker" "inspect" "5154ceb74e29e592a635ec2014e71ec1a068bb17c00b10b0872b8ee8a4a78200", kill_on_drop: false }`
[INFO] running `Command { std: "docker" "rm" "-f" "5154ceb74e29e592a635ec2014e71ec1a068bb17c00b10b0872b8ee8a4a78200", kill_on_drop: false }`
[INFO] [stdout] 5154ceb74e29e592a635ec2014e71ec1a068bb17c00b10b0872b8ee8a4a78200
[INFO] running `Command { std: "docker" "create" "-v" "/var/lib/crater-agent-workspace/builds/worker-4-tc2/target:/opt/rustwide/target:rw,Z" "-v" "/var/lib/crater-agent-workspace/builds/worker-4-tc2/source:/opt/rustwide/workdir:ro,Z" "-v" "/var/lib/crater-agent-workspace/cargo-home:/opt/rustwide/cargo-home:ro,Z" "-v" "/var/lib/crater-agent-workspace/rustup-home:/opt/rustwide/rustup-home:ro,Z" "-e" "SOURCE_DIR=/opt/rustwide/workdir" "-e" "CARGO_TARGET_DIR=/opt/rustwide/target" "-e" "CARGO_INCREMENTAL=0" "-e" "RUST_BACKTRACE=full" "-e" "RUSTFLAGS=--cap-lints=warn" "-e" "RUSTDOCFLAGS=--cap-lints=warn" "-e" "CARGO_HOME=/opt/rustwide/cargo-home" "-e" "RUSTUP_HOME=/opt/rustwide/rustup-home" "-w" "/opt/rustwide/workdir" "-m" "1610612736" "--user" "0:0" "--network" "none" "ghcr.io/rust-lang/crates-build-env/linux@sha256:f3a9d4ad9d972b27faf3965f35b62e55ba32bbce8f20bc8fe909558a86702fde" "/opt/rustwide/cargo-home/bin/cargo" "+beta-2024-12-08" "test" "--frozen" "--no-run" "--message-format=json", kill_on_drop: false }`
[INFO] [stdout] b0146e736a1d225dbb4fae9810579fcca573ac9ba998795a66160cf203e59417
[INFO] running `Command { std: "docker" "start" "-a" "b0146e736a1d225dbb4fae9810579fcca573ac9ba998795a66160cf203e59417", kill_on_drop: false }`
[INFO] [stderr]    Compiling libc v0.2.148
[INFO] [stderr]    Compiling autocfg v1.1.0
[INFO] [stderr]    Compiling signal-hook v0.3.17
[INFO] [stderr]    Compiling parking_lot_core v0.9.8
[INFO] [stderr]    Compiling scopeguard v1.2.0
[INFO] [stderr]    Compiling smallvec v1.11.0
[INFO] [stderr]    Compiling cfg-if v1.0.0
[INFO] [stderr]    Compiling log v0.4.20
[INFO] [stderr]    Compiling lock_api v0.4.10
[INFO] [stderr]    Compiling signal-hook-registry v1.4.1
[INFO] [stderr]    Compiling mio v0.8.8
[INFO] [stderr]    Compiling parking_lot v0.12.1
[INFO] [stderr]    Compiling signal-hook-mio v0.2.3
[INFO] [stderr]    Compiling crossterm v0.27.0
[INFO] [stderr]    Compiling ratatui v0.23.0
[INFO] [stderr]    Compiling tui-tree-widget-table v0.1.1 (/opt/rustwide/workdir)
[INFO] [stderr]     Finished `test` profile [unoptimized + debuginfo] target(s) in 8.15s
[INFO] running `Command { std: "docker" "inspect" "b0146e736a1d225dbb4fae9810579fcca573ac9ba998795a66160cf203e59417", kill_on_drop: false }`
[INFO] running `Command { std: "docker" "rm" "-f" "b0146e736a1d225dbb4fae9810579fcca573ac9ba998795a66160cf203e59417", kill_on_drop: false }`
[INFO] [stdout] b0146e736a1d225dbb4fae9810579fcca573ac9ba998795a66160cf203e59417
[INFO] running `Command { std: "docker" "create" "-v" "/var/lib/crater-agent-workspace/builds/worker-4-tc2/target:/opt/rustwide/target:rw,Z" "-v" "/var/lib/crater-agent-workspace/builds/worker-4-tc2/source:/opt/rustwide/workdir:ro,Z" "-v" "/var/lib/crater-agent-workspace/cargo-home:/opt/rustwide/cargo-home:ro,Z" "-v" "/var/lib/crater-agent-workspace/rustup-home:/opt/rustwide/rustup-home:ro,Z" "-e" "SOURCE_DIR=/opt/rustwide/workdir" "-e" "CARGO_TARGET_DIR=/opt/rustwide/target" "-e" "CARGO_INCREMENTAL=0" "-e" "RUST_BACKTRACE=full" "-e" "RUSTFLAGS=--cap-lints=warn" "-e" "RUSTDOCFLAGS=--cap-lints=warn" "-e" "CARGO_HOME=/opt/rustwide/cargo-home" "-e" "RUSTUP_HOME=/opt/rustwide/rustup-home" "-w" "/opt/rustwide/workdir" "-m" "1610612736" "--user" "0:0" "--network" "none" "ghcr.io/rust-lang/crates-build-env/linux@sha256:f3a9d4ad9d972b27faf3965f35b62e55ba32bbce8f20bc8fe909558a86702fde" "/opt/rustwide/cargo-home/bin/cargo" "+beta-2024-12-08" "test" "--frozen", kill_on_drop: false }`
[INFO] [stdout] 1e780c6aea841bbb1b6680276d2e69129603b6e089f53c9d6f9e1dcde36bf3f3
[INFO] running `Command { std: "docker" "start" "-a" "1e780c6aea841bbb1b6680276d2e69129603b6e089f53c9d6f9e1dcde36bf3f3", kill_on_drop: false }`
[INFO] [stderr]     Finished `test` profile [unoptimized + debuginfo] target(s) in 0.04s
[INFO] [stderr]      Running unittests src/lib.rs (/opt/rustwide/target/debug/deps/tui_tree_widget_table-e86e0fb98debfe62)
[INFO] [stdout] 
[INFO] [stdout] running 4 tests
[INFO] [stdout] test flatten::get_opened_all_opened ... ok
[INFO] [stdout] test flatten::get_opened_wrong_opened_is_only_top_level ... ok
[INFO] [stdout] test flatten::get_opened_nothing_opened_is_top_level ... ok
[INFO] [stdout] test flatten::get_opened_one_is_opened ... ok
[INFO] [stdout] 
[INFO] [stdout] test result: ok. 4 passed; 0 failed; 0 ignored; 0 measured; 0 filtered out; finished in 0.00s
[INFO] [stdout] 
[INFO] [stderr]    Doc-tests tui_tree_widget_table
[INFO] [stdout] 
[INFO] [stdout] running 4 tests
[INFO] [stdout] test src/lib.rs - TreeState (line 25) ... FAILED
[INFO] [stdout] test src/lib.rs - TreeItem (line 176) ... FAILED
[INFO] [stdout] test src/lib.rs - Tree (line 281) ... FAILED
[INFO] [stdout] test src/identifier.rs - identifier::get_without_leaf (line 12) ... FAILED
[INFO] [stdout] 
[INFO] [stdout] failures:
[INFO] [stdout] 
[INFO] [stdout] ---- src/lib.rs - TreeState (line 25) stdout ----
[INFO] [stdout] error[E0432]: unresolved import `tui_tree_widget`
[INFO] [stdout]  --> src/lib.rs:26:5
[INFO] [stdout]   |
[INFO] [stdout] 3 | use tui_tree_widget::TreeState;
[INFO] [stdout]   |     ^^^^^^^^^^^^^^^ use of undeclared crate or module `tui_tree_widget`
[INFO] [stdout] 
[INFO] [stdout] error: aborting due to 1 previous error
[INFO] [stdout] 
[INFO] [stdout] For more information about this error, try `rustc --explain E0432`.
[INFO] [stdout] Couldn't compile the test.
[INFO] [stdout] ---- src/lib.rs - TreeItem (line 176) stdout ----
[INFO] [stdout] error[E0432]: unresolved import `tui_tree_widget`
[INFO] [stdout]  --> src/lib.rs:177:5
[INFO] [stdout]   |
[INFO] [stdout] 3 | use tui_tree_widget::TreeItem;
[INFO] [stdout]   |     ^^^^^^^^^^^^^^^ use of undeclared crate or module `tui_tree_widget`
[INFO] [stdout] 
[INFO] [stdout] error: aborting due to 1 previous error
[INFO] [stdout] 
[INFO] [stdout] For more information about this error, try `rustc --explain E0432`.
[INFO] [stdout] Couldn't compile the test.
[INFO] [stdout] ---- src/lib.rs - Tree (line 281) stdout ----
[INFO] [stdout] error[E0432]: unresolved import `tui_tree_widget`
[INFO] [stdout]  --> src/lib.rs:282:5
[INFO] [stdout]   |
[INFO] [stdout] 2 | use tui_tree_widget::{Tree, TreeItem, TreeState};
[INFO] [stdout]   |     ^^^^^^^^^^^^^^^ use of undeclared crate or module `tui_tree_widget`
[INFO] [stdout] 
[INFO] [stdout] error: aborting due to 1 previous error
[INFO] [stdout] 
[INFO] [stdout] For more information about this error, try `rustc --explain E0432`.
[INFO] [stdout] Couldn't compile the test.
[INFO] [stdout] ---- src/identifier.rs - identifier::get_without_leaf (line 12) stdout ----
[INFO] [stdout] error[E0432]: unresolved import `tui_tree_widget`
[INFO] [stdout]  --> src/identifier.rs:13:5
[INFO] [stdout]   |
[INFO] [stdout] 3 | use tui_tree_widget::get_identifier_without_leaf;
[INFO] [stdout]   |     ^^^^^^^^^^^^^^^ use of undeclared crate or module `tui_tree_widget`
[INFO] [stdout] 
[INFO] [stdout] error: aborting due to 1 previous error
[INFO] [stdout] 
[INFO] [stdout] For more information about this error, try `rustc --explain E0432`.
[INFO] [stdout] Couldn't compile the test.
[INFO] [stdout] 
[INFO] [stdout] failures:
[INFO] [stdout]     src/identifier.rs - identifier::get_without_leaf (line 12)
[INFO] [stdout]     src/lib.rs - Tree (line 281)
[INFO] [stdout]     src/lib.rs - TreeItem (line 176)
[INFO] [stdout]     src/lib.rs - TreeState (line 25)
[INFO] [stdout] 
[INFO] [stdout] test result: FAILED. 0 passed; 4 failed; 0 ignored; 0 measured; 0 filtered out; finished in 0.16s
[INFO] [stdout] 
[INFO] [stderr] error: doctest failed, to rerun pass `--doc`
[INFO] running `Command { std: "docker" "inspect" "1e780c6aea841bbb1b6680276d2e69129603b6e089f53c9d6f9e1dcde36bf3f3", kill_on_drop: false }`
[INFO] running `Command { std: "docker" "rm" "-f" "1e780c6aea841bbb1b6680276d2e69129603b6e089f53c9d6f9e1dcde36bf3f3", kill_on_drop: false }`
[INFO] [stdout] 1e780c6aea841bbb1b6680276d2e69129603b6e089f53c9d6f9e1dcde36bf3f3
