[INFO] fetching crate tui-framework-experiment 0.3.0...
[INFO] testing tui-framework-experiment-0.3.0 against beta-2024-12-08 for beta-1.84.0-4-retry
[INFO] extracting crate tui-framework-experiment 0.3.0 into /workspace/builds/worker-3-tc2/source
[INFO] validating manifest of crates.io crate tui-framework-experiment 0.3.0 on toolchain beta-2024-12-08
[INFO] running `Command { std: CARGO_HOME="/workspace/cargo-home" RUSTUP_HOME="/workspace/rustup-home" "/workspace/cargo-home/bin/cargo" "+beta-2024-12-08" "metadata" "--manifest-path" "Cargo.toml" "--no-deps", kill_on_drop: false }`
[INFO] started tweaking crates.io crate tui-framework-experiment 0.3.0
[INFO] removed 0 missing examples
[INFO] finished tweaking crates.io crate tui-framework-experiment 0.3.0
[INFO] tweaked toml for crates.io crate tui-framework-experiment 0.3.0 written to /workspace/builds/worker-3-tc2/source/Cargo.toml
[INFO] crate crates.io crate tui-framework-experiment 0.3.0 already has a lockfile, it will not be regenerated
[INFO] running `Command { std: CARGO_HOME="/workspace/cargo-home" RUSTUP_HOME="/workspace/rustup-home" "/workspace/cargo-home/bin/cargo" "+beta-2024-12-08" "fetch" "--manifest-path" "Cargo.toml", kill_on_drop: false }`
[INFO] running `Command { std: "docker" "create" "-v" "/var/lib/crater-agent-workspace/builds/worker-3-tc2/target:/opt/rustwide/target:rw,Z" "-v" "/var/lib/crater-agent-workspace/builds/worker-3-tc2/source:/opt/rustwide/workdir:ro,Z" "-v" "/var/lib/crater-agent-workspace/cargo-home:/opt/rustwide/cargo-home:ro,Z" "-v" "/var/lib/crater-agent-workspace/rustup-home:/opt/rustwide/rustup-home:ro,Z" "-e" "SOURCE_DIR=/opt/rustwide/workdir" "-e" "CARGO_TARGET_DIR=/opt/rustwide/target" "-e" "CARGO_HOME=/opt/rustwide/cargo-home" "-e" "RUSTUP_HOME=/opt/rustwide/rustup-home" "-w" "/opt/rustwide/workdir" "-m" "1610612736" "--user" "0:0" "--network" "none" "ghcr.io/rust-lang/crates-build-env/linux@sha256:f3a9d4ad9d972b27faf3965f35b62e55ba32bbce8f20bc8fe909558a86702fde" "/opt/rustwide/cargo-home/bin/cargo" "+beta-2024-12-08" "metadata" "--no-deps" "--format-version=1", kill_on_drop: false }`
[INFO] [stdout] 5e36ccac64685abb13d5adc28d382961cdc72a8594a4f2645af995de590ef163
[INFO] running `Command { std: "docker" "start" "-a" "5e36ccac64685abb13d5adc28d382961cdc72a8594a4f2645af995de590ef163", kill_on_drop: false }`
[INFO] running `Command { std: "docker" "inspect" "5e36ccac64685abb13d5adc28d382961cdc72a8594a4f2645af995de590ef163", kill_on_drop: false }`
[INFO] running `Command { std: "docker" "rm" "-f" "5e36ccac64685abb13d5adc28d382961cdc72a8594a4f2645af995de590ef163", kill_on_drop: false }`
[INFO] [stdout] 5e36ccac64685abb13d5adc28d382961cdc72a8594a4f2645af995de590ef163
[INFO] running `Command { std: "docker" "create" "-v" "/var/lib/crater-agent-workspace/builds/worker-3-tc2/target:/opt/rustwide/target:rw,Z" "-v" "/var/lib/crater-agent-workspace/builds/worker-3-tc2/source:/opt/rustwide/workdir:ro,Z" "-v" "/var/lib/crater-agent-workspace/cargo-home:/opt/rustwide/cargo-home:ro,Z" "-v" "/var/lib/crater-agent-workspace/rustup-home:/opt/rustwide/rustup-home:ro,Z" "-e" "SOURCE_DIR=/opt/rustwide/workdir" "-e" "CARGO_TARGET_DIR=/opt/rustwide/target" "-e" "CARGO_INCREMENTAL=0" "-e" "RUST_BACKTRACE=full" "-e" "RUSTFLAGS=--cap-lints=warn" "-e" "RUSTDOCFLAGS=--cap-lints=warn" "-e" "CARGO_HOME=/opt/rustwide/cargo-home" "-e" "RUSTUP_HOME=/opt/rustwide/rustup-home" "-w" "/opt/rustwide/workdir" "-m" "1610612736" "--user" "0:0" "--network" "none" "ghcr.io/rust-lang/crates-build-env/linux@sha256:f3a9d4ad9d972b27faf3965f35b62e55ba32bbce8f20bc8fe909558a86702fde" "/opt/rustwide/cargo-home/bin/cargo" "+beta-2024-12-08" "build" "--frozen" "--message-format=json", kill_on_drop: false }`
[INFO] [stdout] 2adf1edc5d6541f710768210219812dd1e7d16bc4b8a89c14390dc572d780afa
[INFO] running `Command { std: "docker" "start" "-a" "2adf1edc5d6541f710768210219812dd1e7d16bc4b8a89c14390dc572d780afa", kill_on_drop: false }`
[INFO] [stderr]    Compiling proc-macro2 v1.0.86
[INFO] [stderr]    Compiling unicode-ident v1.0.13
[INFO] [stderr]    Compiling libc v0.2.159
[INFO] [stderr]    Compiling cfg-if v1.0.0
[INFO] [stderr]    Compiling rustversion v1.0.14
[INFO] [stderr]    Compiling version_check v0.9.4
[INFO] [stderr]    Compiling fnv v1.0.7
[INFO] [stderr]    Compiling ident_case v1.0.1
[INFO] [stderr]    Compiling strsim v0.11.1
[INFO] [stderr]    Compiling autocfg v1.1.0
[INFO] [stderr]    Compiling zerocopy v0.7.32
[INFO] [stderr]    Compiling signal-hook v0.3.17
[INFO] [stderr]    Compiling once_cell v1.19.0
[INFO] [stderr]    Compiling either v1.9.0
[INFO] [stderr]    Compiling parking_lot_core v0.9.9
[INFO] [stderr]    Compiling allocator-api2 v0.2.16
[INFO] [stderr]    Compiling log v0.4.20
[INFO] [stderr]    Compiling heck v0.5.0
[INFO] [stderr]    Compiling paste v1.0.14
[INFO] [stderr]    Compiling smallvec v1.13.1
[INFO] [stderr]    Compiling rustix v0.38.37
[INFO] [stderr]    Compiling bitflags v2.6.0
[INFO] [stderr]    Compiling scopeguard v1.2.0
[INFO] [stderr]    Compiling itertools v0.12.1
[INFO] [stderr]    Compiling unicode-width v0.1.13
[INFO] [stderr]    Compiling thiserror v1.0.64
[INFO] [stderr]    Compiling static_assertions v1.1.0
[INFO] [stderr]    Compiling lock_api v0.4.11
[INFO] [stderr]    Compiling ryu v1.0.16
[INFO] [stderr]    Compiling linux-raw-sys v0.4.14
[INFO] [stderr]    Compiling itoa v1.0.10
[INFO] [stderr]    Compiling itertools v0.13.0
[INFO] [stderr]    Compiling ahash v0.8.7
[INFO] [stderr]    Compiling unicode-segmentation v1.10.1
[INFO] [stderr]    Compiling cassowary v0.3.0
[INFO] [stderr]    Compiling castaway v0.2.3
[INFO] [stderr]    Compiling compact_str v0.8.0
[INFO] [stderr]    Compiling hashbrown v0.14.3
[INFO] [stderr]    Compiling quote v1.0.37
[INFO] [stderr]    Compiling syn v2.0.79
[INFO] [stderr]    Compiling unicode-truncate v1.0.0
[INFO] [stderr]    Compiling signal-hook-registry v1.4.1
[INFO] [stderr]    Compiling mio v1.0.2
[INFO] [stderr]    Compiling lru v0.12.1
[INFO] [stderr]    Compiling parking_lot v0.12.1
[INFO] [stderr]    Compiling signal-hook-mio v0.2.4
[INFO] [stderr]    Compiling crossterm v0.28.1
[INFO] [stderr]    Compiling darling_core v0.20.10
[INFO] [stderr]    Compiling strum_macros v0.26.4
[INFO] [stderr]    Compiling instability v0.3.2
[INFO] [stderr]    Compiling thiserror-impl v1.0.64
[INFO] [stderr]    Compiling darling_macro v0.20.10
[INFO] [stderr]    Compiling strum v0.26.3
[INFO] [stderr]    Compiling darling v0.20.10
[INFO] [stderr]    Compiling ratatui v0.28.1
[INFO] [stderr]    Compiling derive_builder_core v0.20.2
[INFO] [stderr]    Compiling derive_builder_macro v0.20.2
[INFO] [stderr]    Compiling derive_builder v0.20.2
[INFO] [stderr]    Compiling tui-framework-experiment v0.3.0 (/opt/rustwide/workdir)
[INFO] [stderr]     Finished `dev` profile [unoptimized + debuginfo] target(s) in 17.78s
[INFO] running `Command { std: "docker" "inspect" "2adf1edc5d6541f710768210219812dd1e7d16bc4b8a89c14390dc572d780afa", kill_on_drop: false }`
[INFO] running `Command { std: "docker" "rm" "-f" "2adf1edc5d6541f710768210219812dd1e7d16bc4b8a89c14390dc572d780afa", kill_on_drop: false }`
[INFO] [stdout] 2adf1edc5d6541f710768210219812dd1e7d16bc4b8a89c14390dc572d780afa
[INFO] running `Command { std: "docker" "create" "-v" "/var/lib/crater-agent-workspace/builds/worker-3-tc2/target:/opt/rustwide/target:rw,Z" "-v" "/var/lib/crater-agent-workspace/builds/worker-3-tc2/source:/opt/rustwide/workdir:ro,Z" "-v" "/var/lib/crater-agent-workspace/cargo-home:/opt/rustwide/cargo-home:ro,Z" "-v" "/var/lib/crater-agent-workspace/rustup-home:/opt/rustwide/rustup-home:ro,Z" "-e" "SOURCE_DIR=/opt/rustwide/workdir" "-e" "CARGO_TARGET_DIR=/opt/rustwide/target" "-e" "CARGO_INCREMENTAL=0" "-e" "RUST_BACKTRACE=full" "-e" "RUSTFLAGS=--cap-lints=warn" "-e" "RUSTDOCFLAGS=--cap-lints=warn" "-e" "CARGO_HOME=/opt/rustwide/cargo-home" "-e" "RUSTUP_HOME=/opt/rustwide/rustup-home" "-w" "/opt/rustwide/workdir" "-m" "1610612736" "--user" "0:0" "--network" "none" "ghcr.io/rust-lang/crates-build-env/linux@sha256:f3a9d4ad9d972b27faf3965f35b62e55ba32bbce8f20bc8fe909558a86702fde" "/opt/rustwide/cargo-home/bin/cargo" "+beta-2024-12-08" "test" "--frozen" "--no-run" "--message-format=json", kill_on_drop: false }`
[INFO] [stdout] 225f552f312f3f2a13f2bf7dbac531127e9313a5f4167a272664f316568b8ec6
[INFO] running `Command { std: "docker" "start" "-a" "225f552f312f3f2a13f2bf7dbac531127e9313a5f4167a272664f316568b8ec6", kill_on_drop: false }`
[INFO] [stderr]    Compiling once_cell v1.19.0
[INFO] [stderr]    Compiling pin-project-lite v0.2.13
[INFO] [stderr]    Compiling memchr v2.7.1
[INFO] [stderr]    Compiling semver v1.0.21
[INFO] [stderr]    Compiling libc v0.2.159
[INFO] [stderr]    Compiling slab v0.4.9
[INFO] [stderr]    Compiling futures-sink v0.3.30
[INFO] [stderr]    Compiling lazy_static v1.4.0
[INFO] [stderr]    Compiling syn v2.0.79
[INFO] [stderr]    Compiling hashbrown v0.15.0
[INFO] [stderr]    Compiling futures-core v0.3.30
[INFO] [stderr]    Compiling equivalent v1.0.1
[INFO] [stderr]    Compiling futures-task v0.3.30
[INFO] [stderr]    Compiling toml_datetime v0.6.8
[INFO] [stderr]    Compiling pin-utils v0.1.0
[INFO] [stderr]    Compiling winnow v0.6.20
[INFO] [stderr]    Compiling regex-syntax v0.8.5
[INFO] [stderr]    Compiling sharded-slab v0.1.7
[INFO] [stderr]    Compiling futures-io v0.3.30
[INFO] [stderr]    Compiling getrandom v0.2.12
[INFO] [stderr]    Compiling futures-channel v0.3.30
[INFO] [stderr]    Compiling gimli v0.28.1
[INFO] [stderr]    Compiling tracing-core v0.1.32
[INFO] [stderr]    Compiling ahash v0.8.7
[INFO] [stderr]    Compiling thread_local v1.1.7
[INFO] [stderr]    Compiling adler v1.0.2
[INFO] [stderr]    Compiling eyre v0.6.12
[INFO] [stderr]    Compiling rand_core v0.6.4
[INFO] [stderr]    Compiling indexmap v2.6.0
[INFO] [stderr]    Compiling aho-corasick v1.1.2
[INFO] [stderr]    Compiling rustc_version v0.4.1
[INFO] [stderr]    Compiling hashbrown v0.14.3
[INFO] [stderr]    Compiling object v0.32.2
[INFO] [stderr]    Compiling miniz_oxide v0.7.1
[INFO] [stderr]    Compiling glob v0.3.1
[INFO] [stderr]    Compiling rstest_macros v0.23.0
[INFO] [stderr]    Compiling rustc-demangle v0.1.23
[INFO] [stderr]    Compiling indenter v0.3.3
[INFO] [stderr]    Compiling relative-path v1.9.3
[INFO] [stderr]    Compiling ppv-lite86 v0.2.17
[INFO] [stderr]    Compiling owo-colors v3.5.0
[INFO] [stderr]    Compiling tracing v0.1.40
[INFO] [stderr]    Compiling tracing-subscriber v0.3.18
[INFO] [stderr]    Compiling lru v0.12.1
[INFO] [stderr]    Compiling futures-timer v3.0.3
[INFO] [stderr]    Compiling rand_chacha v0.3.1
[INFO] [stderr]    Compiling cc v1.0.83
[INFO] [stderr]    Compiling rand v0.8.5
[INFO] [stderr]    Compiling tracing-error v0.2.0
[INFO] [stderr]    Compiling addr2line v0.21.0
[INFO] [stderr]    Compiling color-spantrace v0.2.1
[INFO] [stderr]    Compiling toml_edit v0.22.22
[INFO] [stderr]    Compiling backtrace v0.3.69
[INFO] [stderr]    Compiling regex-automata v0.4.8
[INFO] [stderr]    Compiling darling_core v0.20.10
[INFO] [stderr]    Compiling proc-macro-crate v3.2.0
[INFO] [stderr]    Compiling regex v1.11.0
[INFO] [stderr]    Compiling futures-macro v0.3.30
[INFO] [stderr]    Compiling strum_macros v0.26.4
[INFO] [stderr]    Compiling instability v0.3.2
[INFO] [stderr]    Compiling thiserror-impl v1.0.64
[INFO] [stderr]    Compiling color-eyre v0.6.3
[INFO] [stderr]    Compiling darling_macro v0.20.10
[INFO] [stderr]    Compiling futures-util v0.3.30
[INFO] [stderr]    Compiling thiserror v1.0.64
[INFO] [stderr]    Compiling strum v0.26.3
[INFO] [stderr]    Compiling ratatui v0.28.1
[INFO] [stderr]    Compiling darling v0.20.10
[INFO] [stderr]    Compiling derive_builder_core v0.20.2
[INFO] [stderr]    Compiling derive_builder_macro v0.20.2
[INFO] [stderr]    Compiling derive_builder v0.20.2
[INFO] [stderr]    Compiling tui-framework-experiment v0.3.0 (/opt/rustwide/workdir)
[INFO] [stderr]    Compiling futures-executor v0.3.30
[INFO] [stderr]    Compiling futures v0.3.30
[INFO] [stderr]    Compiling rstest v0.23.0
[INFO] [stderr]     Finished `test` profile [unoptimized + debuginfo] target(s) in 27.96s
[INFO] running `Command { std: "docker" "inspect" "225f552f312f3f2a13f2bf7dbac531127e9313a5f4167a272664f316568b8ec6", kill_on_drop: false }`
[INFO] running `Command { std: "docker" "rm" "-f" "225f552f312f3f2a13f2bf7dbac531127e9313a5f4167a272664f316568b8ec6", kill_on_drop: false }`
[INFO] [stdout] 225f552f312f3f2a13f2bf7dbac531127e9313a5f4167a272664f316568b8ec6
[INFO] running `Command { std: "docker" "create" "-v" "/var/lib/crater-agent-workspace/builds/worker-3-tc2/target:/opt/rustwide/target:rw,Z" "-v" "/var/lib/crater-agent-workspace/builds/worker-3-tc2/source:/opt/rustwide/workdir:ro,Z" "-v" "/var/lib/crater-agent-workspace/cargo-home:/opt/rustwide/cargo-home:ro,Z" "-v" "/var/lib/crater-agent-workspace/rustup-home:/opt/rustwide/rustup-home:ro,Z" "-e" "SOURCE_DIR=/opt/rustwide/workdir" "-e" "CARGO_TARGET_DIR=/opt/rustwide/target" "-e" "CARGO_INCREMENTAL=0" "-e" "RUST_BACKTRACE=full" "-e" "RUSTFLAGS=--cap-lints=warn" "-e" "RUSTDOCFLAGS=--cap-lints=warn" "-e" "CARGO_HOME=/opt/rustwide/cargo-home" "-e" "RUSTUP_HOME=/opt/rustwide/rustup-home" "-w" "/opt/rustwide/workdir" "-m" "1610612736" "--user" "0:0" "--network" "none" "ghcr.io/rust-lang/crates-build-env/linux@sha256:f3a9d4ad9d972b27faf3965f35b62e55ba32bbce8f20bc8fe909558a86702fde" "/opt/rustwide/cargo-home/bin/cargo" "+beta-2024-12-08" "test" "--frozen", kill_on_drop: false }`
[INFO] [stdout] f64fe1acf495c1ea0b2936c54deaf301e8a5a48bc1fc01cd9058b05a199452e6
[INFO] running `Command { std: "docker" "start" "-a" "f64fe1acf495c1ea0b2936c54deaf301e8a5a48bc1fc01cd9058b05a199452e6", kill_on_drop: false }`
[INFO] [stderr]     Finished `test` profile [unoptimized + debuginfo] target(s) in 0.14s
[INFO] [stderr]      Running unittests src/lib.rs (/opt/rustwide/target/debug/deps/tui_framework_experiment-fbb1c7594060c488)
[INFO] [stdout] 
[INFO] [stdout] running 13 tests
[INFO] [stdout] test events::crossterm::tests::try_from_modifiers::case_01 ... ok
[INFO] [stdout] test events::crossterm::tests::try_from_modifiers::case_05 ... ok
[INFO] [stdout] test events::crossterm::tests::try_from_modifiers::case_04 ... ok
[INFO] [stdout] test events::crossterm::tests::try_from_modifiers::case_06 ... ok
[INFO] [stderr]    Doc-tests tui_framework_experiment
[INFO] [stdout] test events::crossterm::tests::try_from_modifiers::case_07 ... ok
[INFO] [stdout] test events::crossterm::tests::try_from_modifiers::case_02 ... ok
[INFO] [stdout] test events::crossterm::tests::try_from_modifiers::case_10 ... ok
[INFO] [stdout] test events::crossterm::tests::try_from_modifiers::case_08 ... ok
[INFO] [stdout] test events::crossterm::tests::try_from_modifiers::case_11 ... ok
[INFO] [stdout] test events::crossterm::tests::try_from_modifiers::case_12 ... ok
[INFO] [stdout] test events::crossterm::tests::try_from_modifiers::case_13 ... ok
[INFO] [stdout] test events::crossterm::tests::try_from_modifiers::case_03 ... ok
[INFO] [stdout] test events::crossterm::tests::try_from_modifiers::case_09 ... ok
[INFO] [stdout] 
[INFO] [stdout] test result: ok. 13 passed; 0 failed; 0 ignored; 0 measured; 0 filtered out; finished in 0.00s
[INFO] [stdout] 
[INFO] [stdout] 
[INFO] [stdout] running 3 tests
[INFO] [stdout] test src/toggle_switch.rs - toggle_switch::ToggleSwitch (line 17) ... FAILED
[INFO] [stdout] test src/lib.rs - (line 17) ... ok
[INFO] [stdout] test src/stack_container.rs - stack_container::StackContainer (line 10) ... ok
[INFO] [stdout] 
[INFO] [stdout] failures:
[INFO] [stdout] 
[INFO] [stdout] ---- src/toggle_switch.rs - toggle_switch::ToggleSwitch (line 17) stdout ----
[INFO] [stdout] error[E0277]: the trait bound `ToggleSwitch<'_>: Widget` is not satisfied
[INFO] [stdout]   --> src/toggle_switch.rs:24:21
[INFO] [stdout]    |
[INFO] [stdout] 10 | frame.render_widget(toggle_switch, frame.area());
[INFO] [stdout]    |       ------------- ^^^^^^^^^^^^^ the trait `Widget` is not implemented for `ToggleSwitch<'_>`
[INFO] [stdout]    |       |
[INFO] [stdout]    |       required by a bound introduced by this call
[INFO] [stdout]    |
[INFO] [stdout] note: required by a bound in `Frame::<'_>::render_widget`
[INFO] [stdout]   --> /opt/rustwide/cargo-home/registry/src/index.crates.io-6f17d22bba15001f/ratatui-0.28.1/src/terminal/frame.rs:86:29
[INFO] [stdout]    |
[INFO] [stdout] 86 |     pub fn render_widget<W: Widget>(&mut self, widget: W, area: Rect) {
[INFO] [stdout]    |                             ^^^^^^ required by this bound in `Frame::<'_>::render_widget`
[INFO] [stdout] help: consider borrowing here
[INFO] [stdout]    |
[INFO] [stdout] 10 | frame.render_widget(&toggle_switch, frame.area());
[INFO] [stdout]    |                     +
[INFO] [stdout] 
[INFO] [stdout] error: aborting due to 1 previous error
[INFO] [stdout] 
[INFO] [stdout] For more information about this error, try `rustc --explain E0277`.
[INFO] [stdout] Couldn't compile the test.
[INFO] [stdout] 
[INFO] [stdout] failures:
[INFO] [stdout]     src/toggle_switch.rs - toggle_switch::ToggleSwitch (line 17)
[INFO] [stdout] 
[INFO] [stdout] test result: FAILED. 2 passed; 1 failed; 0 ignored; 0 measured; 0 filtered out; finished in 0.92s
[INFO] [stdout] 
[INFO] [stderr] error: doctest failed, to rerun pass `--doc`
[INFO] running `Command { std: "docker" "inspect" "f64fe1acf495c1ea0b2936c54deaf301e8a5a48bc1fc01cd9058b05a199452e6", kill_on_drop: false }`
[INFO] running `Command { std: "docker" "rm" "-f" "f64fe1acf495c1ea0b2936c54deaf301e8a5a48bc1fc01cd9058b05a199452e6", kill_on_drop: false }`
[INFO] [stdout] f64fe1acf495c1ea0b2936c54deaf301e8a5a48bc1fc01cd9058b05a199452e6
