[INFO] fetching crate tuck5 0.2.0...
[INFO] testing tuck5-0.2.0 against 1.83.0 for beta-1.84.0-4-retry
[INFO] extracting crate tuck5 0.2.0 into /workspace/builds/worker-6-tc1/source
[INFO] validating manifest of crates.io crate tuck5 0.2.0 on toolchain 1.83.0
[INFO] running `Command { std: CARGO_HOME="/workspace/cargo-home" RUSTUP_HOME="/workspace/rustup-home" "/workspace/cargo-home/bin/cargo" "+1.83.0" "metadata" "--manifest-path" "Cargo.toml" "--no-deps", kill_on_drop: false }`
[INFO] started tweaking crates.io crate tuck5 0.2.0
[INFO] finished tweaking crates.io crate tuck5 0.2.0
[INFO] tweaked toml for crates.io crate tuck5 0.2.0 written to /workspace/builds/worker-6-tc1/source/Cargo.toml
[INFO] running `Command { std: CARGO_HOME="/workspace/cargo-home" RUSTUP_HOME="/workspace/rustup-home" "/workspace/cargo-home/bin/cargo" "+1.83.0" "generate-lockfile" "--manifest-path" "Cargo.toml", kill_on_drop: false }`
[INFO] [stderr]     Updating crates.io index
[INFO] [stderr]      Locking 8 packages to latest compatible versions
[INFO] running `Command { std: CARGO_HOME="/workspace/cargo-home" RUSTUP_HOME="/workspace/rustup-home" "/workspace/cargo-home/bin/cargo" "+1.83.0" "fetch" "--manifest-path" "Cargo.toml", kill_on_drop: false }`
[INFO] [stderr]     Blocking waiting for file lock on package cache
[INFO] running `Command { std: "docker" "create" "-v" "/var/lib/crater-agent-workspace/builds/worker-6-tc1/target:/opt/rustwide/target:rw,Z" "-v" "/var/lib/crater-agent-workspace/builds/worker-6-tc1/source:/opt/rustwide/workdir:ro,Z" "-v" "/var/lib/crater-agent-workspace/cargo-home:/opt/rustwide/cargo-home:ro,Z" "-v" "/var/lib/crater-agent-workspace/rustup-home:/opt/rustwide/rustup-home:ro,Z" "-e" "SOURCE_DIR=/opt/rustwide/workdir" "-e" "CARGO_TARGET_DIR=/opt/rustwide/target" "-e" "CARGO_HOME=/opt/rustwide/cargo-home" "-e" "RUSTUP_HOME=/opt/rustwide/rustup-home" "-w" "/opt/rustwide/workdir" "-m" "1610612736" "--user" "0:0" "--network" "none" "ghcr.io/rust-lang/crates-build-env/linux@sha256:f3a9d4ad9d972b27faf3965f35b62e55ba32bbce8f20bc8fe909558a86702fde" "/opt/rustwide/cargo-home/bin/cargo" "+1.83.0" "metadata" "--no-deps" "--format-version=1", kill_on_drop: false }`
[INFO] [stdout] 6baa61d7bb855eee61ec0028e2c25c40e67f93417899084aee6cd38e21e9fb9c
[INFO] running `Command { std: "docker" "start" "-a" "6baa61d7bb855eee61ec0028e2c25c40e67f93417899084aee6cd38e21e9fb9c", kill_on_drop: false }`
[INFO] running `Command { std: "docker" "inspect" "6baa61d7bb855eee61ec0028e2c25c40e67f93417899084aee6cd38e21e9fb9c", kill_on_drop: false }`
[INFO] running `Command { std: "docker" "rm" "-f" "6baa61d7bb855eee61ec0028e2c25c40e67f93417899084aee6cd38e21e9fb9c", kill_on_drop: false }`
[INFO] [stdout] 6baa61d7bb855eee61ec0028e2c25c40e67f93417899084aee6cd38e21e9fb9c
[INFO] running `Command { std: "docker" "create" "-v" "/var/lib/crater-agent-workspace/builds/worker-6-tc1/target:/opt/rustwide/target:rw,Z" "-v" "/var/lib/crater-agent-workspace/builds/worker-6-tc1/source:/opt/rustwide/workdir:ro,Z" "-v" "/var/lib/crater-agent-workspace/cargo-home:/opt/rustwide/cargo-home:ro,Z" "-v" "/var/lib/crater-agent-workspace/rustup-home:/opt/rustwide/rustup-home:ro,Z" "-e" "SOURCE_DIR=/opt/rustwide/workdir" "-e" "CARGO_TARGET_DIR=/opt/rustwide/target" "-e" "CARGO_INCREMENTAL=0" "-e" "RUST_BACKTRACE=full" "-e" "RUSTFLAGS=--cap-lints=warn" "-e" "RUSTDOCFLAGS=--cap-lints=warn" "-e" "CARGO_HOME=/opt/rustwide/cargo-home" "-e" "RUSTUP_HOME=/opt/rustwide/rustup-home" "-w" "/opt/rustwide/workdir" "-m" "1610612736" "--user" "0:0" "--network" "none" "ghcr.io/rust-lang/crates-build-env/linux@sha256:f3a9d4ad9d972b27faf3965f35b62e55ba32bbce8f20bc8fe909558a86702fde" "/opt/rustwide/cargo-home/bin/cargo" "+1.83.0" "build" "--frozen" "--message-format=json", kill_on_drop: false }`
[INFO] [stdout] 03a62b0da86473fb272a97b9035507d7c2242e368be14f06310b2f452bfad202
[INFO] running `Command { std: "docker" "start" "-a" "03a62b0da86473fb272a97b9035507d7c2242e368be14f06310b2f452bfad202", kill_on_drop: false }`
[INFO] [stderr]    Compiling tuck5 v0.2.0 (/opt/rustwide/workdir)
[INFO] [stdout] warning: elided lifetime has a name
[INFO] [stdout]  --> src/meta/mod.rs:9:55
[INFO] [stdout]   |
[INFO] [stdout] 9 | pub fn has_tag<'a>(tag: &'a str) -> impl Sequence<Vec<&str>> {
[INFO] [stdout]   |                -- lifetime `'a` declared here         ^ this elided lifetime gets resolved as `'a`
[INFO] [stdout]   |
[INFO] [stdout]   = note: `#[warn(elided_named_lifetimes)]` on by default
[INFO] [stdout] 
[INFO] [stdout] 
[INFO] [stdout] warning: elided lifetime has a name
[INFO] [stdout]   --> src/meta/mod.rs:27:51
[INFO] [stdout]    |
[INFO] [stdout] 27 | pub fn tuck_tokens<'a>(text: &'a str) -> Vec<Token<Vec<&'a str>>> {
[INFO] [stdout]    |                    -- lifetime `'a` declared here ^ this elided lifetime gets resolved as `'a`
[INFO] [stdout] 
[INFO] [stdout] 
[INFO] [stderr]     Finished `dev` profile [unoptimized + debuginfo] target(s) in 0.81s
[INFO] running `Command { std: "docker" "inspect" "03a62b0da86473fb272a97b9035507d7c2242e368be14f06310b2f452bfad202", kill_on_drop: false }`
[INFO] running `Command { std: "docker" "rm" "-f" "03a62b0da86473fb272a97b9035507d7c2242e368be14f06310b2f452bfad202", kill_on_drop: false }`
[INFO] [stdout] 03a62b0da86473fb272a97b9035507d7c2242e368be14f06310b2f452bfad202
[INFO] running `Command { std: "docker" "create" "-v" "/var/lib/crater-agent-workspace/builds/worker-6-tc1/target:/opt/rustwide/target:rw,Z" "-v" "/var/lib/crater-agent-workspace/builds/worker-6-tc1/source:/opt/rustwide/workdir:ro,Z" "-v" "/var/lib/crater-agent-workspace/cargo-home:/opt/rustwide/cargo-home:ro,Z" "-v" "/var/lib/crater-agent-workspace/rustup-home:/opt/rustwide/rustup-home:ro,Z" "-e" "SOURCE_DIR=/opt/rustwide/workdir" "-e" "CARGO_TARGET_DIR=/opt/rustwide/target" "-e" "CARGO_INCREMENTAL=0" "-e" "RUST_BACKTRACE=full" "-e" "RUSTFLAGS=--cap-lints=warn" "-e" "RUSTDOCFLAGS=--cap-lints=warn" "-e" "CARGO_HOME=/opt/rustwide/cargo-home" "-e" "RUSTUP_HOME=/opt/rustwide/rustup-home" "-w" "/opt/rustwide/workdir" "-m" "1610612736" "--user" "0:0" "--network" "none" "ghcr.io/rust-lang/crates-build-env/linux@sha256:f3a9d4ad9d972b27faf3965f35b62e55ba32bbce8f20bc8fe909558a86702fde" "/opt/rustwide/cargo-home/bin/cargo" "+1.83.0" "test" "--frozen" "--no-run" "--message-format=json", kill_on_drop: false }`
[INFO] [stdout] 88a10362a1ff86530e9881b16719fbe40e817a9f6977a0a70b929c6a8c6029d7
[INFO] running `Command { std: "docker" "start" "-a" "88a10362a1ff86530e9881b16719fbe40e817a9f6977a0a70b929c6a8c6029d7", kill_on_drop: false }`
[INFO] [stderr]    Compiling proc-macro2 v1.0.92
[INFO] [stderr]    Compiling unicode-ident v1.0.14
[INFO] [stderr]    Compiling cfg-if v1.0.0
[INFO] [stdout] warning: elided lifetime has a name
[INFO] [stdout]  --> src/meta/mod.rs:9:55
[INFO] [stdout]   |
[INFO] [stdout] 9 | pub fn has_tag<'a>(tag: &'a str) -> impl Sequence<Vec<&str>> {
[INFO] [stdout]   |                -- lifetime `'a` declared here         ^ this elided lifetime gets resolved as `'a`
[INFO] [stdout]   |
[INFO] [stdout]   = note: `#[warn(elided_named_lifetimes)]` on by default
[INFO] [stdout] 
[INFO] [stdout] 
[INFO] [stdout] warning: elided lifetime has a name
[INFO] [stdout]   --> src/meta/mod.rs:27:51
[INFO] [stdout]    |
[INFO] [stdout] 27 | pub fn tuck_tokens<'a>(text: &'a str) -> Vec<Token<Vec<&'a str>>> {
[INFO] [stdout]    |                    -- lifetime `'a` declared here ^ this elided lifetime gets resolved as `'a`
[INFO] [stdout] 
[INFO] [stdout] 
[INFO] [stderr]    Compiling quote v1.0.37
[INFO] [stderr]    Compiling syn v2.0.90
[INFO] [stderr]    Compiling test-case-core v3.3.1
[INFO] [stderr]    Compiling test-case-macros v3.3.1
[INFO] [stderr]    Compiling test-case v3.3.1
[INFO] [stderr]    Compiling tuck5 v0.2.0 (/opt/rustwide/workdir)
[INFO] [stdout] warning: elided lifetime has a name
[INFO] [stdout]  --> src/meta/mod.rs:9:55
[INFO] [stdout]   |
[INFO] [stdout] 9 | pub fn has_tag<'a>(tag: &'a str) -> impl Sequence<Vec<&str>> {
[INFO] [stdout]   |                -- lifetime `'a` declared here         ^ this elided lifetime gets resolved as `'a`
[INFO] [stdout]   |
[INFO] [stdout]   = note: `#[warn(elided_named_lifetimes)]` on by default
[INFO] [stdout] 
[INFO] [stdout] 
[INFO] [stdout] warning: elided lifetime has a name
[INFO] [stdout]   --> src/meta/mod.rs:27:51
[INFO] [stdout]    |
[INFO] [stdout] 27 | pub fn tuck_tokens<'a>(text: &'a str) -> Vec<Token<Vec<&'a str>>> {
[INFO] [stdout]    |                    -- lifetime `'a` declared here ^ this elided lifetime gets resolved as `'a`
[INFO] [stdout] 
[INFO] [stdout] 
[INFO] [stdout] warning: unused import: `token::*`
[INFO] [stdout]  --> src/sequence/tests.rs:4:9
[INFO] [stdout]   |
[INFO] [stdout] 4 | pub use token::*;
[INFO] [stdout]   |         ^^^^^^^^
[INFO] [stdout]   |
[INFO] [stdout]   = note: `#[warn(unused_imports)]` on by default
[INFO] [stdout] 
[INFO] [stdout] 
[INFO] [stdout] warning: private item shadows public glob re-export
[INFO] [stdout]  --> src/transform/mod.rs:6:1
[INFO] [stdout]   |
[INFO] [stdout] 6 | mod tests;
[INFO] [stdout]   | ^^^^^^^^^^
[INFO] [stdout]   |
[INFO] [stdout] note: the name `tests` in the type namespace is supposed to be publicly re-exported here
[INFO] [stdout]  --> src/transform/mod.rs:1:9
[INFO] [stdout]   |
[INFO] [stdout] 1 | pub use crate::*;
[INFO] [stdout]   |         ^^^^^^^^
[INFO] [stdout] note: but the private item here shadows it
[INFO] [stdout]  --> src/transform/mod.rs:6:1
[INFO] [stdout]   |
[INFO] [stdout] 6 | mod tests;
[INFO] [stdout]   | ^^^^^^^^^^
[INFO] [stdout]   = note: `#[warn(hidden_glob_reexports)]` on by default
[INFO] [stdout] 
[INFO] [stdout] 
[INFO] [stdout] warning: unused import: `token::*`
[INFO] [stdout]  --> src/transform/tests.rs:4:9
[INFO] [stdout]   |
[INFO] [stdout] 4 | pub use token::*;
[INFO] [stdout]   |         ^^^^^^^^
[INFO] [stdout] 
[INFO] [stdout] 
[INFO] [stdout] warning: elided lifetime has a name
[INFO] [stdout]  --> src/tests/calculator/mod.rs:8:55
[INFO] [stdout]   |
[INFO] [stdout] 8 | pub fn has_tag<'a>(tag: &'a str) -> impl Sequence<Vec<&str>> {
[INFO] [stdout]   |                -- lifetime `'a` declared here         ^ this elided lifetime gets resolved as `'a`
[INFO] [stdout] 
[INFO] [stdout] 
[INFO] [stdout] warning: elided lifetime has a name
[INFO] [stdout]   --> src/tests/calculator/mod.rs:12:51
[INFO] [stdout]    |
[INFO] [stdout] 12 | pub fn calc_tokens<'a>(text: &'a str) -> Vec<Token<Vec<&'a str>>> {
[INFO] [stdout]    |                    -- lifetime `'a` declared here ^ this elided lifetime gets resolved as `'a`
[INFO] [stdout] 
[INFO] [stdout] 
[INFO] [stderr]     Finished `test` profile [unoptimized + debuginfo] target(s) in 9.71s
[INFO] running `Command { std: "docker" "inspect" "88a10362a1ff86530e9881b16719fbe40e817a9f6977a0a70b929c6a8c6029d7", kill_on_drop: false }`
[INFO] running `Command { std: "docker" "rm" "-f" "88a10362a1ff86530e9881b16719fbe40e817a9f6977a0a70b929c6a8c6029d7", kill_on_drop: false }`
[INFO] [stdout] 88a10362a1ff86530e9881b16719fbe40e817a9f6977a0a70b929c6a8c6029d7
[INFO] running `Command { std: "docker" "create" "-v" "/var/lib/crater-agent-workspace/builds/worker-6-tc1/target:/opt/rustwide/target:rw,Z" "-v" "/var/lib/crater-agent-workspace/builds/worker-6-tc1/source:/opt/rustwide/workdir:ro,Z" "-v" "/var/lib/crater-agent-workspace/cargo-home:/opt/rustwide/cargo-home:ro,Z" "-v" "/var/lib/crater-agent-workspace/rustup-home:/opt/rustwide/rustup-home:ro,Z" "-e" "SOURCE_DIR=/opt/rustwide/workdir" "-e" "CARGO_TARGET_DIR=/opt/rustwide/target" "-e" "CARGO_INCREMENTAL=0" "-e" "RUST_BACKTRACE=full" "-e" "RUSTFLAGS=--cap-lints=warn" "-e" "RUSTDOCFLAGS=--cap-lints=warn" "-e" "CARGO_HOME=/opt/rustwide/cargo-home" "-e" "RUSTUP_HOME=/opt/rustwide/rustup-home" "-w" "/opt/rustwide/workdir" "-m" "1610612736" "--user" "0:0" "--network" "none" "ghcr.io/rust-lang/crates-build-env/linux@sha256:f3a9d4ad9d972b27faf3965f35b62e55ba32bbce8f20bc8fe909558a86702fde" "/opt/rustwide/cargo-home/bin/cargo" "+1.83.0" "test" "--frozen", kill_on_drop: false }`
[INFO] [stdout] bb3bbafc2a155c0c5f0c5657ab2ab9aaa41c50a938ba3c2656c73509bfba3672
[INFO] running `Command { std: "docker" "start" "-a" "bb3bbafc2a155c0c5f0c5657ab2ab9aaa41c50a938ba3c2656c73509bfba3672", kill_on_drop: false }`
[INFO] [stderr] warning: elided lifetime has a name
[INFO] [stdout] 
[INFO] [stderr]  --> src/meta/mod.rs:9:55
[INFO] [stdout] running 108 tests
[INFO] [stderr]   |
[INFO] [stderr] 9 | pub fn has_tag<'a>(tag: &'a str) -> impl Sequence<Vec<&str>> {
[INFO] [stderr]   |                -- lifetime `'a` declared here         ^ this elided lifetime gets resolved as `'a`
[INFO] [stderr]   |
[INFO] [stderr]   = note: `#[warn(elided_named_lifetimes)]` on by default
[INFO] [stderr] 
[INFO] [stderr] warning: elided lifetime has a name
[INFO] [stderr]   --> src/meta/mod.rs:27:51
[INFO] [stderr]    |
[INFO] [stderr] 27 | pub fn tuck_tokens<'a>(text: &'a str) -> Vec<Token<Vec<&'a str>>> {
[INFO] [stderr]    |                    -- lifetime `'a` declared here ^ this elided lifetime gets resolved as `'a`
[INFO] [stderr] 
[INFO] [stderr] warning: `tuck5` (lib) generated 2 warnings
[INFO] [stderr] warning: unused import: `token::*`
[INFO] [stderr]  --> src/sequence/tests.rs:4:9
[INFO] [stderr]   |
[INFO] [stderr] 4 | pub use token::*;
[INFO] [stderr]   |         ^^^^^^^^
[INFO] [stderr]   |
[INFO] [stderr]   = note: `#[warn(unused_imports)]` on by default
[INFO] [stderr] 
[INFO] [stderr] warning: private item shadows public glob re-export
[INFO] [stderr]  --> src/transform/mod.rs:6:1
[INFO] [stderr]   |
[INFO] [stderr] 6 | mod tests;
[INFO] [stderr]   | ^^^^^^^^^^
[INFO] [stderr]   |
[INFO] [stderr] note: the name `tests` in the type namespace is supposed to be publicly re-exported here
[INFO] [stderr]  --> src/transform/mod.rs:1:9
[INFO] [stderr]   |
[INFO] [stderr] 1 | pub use crate::*;
[INFO] [stderr]   |         ^^^^^^^^
[INFO] [stderr] note: but the private item here shadows it
[INFO] [stderr]  --> src/transform/mod.rs:6:1
[INFO] [stderr]   |
[INFO] [stderr] 6 | mod tests;
[INFO] [stderr]   | ^^^^^^^^^^
[INFO] [stderr]   = note: `#[warn(hidden_glob_reexports)]` on by default
[INFO] [stderr] 
[INFO] [stderr] warning: unused import: `token::*`
[INFO] [stderr]  --> src/transform/tests.rs:4:9
[INFO] [stderr]   |
[INFO] [stderr] 4 | pub use token::*;
[INFO] [stderr]   |         ^^^^^^^^
[INFO] [stderr] 
[INFO] [stderr] warning: elided lifetime has a name
[INFO] [stderr]  --> src/tests/calculator/mod.rs:8:55
[INFO] [stderr]   |
[INFO] [stderr] 8 | pub fn has_tag<'a>(tag: &'a str) -> impl Sequence<Vec<&str>> {
[INFO] [stderr]   |                -- lifetime `'a` declared here         ^ this elided lifetime gets resolved as `'a`
[INFO] [stderr] 
[INFO] [stderr] warning: elided lifetime has a name
[INFO] [stderr]   --> src/tests/calculator/mod.rs:12:51
[INFO] [stderr]    |
[INFO] [stderr] 12 | pub fn calc_tokens<'a>(text: &'a str) -> Vec<Token<Vec<&'a str>>> {
[INFO] [stderr]    |                    -- lifetime `'a` declared here ^ this elided lifetime gets resolved as `'a`
[INFO] [stderr] 
[INFO] [stderr] warning: `tuck5` (lib test) generated 7 warnings (2 duplicates) (run `cargo fix --lib -p tuck5 --tests` to apply 2 suggestions)
[INFO] [stderr]     Finished `test` profile [unoptimized + debuginfo] target(s) in 0.02s
[INFO] [stderr]      Running unittests src/lib.rs (/opt/rustwide/target/debug/deps/tuck5-daafda7de2169ed9)
[INFO] [stdout] test meta::tests::eval_simple_prog::empty_program ... ok
[INFO] [stdout] test meta::tests::eval_simple_prog::basic_has_tag_sequence ... ok
[INFO] [stdout] test meta::tests::eval_simple_prog::many_in_parens_sequence ... ok
[INFO] [stdout] test meta::tests::eval_simple_prog::sugared_one_or_more_sequence ... ok
[INFO] [stdout] test meta::tests::eval_simple_prog::one_or_more_in_parens_sequence ... ok
[INFO] [stdout] test meta::tests::eval_simple_prog::more_than_one_tag ... ok
[INFO] [stdout] test meta::tests::eval_simple_prog::comments ... ok
[INFO] [stdout] test meta::tests::eval_simple_prog::long_comments ... ok
[INFO] [stdout] test meta::tests::eval_simple_prog::basic_raw_sequence ... ok
[INFO] [stdout] test meta::tests::eval_simple_prog::sugared_has_tag_sequence ... ok
[INFO] [stdout] test meta::tests::eval_simple_prog::basic_repeated_sequence ... ok
[INFO] [stdout] test meta::tests::eval_simple_prog::basic_recursive_choose_sequence ... ok
[INFO] [stdout] test meta::tests::eval_simple_prog::basic_optional_sequence ... ok
[INFO] [stdout] test meta::tests::eval_simple_prog::quotes ... ok
[INFO] [stdout] test sequence::tests::choose_seq_test::multiple_of_correct_token ... ok
[INFO] [stdout] test meta::tests::eval_simple_prog::basic_whitespace_removal ... ok
[INFO] [stdout] test meta::tests::eval_simple_prog::basic_multiple_sequence ... ok
[INFO] [stdout] test sequence::tests::choose_seq_test::second_option ... ok
[INFO] [stdout] test meta::tests::eval_simple_prog::sugared_range_sequence ... ok
[INFO] [stdout] test meta::tests::eval_simple_prog::sugared_raw_sequence ... ok
[INFO] [stdout] test sequence::tests::choose_seq_test::both_correct_tokens ... ok
[INFO] [stdout] test sequence::tests::choose_seq_test::first_option ... ok
[INFO] [stdout] test meta::tests::eval_simple_prog::basic_choose_sequence ... ok
[INFO] [stdout] test sequence::tests::choose_seq_test::matching_empty_string ... ok
[INFO] [stdout] test sequence::tests::choose_seq_test::single_incorrect_token ... ok
[INFO] [stdout] test sequence::tests::mult_seq_test::basic_passing_case ... ok
[INFO] [stdout] test sequence::tests::mult_seq_test::empty_failing_case ... ok
[INFO] [stdout] test sequence::tests::mult_seq_test::multiple_of_correct_token_followed_by_one_incorrect ... ok
[INFO] [stdout] test sequence::tests::mult_seq_test::multiple_of_incorrect_token ... ok
[INFO] [stdout] test sequence::tests::opt_seq_test::basic_passing_case ... ok
[INFO] [stdout] test sequence::tests::opt_seq_test::incorrect_string ... ok
[INFO] [stdout] test sequence::tests::opt_seq_test::multiple_of_incorrect_token ... ok
[INFO] [stdout] test sequence::tests::opt_seq_test::empty_passing_case ... ok
[INFO] [stdout] test sequence::tests::rep_seq_test::empty_passing_case ... ok
[INFO] [stdout] test sequence::tests::rep_seq_test::incorrect_string ... ok
[INFO] [stdout] test sequence::tests::raw_seq_test::basic_failing_case ... ok
[INFO] [stdout] test tests::calculator::eval_test::basic_application ... ok
[INFO] [stdout] test sequence::tests::mult_seq_test::incorrect_string ... ok
[INFO] [stdout] test sequence::tests::raw_seq_test::basic_passing_case ... ok
[INFO] [stdout] test sequence::tests::raw_seq_test::matching_empty_string ... ok
[INFO] [stdout] test sequence::tests::rep_seq_test::multiple_of_correct_token_followed_by_one_incorrect ... ok
[INFO] [stdout] test tests::calculator::eval_test::basic_integer_division ... ok
[INFO] [stdout] test tests::calculator::eval_test::basic_integer_addition ... ok
[INFO] [stdout] test tests::calculator::eval_test::basic_integer_multiplication ... ok
[INFO] [stdout] test tests::calculator::eval_test::basic_integer_subtracting ... ok
[INFO] [stdout] test sequence::tests::raw_seq_test::multiple_of_correct_token ... ok
[INFO] [stdout] test sequence::tests::rep_seq_test::basic_passing_case ... ok
[INFO] [stdout] test sequence::tests::rep_seq_test::multiple_of_incorrect_token ... ok
[INFO] [stdout] test tests::calculator::eval_test::basic_letter_fail ... ok
[INFO] [stdout] test tests::calculator::eval_test::basic_parenthetical ... ok
[INFO] [stdout] test tests::calculator::eval_test::even_longer_decimal ... ok
[INFO] [stdout] test tests::calculator::eval_test::multiple_digit_number_with_decimal ... ok
[INFO] [stdout] test tests::calculator::eval_test::negative_decimal ... ok
[INFO] [stdout] test tests::calculator::eval_test::negative_integer ... ok
[INFO] [stdout] test tests::calculator::eval_test::no_trailing_end_parens ... ok
[INFO] [stdout] test tests::calculator::int_test::all_digits ... ok
[INFO] [stdout] test tests::calculator::eval_test::zero ... ok
[INFO] [stdout] test tests::calculator::int_test::leading_zero ... ok
[INFO] [stdout] test tests::calculator::eval_test::order_of_operations_with_nested_parens ... ok
[INFO] [stdout] test tests::calculator::eval_test::order_of_operations ... ok
[INFO] [stdout] test tests::calculator::eval_test::leading_space ... ok
[INFO] [stdout] test tests::calculator::eval_test::leading_zero ... ok
[INFO] [stdout] test tests::calculator::int_test::one_digit_int ... ok
[INFO] [stdout] test tests::calculator::int_test::special_case ... ok
[INFO] [stdout] test tests::calculator::eval_test::nested_applications ... ok
[INFO] [stdout] test tests::calculator::eval_test::long_decimal ... ok
[INFO] [stdout] test tests::calculator::eval_test::multiple_digit_number ... ok
[INFO] [stdout] test tests::calculator::eval_test::no_text ... ok
[INFO] [stdout] test tests::calculator::eval_test::one_digit_number ... ok
[INFO] [stdout] test tests::calculator::meta::eval_test::basic_integer_multiplication ... ok
[INFO] [stdout] test tests::calculator::meta::eval_test::no_text ... ok
[INFO] [stdout] test tests::calculator::meta::eval_test::negative_integer ... ok
[INFO] [stdout] test tests::calculator::meta::eval_test::multiple_digit_number_with_decimal ... ok
[INFO] [stdout] test tests::calculator::meta::eval_test::basic_integer_addition ... ok
[INFO] [stdout] test tests::calculator::meta::eval_test::leading_zero ... ok
[INFO] [stdout] test tests::calculator::meta::eval_test::one_digit_number ... ok
[INFO] [stdout] test tests::calculator::meta::eval_test::basic_letter_fail ... ok
[INFO] [stdout] test tests::calculator::meta::eval_test::basic_application ... ok
[INFO] [stdout] test tests::calculator::meta::eval_test::no_trailing_end_parens ... ok
[INFO] [stdout] test tests::calculator::meta::eval_test::nested_applications ... ok
[INFO] [stdout] test tests::calculator::meta::eval_test::multiple_digit_number ... ok
[INFO] [stdout] test tests::calculator::meta::eval_test::leading_space ... ok
[INFO] [stdout] test tests::calculator::meta::eval_test::negative_decimal ... ok
[INFO] [stdout] test tests::calculator::meta::eval_test::order_of_operations_with_nested_parens ... ok
[INFO] [stdout] test tests::calculator::meta::eval_test::basic_parenthetical ... ok
[INFO] [stdout] test tests::calculator::meta::eval_test::basic_integer_subtracting ... ok
[INFO] [stdout] test tests::calculator::meta::eval_test::basic_integer_division ... ok
[INFO] [stdout] test tests::calculator::meta::eval_test::order_of_operations ... ok
[INFO] [stdout] test transform::tests::remove_a_test::no_letters ... ok
[INFO] [stdout] test transform::tests::remove_a_test::removing_no_letters ... ok
[INFO] [stdout] test transform::tests::remove_a_test::removing_one_letter ... ok
[INFO] [stdout] test transform::tests::remove_a_test::removing_the_same_letter_repeatedly ... ok
[INFO] [stdout] test transform::tests::remove_a_test::removing_two_letters ... ok
[INFO] [stdout] test tests::calculator::meta::eval_test::order_of_operations_with_nested_parens_backwards ... ok
[INFO] [stdout] test tests::calculator::meta::eval_test::zero ... ok
[INFO] [stdout] test tests::interp::run_prog_from_text::double_let_statement ... ok
[INFO] [stdout] test tests::interp::run_prog_from_text::decimal_print_statement ... ok
[INFO] [stdout] test tests::interp::run_prog_from_text::quadruple_add_expression ... ok
[INFO] [stdout] test tests::interp::run_prog_from_text::add_var_to_itself ... ok
[INFO] [stdout] test tests::interp::run_prog_from_text::double_print_statement ... ok
[INFO] [stdout] test tests::interp::run_prog_from_text::simple_print_statement ... ok
[INFO] [stdout] test tests::interp::run_prog_from_text::simple_mut_statement ... ok
[INFO] [stdout] test tests::interp::run_prog_from_text::self_incrementing ... ok
[INFO] [stdout] test tests::interp::run_prog_from_text::let_in_if ... ok
[INFO] [stdout] test tests::interp::run_prog_from_text::simple_add_expression ... ok
[INFO] [stdout] test tests::interp::run_prog_from_text::simple_if_expression ... ok
[INFO] [stdout] test tests::interp::run_prog_from_text::simple_let_statement ... ok
[INFO] [stdout] test tests::interp::run_prog_from_text::echo_input ... FAILED
[INFO] [stdout] 
[INFO] [stdout] failures:
[INFO] [stdout] 
[INFO] [stdout] ---- tests::interp::run_prog_from_text::echo_input stdout ----
[INFO] [stdout] {
[INFO] [stdout] 	print
[INFO] [stdout] 	{
[INFO] [stdout] 		input
[INFO] [stdout] 		+
[INFO] [stdout] 		1
[INFO] [stdout] 	}
[INFO] [stdout] 	;
[INFO] [stdout] }
[INFO] [stdout] Tags: printStmt stmt 
[INFO] [stdout] thread 'tests::interp::run_prog_from_text::echo_input' panicked at src/tests/interp/mod.rs:278:59:
[INFO] [stdout] called `Result::unwrap()` on an `Err` value: ParseFloatError { kind: Empty }
[INFO] [stdout] stack backtrace:
[INFO] [stdout]    0:     0x5d6e75c16d4a - std::backtrace_rs::backtrace::libunwind::trace::h5a5b8284f2d0c266
[INFO] [stdout]                                at /rustc/90b35a6239c3d8bdabc530a6a0816f7ff89a0aaf/library/std/src/../../backtrace/src/backtrace/libunwind.rs:116:5
[INFO] [stdout]    1:     0x5d6e75c16d4a - std::backtrace_rs::backtrace::trace_unsynchronized::h76d4f1c9b0b875e3
[INFO] [stdout]                                at /rustc/90b35a6239c3d8bdabc530a6a0816f7ff89a0aaf/library/std/src/../../backtrace/src/backtrace/mod.rs:66:5
[INFO] [stdout]    2:     0x5d6e75c16d4a - std::sys::backtrace::_print_fmt::hc4546b8364a537c6
[INFO] [stdout]                                at /rustc/90b35a6239c3d8bdabc530a6a0816f7ff89a0aaf/library/std/src/sys/backtrace.rs:66:9
[INFO] [stdout]    3:     0x5d6e75c16d4a - <std::sys::backtrace::BacktraceLock::print::DisplayBacktrace as core::fmt::Display>::fmt::h5b6bd5631a6d1f6b
[INFO] [stdout]                                at /rustc/90b35a6239c3d8bdabc530a6a0816f7ff89a0aaf/library/std/src/sys/backtrace.rs:39:26
[INFO] [stdout]    4:     0x5d6e75c3d4e3 - core::fmt::rt::Argument::fmt::h270f6602a2b96f62
[INFO] [stdout]                                at /rustc/90b35a6239c3d8bdabc530a6a0816f7ff89a0aaf/library/core/src/fmt/rt.rs:177:76
[INFO] [stdout]    5:     0x5d6e75c3d4e3 - core::fmt::write::h7550c97b06c86515
[INFO] [stdout]                                at /rustc/90b35a6239c3d8bdabc530a6a0816f7ff89a0aaf/library/core/src/fmt/mod.rs:1186:21
[INFO] [stdout]    6:     0x5d6e75c13803 - std::io::Write::write_fmt::h509ff860e5956e5e
[INFO] [stdout]                                at /rustc/90b35a6239c3d8bdabc530a6a0816f7ff89a0aaf/library/std/src/io/mod.rs:1839:15
[INFO] [stdout]    7:     0x5d6e75c16b92 - std::sys::backtrace::BacktraceLock::print::h2395ccd2c84ba3aa
[INFO] [stdout]                                at /rustc/90b35a6239c3d8bdabc530a6a0816f7ff89a0aaf/library/std/src/sys/backtrace.rs:42:9
[INFO] [stdout]    8:     0x5d6e75c181aa - std::panicking::default_hook::{{closure}}::he19d4c7230e07961
[INFO] [stdout]                                at /rustc/90b35a6239c3d8bdabc530a6a0816f7ff89a0aaf/library/std/src/panicking.rs:268:22
[INFO] [stdout]    9:     0x5d6e75c17fb4 - std::panicking::default_hook::hf614597d3c67bbdb
[INFO] [stdout]                                at /rustc/90b35a6239c3d8bdabc530a6a0816f7ff89a0aaf/library/std/src/panicking.rs:292:9
[INFO] [stdout]   10:     0x5d6e75be2f49 - <alloc::boxed::Box<F,A> as core::ops::function::Fn<Args>>::call::h39b51ce4599c23d1
[INFO] [stdout]                                at /rustc/90b35a6239c3d8bdabc530a6a0816f7ff89a0aaf/library/alloc/src/boxed.rs:2468:9
[INFO] [stdout]   11:     0x5d6e75be2f49 - test::test_main::{{closure}}::he977ae839a582784
[INFO] [stdout]                                at /rustc/90b35a6239c3d8bdabc530a6a0816f7ff89a0aaf/library/test/src/lib.rs:133:21
[INFO] [stdout]   12:     0x5d6e75c18848 - <alloc::boxed::Box<F,A> as core::ops::function::Fn<Args>>::call::h9455091b6b06f9fb
[INFO] [stdout]                                at /rustc/90b35a6239c3d8bdabc530a6a0816f7ff89a0aaf/library/alloc/src/boxed.rs:2468:9
[INFO] [stdout]   13:     0x5d6e75c18848 - std::panicking::rust_panic_with_hook::h8942133a8b252070
[INFO] [stdout]                                at /rustc/90b35a6239c3d8bdabc530a6a0816f7ff89a0aaf/library/std/src/panicking.rs:809:13
[INFO] [stdout]   14:     0x5d6e75c1860a - std::panicking::begin_panic_handler::{{closure}}::hb5f5963570096b29
[INFO] [stdout]                                at /rustc/90b35a6239c3d8bdabc530a6a0816f7ff89a0aaf/library/std/src/panicking.rs:674:13
[INFO] [stdout]   15:     0x5d6e75c17229 - std::sys::backtrace::__rust_end_short_backtrace::h6208cedc1922feda
[INFO] [stdout]                                at /rustc/90b35a6239c3d8bdabc530a6a0816f7ff89a0aaf/library/std/src/sys/backtrace.rs:170:18
[INFO] [stdout]   16:     0x5d6e75c1829c - rust_begin_unwind
[INFO] [stdout]                                at /rustc/90b35a6239c3d8bdabc530a6a0816f7ff89a0aaf/library/std/src/panicking.rs:665:5
[INFO] [stdout]   17:     0x5d6e75b5fab0 - core::panicking::panic_fmt::h0c3082644d1bf418
[INFO] [stdout]                                at /rustc/90b35a6239c3d8bdabc530a6a0816f7ff89a0aaf/library/core/src/panicking.rs:74:14
[INFO] [stdout]   18:     0x5d6e75b5fef6 - core::result::unwrap_failed::hd20b4aa073bda1e2
[INFO] [stdout]                                at /rustc/90b35a6239c3d8bdabc530a6a0816f7ff89a0aaf/library/core/src/result.rs:1700:5
[INFO] [stdout]   19:     0x5d6e75b818df - core::result::Result<T,E>::unwrap::hf988dfe70262bd89
[INFO] [stdout]                                at /rustc/90b35a6239c3d8bdabc530a6a0816f7ff89a0aaf/library/core/src/result.rs:1104:23
[INFO] [stdout]   20:     0x5d6e75b818df - tuck5::tests::interp::run_stack_ops::h7356a47020bac608
[INFO] [stdout]                                at /opt/rustwide/workdir/src/tests/interp/mod.rs:278:28
[INFO] [stdout]   21:     0x5d6e75b82489 - tuck5::tests::interp::run_prog_from_text::hcd6426ae913ab32e
[INFO] [stdout]                                at /opt/rustwide/workdir/src/tests/interp/mod.rs:347:5
[INFO] [stdout]   22:     0x5d6e75b7a322 - tuck5::tests::interp::run_prog_from_text::echo_input::h9f7586011e301fd3
[INFO] [stdout]                                at /opt/rustwide/workdir/src/tests/interp/mod.rs:284:1
[INFO] [stdout]   23:     0x5d6e75b7a2f7 - tuck5::tests::interp::run_prog_from_text::echo_input::{{closure}}::h26e9504d41ca4cb5
[INFO] [stdout]                                at /opt/rustwide/workdir/src/tests/interp/mod.rs:286:30
[INFO] [stdout]   24:     0x5d6e75b72e86 - core::ops::function::FnOnce::call_once::h557346835a8f4ce8
[INFO] [stdout]                                at /rustc/90b35a6239c3d8bdabc530a6a0816f7ff89a0aaf/library/core/src/ops/function.rs:250:5
[INFO] [stdout]   25:     0x5d6e75be790b - core::ops::function::FnOnce::call_once::h109cf8051a59b34e
[INFO] [stdout]                                at /rustc/90b35a6239c3d8bdabc530a6a0816f7ff89a0aaf/library/core/src/ops/function.rs:250:5
[INFO] [stdout]   26:     0x5d6e75be790b - test::__rust_begin_short_backtrace::hf4fff89d377446ba
[INFO] [stdout]                                at /rustc/90b35a6239c3d8bdabc530a6a0816f7ff89a0aaf/library/test/src/lib.rs:621:18
[INFO] [stdout]   27:     0x5d6e75be7147 - test::run_test_in_process::{{closure}}::h0e39181dd7ee5a43
[INFO] [stdout]                                at /rustc/90b35a6239c3d8bdabc530a6a0816f7ff89a0aaf/library/test/src/lib.rs:644:60
[INFO] [stdout]   28:     0x5d6e75be7147 - <core::panic::unwind_safe::AssertUnwindSafe<F> as core::ops::function::FnOnce<()>>::call_once::hc5a66a30f0bdfd1f
[INFO] [stdout]                                at /rustc/90b35a6239c3d8bdabc530a6a0816f7ff89a0aaf/library/core/src/panic/unwind_safe.rs:272:9
[INFO] [stdout]   29:     0x5d6e75be7147 - std::panicking::try::do_call::h873b7cf639554a5e
[INFO] [stdout]                                at /rustc/90b35a6239c3d8bdabc530a6a0816f7ff89a0aaf/library/std/src/panicking.rs:557:40
[INFO] [stdout]   30:     0x5d6e75be7147 - std::panicking::try::hdb19862fad9c8bd1
[INFO] [stdout]                                at /rustc/90b35a6239c3d8bdabc530a6a0816f7ff89a0aaf/library/std/src/panicking.rs:520:19
[INFO] [stdout]   31:     0x5d6e75be7147 - std::panic::catch_unwind::h281fe732d236d260
[INFO] [stdout]                                at /rustc/90b35a6239c3d8bdabc530a6a0816f7ff89a0aaf/library/std/src/panic.rs:358:14
[INFO] [stdout]   32:     0x5d6e75be7147 - test::run_test_in_process::h949b6df8457ed338
[INFO] [stdout]                                at /rustc/90b35a6239c3d8bdabc530a6a0816f7ff89a0aaf/library/test/src/lib.rs:644:27
[INFO] [stdout]   33:     0x5d6e75be7147 - test::run_test::{{closure}}::h52c556a6d4740e10
[INFO] [stdout]                                at /rustc/90b35a6239c3d8bdabc530a6a0816f7ff89a0aaf/library/test/src/lib.rs:565:43
[INFO] [stdout]   34:     0x5d6e75bac424 - test::run_test::{{closure}}::h4237f6381c45ccb9
[INFO] [stdout]                                at /rustc/90b35a6239c3d8bdabc530a6a0816f7ff89a0aaf/library/test/src/lib.rs:595:41
[INFO] [stdout]   35:     0x5d6e75bac424 - std::sys::backtrace::__rust_begin_short_backtrace::h505c97a579eca628
[INFO] [stdout]                                at /rustc/90b35a6239c3d8bdabc530a6a0816f7ff89a0aaf/library/std/src/sys/backtrace.rs:154:18
[INFO] [stdout]   36:     0x5d6e75bafaee - std::thread::Builder::spawn_unchecked_::{{closure}}::{{closure}}::h9e86b2e2bc107ea3
[INFO] [stdout]                                at /rustc/90b35a6239c3d8bdabc530a6a0816f7ff89a0aaf/library/std/src/thread/mod.rs:538:17
[INFO] [stdout]   37:     0x5d6e75bafaee - <core::panic::unwind_safe::AssertUnwindSafe<F> as core::ops::function::FnOnce<()>>::call_once::h8b06ddb275ff4a25
[INFO] [stdout]                                at /rustc/90b35a6239c3d8bdabc530a6a0816f7ff89a0aaf/library/core/src/panic/unwind_safe.rs:272:9
[INFO] [stdout]   38:     0x5d6e75bafaee - std::panicking::try::do_call::hb26ecd7cd9a9355d
[INFO] [stdout]                                at /rustc/90b35a6239c3d8bdabc530a6a0816f7ff89a0aaf/library/std/src/panicking.rs:557:40
[INFO] [stdout]   39:     0x5d6e75bafaee - std::panicking::try::h8ddeca9d705f9069
[INFO] [stdout]                                at /rustc/90b35a6239c3d8bdabc530a6a0816f7ff89a0aaf/library/std/src/panicking.rs:520:19
[INFO] [stdout]   40:     0x5d6e75bafaee - std::panic::catch_unwind::h49e1c33078844c46
[INFO] [stdout]                                at /rustc/90b35a6239c3d8bdabc530a6a0816f7ff89a0aaf/library/std/src/panic.rs:358:14
[INFO] [stdout]   41:     0x5d6e75bafaee - std::thread::Builder::spawn_unchecked_::{{closure}}::h6073db6ff56ad35d
[INFO] [stdout]                                at /rustc/90b35a6239c3d8bdabc530a6a0816f7ff89a0aaf/library/std/src/thread/mod.rs:537:30
[INFO] [stdout]   42:     0x5d6e75bafaee - core::ops::function::FnOnce::call_once{{vtable.shim}}::h2c5a5f3779c774f1
[INFO] [stdout]                                at /rustc/90b35a6239c3d8bdabc530a6a0816f7ff89a0aaf/library/core/src/ops/function.rs:250:5
[INFO] [stdout]   43:     0x5d6e75c1c59b - <alloc::boxed::Box<F,A> as core::ops::function::FnOnce<Args>>::call_once::hf75717d9f28faebf
[INFO] [stdout]                                at /rustc/90b35a6239c3d8bdabc530a6a0816f7ff89a0aaf/library/alloc/src/boxed.rs:2454:9
[INFO] [stdout]   44:     0x5d6e75c1c59b - <alloc::boxed::Box<F,A> as core::ops::function::FnOnce<Args>>::call_once::h7bd883a5f3c5f3c1
[INFO] [stdout]                                at /rustc/90b35a6239c3d8bdabc530a6a0816f7ff89a0aaf/library/alloc/src/boxed.rs:2454:9
[INFO] [stdout]   45:     0x5d6e75c1c59b - std::sys::pal::unix::thread::Thread::new::thread_start::hcc78f3943333fa94
[INFO] [stdout]                                at /rustc/90b35a6239c3d8bdabc530a6a0816f7ff89a0aaf/library/std/src/sys/pal/unix/thread.rs:105:17
[INFO] [stdout]   46:     0x7aa101e3eac3 - <unknown>
[INFO] [stdout]   47:     0x7aa101ecfa04 - clone
[INFO] [stdout]   48:                0x0 - <unknown>
[INFO] [stdout] 
[INFO] [stdout] 
[INFO] [stdout] failures:
[INFO] [stdout]     tests::interp::run_prog_from_text::echo_input
[INFO] [stdout] 
[INFO] [stdout] test result: FAILED. 107 passed; 1 failed; 0 ignored; 0 measured; 0 filtered out; finished in 0.55s
[INFO] [stdout] 
[INFO] [stderr] error: test failed, to rerun pass `--lib`
[INFO] running `Command { std: "docker" "inspect" "bb3bbafc2a155c0c5f0c5657ab2ab9aaa41c50a938ba3c2656c73509bfba3672", kill_on_drop: false }`
[INFO] running `Command { std: "docker" "rm" "-f" "bb3bbafc2a155c0c5f0c5657ab2ab9aaa41c50a938ba3c2656c73509bfba3672", kill_on_drop: false }`
[INFO] [stdout] bb3bbafc2a155c0c5f0c5657ab2ab9aaa41c50a938ba3c2656c73509bfba3672
