[INFO] fetching crate tuc 1.2.0...
[INFO] testing tuc-1.2.0 against 1.83.0 for beta-1.84.0-4-retry
[INFO] extracting crate tuc 1.2.0 into /workspace/builds/worker-4-tc1/source
[INFO] validating manifest of crates.io crate tuc 1.2.0 on toolchain 1.83.0
[INFO] running `Command { std: CARGO_HOME="/workspace/cargo-home" RUSTUP_HOME="/workspace/rustup-home" "/workspace/cargo-home/bin/cargo" "+1.83.0" "metadata" "--manifest-path" "Cargo.toml" "--no-deps", kill_on_drop: false }`
[INFO] started tweaking crates.io crate tuc 1.2.0
[INFO] finished tweaking crates.io crate tuc 1.2.0
[INFO] tweaked toml for crates.io crate tuc 1.2.0 written to /workspace/builds/worker-4-tc1/source/Cargo.toml
[INFO] crate crates.io crate tuc 1.2.0 already has a lockfile, it will not be regenerated
[INFO] running `Command { std: CARGO_HOME="/workspace/cargo-home" RUSTUP_HOME="/workspace/rustup-home" "/workspace/cargo-home/bin/cargo" "+1.83.0" "fetch" "--manifest-path" "Cargo.toml", kill_on_drop: false }`
[INFO] [stderr]  Downloading crates ...
[INFO] [stderr]   Downloaded anyhow v1.0.78
[INFO] running `Command { std: "docker" "create" "-v" "/var/lib/crater-agent-workspace/builds/worker-4-tc1/target:/opt/rustwide/target:rw,Z" "-v" "/var/lib/crater-agent-workspace/builds/worker-4-tc1/source:/opt/rustwide/workdir:ro,Z" "-v" "/var/lib/crater-agent-workspace/cargo-home:/opt/rustwide/cargo-home:ro,Z" "-v" "/var/lib/crater-agent-workspace/rustup-home:/opt/rustwide/rustup-home:ro,Z" "-e" "SOURCE_DIR=/opt/rustwide/workdir" "-e" "CARGO_TARGET_DIR=/opt/rustwide/target" "-e" "CARGO_HOME=/opt/rustwide/cargo-home" "-e" "RUSTUP_HOME=/opt/rustwide/rustup-home" "-w" "/opt/rustwide/workdir" "-m" "1610612736" "--user" "0:0" "--network" "none" "ghcr.io/rust-lang/crates-build-env/linux@sha256:f3a9d4ad9d972b27faf3965f35b62e55ba32bbce8f20bc8fe909558a86702fde" "/opt/rustwide/cargo-home/bin/cargo" "+1.83.0" "metadata" "--no-deps" "--format-version=1", kill_on_drop: false }`
[INFO] [stdout] cb46934c05316628b23498476fb0a29f867bc1a2cd369a2b644334da671ce0dc
[INFO] running `Command { std: "docker" "start" "-a" "cb46934c05316628b23498476fb0a29f867bc1a2cd369a2b644334da671ce0dc", kill_on_drop: false }`
[INFO] running `Command { std: "docker" "inspect" "cb46934c05316628b23498476fb0a29f867bc1a2cd369a2b644334da671ce0dc", kill_on_drop: false }`
[INFO] running `Command { std: "docker" "rm" "-f" "cb46934c05316628b23498476fb0a29f867bc1a2cd369a2b644334da671ce0dc", kill_on_drop: false }`
[INFO] [stdout] cb46934c05316628b23498476fb0a29f867bc1a2cd369a2b644334da671ce0dc
[INFO] running `Command { std: "docker" "create" "-v" "/var/lib/crater-agent-workspace/builds/worker-4-tc1/target:/opt/rustwide/target:rw,Z" "-v" "/var/lib/crater-agent-workspace/builds/worker-4-tc1/source:/opt/rustwide/workdir:ro,Z" "-v" "/var/lib/crater-agent-workspace/cargo-home:/opt/rustwide/cargo-home:ro,Z" "-v" "/var/lib/crater-agent-workspace/rustup-home:/opt/rustwide/rustup-home:ro,Z" "-e" "SOURCE_DIR=/opt/rustwide/workdir" "-e" "CARGO_TARGET_DIR=/opt/rustwide/target" "-e" "CARGO_INCREMENTAL=0" "-e" "RUST_BACKTRACE=full" "-e" "RUSTFLAGS=--cap-lints=warn" "-e" "RUSTDOCFLAGS=--cap-lints=warn" "-e" "CARGO_HOME=/opt/rustwide/cargo-home" "-e" "RUSTUP_HOME=/opt/rustwide/rustup-home" "-w" "/opt/rustwide/workdir" "-m" "1610612736" "--user" "0:0" "--network" "none" "ghcr.io/rust-lang/crates-build-env/linux@sha256:f3a9d4ad9d972b27faf3965f35b62e55ba32bbce8f20bc8fe909558a86702fde" "/opt/rustwide/cargo-home/bin/cargo" "+1.83.0" "build" "--frozen" "--message-format=json", kill_on_drop: false }`
[INFO] [stdout] 7ad08726ac3967dd75dca6115c171f255167613c300981d4f47ced39586c32c0
[INFO] running `Command { std: "docker" "start" "-a" "7ad08726ac3967dd75dca6115c171f255167613c300981d4f47ced39586c32c0", kill_on_drop: false }`
[INFO] [stderr]    Compiling anyhow v1.0.78
[INFO] [stderr]    Compiling regex-syntax v0.8.2
[INFO] [stderr]    Compiling pico-args v0.5.0
[INFO] [stderr]    Compiling regex-automata v0.4.3
[INFO] [stderr]    Compiling regex v1.10.2
[INFO] [stderr]    Compiling tuc v1.2.0 (/opt/rustwide/workdir)
[INFO] [stderr]     Finished `dev` profile [unoptimized + debuginfo] target(s) in 5.28s
[INFO] running `Command { std: "docker" "inspect" "7ad08726ac3967dd75dca6115c171f255167613c300981d4f47ced39586c32c0", kill_on_drop: false }`
[INFO] running `Command { std: "docker" "rm" "-f" "7ad08726ac3967dd75dca6115c171f255167613c300981d4f47ced39586c32c0", kill_on_drop: false }`
[INFO] [stdout] 7ad08726ac3967dd75dca6115c171f255167613c300981d4f47ced39586c32c0
[INFO] running `Command { std: "docker" "create" "-v" "/var/lib/crater-agent-workspace/builds/worker-4-tc1/target:/opt/rustwide/target:rw,Z" "-v" "/var/lib/crater-agent-workspace/builds/worker-4-tc1/source:/opt/rustwide/workdir:ro,Z" "-v" "/var/lib/crater-agent-workspace/cargo-home:/opt/rustwide/cargo-home:ro,Z" "-v" "/var/lib/crater-agent-workspace/rustup-home:/opt/rustwide/rustup-home:ro,Z" "-e" "SOURCE_DIR=/opt/rustwide/workdir" "-e" "CARGO_TARGET_DIR=/opt/rustwide/target" "-e" "CARGO_INCREMENTAL=0" "-e" "RUST_BACKTRACE=full" "-e" "RUSTFLAGS=--cap-lints=warn" "-e" "RUSTDOCFLAGS=--cap-lints=warn" "-e" "CARGO_HOME=/opt/rustwide/cargo-home" "-e" "RUSTUP_HOME=/opt/rustwide/rustup-home" "-w" "/opt/rustwide/workdir" "-m" "1610612736" "--user" "0:0" "--network" "none" "ghcr.io/rust-lang/crates-build-env/linux@sha256:f3a9d4ad9d972b27faf3965f35b62e55ba32bbce8f20bc8fe909558a86702fde" "/opt/rustwide/cargo-home/bin/cargo" "+1.83.0" "test" "--frozen" "--no-run" "--message-format=json", kill_on_drop: false }`
[INFO] [stdout] 32aa6f049ec0b97974e4fc7035625030efefa54e9be3cf952e19119a0d14ea73
[INFO] running `Command { std: "docker" "start" "-a" "32aa6f049ec0b97974e4fc7035625030efefa54e9be3cf952e19119a0d14ea73", kill_on_drop: false }`
[INFO] [stderr]    Compiling libc v0.2.97
[INFO] [stderr]    Compiling predicates-core v1.0.6
[INFO] [stderr]    Compiling doc-comment v0.3.3
[INFO] [stderr]    Compiling either v1.6.1
[INFO] [stderr]    Compiling once_cell v1.17.0
[INFO] [stderr]    Compiling anstyle v1.0.0
[INFO] [stderr]    Compiling difflib v0.4.0
[INFO] [stderr]    Compiling memchr v2.6.4
[INFO] [stderr]    Compiling regex-automata v0.1.10
[INFO] [stderr]    Compiling treeline v0.1.0
[INFO] [stderr]    Compiling predicates-tree v1.0.2
[INFO] [stderr]    Compiling itertools v0.11.0
[INFO] [stderr]    Compiling bstr v1.1.0
[INFO] [stderr]    Compiling wait-timeout v0.2.0
[INFO] [stderr]    Compiling predicates v3.0.4
[INFO] [stderr]    Compiling assert_cmd v2.0.12
[INFO] [stderr]    Compiling tuc v1.2.0 (/opt/rustwide/workdir)
[INFO] [stderr]     Finished `test` profile [unoptimized + debuginfo] target(s) in 6.93s
[INFO] running `Command { std: "docker" "inspect" "32aa6f049ec0b97974e4fc7035625030efefa54e9be3cf952e19119a0d14ea73", kill_on_drop: false }`
[INFO] running `Command { std: "docker" "rm" "-f" "32aa6f049ec0b97974e4fc7035625030efefa54e9be3cf952e19119a0d14ea73", kill_on_drop: false }`
[INFO] [stdout] 32aa6f049ec0b97974e4fc7035625030efefa54e9be3cf952e19119a0d14ea73
[INFO] running `Command { std: "docker" "create" "-v" "/var/lib/crater-agent-workspace/builds/worker-4-tc1/target:/opt/rustwide/target:rw,Z" "-v" "/var/lib/crater-agent-workspace/builds/worker-4-tc1/source:/opt/rustwide/workdir:ro,Z" "-v" "/var/lib/crater-agent-workspace/cargo-home:/opt/rustwide/cargo-home:ro,Z" "-v" "/var/lib/crater-agent-workspace/rustup-home:/opt/rustwide/rustup-home:ro,Z" "-e" "SOURCE_DIR=/opt/rustwide/workdir" "-e" "CARGO_TARGET_DIR=/opt/rustwide/target" "-e" "CARGO_INCREMENTAL=0" "-e" "RUST_BACKTRACE=full" "-e" "RUSTFLAGS=--cap-lints=warn" "-e" "RUSTDOCFLAGS=--cap-lints=warn" "-e" "CARGO_HOME=/opt/rustwide/cargo-home" "-e" "RUSTUP_HOME=/opt/rustwide/rustup-home" "-w" "/opt/rustwide/workdir" "-m" "1610612736" "--user" "0:0" "--network" "none" "ghcr.io/rust-lang/crates-build-env/linux@sha256:f3a9d4ad9d972b27faf3965f35b62e55ba32bbce8f20bc8fe909558a86702fde" "/opt/rustwide/cargo-home/bin/cargo" "+1.83.0" "test" "--frozen", kill_on_drop: false }`
[INFO] [stdout] 415c10137e9ca6d2e75090a6e329e7a77ee043150411fb8d418f9d165d44a6d1
[INFO] running `Command { std: "docker" "start" "-a" "415c10137e9ca6d2e75090a6e329e7a77ee043150411fb8d418f9d165d44a6d1", kill_on_drop: false }`
[INFO] [stderr]     Finished `test` profile [unoptimized + debuginfo] target(s) in 0.04s
[INFO] [stderr]      Running unittests src/lib.rs (/opt/rustwide/target/debug/deps/tuc-0bda8091cc04c9c0)
[INFO] [stdout] 
[INFO] [stdout] running 48 tests
[INFO] [stdout] test bounds::tests::test_user_bounds_formatting ... ok
[INFO] [stdout] test bounds::tests::test_user_bounds_from_str ... ok
[INFO] [stdout] test bounds::tests::test_vec_of_bounds_is_sorted ... ok
[INFO] [stdout] test cut_lines::tests::cut_lines_ignore_last_empty_when_using_positive_idx ... ok
[INFO] [stdout] test bounds::tests::test_vec_of_bounds_is_forward_only ... ok
[INFO] [stdout] test cut_lines::tests::cut_lines_zero_delimited ... ok
[INFO] [stdout] test cut_lines::tests::fwd_cut_multiple_fields ... ok
[INFO] [stdout] test cut_lines::tests::fwd_cut_zero_delimited ... ok
[INFO] [stdout] test cut_lines::tests::fwd_cut_one_field ... ok
[INFO] [stdout] test cut_lines::tests::fwd_handle_out_of_bounds ... ok
[INFO] [stdout] test bounds::tests::test_vec_of_bounds_can_unpack ... ok
[INFO] [stdout] test bounds::tests::test_unpack_bound ... ok
[INFO] [stdout] test bounds::tests::test_parse_bounds_list ... ok
[INFO] [stdout] test bounds::tests::test_user_bounds_is_sortable ... ok
[INFO] [stdout] test cut_lines::tests::fwd_ignore_last_empty ... ok
[INFO] [stdout] test cut_lines::tests::fwd_supports_no_right_bound ... ok
[INFO] [stdout] test cut_str::tests::cut_str_echo_non_delimited_strings ... ok
[INFO] [stdout] test cut_str::tests::cut_str_complement_works_with_json ... ok
[INFO] [stdout] test cut_str::tests::cut_str_it_complement_ranges ... ok
[INFO] [stdout] test cut_str::tests::cut_str_it_cut_a_field ... ok
[INFO] [stdout] test cut_str::tests::cut_str_it_compress_delimiters ... ok
[INFO] [stdout] test cut_str::tests::cut_str_it_cut_consecutive_delimiters ... ok
[INFO] [stdout] test cut_str::tests::cut_str_it_cut_characters ... ok
[INFO] [stdout] test cut_str::tests::cut_str_it_cut_characters_and_replace_the_delimiter ... ok
[INFO] [stdout] test cut_lines::tests::cut_lines_handle_negative_idx ... ok
[INFO] [stdout] test cut_lines::tests::cut_lines_ignore_last_empty_when_using_negative_idx ... ok
[INFO] [stdout] test cut_lines::tests::fwd_support_ranges ... ok
[INFO] [stdout] test cut_str::tests::cut_str_it_format_fields ... ok
[INFO] [stdout] test cut_str::tests::cut_str_it_join_fields ... ok
[INFO] [stdout] test cut_str::tests::cut_str_it_join_fields_with_a_custom_delimiter ... ok
[INFO] [stdout] test cut_str::tests::cut_str_it_produce_json_output ... ok
[INFO] [stdout] test cut_str::tests::cut_str_it_supports_zero_terminated_lines ... ok
[INFO] [stdout] test cut_str::tests::cut_str_it_trim_fields ... ok
[INFO] [stdout] test cut_str::tests::cut_str_json_on_characters_works ... ok
[INFO] [stdout] test cut_str::tests::cut_str_json_with_single_field_is_still_an_array ... ok
[INFO] [stdout] test cut_str::tests::cut_str_regex_it_cannot_compress_delimiters_without_replace_delimiter ... ok
[INFO] [stdout] test cut_str::tests::cut_str_regex_it_cannot_join_fields_without_replace_delimiter ... ok
[INFO] [stdout] test cut_str::tests::cut_str_regex_it_compress_delimiters ... ok
[INFO] [stdout] test cut_str::tests::cut_str_regex_it_cut_a_field ... ok
[INFO] [stdout] test cut_str::tests::cut_str_skip_non_delimited_strings_when_requested ... ok
[INFO] [stdout] test cut_str::tests::cut_str_regex_supports_greedy_delimiter ... ok
[INFO] [stdout] test cut_str::tests::cut_str_regex_it_trim_fields ... ok
[INFO] [stdout] test cut_str::tests::cut_str_supports_greedy_delimiter ... ok
[INFO] [stdout] test cut_str::tests::test_build_ranges_vec ... ok
[INFO] [stdout] test cut_str::tests::test_complement_std_range ... ok
[INFO] [stdout] test cut_str::tests::test_read_and_cut_str_echo_non_delimited_strings ... ok
[INFO] [stdout] test cut_str::tests::cut_str_regex_it_join_fields_with_a_custom_delimiter ... ok
[INFO] [stdout] test cut_lines::tests::fwd_supports_no_join ... ok
[INFO] [stdout] 
[INFO] [stdout] test result: ok. 48 passed; 0 failed; 0 ignored; 0 measured; 0 filtered out; finished in 0.03s
[INFO] [stdout] 
[INFO] [stderr]      Running unittests src/bin/tuc.rs (/opt/rustwide/target/debug/deps/tuc-0de76486bb8f9315)
[INFO] [stdout] 
[INFO] [stdout] running 0 tests
[INFO] [stdout] 
[INFO] [stdout] test result: ok. 0 passed; 0 failed; 0 ignored; 0 measured; 0 filtered out; finished in 0.00s
[INFO] [stdout] 
[INFO] [stderr]      Running tests/cli.rs (/opt/rustwide/target/debug/deps/cli-5419eac1789ddc6a)
[INFO] [stdout] 
[INFO] [stdout] running 32 tests
[INFO] [stdout] test it_accepts_values_starting_with_hyphen ... ok
[INFO] [stdout] test it_does_not_allow_to_replace_delimiter_with_json ... ok
[INFO] [stdout] test it_does_not_support_json_on_bytes ... ok
[INFO] [stdout] test it_cut_consecutive_delimiters ... ok
[INFO] [stdout] test it_cuts_on_characters ... ok
[INFO] [stdout] test it_cut_a_field ... ok
[INFO] [stdout] test it_cannot_format_fields_alongside_json ... ok
[INFO] [stdout] test it_cuts_using_a_greedy_delimiter_and_a_regex ... ok
[INFO] [stdout] test it_compresses_delimiters_when_requested ... ok
[INFO] [stdout] test it_cuts_using_a_regex ... ok
[INFO] [stdout] test it_does_not_support_json_on_lines ... ok
[INFO] [stdout] test it_fails_if_there_are_unknown_arguments ... ok
[INFO] [stdout] test it_compresses_delimiters_when_requested_and_handles_boundaries ... ok
[INFO] [stdout] test it_cuts_using_a_greedy_delimiter ... ok
[INFO] [stdout] test it_cuts_on_bytes ... ok
[INFO] [stdout] test it_fails_if_both_join_and_nojoin_are_used_at_once ... ok
[INFO] [stdout] test it_format_fields ... ok
[INFO] [stdout] test it_is_not_allowed_to_use_character_with_nojoin ... ok
[INFO] [stdout] test it_cuts_on_lines ... ok
[INFO] [stdout] test it_format_field_1_even_with_no_matching_parameters ... ok
[INFO] [stdout] test it_can_complement_the_fields ... ok
[INFO] [stdout] test it_emit_output_as_json_even_when_cutting_on_chars ... ok
[INFO] [stdout] test it_skips_non_delimited_line_when_requested ... ok
[INFO] [stdout] test it_echo_non_delimited_line ... ok
[INFO] [stdout] test it_support_zero_terminated_lines ... ok
[INFO] [stdout] test it_works_on_multiple_lines ... ok
[INFO] [stdout] test it_emit_output_as_json ... ok
[INFO] [stdout] test it_fails_when_the_regex_is_malformed ... ok
[INFO] [stdout] test it_fails_if_both_replace_and_nojoin_are_used_at_once ... ok
[INFO] [stdout] test it_join_fields ... ok
[INFO] [stdout] test it_join_lines ... ok
[INFO] [stdout] test it_accept_any_kind_of_range_as_long_as_its_safe ... FAILED
[INFO] [stdout] 
[INFO] [stdout] failures:
[INFO] [stdout] 
[INFO] [stdout] ---- it_accept_any_kind_of_range_as_long_as_its_safe stdout ----
[INFO] [stdout] thread 'it_accept_any_kind_of_range_as_long_as_its_safe' panicked at /rustc/90b35a6239c3d8bdabc530a6a0816f7ff89a0aaf/library/core/src/ops/function.rs:250:5:
[INFO] [stdout] Unexpected stderr, failed diff original var
[INFO] [stdout] ├── original: Error: Field left value cannot be greater than right value
[INFO] [stdout] 
[INFO] [stdout] ├── diff: 
[INFO] [stdout] --- 	orig
[INFO] [stdout] +++ 	var
[INFO] [stdout] @@ -1,0 +2,58 @@
[INFO] [stdout] +
[INFO] [stdout] +Stack backtrace:
[INFO] [stdout] +   0: anyhow::error::<impl anyhow::Error>::msg
[INFO] [stdout] +             at /opt/rustwide/cargo-home/registry/src/index.crates.io-6f17d22bba15001f/anyhow-1.0.78/src/backtrace.rs:27:14
[INFO] [stdout] +   1: anyhow::__private::format_err
[INFO] [stdout] +             at /opt/rustwide/cargo-home/registry/src/index.crates.io-6f17d22bba15001f/anyhow-1.0.78/src/lib.rs:677:13
[INFO] [stdout] +   2: tuc::bounds::bounds_to_std_range
[INFO] [stdout] +             at ./src/bounds.rs:423:9
[INFO] [stdout] +   3: tuc::cut_str::cut_str::{{closure}}
[INFO] [stdout] +             at ./src/cut_str.rs:338:44
[INFO] [stderr] error: test failed, to rerun pass `--test cli`
[INFO] [stdout] +   4: core::iter::traits::iterator::Iterator::try_for_each::call::{{closure}}
[INFO] [stdout] +             at /rustc/90b35a6239c3d8bdabc530a6a0816f7ff89a0aaf/library/core/src/iter/traits/iterator.rs:2465:26
[INFO] [stdout] +   5: <core::iter::adapters::enumerate::Enumerate<I> as core::iter::traits::iterator::Iterator>::try_fold::enumerate::{{closure}}
[INFO] [stdout] +             at /rustc/90b35a6239c3d8bdabc530a6a0816f7ff89a0aaf/library/core/src/iter/adapters/enumerate.rs:86:27
[INFO] [stdout] +   6: core::iter::traits::iterator::Iterator::try_fold
[INFO] [stdout] +             at /rustc/90b35a6239c3d8bdabc530a6a0816f7ff89a0aaf/library/core/src/iter/traits/iterator.rs:2406:21
[INFO] [stdout] +   7: <core::iter::adapters::enumerate::Enumerate<I> as core::iter::traits::iterator::Iterator>::try_fold
[INFO] [stdout] +             at /rustc/90b35a6239c3d8bdabc530a6a0816f7ff89a0aaf/library/core/src/iter/adapters/enumerate.rs:92:9
[INFO] [stdout] +   8: core::iter::traits::iterator::Iterator::try_for_each
[INFO] [stdout] +             at /rustc/90b35a6239c3d8bdabc530a6a0816f7ff89a0aaf/library/core/src/iter/traits/iterator.rs:2468:9
[INFO] [stdout] +   9: tuc::cut_str::cut_str
[INFO] [stdout] +             at ./src/cut_str.rs:325:13
[INFO] [stdout] +  10: tuc::cut_lines::cut_lines
[INFO] [stdout] +             at ./src/cut_lines.rs:102:5
[INFO] [stdout] +  11: tuc::cut_lines::read_and_cut_lines
[INFO] [stdout] +             at ./src/cut_lines.rs:126:9
[INFO] [stdout] +  12: tuc::main
[INFO] [stdout] +             at ./src/bin/tuc.rs:266:9
[INFO] [stdout] +  13: core::ops::function::FnOnce::call_once
[INFO] [stdout] +             at /rustc/90b35a6239c3d8bdabc530a6a0816f7ff89a0aaf/library/core/src/ops/function.rs:250:5
[INFO] [stdout] +  14: std::sys::backtrace::__rust_begin_short_backtrace
[INFO] [stdout] +             at /rustc/90b35a6239c3d8bdabc530a6a0816f7ff89a0aaf/library/std/src/sys/backtrace.rs:154:18
[INFO] [stdout] +  15: std::rt::lang_start::{{closure}}
[INFO] [stdout] +             at /rustc/90b35a6239c3d8bdabc530a6a0816f7ff89a0aaf/library/std/src/rt.rs:195:18
[INFO] [stdout] +  16: core::ops::function::impls::<impl core::ops::function::FnOnce<A> for &F>::call_once
[INFO] [stdout] +             at /rustc/90b35a6239c3d8bdabc530a6a0816f7ff89a0aaf/library/core/src/ops/function.rs:284:13
[INFO] [stdout] +  17: std::panicking::try::do_call
[INFO] [stdout] +             at /rustc/90b35a6239c3d8bdabc530a6a0816f7ff89a0aaf/library/std/src/panicking.rs:557:40
[INFO] [stdout] +  18: std::panicking::try
[INFO] [stdout] +             at /rustc/90b35a6239c3d8bdabc530a6a0816f7ff89a0aaf/library/std/src/panicking.rs:520:19
[INFO] [stdout] +  19: std::panic::catch_unwind
[INFO] [stdout] +             at /rustc/90b35a6239c3d8bdabc530a6a0816f7ff89a0aaf/library/std/src/panic.rs:358:14
[INFO] [stdout] +  20: std::rt::lang_start_internal::{{closure}}
[INFO] [stdout] +             at /rustc/90b35a6239c3d8bdabc530a6a0816f7ff89a0aaf/library/std/src/rt.rs:174:48
[INFO] [stdout] +  21: std::panicking::try::do_call
[INFO] [stdout] +             at /rustc/90b35a6239c3d8bdabc530a6a0816f7ff89a0aaf/library/std/src/panicking.rs:557:40
[INFO] [stdout] +  22: std::panicking::try
[INFO] [stdout] +             at /rustc/90b35a6239c3d8bdabc530a6a0816f7ff89a0aaf/library/std/src/panicking.rs:520:19
[INFO] [stdout] +  23: std::panic::catch_unwind
[INFO] [stdout] +             at /rustc/90b35a6239c3d8bdabc530a6a0816f7ff89a0aaf/library/std/src/panic.rs:358:14
[INFO] [stdout] +  24: std::rt::lang_start_internal
[INFO] [stdout] +             at /rustc/90b35a6239c3d8bdabc530a6a0816f7ff89a0aaf/library/std/src/rt.rs:174:20
[INFO] [stdout] +  25: std::rt::lang_start
[INFO] [stdout] +             at /rustc/90b35a6239c3d8bdabc530a6a0816f7ff89a0aaf/library/std/src/rt.rs:194:17
[INFO] [stdout] +  26: main
[INFO] [stdout] +  27: <unknown>
[INFO] [stdout] +  28: __libc_start_main
[INFO] [stdout] +  29: _start
[INFO] [stdout] 
[INFO] [stdout] └── var as str: Error: Field left value cannot be greater than right value
[INFO] [stdout] 
[INFO] [stdout] Stack backtrace:
[INFO] [stdout]    0: anyhow::error::<impl anyhow::Error>::msg
[INFO] [stdout]              at /opt/rustwide/cargo-home/registry/src/index.crates.io-6f17d22bba15001f/anyhow-1.0.78/src/backtrace.rs:27:14
[INFO] [stdout]    1: anyhow::__private::format_err
[INFO] [stdout]              at /opt/rustwide/cargo-home/registry/src/index.crates.io-6f17d22bba15001f/anyhow-1.0.78/src/lib.rs:677:13
[INFO] [stdout]    2: tuc::bounds::bounds_to_std_range
[INFO] [stdout]              at ./src/bounds.rs:423:9
[INFO] [stdout]    3: tuc::cut_str::cut_str::{{closure}}
[INFO] [stdout]              at ./src/cut_str.rs:338:44
[INFO] [stdout]    4: core::iter::traits::iterator::Iterator::try_for_each::call::{{closure}}
[INFO] [stdout]              at /rustc/90b35a6239c3d8bdabc530a6a0816f7ff89a0aaf/library/core/src/iter/traits/iterator.rs:2465:26
[INFO] [stdout]    5: <core::iter::adapters::enumerate::Enumerate<I> as core::iter::traits::iterator::Iterator>::try_fold::enumerate::{{closure}}
[INFO] [stdout]              at /rustc/90b35a6239c3d8bdabc530a6a0816f7ff89a0aaf/library/core/src/iter/adapters/enumerate.rs:86:27
[INFO] [stdout]    6: core::iter::traits::iterator::Iterator::try_fold
[INFO] [stdout]              at /rustc/90b35a6239c3d8bdabc530a6a0816f7ff89a0aaf/library/core/src/iter/traits/iterator.rs:2406:21
[INFO] [stdout]    7: <core::iter::adapters::enumerate::Enumerate<I> as core::iter::traits::iterator::Iterator>::try_fold
[INFO] [stdout]              at /rustc/90b35a6239c3d8bdabc530a6a0816f7ff89a0aaf/library/core/src/iter/adapters/enumerate.rs:92:9
[INFO] [stdout]    8: core::iter::traits::iterator::Iterator::try_for_each
[INFO] [stdout]              at /rustc/90b35a6239c3d8bdabc530a6a0816f7ff89a0aaf/library/core/src/iter/traits/iterator.rs:2468:9
[INFO] [stdout]    9: tuc::cut_str::cut_str
[INFO] [stdout]              at ./src/cut_str.rs:325:13
[INFO] [stdout]   10: tuc::cut_lines::cut_lines
[INFO] [stdout]              at ./src/cut_lines.rs:102:5
[INFO] [stdout]   11: tuc::cut_lines::read_and_cut_lines
[INFO] [stdout]              at ./src/cut_lines.rs:126:9
[INFO] [stdout]   12: tuc::main
[INFO] [stdout]              at ./src/bin/tuc.rs:266:9
[INFO] [stdout]   13: core::ops::function::FnOnce::call_once
[INFO] [stdout]              at /rustc/90b35a6239c3d8bdabc530a6a0816f7ff89a0aaf/library/core/src/ops/function.rs:250:5
[INFO] [stdout]   14: std::sys::backtrace::__rust_begin_short_backtrace
[INFO] [stdout]              at /rustc/90b35a6239c3d8bdabc530a6a0816f7ff89a0aaf/library/std/src/sys/backtrace.rs:154:18
[INFO] [stdout]   15: std::rt::lang_start::{{closure}}
[INFO] [stdout]              at /rustc/90b35a6239c3d8bdabc530a6a0816f7ff89a0aaf/library/std/src/rt.rs:195:18
[INFO] [stdout]   16: core::ops::function::impls::<impl core::ops::function::FnOnce<A> for &F>::call_once
[INFO] [stdout]              at /rustc/90b35a6239c3d8bdabc530a6a0816f7ff89a0aaf/library/core/src/ops/function.rs:284:13
[INFO] [stdout]   17: std::panicking::try::do_call
[INFO] [stdout]              at /rustc/90b35a6239c3d8bdabc530a6a0816f7ff89a0aaf/library/std/src/panicking.rs:557:40
[INFO] [stdout]   18: std::panicking::try
[INFO] [stdout]              at /rustc/90b35a6239c3d8bdabc530a6a0816f7ff89a0aaf/library/std/src/panicking.rs:520:19
[INFO] [stdout]   19: std::panic::catch_unwind
[INFO] [stdout]              at /rustc/90b35a6239c3d8bdabc530a6a0816f7ff89a0aaf/library/std/src/panic.rs:358:14
[INFO] [stdout]   20: std::rt::lang_start_internal::{{closure}}
[INFO] [stdout]              at /rustc/90b35a6239c3d8bdabc530a6a0816f7ff89a0aaf/library/std/src/rt.rs:174:48
[INFO] [stdout]   21: std::panicking::try::do_call
[INFO] [stdout]              at /rustc/90b35a6239c3d8bdabc530a6a0816f7ff89a0aaf/library/std/src/panicking.rs:557:40
[INFO] [stdout]   22: std::panicking::try
[INFO] [stdout]              at /rustc/90b35a6239c3d8bdabc530a6a0816f7ff89a0aaf/library/std/src/panicking.rs:520:19
[INFO] [stdout]   23: std::panic::catch_unwind
[INFO] [stdout]              at /rustc/90b35a6239c3d8bdabc530a6a0816f7ff89a0aaf/library/std/src/panic.rs:358:14
[INFO] [stdout]   24: std::rt::lang_start_internal
[INFO] [stdout]              at /rustc/90b35a6239c3d8bdabc530a6a0816f7ff89a0aaf/library/std/src/rt.rs:174:20
[INFO] [stdout]   25: std::rt::lang_start
[INFO] [stdout]              at /rustc/90b35a6239c3d8bdabc530a6a0816f7ff89a0aaf/library/std/src/rt.rs:194:17
[INFO] [stdout]   26: main
[INFO] [stdout]   27: <unknown>
[INFO] [stdout]   28: __libc_start_main
[INFO] [stdout]   29: _start
[INFO] [stdout] 
[INFO] [stdout] 
[INFO] [stdout] command=`"/opt/rustwide/target/debug/tuc" "-l" "2:-4"`
[INFO] [stdout] stdin=````
[INFO] [stdout] a
[INFO] [stdout] b
[INFO] [stdout] c
[INFO] [stdout] d```
[INFO] [stdout] `
[INFO] [stdout] code=1
[INFO] [stdout] stdout=""
[INFO] [stdout] stderr=```
[INFO] [stdout] Error: Field left value cannot be greater than right value
[INFO] [stdout] 
[INFO] [stdout] Stack backtrace:
[INFO] [stdout]    0: anyhow::error::<impl anyhow::Error>::msg
[INFO] [stdout]              at /opt/rustwide/cargo-home/registry/src/index.crates.io-6f17d22bba15001f/anyhow-1.0.78/src/backtrace.rs:27:14
[INFO] [stdout]    1: anyhow::__private::format_err
[INFO] [stdout]              at /opt/rustwide/cargo-home/registry/src/index.crates.io-6f17d22bba15001f/anyhow-1.0.78/src/lib.rs:677:13
[INFO] [stdout]    2: tuc::bounds::bounds_to_std_range
[INFO] [stdout]              at ./src/bounds.rs:423:9
[INFO] [stdout]    3: tuc::cut_str::cut_str::{{closure}}
[INFO] [stdout]              at ./src/cut_str.rs:338:44
[INFO] [stdout]    4: core::iter::traits::iterator::Iterator::try_for_each::call::{{closure}}
[INFO] [stdout]              at /rustc/90b35a6239c3d8bdabc530a6a0816f7ff89a0aaf/library/core/src/iter/traits/iterator.rs:2465:26
[INFO] [stdout]    5: <core::iter::adapters::enumerate::Enumerate<I> as core::iter::traits::iterator::Iterator>::try_fold::enumerate::{{closure}}
[INFO] [stdout]              at /rustc/90b35a6239c3d8bdabc530a6a0816f7ff89a0aaf/library/core/src/iter/adapters/enumerate.rs:86:27
[INFO] [stdout]    6: core::iter::traits::iterator::Iterator::try_fold
[INFO] [stdout]              at /rustc/90b35a6239c3d8bdabc530a6a0816f7ff89a0aaf/library/core/src/iter/traits/iterator.rs:2406:21
[INFO] [stdout]    7: <core::iter::adapters::enumerate::Enumerate<I> as core::iter::traits::iterator::Iterator>::try_fold
[INFO] [stdout]              at /rustc/90b35a6239c3d8bdabc530a6a0816f7ff89a0aaf/library/core/src/iter/adapters/enumerate.rs:92:9
[INFO] [stdout]    8: core::iter::traits::iterator::Iterator::try_for_each
[INFO] [stdout]              at /rustc/90b35a6239c3d8bdabc530a6a0816f7ff89a0aaf/library/core/src/iter/traits/iterator.rs:2468:9
[INFO] [stdout]    9: tuc::cut_str::cut_str
[INFO] [stdout]              at ./src/cut_str.rs:325:13
[INFO] [stdout]   10: tuc::cut_lines::cut_lines
[INFO] [stdout]              at ./src/cut_lines.rs:102:5
[INFO] [stdout]   11: tuc::cut_lines::read_and_cut_lines
[INFO] [stdout]              at ./src/cut_lines.rs:126:9
[INFO] [stdout]   12: tuc::main
[INFO] [stdout]              at ./src/bin/tuc.rs:266:9
[INFO] [stdout]   13: core::ops::function::FnOnce::call_once
[INFO] [stdout]              at /rustc/90b35a6239c3d8bdabc530a6a0816f7ff89a0aaf/library/core/src/ops/function.rs:250:5
[INFO] [stdout]   14: std::sys::backtrace::__rust_begin_short_backtrace
[INFO] [stdout]              at /rustc/90b35a6239c3d8bdabc530a6a0816f7ff89a0aaf/library/std/src/sys/backtrace.rs:154:18
[INFO] [stdout]   15: std::rt::lang_start::{{closure}}
[INFO] [stdout]              at /rustc/90b35a6239c3d8bdabc530a6a0816f7ff89a0aaf/library/std/src/rt.rs:195:18
[INFO] [stdout]   16: core::ops::function::impls::<impl core::ops::function::FnOnce<A> for &F>::call_once
[INFO] [stdout]              at /rustc/90b35a6239c3d8bdabc530a6a0816f7ff89a0aaf/library/core/src/ops/function.rs:284:13
[INFO] [stdout]   17: std::panicking::try::do_call
[INFO] [stdout]              at /rustc/90b35a6239c3d8bdabc530a6a0816f7ff89a0aaf/library/std/src/panicking.rs:557:40
[INFO] [stdout]   18: std::panicking::try
[INFO] [stdout]              at /rustc/90b35a6239c3d8bdabc530a6a0816f7ff89a0aaf/library/std/src/panicking.rs:520:19
[INFO] [stdout]   19: std::panic::catch_unwind
[INFO] [stdout]              at /rustc/90b35a6239c3d8bdabc530a6a0816f7ff89a0aaf/library/std/src/panic.rs:358:14
[INFO] [stdout]   20: std::rt::lang_start_internal::{{closure}}
[INFO] [stdout]              at /rustc/90b35a6239c3d8bdabc530a6a0816f7ff89a0aaf/library/std/src/rt.rs:174:48
[INFO] [stdout]   21: std::panicking::try::do_call
[INFO] [stdout]              at /rustc/90b35a6239c3d8bdabc530a6a0816f7ff89a0aaf/library/std/src/panicking.rs:557:40
[INFO] [stdout]   22: std::panicking::try
[INFO] [stdout]              at /rustc/90b35a6239c3d8bdabc530a6a0816f7ff89a0aaf/library/std/src/panicking.rs:520:19
[INFO] [stdout]   23: std::panic::catch_unwind
[INFO] [stdout]              at /rustc/90b35a6239c3d8bdabc530a6a0816f7ff89a0aaf/library/std/src/panic.rs:358:14
[INFO] [stdout]   24: std::rt::lang_start_internal
[INFO] [stdout]              at /rustc/90b35a6239c3d8bdabc530a6a0816f7ff89a0aaf/library/std/src/rt.rs:174:20
[INFO] [stdout]   25: std::rt::lang_start
[INFO] [stdout]              at /rustc/90b35a6239c3d8bdabc530a6a0816f7ff89a0aaf/library/std/src/rt.rs:194:17
[INFO] [stdout]   26: main
[INFO] [stdout]   27: <unknown>
[INFO] [stdout]   28: __libc_start_main
[INFO] [stdout]   29: _start
[INFO] [stdout] ```
[INFO] [stdout] 
[INFO] [stdout] 
[INFO] [stdout] stack backtrace:
[INFO] [stdout]    0:     0x5b6e780e5d3a - std::backtrace_rs::backtrace::libunwind::trace::h5a5b8284f2d0c266
[INFO] [stdout]                                at /rustc/90b35a6239c3d8bdabc530a6a0816f7ff89a0aaf/library/std/src/../../backtrace/src/backtrace/libunwind.rs:116:5
[INFO] [stdout]    1:     0x5b6e780e5d3a - std::backtrace_rs::backtrace::trace_unsynchronized::h76d4f1c9b0b875e3
[INFO] [stdout]                                at /rustc/90b35a6239c3d8bdabc530a6a0816f7ff89a0aaf/library/std/src/../../backtrace/src/backtrace/mod.rs:66:5
[INFO] [stdout]    2:     0x5b6e780e5d3a - std::sys::backtrace::_print_fmt::hc4546b8364a537c6
[INFO] [stdout]                                at /rustc/90b35a6239c3d8bdabc530a6a0816f7ff89a0aaf/library/std/src/sys/backtrace.rs:66:9
[INFO] [stdout]    3:     0x5b6e780e5d3a - <std::sys::backtrace::BacktraceLock::print::DisplayBacktrace as core::fmt::Display>::fmt::h5b6bd5631a6d1f6b
[INFO] [stdout]                                at /rustc/90b35a6239c3d8bdabc530a6a0816f7ff89a0aaf/library/std/src/sys/backtrace.rs:39:26
[INFO] [stdout]    4:     0x5b6e7810c2a3 - core::fmt::rt::Argument::fmt::h270f6602a2b96f62
[INFO] [stdout]                                at /rustc/90b35a6239c3d8bdabc530a6a0816f7ff89a0aaf/library/core/src/fmt/rt.rs:177:76
[INFO] [stdout]    5:     0x5b6e7810c2a3 - core::fmt::write::h7550c97b06c86515
[INFO] [stdout]                                at /rustc/90b35a6239c3d8bdabc530a6a0816f7ff89a0aaf/library/core/src/fmt/mod.rs:1186:21
[INFO] [stdout]    6:     0x5b6e780e2853 - std::io::Write::write_fmt::h509ff860e5956e5e
[INFO] [stdout]                                at /rustc/90b35a6239c3d8bdabc530a6a0816f7ff89a0aaf/library/std/src/io/mod.rs:1839:15
[INFO] [stdout]    7:     0x5b6e780e5b82 - std::sys::backtrace::BacktraceLock::print::h2395ccd2c84ba3aa
[INFO] [stdout]                                at /rustc/90b35a6239c3d8bdabc530a6a0816f7ff89a0aaf/library/std/src/sys/backtrace.rs:42:9
[INFO] [stdout]    8:     0x5b6e780e721a - std::panicking::default_hook::{{closure}}::he19d4c7230e07961
[INFO] [stdout]                                at /rustc/90b35a6239c3d8bdabc530a6a0816f7ff89a0aaf/library/std/src/panicking.rs:268:22
[INFO] [stdout]    9:     0x5b6e780e7024 - std::panicking::default_hook::hf614597d3c67bbdb
[INFO] [stdout]                                at /rustc/90b35a6239c3d8bdabc530a6a0816f7ff89a0aaf/library/std/src/panicking.rs:292:9
[INFO] [stdout]   10:     0x5b6e780536a9 - <alloc::boxed::Box<F,A> as core::ops::function::Fn<Args>>::call::h39b51ce4599c23d1
[INFO] [stdout]                                at /rustc/90b35a6239c3d8bdabc530a6a0816f7ff89a0aaf/library/alloc/src/boxed.rs:2468:9
[INFO] [stdout]   11:     0x5b6e780536a9 - test::test_main::{{closure}}::he977ae839a582784
[INFO] [stdout]                                at /rustc/90b35a6239c3d8bdabc530a6a0816f7ff89a0aaf/library/test/src/lib.rs:133:21
[INFO] [stdout]   12:     0x5b6e780e78b8 - <alloc::boxed::Box<F,A> as core::ops::function::Fn<Args>>::call::h9455091b6b06f9fb
[INFO] [stdout]                                at /rustc/90b35a6239c3d8bdabc530a6a0816f7ff89a0aaf/library/alloc/src/boxed.rs:2468:9
[INFO] [stdout]   13:     0x5b6e780e78b8 - std::panicking::rust_panic_with_hook::h8942133a8b252070
[INFO] [stdout]                                at /rustc/90b35a6239c3d8bdabc530a6a0816f7ff89a0aaf/library/std/src/panicking.rs:809:13
[INFO] [stdout]   14:     0x5b6e780e767a - std::panicking::begin_panic_handler::{{closure}}::hb5f5963570096b29
[INFO] [stdout]                                at /rustc/90b35a6239c3d8bdabc530a6a0816f7ff89a0aaf/library/std/src/panicking.rs:674:13
[INFO] [stdout]   15:     0x5b6e780e6219 - std::sys::backtrace::__rust_end_short_backtrace::h6208cedc1922feda
[INFO] [stdout]                                at /rustc/90b35a6239c3d8bdabc530a6a0816f7ff89a0aaf/library/std/src/sys/backtrace.rs:170:18
[INFO] [stdout]   16:     0x5b6e780e730c - rust_begin_unwind
[INFO] [stdout]                                at /rustc/90b35a6239c3d8bdabc530a6a0816f7ff89a0aaf/library/std/src/panicking.rs:665:5
[INFO] [stdout]   17:     0x5b6e78010070 - core::panicking::panic_fmt::h0c3082644d1bf418
[INFO] [stdout]                                at /rustc/90b35a6239c3d8bdabc530a6a0816f7ff89a0aaf/library/core/src/panicking.rs:74:14
[INFO] [stdout]   18:     0x5b6e78069d63 - core::panicking::panic_display::hc043cfcfe6959aa7
[INFO] [stdout]                                at /rustc/90b35a6239c3d8bdabc530a6a0816f7ff89a0aaf/library/core/src/panicking.rs:264:5
[INFO] [stdout]   19:     0x5b6e78066dbe - assert_cmd::assert::AssertError::panic::panic_cold_display::hb24e118ce54733de
[INFO] [stdout]                                at /rustc/90b35a6239c3d8bdabc530a6a0816f7ff89a0aaf/library/core/src/panic.rs:100:13
[INFO] [stdout]   20:     0x5b6e780666b7 - assert_cmd::assert::AssertError::panic::h2beb5053dade440d
[INFO] [stdout]                                at /opt/rustwide/cargo-home/registry/src/index.crates.io-6f17d22bba15001f/assert_cmd-2.0.12/src/assert.rs:1033:9
[INFO] [stdout]   21:     0x5b6e78067435 - core::ops::function::FnOnce::call_once::h27a14242970c1ec7
[INFO] [stdout]                                at /rustc/90b35a6239c3d8bdabc530a6a0816f7ff89a0aaf/library/core/src/ops/function.rs:250:5
[INFO] [stdout]   22:     0x5b6e7805eeb0 - core::result::Result<T,E>::unwrap_or_else::hc4f5d75150927051
[INFO] [stdout]                                at /rustc/90b35a6239c3d8bdabc530a6a0816f7ff89a0aaf/library/core/src/result.rs:1458:23
[INFO] [stdout]   23:     0x5b6e780115e3 - assert_cmd::assert::Assert::stderr::hfeb8900a340a4805
[INFO] [stdout]                                at /opt/rustwide/cargo-home/registry/src/index.crates.io-6f17d22bba15001f/assert_cmd-2.0.12/src/assert.rs:460:9
[INFO] [stdout]   24:     0x5b6e780196ad - cli::it_accept_any_kind_of_range_as_long_as_its_safe::h346661e17d8d4500
[INFO] [stdout]                                at /opt/rustwide/workdir/tests/cli.rs:309:5
[INFO] [stdout]   25:     0x5b6e78019297 - cli::it_accept_any_kind_of_range_as_long_as_its_safe::{{closure}}::h21024c08f8b1328f
[INFO] [stdout]                                at /opt/rustwide/workdir/tests/cli.rs:298:53
[INFO] [stdout]   26:     0x5b6e78012f46 - core::ops::function::FnOnce::call_once::hcf4175534e4b87c9
[INFO] [stdout]                                at /rustc/90b35a6239c3d8bdabc530a6a0816f7ff89a0aaf/library/core/src/ops/function.rs:250:5
[INFO] [stdout]   27:     0x5b6e7805806b - core::ops::function::FnOnce::call_once::h109cf8051a59b34e
[INFO] [stdout]                                at /rustc/90b35a6239c3d8bdabc530a6a0816f7ff89a0aaf/library/core/src/ops/function.rs:250:5
[INFO] [stdout]   28:     0x5b6e7805806b - test::__rust_begin_short_backtrace::hf4fff89d377446ba
[INFO] [stdout]                                at /rustc/90b35a6239c3d8bdabc530a6a0816f7ff89a0aaf/library/test/src/lib.rs:621:18
[INFO] [stdout]   29:     0x5b6e780578a7 - test::run_test_in_process::{{closure}}::h0e39181dd7ee5a43
[INFO] [stdout]                                at /rustc/90b35a6239c3d8bdabc530a6a0816f7ff89a0aaf/library/test/src/lib.rs:644:60
[INFO] [stdout]   30:     0x5b6e780578a7 - <core::panic::unwind_safe::AssertUnwindSafe<F> as core::ops::function::FnOnce<()>>::call_once::hc5a66a30f0bdfd1f
[INFO] [stdout]                                at /rustc/90b35a6239c3d8bdabc530a6a0816f7ff89a0aaf/library/core/src/panic/unwind_safe.rs:272:9
[INFO] [stdout]   31:     0x5b6e780578a7 - std::panicking::try::do_call::h873b7cf639554a5e
[INFO] [stdout]                                at /rustc/90b35a6239c3d8bdabc530a6a0816f7ff89a0aaf/library/std/src/panicking.rs:557:40
[INFO] [stdout]   32:     0x5b6e780578a7 - std::panicking::try::hdb19862fad9c8bd1
[INFO] [stdout]                                at /rustc/90b35a6239c3d8bdabc530a6a0816f7ff89a0aaf/library/std/src/panicking.rs:520:19
[INFO] [stdout]   33:     0x5b6e780578a7 - std::panic::catch_unwind::h281fe732d236d260
[INFO] [stdout]                                at /rustc/90b35a6239c3d8bdabc530a6a0816f7ff89a0aaf/library/std/src/panic.rs:358:14
[INFO] [stdout]   34:     0x5b6e780578a7 - test::run_test_in_process::h949b6df8457ed338
[INFO] [stdout]                                at /rustc/90b35a6239c3d8bdabc530a6a0816f7ff89a0aaf/library/test/src/lib.rs:644:27
[INFO] [stdout]   35:     0x5b6e780578a7 - test::run_test::{{closure}}::h52c556a6d4740e10
[INFO] [stdout]                                at /rustc/90b35a6239c3d8bdabc530a6a0816f7ff89a0aaf/library/test/src/lib.rs:565:43
[INFO] [stdout]   36:     0x5b6e7801cb84 - test::run_test::{{closure}}::h4237f6381c45ccb9
[INFO] [stdout]                                at /rustc/90b35a6239c3d8bdabc530a6a0816f7ff89a0aaf/library/test/src/lib.rs:595:41
[INFO] [stdout]   37:     0x5b6e7801cb84 - std::sys::backtrace::__rust_begin_short_backtrace::h505c97a579eca628
[INFO] [stdout]                                at /rustc/90b35a6239c3d8bdabc530a6a0816f7ff89a0aaf/library/std/src/sys/backtrace.rs:154:18
[INFO] [stdout]   38:     0x5b6e7802024e - std::thread::Builder::spawn_unchecked_::{{closure}}::{{closure}}::h9e86b2e2bc107ea3
[INFO] [stdout]                                at /rustc/90b35a6239c3d8bdabc530a6a0816f7ff89a0aaf/library/std/src/thread/mod.rs:538:17
[INFO] [stdout]   39:     0x5b6e7802024e - <core::panic::unwind_safe::AssertUnwindSafe<F> as core::ops::function::FnOnce<()>>::call_once::h8b06ddb275ff4a25
[INFO] [stdout]                                at /rustc/90b35a6239c3d8bdabc530a6a0816f7ff89a0aaf/library/core/src/panic/unwind_safe.rs:272:9
[INFO] [stdout]   40:     0x5b6e7802024e - std::panicking::try::do_call::hb26ecd7cd9a9355d
[INFO] [stdout]                                at /rustc/90b35a6239c3d8bdabc530a6a0816f7ff89a0aaf/library/std/src/panicking.rs:557:40
[INFO] [stdout]   41:     0x5b6e7802024e - std::panicking::try::h8ddeca9d705f9069
[INFO] [stdout]                                at /rustc/90b35a6239c3d8bdabc530a6a0816f7ff89a0aaf/library/std/src/panicking.rs:520:19
[INFO] [stdout]   42:     0x5b6e7802024e - std::panic::catch_unwind::h49e1c33078844c46
[INFO] [stdout]                                at /rustc/90b35a6239c3d8bdabc530a6a0816f7ff89a0aaf/library/std/src/panic.rs:358:14
[INFO] [stdout]   43:     0x5b6e7802024e - std::thread::Builder::spawn_unchecked_::{{closure}}::h6073db6ff56ad35d
[INFO] [stdout]                                at /rustc/90b35a6239c3d8bdabc530a6a0816f7ff89a0aaf/library/std/src/thread/mod.rs:537:30
[INFO] [stdout]   44:     0x5b6e7802024e - core::ops::function::FnOnce::call_once{{vtable.shim}}::h2c5a5f3779c774f1
[INFO] [stdout]                                at /rustc/90b35a6239c3d8bdabc530a6a0816f7ff89a0aaf/library/core/src/ops/function.rs:250:5
[INFO] [stdout]   45:     0x5b6e780ec15b - <alloc::boxed::Box<F,A> as core::ops::function::FnOnce<Args>>::call_once::hf75717d9f28faebf
[INFO] [stdout]                                at /rustc/90b35a6239c3d8bdabc530a6a0816f7ff89a0aaf/library/alloc/src/boxed.rs:2454:9
[INFO] [stdout]   46:     0x5b6e780ec15b - <alloc::boxed::Box<F,A> as core::ops::function::FnOnce<Args>>::call_once::h7bd883a5f3c5f3c1
[INFO] [stdout]                                at /rustc/90b35a6239c3d8bdabc530a6a0816f7ff89a0aaf/library/alloc/src/boxed.rs:2454:9
[INFO] [stdout]   47:     0x5b6e780ec15b - std::sys::pal::unix::thread::Thread::new::thread_start::hcc78f3943333fa94
[INFO] [stdout]                                at /rustc/90b35a6239c3d8bdabc530a6a0816f7ff89a0aaf/library/std/src/sys/pal/unix/thread.rs:105:17
[INFO] [stdout]   48:     0x7af0efc23ac3 - <unknown>
[INFO] [stdout]   49:     0x7af0efcb4a04 - clone
[INFO] [stdout]   50:                0x0 - <unknown>
[INFO] [stdout] 
[INFO] [stdout] 
[INFO] [stdout] failures:
[INFO] [stdout]     it_accept_any_kind_of_range_as_long_as_its_safe
[INFO] [stdout] 
[INFO] [stdout] test result: FAILED. 31 passed; 1 failed; 0 ignored; 0 measured; 0 filtered out; finished in 0.25s
[INFO] [stdout] 
[INFO] running `Command { std: "docker" "inspect" "415c10137e9ca6d2e75090a6e329e7a77ee043150411fb8d418f9d165d44a6d1", kill_on_drop: false }`
[INFO] running `Command { std: "docker" "rm" "-f" "415c10137e9ca6d2e75090a6e329e7a77ee043150411fb8d418f9d165d44a6d1", kill_on_drop: false }`
[INFO] [stdout] 415c10137e9ca6d2e75090a6e329e7a77ee043150411fb8d418f9d165d44a6d1
