[INFO] fetching crate tts_rust 0.3.5...
[INFO] testing tts_rust-0.3.5 against 1.83.0 for beta-1.84.0-4-retry
[INFO] extracting crate tts_rust 0.3.5 into /workspace/builds/worker-2-tc1/source
[INFO] validating manifest of crates.io crate tts_rust 0.3.5 on toolchain 1.83.0
[INFO] running `Command { std: CARGO_HOME="/workspace/cargo-home" RUSTUP_HOME="/workspace/rustup-home" "/workspace/cargo-home/bin/cargo" "+1.83.0" "metadata" "--manifest-path" "Cargo.toml" "--no-deps", kill_on_drop: false }`
[INFO] started tweaking crates.io crate tts_rust 0.3.5
[INFO] finished tweaking crates.io crate tts_rust 0.3.5
[INFO] tweaked toml for crates.io crate tts_rust 0.3.5 written to /workspace/builds/worker-2-tc1/source/Cargo.toml
[INFO] crate crates.io crate tts_rust 0.3.5 already has a lockfile, it will not be regenerated
[INFO] running `Command { std: CARGO_HOME="/workspace/cargo-home" RUSTUP_HOME="/workspace/rustup-home" "/workspace/cargo-home/bin/cargo" "+1.83.0" "fetch" "--manifest-path" "Cargo.toml", kill_on_drop: false }`
[INFO] [stderr]  Downloading crates ...
[INFO] [stderr]   Downloaded globwalk v0.3.1
[INFO] [stderr]   Downloaded clap-verbosity-flag v0.2.0
[INFO] [stderr]   Downloaded quicli v0.4.0
[INFO] running `Command { std: "docker" "create" "-v" "/var/lib/crater-agent-workspace/builds/worker-2-tc1/target:/opt/rustwide/target:rw,Z" "-v" "/var/lib/crater-agent-workspace/builds/worker-2-tc1/source:/opt/rustwide/workdir:ro,Z" "-v" "/var/lib/crater-agent-workspace/cargo-home:/opt/rustwide/cargo-home:ro,Z" "-v" "/var/lib/crater-agent-workspace/rustup-home:/opt/rustwide/rustup-home:ro,Z" "-e" "SOURCE_DIR=/opt/rustwide/workdir" "-e" "CARGO_TARGET_DIR=/opt/rustwide/target" "-e" "CARGO_HOME=/opt/rustwide/cargo-home" "-e" "RUSTUP_HOME=/opt/rustwide/rustup-home" "-w" "/opt/rustwide/workdir" "-m" "1610612736" "--user" "0:0" "--network" "none" "ghcr.io/rust-lang/crates-build-env/linux@sha256:f3a9d4ad9d972b27faf3965f35b62e55ba32bbce8f20bc8fe909558a86702fde" "/opt/rustwide/cargo-home/bin/cargo" "+1.83.0" "metadata" "--no-deps" "--format-version=1", kill_on_drop: false }`
[INFO] [stdout] 776c3eeca3b7e9264ca4950e9559f47204606d50621fd0cdcff0b6b6baac5424
[INFO] running `Command { std: "docker" "start" "-a" "776c3eeca3b7e9264ca4950e9559f47204606d50621fd0cdcff0b6b6baac5424", kill_on_drop: false }`
[INFO] running `Command { std: "docker" "inspect" "776c3eeca3b7e9264ca4950e9559f47204606d50621fd0cdcff0b6b6baac5424", kill_on_drop: false }`
[INFO] running `Command { std: "docker" "rm" "-f" "776c3eeca3b7e9264ca4950e9559f47204606d50621fd0cdcff0b6b6baac5424", kill_on_drop: false }`
[INFO] [stdout] 776c3eeca3b7e9264ca4950e9559f47204606d50621fd0cdcff0b6b6baac5424
[INFO] running `Command { std: "docker" "create" "-v" "/var/lib/crater-agent-workspace/builds/worker-2-tc1/target:/opt/rustwide/target:rw,Z" "-v" "/var/lib/crater-agent-workspace/builds/worker-2-tc1/source:/opt/rustwide/workdir:ro,Z" "-v" "/var/lib/crater-agent-workspace/cargo-home:/opt/rustwide/cargo-home:ro,Z" "-v" "/var/lib/crater-agent-workspace/rustup-home:/opt/rustwide/rustup-home:ro,Z" "-e" "SOURCE_DIR=/opt/rustwide/workdir" "-e" "CARGO_TARGET_DIR=/opt/rustwide/target" "-e" "CARGO_INCREMENTAL=0" "-e" "RUST_BACKTRACE=full" "-e" "RUSTFLAGS=--cap-lints=warn" "-e" "RUSTDOCFLAGS=--cap-lints=warn" "-e" "CARGO_HOME=/opt/rustwide/cargo-home" "-e" "RUSTUP_HOME=/opt/rustwide/rustup-home" "-w" "/opt/rustwide/workdir" "-m" "1610612736" "--user" "0:0" "--network" "none" "ghcr.io/rust-lang/crates-build-env/linux@sha256:f3a9d4ad9d972b27faf3965f35b62e55ba32bbce8f20bc8fe909558a86702fde" "/opt/rustwide/cargo-home/bin/cargo" "+1.83.0" "build" "--frozen" "--message-format=json", kill_on_drop: false }`
[INFO] [stdout] 66e6cc8f0595ab85cc7248aa3f21ca7bc7bab2a79a6d331e22d23d57a5619310
[INFO] running `Command { std: "docker" "start" "-a" "66e6cc8f0595ab85cc7248aa3f21ca7bc7bab2a79a6d331e22d23d57a5619310", kill_on_drop: false }`
[INFO] [stderr]    Compiling libc v0.2.138
[INFO] [stderr]    Compiling cfg-if v1.0.0
[INFO] [stderr]    Compiling autocfg v1.1.0
[INFO] [stderr]    Compiling cc v1.0.77
[INFO] [stderr]    Compiling proc-macro2 v1.0.47
[INFO] [stderr]    Compiling unicode-ident v1.0.5
[INFO] [stderr]    Compiling quote v1.0.21
[INFO] [stderr]    Compiling syn v1.0.105
[INFO] [stderr]    Compiling memchr v2.5.0
[INFO] [stderr]    Compiling once_cell v1.16.0
[INFO] [stderr]    Compiling log v0.4.17
[INFO] [stderr]    Compiling crossbeam-utils v0.8.14
[INFO] [stderr]    Compiling bitflags v1.3.2
[INFO] [stderr]    Compiling scopeguard v1.1.0
[INFO] [stderr]    Compiling proc-macro2 v0.4.30
[INFO] [stderr]    Compiling version_check v0.9.4
[INFO] [stderr]    Compiling unicode-segmentation v1.10.0
[INFO] [stderr]    Compiling regex-syntax v0.6.28
[INFO] [stderr]    Compiling unicode-xid v0.1.0
[INFO] [stderr]    Compiling unicode-xid v0.2.4
[INFO] [stderr]    Compiling failure_derive v0.1.8
[INFO] [stderr]    Compiling unicode-width v0.1.10
[INFO] [stderr]    Compiling pkg-config v0.3.26
[INFO] [stderr]    Compiling untrusted v0.7.1
[INFO] [stderr]    Compiling syn v0.15.44
[INFO] [stderr]    Compiling gimli v0.26.2
[INFO] [stderr]    Compiling spin v0.5.2
[INFO] [stderr]    Compiling adler v1.0.2
[INFO] [stderr]    Compiling miniz_oxide v0.5.4
[INFO] [stderr]    Compiling proc-macro-error-attr v1.0.4
[INFO] [stderr]    Compiling memoffset v0.7.1
[INFO] [stderr]    Compiling heck v0.3.3
[INFO] [stderr]    Compiling memoffset v0.6.5
[INFO] [stderr]    Compiling crossbeam-epoch v0.9.13
[INFO] [stderr]    Compiling lock_api v0.4.9
[INFO] [stderr]    Compiling textwrap v0.11.0
[INFO] [stderr]    Compiling rustc-demangle v0.1.21
[INFO] [stderr]    Compiling aho-corasick v0.7.20
[INFO] [stderr]    Compiling alsa-sys v0.3.1
[INFO] [stderr]    Compiling ring v0.16.20
[INFO] [stderr]    Compiling backtrace v0.3.66
[INFO] [stderr]    Compiling object v0.29.0
[INFO] [stderr]    Compiling thiserror v1.0.37
[INFO] [stderr]    Compiling strsim v0.8.0
[INFO] [stderr]    Compiling lazy_static v1.4.0
[INFO] [stderr]    Compiling quote v0.6.13
[INFO] [stderr]    Compiling parking_lot_core v0.8.5
[INFO] [stderr]    Compiling vec_map v0.8.2
[INFO] [stderr]    Compiling ansi_term v0.12.1
[INFO] [stderr]    Compiling minimp3-sys v0.3.2
[INFO] [stderr]    Compiling bstr v0.2.17
[INFO] [stderr]    Compiling proc-macro-error v1.0.4
[INFO] [stderr]    Compiling instant v0.1.12
[INFO] [stderr]    Compiling smallvec v1.10.0
[INFO] [stderr]    Compiling quick-error v1.2.3
[INFO] [stderr]    Compiling fnv v1.0.7
[INFO] [stderr]    Compiling same-file v1.0.6
[INFO] [stderr]    Compiling rayon-core v1.10.1
[INFO] [stderr]    Compiling crossbeam-deque v0.8.2
[INFO] [stderr]    Compiling walkdir v2.3.2
[INFO] [stderr]    Compiling humantime v1.3.0
[INFO] [stderr]    Compiling crossbeam-channel v0.5.6
[INFO] [stderr]    Compiling thread_local v1.1.4
[INFO] [stderr]    Compiling termcolor v1.1.3
[INFO] [stderr]    Compiling tinyvec_macros v0.1.0
[INFO] [stderr]    Compiling rustls v0.20.7
[INFO] [stderr]    Compiling atty v0.2.14
[INFO] [stderr]    Compiling clap v2.34.0
[INFO] [stderr]    Compiling nix v0.23.2
[INFO] [stderr]    Compiling num_cpus v1.14.0
[INFO] [stderr]    Compiling cpal v0.13.5
[INFO] [stderr]    Compiling serde v1.0.149
[INFO] [stderr]    Compiling serde_derive v1.0.149
[INFO] [stderr]    Compiling byteorder v1.4.3
[INFO] [stderr]    Compiling parking_lot v0.11.2
[INFO] [stderr]    Compiling slice-deque v0.3.0
[INFO] [stderr]    Compiling tinyvec v1.6.0
[INFO] [stderr]    Compiling regex v1.7.0
[INFO] [stderr]    Compiling ogg v0.8.0
[INFO] [stderr]    Compiling either v1.8.0
[INFO] [stderr]    Compiling minreq v2.6.0
[INFO] [stderr]    Compiling hound v3.5.0
[INFO] [stderr]    Compiling claxon v0.4.3
[INFO] [stderr]    Compiling lewton v0.10.2
[INFO] [stderr]    Compiling remove_dir_all v0.5.3
[INFO] [stderr]    Compiling percent-encoding v2.2.0
[INFO] [stderr]    Compiling addr2line v0.17.0
[INFO] [stderr]    Compiling structopt-derive v0.2.18
[INFO] [stderr]    Compiling rayon v1.6.0
[INFO] [stderr]    Compiling globset v0.4.9
[INFO] [stderr]    Compiling env_logger v0.5.13
[INFO] [stderr]    Compiling ignore v0.4.18
[INFO] [stderr]    Compiling globwalk v0.3.1
[INFO] [stderr]    Compiling alsa v0.6.0
[INFO] [stderr]    Compiling structopt v0.2.18
[INFO] [stderr]    Compiling webpki v0.22.0
[INFO] [stderr]    Compiling sct v0.7.0
[INFO] [stderr]    Compiling webpki-roots v0.22.5
[INFO] [stderr]    Compiling synstructure v0.12.6
[INFO] [stderr]    Compiling thiserror-impl v1.0.37
[INFO] [stderr]    Compiling structopt-derive v0.4.18
[INFO] [stderr]    Compiling failure v0.1.8
[INFO] [stderr]    Compiling exitfailure v0.5.1
[INFO] [stderr]    Compiling clap-verbosity-flag v0.2.0
[INFO] [stderr]    Compiling minimp3 v0.5.1
[INFO] [stderr]    Compiling rodio v0.14.0
[INFO] [stderr]    Compiling structopt v0.3.26
[INFO] [stderr]    Compiling quicli v0.4.0
[INFO] [stderr]    Compiling tts_rust v0.3.5 (/opt/rustwide/workdir)
[INFO] [stderr]     Finished `dev` profile [unoptimized + debuginfo] target(s) in 43.15s
[INFO] running `Command { std: "docker" "inspect" "66e6cc8f0595ab85cc7248aa3f21ca7bc7bab2a79a6d331e22d23d57a5619310", kill_on_drop: false }`
[INFO] running `Command { std: "docker" "rm" "-f" "66e6cc8f0595ab85cc7248aa3f21ca7bc7bab2a79a6d331e22d23d57a5619310", kill_on_drop: false }`
[INFO] [stdout] 66e6cc8f0595ab85cc7248aa3f21ca7bc7bab2a79a6d331e22d23d57a5619310
[INFO] running `Command { std: "docker" "create" "-v" "/var/lib/crater-agent-workspace/builds/worker-2-tc1/target:/opt/rustwide/target:rw,Z" "-v" "/var/lib/crater-agent-workspace/builds/worker-2-tc1/source:/opt/rustwide/workdir:ro,Z" "-v" "/var/lib/crater-agent-workspace/cargo-home:/opt/rustwide/cargo-home:ro,Z" "-v" "/var/lib/crater-agent-workspace/rustup-home:/opt/rustwide/rustup-home:ro,Z" "-e" "SOURCE_DIR=/opt/rustwide/workdir" "-e" "CARGO_TARGET_DIR=/opt/rustwide/target" "-e" "CARGO_INCREMENTAL=0" "-e" "RUST_BACKTRACE=full" "-e" "RUSTFLAGS=--cap-lints=warn" "-e" "RUSTDOCFLAGS=--cap-lints=warn" "-e" "CARGO_HOME=/opt/rustwide/cargo-home" "-e" "RUSTUP_HOME=/opt/rustwide/rustup-home" "-w" "/opt/rustwide/workdir" "-m" "1610612736" "--user" "0:0" "--network" "none" "ghcr.io/rust-lang/crates-build-env/linux@sha256:f3a9d4ad9d972b27faf3965f35b62e55ba32bbce8f20bc8fe909558a86702fde" "/opt/rustwide/cargo-home/bin/cargo" "+1.83.0" "test" "--frozen" "--no-run" "--message-format=json", kill_on_drop: false }`
[INFO] [stdout] 5ff05d1bb9edcaec703954ad67c7c5417914a7a0ec6474e3879664db2511e113
[INFO] running `Command { std: "docker" "start" "-a" "5ff05d1bb9edcaec703954ad67c7c5417914a7a0ec6474e3879664db2511e113", kill_on_drop: false }`
[INFO] [stderr]    Compiling tts_rust v0.3.5 (/opt/rustwide/workdir)
[INFO] [stdout] warning: unused variable: `args`
[INFO] [stdout]   --> cli/main.rs:33:9
[INFO] [stdout]    |
[INFO] [stdout] 33 |     let args = GTTSCli::from_iter(&["tts_rust", "--lang", "en", "Hello!"]);
[INFO] [stdout]    |         ^^^^ help: if this is intentional, prefix it with an underscore: `_args`
[INFO] [stdout]    |
[INFO] [stdout]    = note: `#[warn(unused_variables)]` on by default
[INFO] [stdout] 
[INFO] [stdout] 
[INFO] [stderr]     Finished `test` profile [unoptimized + debuginfo] target(s) in 2.78s
[INFO] running `Command { std: "docker" "inspect" "5ff05d1bb9edcaec703954ad67c7c5417914a7a0ec6474e3879664db2511e113", kill_on_drop: false }`
[INFO] running `Command { std: "docker" "rm" "-f" "5ff05d1bb9edcaec703954ad67c7c5417914a7a0ec6474e3879664db2511e113", kill_on_drop: false }`
[INFO] [stdout] 5ff05d1bb9edcaec703954ad67c7c5417914a7a0ec6474e3879664db2511e113
[INFO] running `Command { std: "docker" "create" "-v" "/var/lib/crater-agent-workspace/builds/worker-2-tc1/target:/opt/rustwide/target:rw,Z" "-v" "/var/lib/crater-agent-workspace/builds/worker-2-tc1/source:/opt/rustwide/workdir:ro,Z" "-v" "/var/lib/crater-agent-workspace/cargo-home:/opt/rustwide/cargo-home:ro,Z" "-v" "/var/lib/crater-agent-workspace/rustup-home:/opt/rustwide/rustup-home:ro,Z" "-e" "SOURCE_DIR=/opt/rustwide/workdir" "-e" "CARGO_TARGET_DIR=/opt/rustwide/target" "-e" "CARGO_INCREMENTAL=0" "-e" "RUST_BACKTRACE=full" "-e" "RUSTFLAGS=--cap-lints=warn" "-e" "RUSTDOCFLAGS=--cap-lints=warn" "-e" "CARGO_HOME=/opt/rustwide/cargo-home" "-e" "RUSTUP_HOME=/opt/rustwide/rustup-home" "-w" "/opt/rustwide/workdir" "-m" "1610612736" "--user" "0:0" "--network" "none" "ghcr.io/rust-lang/crates-build-env/linux@sha256:f3a9d4ad9d972b27faf3965f35b62e55ba32bbce8f20bc8fe909558a86702fde" "/opt/rustwide/cargo-home/bin/cargo" "+1.83.0" "test" "--frozen", kill_on_drop: false }`
[INFO] [stdout] 325fb527a39b210bb45351392a0491f36b178dce00b8c3ca1f052cf6f50f6b8d
[INFO] running `Command { std: "docker" "start" "-a" "325fb527a39b210bb45351392a0491f36b178dce00b8c3ca1f052cf6f50f6b8d", kill_on_drop: false }`
[INFO] [stderr] warning: unused variable: `args`
[INFO] [stderr]   --> cli/main.rs:33:9
[INFO] [stderr]    |
[INFO] [stderr] 33 |     let args = GTTSCli::from_iter(&["tts_rust", "--lang", "en", "Hello!"]);
[INFO] [stderr]    |         ^^^^ help: if this is intentional, prefix it with an underscore: `_args`
[INFO] [stderr]    |
[INFO] [stderr]    = note: `#[warn(unused_variables)]` on by default
[INFO] [stderr] 
[INFO] [stderr] warning: `tts_rust` (bin "tts" test) generated 1 warning
[INFO] [stderr]     Finished `test` profile [unoptimized + debuginfo] target(s) in 0.16s
[INFO] [stderr]      Running unittests src/lib.rs (/opt/rustwide/target/debug/deps/tts_rust-8c9746401f43e7ae)
[INFO] [stdout] 
[INFO] [stdout] running 1 test
[INFO] [stderr] error: test failed, to rerun pass `--lib`
[INFO] [stdout] test tts::tests::test_1 ... FAILED
[INFO] [stdout] 
[INFO] [stdout] failures:
[INFO] [stdout] 
[INFO] [stdout] ---- tts::tests::test_1 stdout ----
[INFO] [stdout] thread 'tts::tests::test_1' panicked at src/tts.rs:88:23:
[INFO] [stdout] called `Result::unwrap()` on an `Err` value: "failed to lookup address information: Temporary failure in name resolution"
[INFO] [stdout] stack backtrace:
[INFO] [stdout]    0:     0x5b7d94bea00a - std::backtrace_rs::backtrace::libunwind::trace::h5a5b8284f2d0c266
[INFO] [stdout]                                at /rustc/90b35a6239c3d8bdabc530a6a0816f7ff89a0aaf/library/std/src/../../backtrace/src/backtrace/libunwind.rs:116:5
[INFO] [stdout]    1:     0x5b7d94bea00a - std::backtrace_rs::backtrace::trace_unsynchronized::h76d4f1c9b0b875e3
[INFO] [stdout]                                at /rustc/90b35a6239c3d8bdabc530a6a0816f7ff89a0aaf/library/std/src/../../backtrace/src/backtrace/mod.rs:66:5
[INFO] [stdout]    2:     0x5b7d94bea00a - std::sys::backtrace::_print_fmt::hc4546b8364a537c6
[INFO] [stdout]                                at /rustc/90b35a6239c3d8bdabc530a6a0816f7ff89a0aaf/library/std/src/sys/backtrace.rs:66:9
[INFO] [stdout]    3:     0x5b7d94bea00a - <std::sys::backtrace::BacktraceLock::print::DisplayBacktrace as core::fmt::Display>::fmt::h5b6bd5631a6d1f6b
[INFO] [stdout]                                at /rustc/90b35a6239c3d8bdabc530a6a0816f7ff89a0aaf/library/std/src/sys/backtrace.rs:39:26
[INFO] [stdout]    4:     0x5b7d94c123d3 - core::fmt::rt::Argument::fmt::h270f6602a2b96f62
[INFO] [stdout]                                at /rustc/90b35a6239c3d8bdabc530a6a0816f7ff89a0aaf/library/core/src/fmt/rt.rs:177:76
[INFO] [stdout]    5:     0x5b7d94c123d3 - core::fmt::write::h7550c97b06c86515
[INFO] [stdout]                                at /rustc/90b35a6239c3d8bdabc530a6a0816f7ff89a0aaf/library/core/src/fmt/mod.rs:1186:21
[INFO] [stdout]    6:     0x5b7d94be64c3 - std::io::Write::write_fmt::h509ff860e5956e5e
[INFO] [stdout]                                at /rustc/90b35a6239c3d8bdabc530a6a0816f7ff89a0aaf/library/std/src/io/mod.rs:1839:15
[INFO] [stdout]    7:     0x5b7d94be9e52 - std::sys::backtrace::BacktraceLock::print::h2395ccd2c84ba3aa
[INFO] [stdout]                                at /rustc/90b35a6239c3d8bdabc530a6a0816f7ff89a0aaf/library/std/src/sys/backtrace.rs:42:9
[INFO] [stdout]    8:     0x5b7d94beb46a - std::panicking::default_hook::{{closure}}::he19d4c7230e07961
[INFO] [stdout]                                at /rustc/90b35a6239c3d8bdabc530a6a0816f7ff89a0aaf/library/std/src/panicking.rs:268:22
[INFO] [stdout]    9:     0x5b7d94beb274 - std::panicking::default_hook::hf614597d3c67bbdb
[INFO] [stdout]                                at /rustc/90b35a6239c3d8bdabc530a6a0816f7ff89a0aaf/library/std/src/panicking.rs:292:9
[INFO] [stdout]   10:     0x5b7d94a65a59 - <alloc::boxed::Box<F,A> as core::ops::function::Fn<Args>>::call::h39b51ce4599c23d1
[INFO] [stdout]                                at /rustc/90b35a6239c3d8bdabc530a6a0816f7ff89a0aaf/library/alloc/src/boxed.rs:2468:9
[INFO] [stdout]   11:     0x5b7d94a65a59 - test::test_main::{{closure}}::he977ae839a582784
[INFO] [stdout]                                at /rustc/90b35a6239c3d8bdabc530a6a0816f7ff89a0aaf/library/test/src/lib.rs:133:21
[INFO] [stdout]   12:     0x5b7d94bebb08 - <alloc::boxed::Box<F,A> as core::ops::function::Fn<Args>>::call::h9455091b6b06f9fb
[INFO] [stdout]                                at /rustc/90b35a6239c3d8bdabc530a6a0816f7ff89a0aaf/library/alloc/src/boxed.rs:2468:9
[INFO] [stdout]   13:     0x5b7d94bebb08 - std::panicking::rust_panic_with_hook::h8942133a8b252070
[INFO] [stdout]                                at /rustc/90b35a6239c3d8bdabc530a6a0816f7ff89a0aaf/library/std/src/panicking.rs:809:13
[INFO] [stdout]   14:     0x5b7d94beb8ca - std::panicking::begin_panic_handler::{{closure}}::hb5f5963570096b29
[INFO] [stdout]                                at /rustc/90b35a6239c3d8bdabc530a6a0816f7ff89a0aaf/library/std/src/panicking.rs:674:13
[INFO] [stdout]   15:     0x5b7d94bea4e9 - std::sys::backtrace::__rust_end_short_backtrace::h6208cedc1922feda
[INFO] [stdout]                                at /rustc/90b35a6239c3d8bdabc530a6a0816f7ff89a0aaf/library/std/src/sys/backtrace.rs:170:18
[INFO] [stdout]   16:     0x5b7d94beb55c - rust_begin_unwind
[INFO] [stdout]                                at /rustc/90b35a6239c3d8bdabc530a6a0816f7ff89a0aaf/library/std/src/panicking.rs:665:5
[INFO] [stdout]   17:     0x5b7d9490dc80 - core::panicking::panic_fmt::h0c3082644d1bf418
[INFO] [stdout]                                at /rustc/90b35a6239c3d8bdabc530a6a0816f7ff89a0aaf/library/core/src/panicking.rs:74:14
[INFO] [stdout]   18:     0x5b7d9490e106 - core::result::unwrap_failed::hd20b4aa073bda1e2
[INFO] [stdout]                                at /rustc/90b35a6239c3d8bdabc530a6a0816f7ff89a0aaf/library/core/src/result.rs:1700:5
[INFO] [stdout]   19:     0x5b7d9492db82 - core::result::Result<T,E>::unwrap::hcb30901a970a3c33
[INFO] [stdout]                                at /rustc/90b35a6239c3d8bdabc530a6a0816f7ff89a0aaf/library/core/src/result.rs:1104:23
[INFO] [stdout]   20:     0x5b7d9492db82 - tts_rust::tts::GTTSClient::display_and_speak::hdde83dcf2624b05b
[INFO] [stdout]                                at /opt/rustwide/workdir/src/tts.rs:88:5
[INFO] [stdout]   21:     0x5b7d9492dc76 - tts_rust::tts::GTTSClient::test::hb4f6c1bc9323d0f0
[INFO] [stdout]                                at /opt/rustwide/workdir/src/tts.rs:93:5
[INFO] [stdout]   22:     0x5b7d94966d24 - tts_rust::tts::tests::test_1::ha8b599a1b5a52b1b
[INFO] [stdout]                                at /opt/rustwide/workdir/src/tts.rs:103:5
[INFO] [stdout]   23:     0x5b7d94966cf7 - tts_rust::tts::tests::test_1::{{closure}}::h08c47fe1ab7fd4e7
[INFO] [stdout]                                at /opt/rustwide/workdir/src/tts.rs:101:14
[INFO] [stdout]   24:     0x5b7d9491f536 - core::ops::function::FnOnce::call_once::h95b7b858680c0f57
[INFO] [stdout]                                at /rustc/90b35a6239c3d8bdabc530a6a0816f7ff89a0aaf/library/core/src/ops/function.rs:250:5
[INFO] [stdout]   25:     0x5b7d94a6a41b - core::ops::function::FnOnce::call_once::h109cf8051a59b34e
[INFO] [stdout]                                at /rustc/90b35a6239c3d8bdabc530a6a0816f7ff89a0aaf/library/core/src/ops/function.rs:250:5
[INFO] [stdout]   26:     0x5b7d94a6a41b - test::__rust_begin_short_backtrace::hf4fff89d377446ba
[INFO] [stdout]                                at /rustc/90b35a6239c3d8bdabc530a6a0816f7ff89a0aaf/library/test/src/lib.rs:621:18
[INFO] [stdout]   27:     0x5b7d94a69c57 - test::run_test_in_process::{{closure}}::h0e39181dd7ee5a43
[INFO] [stdout]                                at /rustc/90b35a6239c3d8bdabc530a6a0816f7ff89a0aaf/library/test/src/lib.rs:644:60
[INFO] [stdout]   28:     0x5b7d94a69c57 - <core::panic::unwind_safe::AssertUnwindSafe<F> as core::ops::function::FnOnce<()>>::call_once::hc5a66a30f0bdfd1f
[INFO] [stdout]                                at /rustc/90b35a6239c3d8bdabc530a6a0816f7ff89a0aaf/library/core/src/panic/unwind_safe.rs:272:9
[INFO] [stdout]   29:     0x5b7d94a69c57 - std::panicking::try::do_call::h873b7cf639554a5e
[INFO] [stdout]                                at /rustc/90b35a6239c3d8bdabc530a6a0816f7ff89a0aaf/library/std/src/panicking.rs:557:40
[INFO] [stdout]   30:     0x5b7d94a69c57 - std::panicking::try::hdb19862fad9c8bd1
[INFO] [stdout]                                at /rustc/90b35a6239c3d8bdabc530a6a0816f7ff89a0aaf/library/std/src/panicking.rs:520:19
[INFO] [stdout]   31:     0x5b7d94a69c57 - std::panic::catch_unwind::h281fe732d236d260
[INFO] [stdout]                                at /rustc/90b35a6239c3d8bdabc530a6a0816f7ff89a0aaf/library/std/src/panic.rs:358:14
[INFO] [stdout]   32:     0x5b7d94a69c57 - test::run_test_in_process::h949b6df8457ed338
[INFO] [stdout]                                at /rustc/90b35a6239c3d8bdabc530a6a0816f7ff89a0aaf/library/test/src/lib.rs:644:27
[INFO] [stdout]   33:     0x5b7d94a69c57 - test::run_test::{{closure}}::h52c556a6d4740e10
[INFO] [stdout]                                at /rustc/90b35a6239c3d8bdabc530a6a0816f7ff89a0aaf/library/test/src/lib.rs:565:43
[INFO] [stdout]   34:     0x5b7d94a2ef34 - test::run_test::{{closure}}::h4237f6381c45ccb9
[INFO] [stdout]                                at /rustc/90b35a6239c3d8bdabc530a6a0816f7ff89a0aaf/library/test/src/lib.rs:595:41
[INFO] [stdout]   35:     0x5b7d94a2ef34 - std::sys::backtrace::__rust_begin_short_backtrace::h505c97a579eca628
[INFO] [stdout]                                at /rustc/90b35a6239c3d8bdabc530a6a0816f7ff89a0aaf/library/std/src/sys/backtrace.rs:154:18
[INFO] [stdout]   36:     0x5b7d94a325fe - std::thread::Builder::spawn_unchecked_::{{closure}}::{{closure}}::h9e86b2e2bc107ea3
[INFO] [stdout]                                at /rustc/90b35a6239c3d8bdabc530a6a0816f7ff89a0aaf/library/std/src/thread/mod.rs:538:17
[INFO] [stdout]   37:     0x5b7d94a325fe - <core::panic::unwind_safe::AssertUnwindSafe<F> as core::ops::function::FnOnce<()>>::call_once::h8b06ddb275ff4a25
[INFO] [stdout]                                at /rustc/90b35a6239c3d8bdabc530a6a0816f7ff89a0aaf/library/core/src/panic/unwind_safe.rs:272:9
[INFO] [stdout]   38:     0x5b7d94a325fe - std::panicking::try::do_call::hb26ecd7cd9a9355d
[INFO] [stdout]                                at /rustc/90b35a6239c3d8bdabc530a6a0816f7ff89a0aaf/library/std/src/panicking.rs:557:40
[INFO] [stdout]   39:     0x5b7d94a325fe - std::panicking::try::h8ddeca9d705f9069
[INFO] [stdout]                                at /rustc/90b35a6239c3d8bdabc530a6a0816f7ff89a0aaf/library/std/src/panicking.rs:520:19
[INFO] [stdout]   40:     0x5b7d94a325fe - std::panic::catch_unwind::h49e1c33078844c46
[INFO] [stdout]                                at /rustc/90b35a6239c3d8bdabc530a6a0816f7ff89a0aaf/library/std/src/panic.rs:358:14
[INFO] [stdout]   41:     0x5b7d94a325fe - std::thread::Builder::spawn_unchecked_::{{closure}}::h6073db6ff56ad35d
[INFO] [stdout]                                at /rustc/90b35a6239c3d8bdabc530a6a0816f7ff89a0aaf/library/std/src/thread/mod.rs:537:30
[INFO] [stdout]   42:     0x5b7d94a325fe - core::ops::function::FnOnce::call_once{{vtable.shim}}::h2c5a5f3779c774f1
[INFO] [stdout]                                at /rustc/90b35a6239c3d8bdabc530a6a0816f7ff89a0aaf/library/core/src/ops/function.rs:250:5
[INFO] [stdout]   43:     0x5b7d94befa1b - <alloc::boxed::Box<F,A> as core::ops::function::FnOnce<Args>>::call_once::hf75717d9f28faebf
[INFO] [stdout]                                at /rustc/90b35a6239c3d8bdabc530a6a0816f7ff89a0aaf/library/alloc/src/boxed.rs:2454:9
[INFO] [stdout]   44:     0x5b7d94befa1b - <alloc::boxed::Box<F,A> as core::ops::function::FnOnce<Args>>::call_once::h7bd883a5f3c5f3c1
[INFO] [stdout]                                at /rustc/90b35a6239c3d8bdabc530a6a0816f7ff89a0aaf/library/alloc/src/boxed.rs:2454:9
[INFO] [stdout]   45:     0x5b7d94befa1b - std::sys::pal::unix::thread::Thread::new::thread_start::hcc78f3943333fa94
[INFO] [stdout]                                at /rustc/90b35a6239c3d8bdabc530a6a0816f7ff89a0aaf/library/std/src/sys/pal/unix/thread.rs:105:17
[INFO] [stdout]   46:     0x70de4400aac3 - <unknown>
[INFO] [stdout]   47:     0x70de4409ba04 - clone
[INFO] [stdout]   48:                0x0 - <unknown>
[INFO] [stdout] 
[INFO] [stdout] 
[INFO] [stdout] failures:
[INFO] [stdout]     tts::tests::test_1
[INFO] [stdout] 
[INFO] [stdout] test result: FAILED. 0 passed; 1 failed; 0 ignored; 0 measured; 0 filtered out; finished in 0.03s
[INFO] [stdout] 
[INFO] running `Command { std: "docker" "inspect" "325fb527a39b210bb45351392a0491f36b178dce00b8c3ca1f052cf6f50f6b8d", kill_on_drop: false }`
[INFO] running `Command { std: "docker" "rm" "-f" "325fb527a39b210bb45351392a0491f36b178dce00b8c3ca1f052cf6f50f6b8d", kill_on_drop: false }`
[INFO] [stdout] 325fb527a39b210bb45351392a0491f36b178dce00b8c3ca1f052cf6f50f6b8d
