[INFO] fetching crate tsify-next 0.5.4...
[INFO] testing tsify-next-0.5.4 against beta-2024-12-08 for beta-1.84.0-4-retry
[INFO] extracting crate tsify-next 0.5.4 into /workspace/builds/worker-4-tc2/source
[INFO] validating manifest of crates.io crate tsify-next 0.5.4 on toolchain beta-2024-12-08
[INFO] running `Command { std: CARGO_HOME="/workspace/cargo-home" RUSTUP_HOME="/workspace/rustup-home" "/workspace/cargo-home/bin/cargo" "+beta-2024-12-08" "metadata" "--manifest-path" "Cargo.toml" "--no-deps", kill_on_drop: false }`
[INFO] started tweaking crates.io crate tsify-next 0.5.4
[INFO] finished tweaking crates.io crate tsify-next 0.5.4
[INFO] tweaked toml for crates.io crate tsify-next 0.5.4 written to /workspace/builds/worker-4-tc2/source/Cargo.toml
[INFO] running `Command { std: CARGO_HOME="/workspace/cargo-home" RUSTUP_HOME="/workspace/rustup-home" "/workspace/cargo-home/bin/cargo" "+beta-2024-12-08" "generate-lockfile" "--manifest-path" "Cargo.toml", kill_on_drop: false }`
[INFO] [stderr]     Updating crates.io index
[INFO] [stderr]      Locking 53 packages to latest compatible versions
[INFO] running `Command { std: CARGO_HOME="/workspace/cargo-home" RUSTUP_HOME="/workspace/rustup-home" "/workspace/cargo-home/bin/cargo" "+beta-2024-12-08" "fetch" "--manifest-path" "Cargo.toml", kill_on_drop: false }`
[INFO] [stderr]     Blocking waiting for file lock on package cache
[INFO] [stderr]     Blocking waiting for file lock on package cache
[INFO] running `Command { std: "docker" "create" "-v" "/var/lib/crater-agent-workspace/builds/worker-4-tc2/target:/opt/rustwide/target:rw,Z" "-v" "/var/lib/crater-agent-workspace/builds/worker-4-tc2/source:/opt/rustwide/workdir:ro,Z" "-v" "/var/lib/crater-agent-workspace/cargo-home:/opt/rustwide/cargo-home:ro,Z" "-v" "/var/lib/crater-agent-workspace/rustup-home:/opt/rustwide/rustup-home:ro,Z" "-e" "SOURCE_DIR=/opt/rustwide/workdir" "-e" "CARGO_TARGET_DIR=/opt/rustwide/target" "-e" "CARGO_HOME=/opt/rustwide/cargo-home" "-e" "RUSTUP_HOME=/opt/rustwide/rustup-home" "-w" "/opt/rustwide/workdir" "-m" "1610612736" "--user" "0:0" "--network" "none" "ghcr.io/rust-lang/crates-build-env/linux@sha256:f3a9d4ad9d972b27faf3965f35b62e55ba32bbce8f20bc8fe909558a86702fde" "/opt/rustwide/cargo-home/bin/cargo" "+beta-2024-12-08" "metadata" "--no-deps" "--format-version=1", kill_on_drop: false }`
[INFO] [stdout] 8efc9cc9018d879494c5bda60d3c5e75204311ff74fbd559df78fd8248f7cdab
[INFO] running `Command { std: "docker" "start" "-a" "8efc9cc9018d879494c5bda60d3c5e75204311ff74fbd559df78fd8248f7cdab", kill_on_drop: false }`
[INFO] running `Command { std: "docker" "inspect" "8efc9cc9018d879494c5bda60d3c5e75204311ff74fbd559df78fd8248f7cdab", kill_on_drop: false }`
[INFO] running `Command { std: "docker" "rm" "-f" "8efc9cc9018d879494c5bda60d3c5e75204311ff74fbd559df78fd8248f7cdab", kill_on_drop: false }`
[INFO] [stdout] 8efc9cc9018d879494c5bda60d3c5e75204311ff74fbd559df78fd8248f7cdab
[INFO] running `Command { std: "docker" "create" "-v" "/var/lib/crater-agent-workspace/builds/worker-4-tc2/target:/opt/rustwide/target:rw,Z" "-v" "/var/lib/crater-agent-workspace/builds/worker-4-tc2/source:/opt/rustwide/workdir:ro,Z" "-v" "/var/lib/crater-agent-workspace/cargo-home:/opt/rustwide/cargo-home:ro,Z" "-v" "/var/lib/crater-agent-workspace/rustup-home:/opt/rustwide/rustup-home:ro,Z" "-e" "SOURCE_DIR=/opt/rustwide/workdir" "-e" "CARGO_TARGET_DIR=/opt/rustwide/target" "-e" "CARGO_INCREMENTAL=0" "-e" "RUST_BACKTRACE=full" "-e" "RUSTFLAGS=--cap-lints=warn" "-e" "RUSTDOCFLAGS=--cap-lints=warn" "-e" "CARGO_HOME=/opt/rustwide/cargo-home" "-e" "RUSTUP_HOME=/opt/rustwide/rustup-home" "-w" "/opt/rustwide/workdir" "-m" "1610612736" "--user" "0:0" "--network" "none" "ghcr.io/rust-lang/crates-build-env/linux@sha256:f3a9d4ad9d972b27faf3965f35b62e55ba32bbce8f20bc8fe909558a86702fde" "/opt/rustwide/cargo-home/bin/cargo" "+beta-2024-12-08" "build" "--frozen" "--message-format=json", kill_on_drop: false }`
[INFO] [stdout] 7817126436c466085b546bcd1a4f66b4beaa27e2a1ca5398012e09d8ce23da6c
[INFO] running `Command { std: "docker" "start" "-a" "7817126436c466085b546bcd1a4f66b4beaa27e2a1ca5398012e09d8ce23da6c", kill_on_drop: false }`
[INFO] [stderr]    Compiling proc-macro2 v1.0.92
[INFO] [stderr]    Compiling unicode-ident v1.0.14
[INFO] [stderr]    Compiling wasm-bindgen-shared v0.2.99
[INFO] [stderr]    Compiling log v0.4.22
[INFO] [stderr]    Compiling bumpalo v3.16.0
[INFO] [stderr]    Compiling wasm-bindgen v0.2.99
[INFO] [stderr]    Compiling cfg-if v1.0.0
[INFO] [stderr]    Compiling serde v1.0.216
[INFO] [stderr]    Compiling once_cell v1.20.2
[INFO] [stderr]    Compiling serde_json v1.0.133
[INFO] [stderr]    Compiling memchr v2.7.4
[INFO] [stderr]    Compiling itoa v1.0.14
[INFO] [stderr]    Compiling ryu v1.0.18
[INFO] [stderr]    Compiling quote v1.0.37
[INFO] [stderr]    Compiling syn v2.0.90
[INFO] [stderr]    Compiling wasm-bindgen-backend v0.2.99
[INFO] [stderr]    Compiling serde_derive_internals v0.29.1
[INFO] [stderr]    Compiling serde_derive v1.0.216
[INFO] [stderr]    Compiling tsify-next-macros v0.5.4
[INFO] [stderr]    Compiling wasm-bindgen-macro-support v0.2.99
[INFO] [stderr]    Compiling wasm-bindgen-macro v0.2.99
[INFO] [stderr]    Compiling js-sys v0.3.76
[INFO] [stderr]    Compiling web-sys v0.3.76
[INFO] [stderr]    Compiling gloo-utils v0.2.0
[INFO] [stderr]    Compiling tsify-next v0.5.4 (/opt/rustwide/workdir)
[INFO] [stderr]     Finished `dev` profile [unoptimized + debuginfo] target(s) in 22.15s
[INFO] running `Command { std: "docker" "inspect" "7817126436c466085b546bcd1a4f66b4beaa27e2a1ca5398012e09d8ce23da6c", kill_on_drop: false }`
[INFO] running `Command { std: "docker" "rm" "-f" "7817126436c466085b546bcd1a4f66b4beaa27e2a1ca5398012e09d8ce23da6c", kill_on_drop: false }`
[INFO] [stdout] 7817126436c466085b546bcd1a4f66b4beaa27e2a1ca5398012e09d8ce23da6c
[INFO] running `Command { std: "docker" "create" "-v" "/var/lib/crater-agent-workspace/builds/worker-4-tc2/target:/opt/rustwide/target:rw,Z" "-v" "/var/lib/crater-agent-workspace/builds/worker-4-tc2/source:/opt/rustwide/workdir:ro,Z" "-v" "/var/lib/crater-agent-workspace/cargo-home:/opt/rustwide/cargo-home:ro,Z" "-v" "/var/lib/crater-agent-workspace/rustup-home:/opt/rustwide/rustup-home:ro,Z" "-e" "SOURCE_DIR=/opt/rustwide/workdir" "-e" "CARGO_TARGET_DIR=/opt/rustwide/target" "-e" "CARGO_INCREMENTAL=0" "-e" "RUST_BACKTRACE=full" "-e" "RUSTFLAGS=--cap-lints=warn" "-e" "RUSTDOCFLAGS=--cap-lints=warn" "-e" "CARGO_HOME=/opt/rustwide/cargo-home" "-e" "RUSTUP_HOME=/opt/rustwide/rustup-home" "-w" "/opt/rustwide/workdir" "-m" "1610612736" "--user" "0:0" "--network" "none" "ghcr.io/rust-lang/crates-build-env/linux@sha256:f3a9d4ad9d972b27faf3965f35b62e55ba32bbce8f20bc8fe909558a86702fde" "/opt/rustwide/cargo-home/bin/cargo" "+beta-2024-12-08" "test" "--frozen" "--no-run" "--message-format=json", kill_on_drop: false }`
[INFO] [stdout] b776d09ac525d5a0985c85ff373511d9bfaf628358d93ad49347f4406766d2aa
[INFO] running `Command { std: "docker" "start" "-a" "b776d09ac525d5a0985c85ff373511d9bfaf628358d93ad49347f4406766d2aa", kill_on_drop: false }`
[INFO] [stderr]    Compiling unicode-ident v1.0.14
[INFO] [stderr]    Compiling proc-macro2 v1.0.92
[INFO] [stderr]    Compiling prettyplease v0.2.25
[INFO] [stderr]    Compiling diff v0.1.13
[INFO] [stderr]    Compiling glob v0.3.1
[INFO] [stderr]    Compiling yansi v1.0.1
[INFO] [stderr]    Compiling scoped-tls v1.0.1
[INFO] [stderr]    Compiling indoc v2.0.5
[INFO] [stderr]    Compiling pretty_assertions v1.4.1
[INFO] [stderr]    Compiling quote v1.0.37
[INFO] [stderr]    Compiling syn v2.0.90
[INFO] [stderr]    Compiling wasm-bindgen-backend v0.2.99
[INFO] [stderr]    Compiling serde_derive_internals v0.29.1
[INFO] [stderr]    Compiling serde_derive v1.0.216
[INFO] [stderr]    Compiling wasm-bindgen-test-macro v0.3.49
[INFO] [stderr]    Compiling tsify-next-macros v0.5.4
[INFO] [stderr]    Compiling wasm-bindgen-macro-support v0.2.99
[INFO] [stderr]    Compiling wasm-bindgen-macro v0.2.99
[INFO] [stderr]    Compiling wasm-bindgen v0.2.99
[INFO] [stderr]    Compiling serde v1.0.216
[INFO] [stderr]    Compiling js-sys v0.3.76
[INFO] [stderr]    Compiling serde_json v1.0.133
[INFO] [stderr]    Compiling basic-toml v0.1.9
[INFO] [stderr]    Compiling web-sys v0.3.76
[INFO] [stderr]    Compiling wasm-bindgen-futures v0.4.49
[INFO] [stderr]    Compiling wasm-bindgen-test v0.3.49
[INFO] [stderr]    Compiling macrotest v1.0.13
[INFO] [stderr]    Compiling gloo-utils v0.2.0
[INFO] [stderr]    Compiling tsify-next v0.5.4 (/opt/rustwide/workdir)
[INFO] [stdout] warning: function `test_convert` is never used
[INFO] [stdout]  --> tests/wasm.rs:9:4
[INFO] [stdout]   |
[INFO] [stdout] 9 | fn test_convert() {
[INFO] [stdout]   |    ^^^^^^^^^^^^
[INFO] [stdout]   |
[INFO] [stdout]   = note: `#[warn(dead_code)]` on by default
[INFO] [stdout] 
[INFO] [stdout] 
[INFO] [stdout] warning: function `test_convert_simple_value_type` is never used
[INFO] [stdout]   --> tests/wasm.rs:80:4
[INFO] [stdout]    |
[INFO] [stdout] 80 | fn test_convert_simple_value_type() {
[INFO] [stdout]    |    ^^^^^^^^^^^^^^^^^^^^^^^^^^^^^^
[INFO] [stdout] 
[INFO] [stdout] 
[INFO] [stdout] warning: function `test_data_that_cant_be_serialized_throws_an_appropriate_error` is never used
[INFO] [stdout]    --> tests/wasm.rs:138:4
[INFO] [stdout]     |
[INFO] [stdout] 138 | fn test_data_that_cant_be_serialized_throws_an_appropriate_error() {
[INFO] [stdout]     |    ^^^^^^^^^^^^^^^^^^^^^^^^^^^^^^^^^^^^^^^^^^^^^^^^^^^^^^^^^^^^^
[INFO] [stdout] 
[INFO] [stdout] 
[INFO] [stdout] warning: function `test_vector_of_data_that_cant_be_serialized_throws_an_appropriate_error` is never used
[INFO] [stdout]    --> tests/wasm.rs:146:4
[INFO] [stdout]     |
[INFO] [stdout] 146 | fn test_vector_of_data_that_cant_be_serialized_throws_an_appropriate_error() {
[INFO] [stdout]     |    ^^^^^^^^^^^^^^^^^^^^^^^^^^^^^^^^^^^^^^^^^^^^^^^^^^^^^^^^^^^^^^^^^^^^^^^
[INFO] [stdout] 
[INFO] [stdout] 
[INFO] [stderr]     Finished `test` profile [unoptimized + debuginfo] target(s) in 24.63s
[INFO] running `Command { std: "docker" "inspect" "b776d09ac525d5a0985c85ff373511d9bfaf628358d93ad49347f4406766d2aa", kill_on_drop: false }`
[INFO] running `Command { std: "docker" "rm" "-f" "b776d09ac525d5a0985c85ff373511d9bfaf628358d93ad49347f4406766d2aa", kill_on_drop: false }`
[INFO] [stdout] b776d09ac525d5a0985c85ff373511d9bfaf628358d93ad49347f4406766d2aa
[INFO] running `Command { std: "docker" "create" "-v" "/var/lib/crater-agent-workspace/builds/worker-4-tc2/target:/opt/rustwide/target:rw,Z" "-v" "/var/lib/crater-agent-workspace/builds/worker-4-tc2/source:/opt/rustwide/workdir:ro,Z" "-v" "/var/lib/crater-agent-workspace/cargo-home:/opt/rustwide/cargo-home:ro,Z" "-v" "/var/lib/crater-agent-workspace/rustup-home:/opt/rustwide/rustup-home:ro,Z" "-e" "SOURCE_DIR=/opt/rustwide/workdir" "-e" "CARGO_TARGET_DIR=/opt/rustwide/target" "-e" "CARGO_INCREMENTAL=0" "-e" "RUST_BACKTRACE=full" "-e" "RUSTFLAGS=--cap-lints=warn" "-e" "RUSTDOCFLAGS=--cap-lints=warn" "-e" "CARGO_HOME=/opt/rustwide/cargo-home" "-e" "RUSTUP_HOME=/opt/rustwide/rustup-home" "-w" "/opt/rustwide/workdir" "-m" "1610612736" "--user" "0:0" "--network" "none" "ghcr.io/rust-lang/crates-build-env/linux@sha256:f3a9d4ad9d972b27faf3965f35b62e55ba32bbce8f20bc8fe909558a86702fde" "/opt/rustwide/cargo-home/bin/cargo" "+beta-2024-12-08" "test" "--frozen", kill_on_drop: false }`
[INFO] [stdout] 1fec27242d1fb6df0aa6dae5ffdabd76e727312d23a3d7af742eb88a4064adbe
[INFO] running `Command { std: "docker" "start" "-a" "1fec27242d1fb6df0aa6dae5ffdabd76e727312d23a3d7af742eb88a4064adbe", kill_on_drop: false }`
[INFO] [stderr] warning: function `test_convert` is never used
[INFO] [stderr]  --> tests/wasm.rs:9:4
[INFO] [stderr]   |
[INFO] [stderr] 9 | fn test_convert() {
[INFO] [stderr]   |    ^^^^^^^^^^^^
[INFO] [stderr]   |
[INFO] [stderr]   = note: `#[warn(dead_code)]` on by default
[INFO] [stderr] 
[INFO] [stderr] warning: function `test_convert_simple_value_type` is never used
[INFO] [stderr]   --> tests/wasm.rs:80:4
[INFO] [stderr]    |
[INFO] [stderr] 80 | fn test_convert_simple_value_type() {
[INFO] [stderr]    |    ^^^^^^^^^^^^^^^^^^^^^^^^^^^^^^
[INFO] [stderr] 
[INFO] [stderr] warning: function `test_data_that_cant_be_serialized_throws_an_appropriate_error` is never used
[INFO] [stderr]    --> tests/wasm.rs:138:4
[INFO] [stderr]     |
[INFO] [stderr] 138 | fn test_data_that_cant_be_serialized_throws_an_appropriate_error() {
[INFO] [stderr]     |    ^^^^^^^^^^^^^^^^^^^^^^^^^^^^^^^^^^^^^^^^^^^^^^^^^^^^^^^^^^^^^
[INFO] [stderr] 
[INFO] [stderr] warning: function `test_vector_of_data_that_cant_be_serialized_throws_an_appropriate_error` is never used
[INFO] [stderr]    --> tests/wasm.rs:146:4
[INFO] [stderr]     |
[INFO] [stderr] 146 | fn test_vector_of_data_that_cant_be_serialized_throws_an_appropriate_error() {
[INFO] [stderr]     |    ^^^^^^^^^^^^^^^^^^^^^^^^^^^^^^^^^^^^^^^^^^^^^^^^^^^^^^^^^^^^^^^^^^^^^^^
[INFO] [stderr] 
[INFO] [stderr] warning: `tsify-next` (test "wasm") generated 4 warnings
[INFO] [stderr]     Finished `test` profile [unoptimized + debuginfo] target(s) in 0.05s
[INFO] [stderr]      Running unittests src/lib.rs (/opt/rustwide/target/debug/deps/tsify_next-830a2bac3de2a157)
[INFO] [stdout] 
[INFO] [stdout] running 0 tests
[INFO] [stdout] 
[INFO] [stdout] test result: ok. 0 passed; 0 failed; 0 ignored; 0 measured; 0 filtered out; finished in 0.00s
[INFO] [stdout] 
[INFO] [stderr]      Running tests/affixes.rs (/opt/rustwide/target/debug/deps/affixes-e09f8a1e0c605021)
[INFO] [stdout] 
[INFO] [stdout] running 3 tests
[INFO] [stdout] test test_prefix ... ok
[INFO] [stdout] test test_prefix_suffix ... ok
[INFO] [stdout] test test_suffix ... ok
[INFO] [stdout] 
[INFO] [stdout] test result: ok. 3 passed; 0 failed; 0 ignored; 0 measured; 0 filtered out; finished in 0.00s
[INFO] [stdout] 
[INFO] [stderr]      Running tests/enum.rs (/opt/rustwide/target/debug/deps/enum-4c9b61cbeda7b312)
[INFO] [stdout] 
[INFO] [stdout] running 13 tests
[INFO] [stdout] test test_adjacently_tagged_enum ... ok
[INFO] [stdout] test test_adjacently_tagged_enum_with_namespace ... ok
[INFO] [stdout] test test_empty_enum ... ok
[INFO] [stdout] test test_externally_tagged_enum ... ok
[INFO] [stdout] test test_externally_tagged_enum_with_namespace ... ok
[INFO] [stdout] test test_internally_tagged_enum ... ok
[INFO] [stdout] test test_internally_tagged_enum_with_namespace ... ok
[INFO] [stdout] test test_module_reimport_enum ... ok
[INFO] [stdout] test test_module_template_enum ... ok
[INFO] [stdout] test test_module_template_enum_inner ... ok
[INFO] [stdout] test test_renamed_enum ... ok
[INFO] [stdout] test test_untagged_enum ... ok
[INFO] [stdout] test test_untagged_enum_with_namespace ... ok
[INFO] [stdout] 
[INFO] [stdout] test result: ok. 13 passed; 0 failed; 0 ignored; 0 measured; 0 filtered out; finished in 0.00s
[INFO] [stdout] 
[INFO] [stderr]      Running tests/expandtest.rs (/opt/rustwide/target/debug/deps/expandtest-f88bb23a227b15af)
[INFO] [stdout] 
[INFO] [stdout] running 1 test
[INFO] [stderr] error: no such command: `expand`
[INFO] [stderr] 
[INFO] [stderr] 	View all installed commands with `cargo --list`
[INFO] [stderr] 	Find a package to install `expand` with `cargo search cargo-expand`
[INFO] [stdout] test expandtest ... FAILED
[INFO] [stdout] 
[INFO] [stdout] failures:
[INFO] [stdout] 
[INFO] [stdout] ---- expandtest stdout ----
[INFO] [stdout] Running 4 macro expansion tests
[INFO] [stdout] Expansion error:
[INFO] [stdout] error: no such command: `expand`
[INFO] [stdout] 
[INFO] [stdout] 	View all installed commands with `cargo --list`
[INFO] [stdout] 	Find a package to install `expand` with `cargo search cargo-expand`
[INFO] [stdout] 
[INFO] [stdout] Expansion error:
[INFO] [stdout] error: no such command: `expand`
[INFO] [stdout] 
[INFO] [stdout] 	View all installed commands with `cargo --list`
[INFO] [stdout] 	Find a package to install `expand` with `cargo search cargo-expand`
[INFO] [stdout] 
[INFO] [stdout] Expansion error:
[INFO] [stdout] error: no such command: `expand`
[INFO] [stdout] 
[INFO] [stdout] 	View all installed commands with `cargo --list`
[INFO] [stdout] 	Find a package to install `expand` with `cargo search cargo-expand`
[INFO] [stdout] 
[INFO] [stdout] Expansion error:
[INFO] [stdout] error: no such command: `expand`
[INFO] [stdout] 
[INFO] [stdout] 	View all installed commands with `cargo --list`
[INFO] [stdout] 	Find a package to install `expand` with `cargo search cargo-expand`
[INFO] [stdout] 
[INFO] [stdout] 
[INFO] [stdout] 
[INFO] [stdout] 
[INFO] [stdout] thread 'expandtest' panicked at /opt/rustwide/cargo-home/registry/src/index.crates.io-6f17d22bba15001f/macrotest-1.0.13/src/expand.rs:174:9:
[INFO] [stdout] 4 of 4 tests failed
[INFO] [stdout] stack backtrace:
[INFO] [stdout]    0:     0x626ade09755a - std::backtrace_rs::backtrace::libunwind::trace::h8810477743020387
[INFO] [stdout]                                at /rustc/202008a1b8de96d2e5b6bc02d379db03a877d34d/library/std/src/../../backtrace/src/backtrace/libunwind.rs:116:5
[INFO] [stdout]    1:     0x626ade09755a - std::backtrace_rs::backtrace::trace_unsynchronized::h3aa55355dd6c54a6
[INFO] [stdout]                                at /rustc/202008a1b8de96d2e5b6bc02d379db03a877d34d/library/std/src/../../backtrace/src/backtrace/mod.rs:66:5
[INFO] [stdout]    2:     0x626ade09755a - std::sys::backtrace::_print_fmt::h8588b0f62410823f
[INFO] [stdout]                                at /rustc/202008a1b8de96d2e5b6bc02d379db03a877d34d/library/std/src/sys/backtrace.rs:66:9
[INFO] [stdout]    3:     0x626ade09755a - <std::sys::backtrace::BacktraceLock::print::DisplayBacktrace as core::fmt::Display>::fmt::h98c26ac25ffe89bb
[INFO] [stdout]                                at /rustc/202008a1b8de96d2e5b6bc02d379db03a877d34d/library/std/src/sys/backtrace.rs:39:26
[INFO] [stdout]    4:     0x626ade0bfb33 - core::fmt::rt::Argument::fmt::hf95377f4aebd453b
[INFO] [stdout]                                at /rustc/202008a1b8de96d2e5b6bc02d379db03a877d34d/library/core/src/fmt/rt.rs:177:76
[INFO] [stdout]    5:     0x626ade0bfb33 - core::fmt::write::h0dd5f6e2238c7982
[INFO] [stdout]                                at /rustc/202008a1b8de96d2e5b6bc02d379db03a877d34d/library/core/src/fmt/mod.rs:1189:21
[INFO] [stdout]    6:     0x626ade093bf3 - std::io::Write::write_fmt::h03bb0ca26e6faf8c
[INFO] [stdout]                                at /rustc/202008a1b8de96d2e5b6bc02d379db03a877d34d/library/std/src/io/mod.rs:1884:15
[INFO] [stdout]    7:     0x626ade0973a2 - std::sys::backtrace::BacktraceLock::print::h5c19c1c038ee186d
[INFO] [stdout]                                at /rustc/202008a1b8de96d2e5b6bc02d379db03a877d34d/library/std/src/sys/backtrace.rs:42:9
[INFO] [stdout]    8:     0x626ade0989dd - std::panicking::default_hook::{{closure}}::h77172f079a1fcb13
[INFO] [stdout]                                at /rustc/202008a1b8de96d2e5b6bc02d379db03a877d34d/library/std/src/panicking.rs:268:22
[INFO] [stdout]    9:     0x626ade0987e7 - std::panicking::default_hook::he5f8e3b203ccddba
[INFO] [stdout]                                at /rustc/202008a1b8de96d2e5b6bc02d379db03a877d34d/library/std/src/panicking.rs:292:9
[INFO] [stdout]   10:     0x626ade060137 - <alloc::boxed::Box<F,A> as core::ops::function::Fn<Args>>::call::h7a3c7b4a1ae77f2f
[INFO] [stdout]                                at /rustc/202008a1b8de96d2e5b6bc02d379db03a877d34d/library/alloc/src/boxed.rs:1986:9
[INFO] [stdout]   11:     0x626ade060137 - test::test_main::{{closure}}::hf0d3b69ae9b353d1
[INFO] [stdout]                                at /rustc/202008a1b8de96d2e5b6bc02d379db03a877d34d/library/test/src/lib.rs:134:21
[INFO] [stdout]   12:     0x626ade099088 - <alloc::boxed::Box<F,A> as core::ops::function::Fn<Args>>::call::h6332e82e7b189abd
[INFO] [stdout]                                at /rustc/202008a1b8de96d2e5b6bc02d379db03a877d34d/library/alloc/src/boxed.rs:1986:9
[INFO] [stdout]   13:     0x626ade099088 - std::panicking::rust_panic_with_hook::h53863d4e9018df39
[INFO] [stdout]                                at /rustc/202008a1b8de96d2e5b6bc02d379db03a877d34d/library/std/src/panicking.rs:809:13
[INFO] [stdout]   14:     0x626ade098e4a - std::panicking::begin_panic_handler::{{closure}}::h67280e6fa0757873
[INFO] [stdout]                                at /rustc/202008a1b8de96d2e5b6bc02d379db03a877d34d/library/std/src/panicking.rs:674:13
[INFO] [stdout]   15:     0x626ade097a39 - std::sys::backtrace::__rust_end_short_backtrace::h1dac3f54d6fbbeb2
[INFO] [stdout]                                at /rustc/202008a1b8de96d2e5b6bc02d379db03a877d34d/library/std/src/sys/backtrace.rs:170:18
[INFO] [stdout]   16:     0x626ade098adc - rust_begin_unwind
[INFO] [stdout]                                at /rustc/202008a1b8de96d2e5b6bc02d379db03a877d34d/library/std/src/panicking.rs:665:5
[INFO] [stdout]   17:     0x626addd5ff00 - core::panicking::panic_fmt::h6792bd1b2bf01041
[INFO] [stdout]                                at /rustc/202008a1b8de96d2e5b6bc02d379db03a877d34d/library/core/src/panicking.rs:76:14
[INFO] [stdout]   18:     0x626addd675c4 - macrotest::expand::run_tests::h56f693cc23278c3c
[INFO] [stdout]                                at /opt/rustwide/cargo-home/registry/src/index.crates.io-6f17d22bba15001f/macrotest-1.0.13/src/expand.rs:174:9
[INFO] [stdout]   19:     0x626addd65969 - macrotest::expand::expand_args::ha7d2dbd7e7a5550c
[INFO] [stdout]                                at /opt/rustwide/cargo-home/registry/src/index.crates.io-6f17d22bba15001f/macrotest-1.0.13/src/expand.rs:73:5
[INFO] [stdout]   20:     0x626addd68434 - expandtest::expandtest::he8962bd246c2275e
[INFO] [stdout]                                at /opt/rustwide/workdir/tests/expandtest.rs:7:5
[INFO] [stdout]   21:     0x626addd683d7 - expandtest::expandtest::{{closure}}::hf654bbb837823548
[INFO] [stdout]                                at /opt/rustwide/workdir/tests/expandtest.rs:6:16
[INFO] [stdout]   22:     0x626addd61fc6 - core::ops::function::FnOnce::call_once::h38ed99e245d31cd5
[INFO] [stdout]                                at /rustc/202008a1b8de96d2e5b6bc02d379db03a877d34d/library/core/src/ops/function.rs:250:5
[INFO] [stdout]   23:     0x626ade064c5b - core::ops::function::FnOnce::call_once::h871bf86719ec9aa4
[INFO] [stdout]                                at /rustc/202008a1b8de96d2e5b6bc02d379db03a877d34d/library/core/src/ops/function.rs:250:5
[INFO] [stdout]   24:     0x626ade064c5b - test::__rust_begin_short_backtrace::h2167df1e2b7d76fd
[INFO] [stdout]                                at /rustc/202008a1b8de96d2e5b6bc02d379db03a877d34d/library/test/src/lib.rs:632:18
[INFO] [stdout]   25:     0x626ade064648 - test::run_test_in_process::{{closure}}::h15d92f75a3adfb79
[INFO] [stdout]                                at /rustc/202008a1b8de96d2e5b6bc02d379db03a877d34d/library/test/src/lib.rs:655:60
[INFO] [stdout]   26:     0x626ade064648 - <core::panic::unwind_safe::AssertUnwindSafe<F> as core::ops::function::FnOnce<()>>::call_once::hb6c8955835a8dbbb
[INFO] [stdout]                                at /rustc/202008a1b8de96d2e5b6bc02d379db03a877d34d/library/core/src/panic/unwind_safe.rs:272:9
[INFO] [stdout]   27:     0x626ade064648 - std::panicking::try::do_call::hc79d0fc888a0bd30
[INFO] [stdout]                                at /rustc/202008a1b8de96d2e5b6bc02d379db03a877d34d/library/std/src/panicking.rs:557:40
[INFO] [stdout]   28:     0x626ade064648 - std::panicking::try::hb8a7878e3a8589d6
[INFO] [stdout]                                at /rustc/202008a1b8de96d2e5b6bc02d379db03a877d34d/library/std/src/panicking.rs:520:19
[INFO] [stdout]   29:     0x626ade064648 - std::panic::catch_unwind::hb8e4600ff0ff5cfa
[INFO] [stdout]                                at /rustc/202008a1b8de96d2e5b6bc02d379db03a877d34d/library/std/src/panic.rs:358:14
[INFO] [stdout]   30:     0x626ade064648 - test::run_test_in_process::hc2900b0b18688dd6
[INFO] [stdout]                                at /rustc/202008a1b8de96d2e5b6bc02d379db03a877d34d/library/test/src/lib.rs:655:27
[INFO] [stdout]   31:     0x626ade064648 - test::run_test::{{closure}}::hac2a9cb07be3d48d
[INFO] [stdout]                                at /rustc/202008a1b8de96d2e5b6bc02d379db03a877d34d/library/test/src/lib.rs:576:43
[INFO] [stdout]   32:     0x626ade0280ea - test::run_test::{{closure}}::h4a5b729e66a38cd8
[INFO] [stdout]                                at /rustc/202008a1b8de96d2e5b6bc02d379db03a877d34d/library/test/src/lib.rs:606:41
[INFO] [stdout]   33:     0x626ade0280ea - std::sys::backtrace::__rust_begin_short_backtrace::h0496fb742492f573
[INFO] [stdout]                                at /rustc/202008a1b8de96d2e5b6bc02d379db03a877d34d/library/std/src/sys/backtrace.rs:154:18
[INFO] [stdout]   34:     0x626ade02ba64 - std::thread::Builder::spawn_unchecked_::{{closure}}::{{closure}}::hbb6d257c550a54bd
[INFO] [stdout]                                at /rustc/202008a1b8de96d2e5b6bc02d379db03a877d34d/library/std/src/thread/mod.rs:561:17
[INFO] [stdout]   35:     0x626ade02ba64 - <core::panic::unwind_safe::AssertUnwindSafe<F> as core::ops::function::FnOnce<()>>::call_once::h46696fe4a6832328
[INFO] [stdout]                                at /rustc/202008a1b8de96d2e5b6bc02d379db03a877d34d/library/core/src/panic/unwind_safe.rs:272:9
[INFO] [stdout]   36:     0x626ade02ba64 - std::panicking::try::do_call::h2625a51b667bfb64
[INFO] [stdout]                                at /rustc/202008a1b8de96d2e5b6bc02d379db03a877d34d/library/std/src/panicking.rs:557:40
[INFO] [stdout]   37:     0x626ade02ba64 - std::panicking::try::hb956a59a1973aa4c
[INFO] [stdout]                                at /rustc/202008a1b8de96d2e5b6bc02d379db03a877d34d/library/std/src/panicking.rs:520:19
[INFO] [stdout]   38:     0x626ade02ba64 - std::panic::catch_unwind::h64f3b9d1067ef6a0
[INFO] [stdout]                                at /rustc/202008a1b8de96d2e5b6bc02d379db03a877d34d/library/std/src/panic.rs:358:14
[INFO] [stdout]   39:     0x626ade02ba64 - std::thread::Builder::spawn_unchecked_::{{closure}}::h42b2841295b6c0b2
[INFO] [stdout]                                at /rustc/202008a1b8de96d2e5b6bc02d379db03a877d34d/library/std/src/thread/mod.rs:559:30
[INFO] [stdout]   40:     0x626ade02ba64 - core::ops::function::FnOnce::call_once{{vtable.shim}}::h6127de71b8124639
[INFO] [stdout]                                at /rustc/202008a1b8de96d2e5b6bc02d379db03a877d34d/library/core/src/ops/function.rs:250:5
[INFO] [stdout]   41:     0x626ade09e73b - <alloc::boxed::Box<F,A> as core::ops::function::FnOnce<Args>>::call_once::h42f0ba71002a1b2c
[INFO] [stdout]                                at /rustc/202008a1b8de96d2e5b6bc02d379db03a877d34d/library/alloc/src/boxed.rs:1972:9
[INFO] [stdout]   42:     0x626ade09e73b - <alloc::boxed::Box<F,A> as core::ops::function::FnOnce<Args>>::call_once::had9e47d7a3dcecb8
[INFO] [stdout]                                at /rustc/202008a1b8de96d2e5b6bc02d379db03a877d34d/library/alloc/src/boxed.rs:1972:9
[INFO] [stdout]   43:     0x626ade09e73b - std::sys::pal::unix::thread::Thread::new::thread_start::h48cf765408f6f5f2
[INFO] [stdout]                                at /rustc/202008a1b8de96d2e5b6bc02d379db03a877d34d/library/std/src/sys/pal/unix/thread.rs:105:17
[INFO] [stdout]   44:     0x71c4ce88eac3 - <unknown>
[INFO] [stdout]   45:     0x71c4ce91fa04 - clone
[INFO] [stdout]   46:                0x0 - <unknown>
[INFO] [stdout] 
[INFO] [stdout] 
[INFO] [stdout] failures:
[INFO] [stdout]     expandtest
[INFO] [stdout] 
[INFO] [stdout] test result: FAILED. 0 passed; 1 failed; 0 ignored; 0 measured; 0 filtered out; finished in 0.18s
[INFO] [stdout] 
[INFO] [stderr] error: test failed, to rerun pass `--test expandtest`
[INFO] running `Command { std: "docker" "inspect" "1fec27242d1fb6df0aa6dae5ffdabd76e727312d23a3d7af742eb88a4064adbe", kill_on_drop: false }`
[INFO] running `Command { std: "docker" "rm" "-f" "1fec27242d1fb6df0aa6dae5ffdabd76e727312d23a3d7af742eb88a4064adbe", kill_on_drop: false }`
[INFO] [stdout] 1fec27242d1fb6df0aa6dae5ffdabd76e727312d23a3d7af742eb88a4064adbe
