[INFO] fetching crate ts-macros 0.4.1...
[INFO] testing ts-macros-0.4.1 against 1.83.0 for beta-1.84.0-4-retry
[INFO] extracting crate ts-macros 0.4.1 into /workspace/builds/worker-1-tc1/source
[INFO] validating manifest of crates.io crate ts-macros 0.4.1 on toolchain 1.83.0
[INFO] running `Command { std: CARGO_HOME="/workspace/cargo-home" RUSTUP_HOME="/workspace/rustup-home" "/workspace/cargo-home/bin/cargo" "+1.83.0" "metadata" "--manifest-path" "Cargo.toml" "--no-deps", kill_on_drop: false }`
[INFO] started tweaking crates.io crate ts-macros 0.4.1
[INFO] finished tweaking crates.io crate ts-macros 0.4.1
[INFO] tweaked toml for crates.io crate ts-macros 0.4.1 written to /workspace/builds/worker-1-tc1/source/Cargo.toml
[INFO] running `Command { std: CARGO_HOME="/workspace/cargo-home" RUSTUP_HOME="/workspace/rustup-home" "/workspace/cargo-home/bin/cargo" "+1.83.0" "generate-lockfile" "--manifest-path" "Cargo.toml", kill_on_drop: false }`
[INFO] [stderr]     Updating crates.io index
[INFO] [stderr]      Locking 8 packages to latest compatible versions
[INFO] [stderr]       Adding heck v0.4.1 (available: v0.5.0)
[INFO] running `Command { std: CARGO_HOME="/workspace/cargo-home" RUSTUP_HOME="/workspace/rustup-home" "/workspace/cargo-home/bin/cargo" "+1.83.0" "fetch" "--manifest-path" "Cargo.toml", kill_on_drop: false }`
[INFO] running `Command { std: "docker" "create" "-v" "/var/lib/crater-agent-workspace/builds/worker-1-tc1/target:/opt/rustwide/target:rw,Z" "-v" "/var/lib/crater-agent-workspace/builds/worker-1-tc1/source:/opt/rustwide/workdir:ro,Z" "-v" "/var/lib/crater-agent-workspace/cargo-home:/opt/rustwide/cargo-home:ro,Z" "-v" "/var/lib/crater-agent-workspace/rustup-home:/opt/rustwide/rustup-home:ro,Z" "-e" "SOURCE_DIR=/opt/rustwide/workdir" "-e" "CARGO_TARGET_DIR=/opt/rustwide/target" "-e" "CARGO_HOME=/opt/rustwide/cargo-home" "-e" "RUSTUP_HOME=/opt/rustwide/rustup-home" "-w" "/opt/rustwide/workdir" "-m" "1610612736" "--user" "0:0" "--network" "none" "ghcr.io/rust-lang/crates-build-env/linux@sha256:f3a9d4ad9d972b27faf3965f35b62e55ba32bbce8f20bc8fe909558a86702fde" "/opt/rustwide/cargo-home/bin/cargo" "+1.83.0" "metadata" "--no-deps" "--format-version=1", kill_on_drop: false }`
[INFO] [stdout] aebd09c1a1f5a84f10b40116df47c5793f916f183f8f7e4770f40e1fb4950122
[INFO] running `Command { std: "docker" "start" "-a" "aebd09c1a1f5a84f10b40116df47c5793f916f183f8f7e4770f40e1fb4950122", kill_on_drop: false }`
[INFO] running `Command { std: "docker" "inspect" "aebd09c1a1f5a84f10b40116df47c5793f916f183f8f7e4770f40e1fb4950122", kill_on_drop: false }`
[INFO] running `Command { std: "docker" "rm" "-f" "aebd09c1a1f5a84f10b40116df47c5793f916f183f8f7e4770f40e1fb4950122", kill_on_drop: false }`
[INFO] [stdout] aebd09c1a1f5a84f10b40116df47c5793f916f183f8f7e4770f40e1fb4950122
[INFO] running `Command { std: "docker" "create" "-v" "/var/lib/crater-agent-workspace/builds/worker-1-tc1/target:/opt/rustwide/target:rw,Z" "-v" "/var/lib/crater-agent-workspace/builds/worker-1-tc1/source:/opt/rustwide/workdir:ro,Z" "-v" "/var/lib/crater-agent-workspace/cargo-home:/opt/rustwide/cargo-home:ro,Z" "-v" "/var/lib/crater-agent-workspace/rustup-home:/opt/rustwide/rustup-home:ro,Z" "-e" "SOURCE_DIR=/opt/rustwide/workdir" "-e" "CARGO_TARGET_DIR=/opt/rustwide/target" "-e" "CARGO_INCREMENTAL=0" "-e" "RUST_BACKTRACE=full" "-e" "RUSTFLAGS=--cap-lints=warn" "-e" "RUSTDOCFLAGS=--cap-lints=warn" "-e" "CARGO_HOME=/opt/rustwide/cargo-home" "-e" "RUSTUP_HOME=/opt/rustwide/rustup-home" "-w" "/opt/rustwide/workdir" "-m" "1610612736" "--user" "0:0" "--network" "none" "ghcr.io/rust-lang/crates-build-env/linux@sha256:f3a9d4ad9d972b27faf3965f35b62e55ba32bbce8f20bc8fe909558a86702fde" "/opt/rustwide/cargo-home/bin/cargo" "+1.83.0" "build" "--frozen" "--message-format=json", kill_on_drop: false }`
[INFO] [stdout] 7c4a3ea86dad06ef1b66e3164a36f9c8bda3ed442dc878f2ebf70041e3fb8539
[INFO] running `Command { std: "docker" "start" "-a" "7c4a3ea86dad06ef1b66e3164a36f9c8bda3ed442dc878f2ebf70041e3fb8539", kill_on_drop: false }`
[INFO] [stderr]    Compiling proc-macro2 v1.0.92
[INFO] [stderr]    Compiling unicode-ident v1.0.14
[INFO] [stderr]    Compiling version_check v0.9.5
[INFO] [stderr]    Compiling yansi v1.0.1
[INFO] [stderr]    Compiling heck v0.4.1
[INFO] [stderr]    Compiling proc-macro2-diagnostics v0.10.1
[INFO] [stderr]    Compiling quote v1.0.37
[INFO] [stderr]    Compiling syn v2.0.90
[INFO] [stderr]    Compiling ts-macros v0.4.1 (/opt/rustwide/workdir)
[INFO] [stderr]     Finished `dev` profile [unoptimized + debuginfo] target(s) in 5.25s
[INFO] running `Command { std: "docker" "inspect" "7c4a3ea86dad06ef1b66e3164a36f9c8bda3ed442dc878f2ebf70041e3fb8539", kill_on_drop: false }`
[INFO] running `Command { std: "docker" "rm" "-f" "7c4a3ea86dad06ef1b66e3164a36f9c8bda3ed442dc878f2ebf70041e3fb8539", kill_on_drop: false }`
[INFO] [stdout] 7c4a3ea86dad06ef1b66e3164a36f9c8bda3ed442dc878f2ebf70041e3fb8539
[INFO] running `Command { std: "docker" "create" "-v" "/var/lib/crater-agent-workspace/builds/worker-1-tc1/target:/opt/rustwide/target:rw,Z" "-v" "/var/lib/crater-agent-workspace/builds/worker-1-tc1/source:/opt/rustwide/workdir:ro,Z" "-v" "/var/lib/crater-agent-workspace/cargo-home:/opt/rustwide/cargo-home:ro,Z" "-v" "/var/lib/crater-agent-workspace/rustup-home:/opt/rustwide/rustup-home:ro,Z" "-e" "SOURCE_DIR=/opt/rustwide/workdir" "-e" "CARGO_TARGET_DIR=/opt/rustwide/target" "-e" "CARGO_INCREMENTAL=0" "-e" "RUST_BACKTRACE=full" "-e" "RUSTFLAGS=--cap-lints=warn" "-e" "RUSTDOCFLAGS=--cap-lints=warn" "-e" "CARGO_HOME=/opt/rustwide/cargo-home" "-e" "RUSTUP_HOME=/opt/rustwide/rustup-home" "-w" "/opt/rustwide/workdir" "-m" "1610612736" "--user" "0:0" "--network" "none" "ghcr.io/rust-lang/crates-build-env/linux@sha256:f3a9d4ad9d972b27faf3965f35b62e55ba32bbce8f20bc8fe909558a86702fde" "/opt/rustwide/cargo-home/bin/cargo" "+1.83.0" "test" "--frozen" "--no-run" "--message-format=json", kill_on_drop: false }`
[INFO] [stdout] a9369573f997522f3e858ca9c29d42af3c4a28400930a450d01642d431a48c53
[INFO] running `Command { std: "docker" "start" "-a" "a9369573f997522f3e858ca9c29d42af3c4a28400930a450d01642d431a48c53", kill_on_drop: false }`
[INFO] [stderr]    Compiling ts-macros v0.4.1 (/opt/rustwide/workdir)
[INFO] [stderr]     Finished `test` profile [unoptimized + debuginfo] target(s) in 0.89s
[INFO] running `Command { std: "docker" "inspect" "a9369573f997522f3e858ca9c29d42af3c4a28400930a450d01642d431a48c53", kill_on_drop: false }`
[INFO] running `Command { std: "docker" "rm" "-f" "a9369573f997522f3e858ca9c29d42af3c4a28400930a450d01642d431a48c53", kill_on_drop: false }`
[INFO] [stdout] a9369573f997522f3e858ca9c29d42af3c4a28400930a450d01642d431a48c53
[INFO] running `Command { std: "docker" "create" "-v" "/var/lib/crater-agent-workspace/builds/worker-1-tc1/target:/opt/rustwide/target:rw,Z" "-v" "/var/lib/crater-agent-workspace/builds/worker-1-tc1/source:/opt/rustwide/workdir:ro,Z" "-v" "/var/lib/crater-agent-workspace/cargo-home:/opt/rustwide/cargo-home:ro,Z" "-v" "/var/lib/crater-agent-workspace/rustup-home:/opt/rustwide/rustup-home:ro,Z" "-e" "SOURCE_DIR=/opt/rustwide/workdir" "-e" "CARGO_TARGET_DIR=/opt/rustwide/target" "-e" "CARGO_INCREMENTAL=0" "-e" "RUST_BACKTRACE=full" "-e" "RUSTFLAGS=--cap-lints=warn" "-e" "RUSTDOCFLAGS=--cap-lints=warn" "-e" "CARGO_HOME=/opt/rustwide/cargo-home" "-e" "RUSTUP_HOME=/opt/rustwide/rustup-home" "-w" "/opt/rustwide/workdir" "-m" "1610612736" "--user" "0:0" "--network" "none" "ghcr.io/rust-lang/crates-build-env/linux@sha256:f3a9d4ad9d972b27faf3965f35b62e55ba32bbce8f20bc8fe909558a86702fde" "/opt/rustwide/cargo-home/bin/cargo" "+1.83.0" "test" "--frozen", kill_on_drop: false }`
[INFO] [stdout] c3d033c2d9edb1a18aae4d5e20d0e918366550e6d4a0e41d460132956c9e1f7e
[INFO] running `Command { std: "docker" "start" "-a" "c3d033c2d9edb1a18aae4d5e20d0e918366550e6d4a0e41d460132956c9e1f7e", kill_on_drop: false }`
[INFO] [stderr]     Finished `test` profile [unoptimized + debuginfo] target(s) in 0.02s
[INFO] [stderr]      Running unittests src/lib.rs (/opt/rustwide/target/debug/deps/ts_macros-1f70628dbf2089ad)
[INFO] [stdout] 
[INFO] [stdout] running 0 tests
[INFO] [stdout] 
[INFO] [stdout] test result: ok. 0 passed; 0 failed; 0 ignored; 0 measured; 0 filtered out; finished in 0.00s
[INFO] [stdout] 
[INFO] [stderr]    Doc-tests ts_macros
[INFO] [stdout] 
[INFO] [stdout] running 2 tests
[INFO] [stdout] test src/lib.rs - query (line 26) ... FAILED
[INFO] [stdout] test src/lib.rs - query (line 12) ... FAILED
[INFO] [stdout] 
[INFO] [stdout] failures:
[INFO] [stdout] 
[INFO] [stdout] ---- src/lib.rs - query (line 26) stdout ----
[INFO] [stdout] error: associated function in `impl` without body
[INFO] [stdout]  --> src/lib.rs:32:5
[INFO] [stdout]   |
[INFO] [stdout] 8 |     pub fn query() -> &'static Query;
[INFO] [stdout]   |     ^^^^^^^^^^^^^^^^^^^^^^^^^^^^^^^^-
[INFO] [stdout]   |                                     |
[INFO] [stdout]   |                                     help: provide a definition for the function: `{ <body> }`
[INFO] [stdout] 
[INFO] [stdout] error: associated function in `impl` without body
[INFO] [stdout]  --> src/lib.rs:33:5
[INFO] [stdout]   |
[INFO] [stdout] 9 |     pub fn from(raw: u32) -> Option<Self>;
[INFO] [stdout]   |     ^^^^^^^^^^^^^^^^^^^^^^^^^^^^^^^^^^^^^-
[INFO] [stdout]   |                                          |
[INFO] [stdout]   |                                          help: provide a definition for the function: `{ <body> }`
[INFO] [stdout] 
[INFO] [stdout] error[E0412]: cannot find type `Query` in this scope
[INFO] [stdout]  --> src/lib.rs:32:32
[INFO] [stdout]   |
[INFO] [stdout] 8 |     pub fn query() -> &'static Query;
[INFO] [stdout]   |                                ^^^^^ not found in this scope
[INFO] [stdout] 
[INFO] [stdout] error: aborting due to 3 previous errors
[INFO] [stdout] 
[INFO] [stdout] For more information about this error, try `rustc --explain E0412`.
[INFO] [stdout] Couldn't compile the test.
[INFO] [stdout] ---- src/lib.rs - query (line 12) stdout ----
[INFO] [stdout] error[E0433]: failed to resolve: could not find `tree_sitter` in the list of imported crates
[INFO] [stdout]  --> src/lib.rs:15:5
[INFO] [stdout]   |
[INFO] [stdout] 6 |     MyQuery(Foo, Bar);
[INFO] [stdout]   |     ^^^^^^^ could not find `tree_sitter` in the list of imported crates
[INFO] [stdout] 
[INFO] [stdout] error[E0433]: failed to resolve: could not find `tree_sitter_python` in the list of imported crates
[INFO] [stdout]   --> src/lib.rs:14:1
[INFO] [stdout]    |
[INFO] [stdout] 5  | / ts_macros::query! {
[INFO] [stdout] 6  | |     MyQuery(Foo, Bar);
[INFO] [stdout] 7  | | (function_definition
[INFO] [stdout] 8  | |  (parameters . (string) @FOO)
[INFO] [stdout] ...  |
[INFO] [stdout] 13 | |        (parameters . (string) @BAR)))))
[INFO] [stdout] 14 | | };
[INFO] [stdout]    | |_^ could not find `tree_sitter_python` in the list of imported crates
[INFO] [stdout]    |
[INFO] [stdout]    = note: this error originates in the macro `ts_macros::query` (in Nightly builds, run with -Z macro-backtrace for more info)
[INFO] [stdout] 
[INFO] [stdout] error: aborting due to 2 previous errors
[INFO] [stdout] 
[INFO] [stdout] For more information about this error, try `rustc --explain E0433`.
[INFO] [stdout] Couldn't compile the test.
[INFO] [stdout] 
[INFO] [stdout] failures:
[INFO] [stdout]     src/lib.rs - query (line 12)
[INFO] [stdout]     src/lib.rs - query (line 26)
[INFO] [stdout] 
[INFO] [stdout] test result: FAILED. 0 passed; 2 failed; 0 ignored; 0 measured; 0 filtered out; finished in 0.12s
[INFO] [stdout] 
[INFO] [stderr] error: doctest failed, to rerun pass `--doc`
[INFO] running `Command { std: "docker" "inspect" "c3d033c2d9edb1a18aae4d5e20d0e918366550e6d4a0e41d460132956c9e1f7e", kill_on_drop: false }`
[INFO] running `Command { std: "docker" "rm" "-f" "c3d033c2d9edb1a18aae4d5e20d0e918366550e6d4a0e41d460132956c9e1f7e", kill_on_drop: false }`
[INFO] [stdout] c3d033c2d9edb1a18aae4d5e20d0e918366550e6d4a0e41d460132956c9e1f7e
