[INFO] fetching crate ts-analyzer 0.2.1...
[INFO] testing ts-analyzer-0.2.1 against beta-2024-12-08 for beta-1.84.0-4-retry
[INFO] extracting crate ts-analyzer 0.2.1 into /workspace/builds/worker-7-tc2/source
[INFO] validating manifest of crates.io crate ts-analyzer 0.2.1 on toolchain beta-2024-12-08
[INFO] running `Command { std: CARGO_HOME="/workspace/cargo-home" RUSTUP_HOME="/workspace/rustup-home" "/workspace/cargo-home/bin/cargo" "+beta-2024-12-08" "metadata" "--manifest-path" "Cargo.toml" "--no-deps", kill_on_drop: false }`
[INFO] started tweaking crates.io crate ts-analyzer 0.2.1
[INFO] finished tweaking crates.io crate ts-analyzer 0.2.1
[INFO] tweaked toml for crates.io crate ts-analyzer 0.2.1 written to /workspace/builds/worker-7-tc2/source/Cargo.toml
[INFO] crate crates.io crate ts-analyzer 0.2.1 already has a lockfile, it will not be regenerated
[INFO] running `Command { std: CARGO_HOME="/workspace/cargo-home" RUSTUP_HOME="/workspace/rustup-home" "/workspace/cargo-home/bin/cargo" "+beta-2024-12-08" "fetch" "--manifest-path" "Cargo.toml", kill_on_drop: false }`
[INFO] [stderr]     Blocking waiting for file lock on package cache
[INFO] running `Command { std: "docker" "create" "-v" "/var/lib/crater-agent-workspace/builds/worker-7-tc2/target:/opt/rustwide/target:rw,Z" "-v" "/var/lib/crater-agent-workspace/builds/worker-7-tc2/source:/opt/rustwide/workdir:ro,Z" "-v" "/var/lib/crater-agent-workspace/cargo-home:/opt/rustwide/cargo-home:ro,Z" "-v" "/var/lib/crater-agent-workspace/rustup-home:/opt/rustwide/rustup-home:ro,Z" "-e" "SOURCE_DIR=/opt/rustwide/workdir" "-e" "CARGO_TARGET_DIR=/opt/rustwide/target" "-e" "CARGO_HOME=/opt/rustwide/cargo-home" "-e" "RUSTUP_HOME=/opt/rustwide/rustup-home" "-w" "/opt/rustwide/workdir" "-m" "1610612736" "--user" "0:0" "--network" "none" "ghcr.io/rust-lang/crates-build-env/linux@sha256:f3a9d4ad9d972b27faf3965f35b62e55ba32bbce8f20bc8fe909558a86702fde" "/opt/rustwide/cargo-home/bin/cargo" "+beta-2024-12-08" "metadata" "--no-deps" "--format-version=1", kill_on_drop: false }`
[INFO] [stdout] ddeec240b80ee45e5868a452301a963733d316827a748cd28a4dc8073b783f3e
[INFO] running `Command { std: "docker" "start" "-a" "ddeec240b80ee45e5868a452301a963733d316827a748cd28a4dc8073b783f3e", kill_on_drop: false }`
[INFO] running `Command { std: "docker" "inspect" "ddeec240b80ee45e5868a452301a963733d316827a748cd28a4dc8073b783f3e", kill_on_drop: false }`
[INFO] running `Command { std: "docker" "rm" "-f" "ddeec240b80ee45e5868a452301a963733d316827a748cd28a4dc8073b783f3e", kill_on_drop: false }`
[INFO] [stdout] ddeec240b80ee45e5868a452301a963733d316827a748cd28a4dc8073b783f3e
[INFO] running `Command { std: "docker" "create" "-v" "/var/lib/crater-agent-workspace/builds/worker-7-tc2/target:/opt/rustwide/target:rw,Z" "-v" "/var/lib/crater-agent-workspace/builds/worker-7-tc2/source:/opt/rustwide/workdir:ro,Z" "-v" "/var/lib/crater-agent-workspace/cargo-home:/opt/rustwide/cargo-home:ro,Z" "-v" "/var/lib/crater-agent-workspace/rustup-home:/opt/rustwide/rustup-home:ro,Z" "-e" "SOURCE_DIR=/opt/rustwide/workdir" "-e" "CARGO_TARGET_DIR=/opt/rustwide/target" "-e" "CARGO_INCREMENTAL=0" "-e" "RUST_BACKTRACE=full" "-e" "RUSTFLAGS=--cap-lints=warn" "-e" "RUSTDOCFLAGS=--cap-lints=warn" "-e" "CARGO_HOME=/opt/rustwide/cargo-home" "-e" "RUSTUP_HOME=/opt/rustwide/rustup-home" "-w" "/opt/rustwide/workdir" "-m" "1610612736" "--user" "0:0" "--network" "none" "ghcr.io/rust-lang/crates-build-env/linux@sha256:f3a9d4ad9d972b27faf3965f35b62e55ba32bbce8f20bc8fe909558a86702fde" "/opt/rustwide/cargo-home/bin/cargo" "+beta-2024-12-08" "build" "--frozen" "--message-format=json", kill_on_drop: false }`
[INFO] [stdout] 82e68ece5debb16eeb9178c583f5b82d8a4c155694b10d76dcb194fca07ae24a
[INFO] running `Command { std: "docker" "start" "-a" "82e68ece5debb16eeb9178c583f5b82d8a4c155694b10d76dcb194fca07ae24a", kill_on_drop: false }`
[INFO] [stderr]    Compiling radium v0.7.0
[INFO] [stderr]    Compiling tap v1.0.1
[INFO] [stderr]    Compiling funty v2.0.0
[INFO] [stderr]    Compiling memmem v0.1.1
[INFO] [stderr]    Compiling wyz v0.5.1
[INFO] [stderr]    Compiling bitvec v1.0.1
[INFO] [stderr]    Compiling ts-analyzer v0.2.1 (/opt/rustwide/workdir)
[INFO] [stdout] warning: unused import: `crate::packet::payload::TSPayload`
[INFO] [stdout]  --> src/reader.rs:8:5
[INFO] [stdout]   |
[INFO] [stdout] 8 | use crate::packet::payload::TSPayload;
[INFO] [stdout]   |     ^^^^^^^^^^^^^^^^^^^^^^^^^^^^^^^^^
[INFO] [stdout]   |
[INFO] [stdout]   = note: `#[warn(unused_imports)]` on by default
[INFO] [stdout] 
[INFO] [stdout] 
[INFO] [stdout] warning: unused import: `self`
[INFO] [stdout]  --> src/reader.rs:9:39
[INFO] [stdout]   |
[INFO] [stdout] 9 | use crate::helpers::tracked_payload::{self, TrackedPayload};
[INFO] [stdout]   |                                       ^^^^
[INFO] [stdout] 
[INFO] [stdout] 
[INFO] [stdout] warning: unused imports: `Searcher` and `TwoWaySearcher`
[INFO] [stdout]   --> src/reader.rs:13:14
[INFO] [stdout]    |
[INFO] [stdout] 13 | use memmem::{Searcher, TwoWaySearcher};
[INFO] [stdout]    |              ^^^^^^^^  ^^^^^^^^^^^^^^
[INFO] [stdout] 
[INFO] [stdout] 
[INFO] [stdout] warning: unused import: `bitvec::macros::internal::funty::Fundamental`
[INFO] [stdout]   --> src/packet/header.rs:10:5
[INFO] [stdout]    |
[INFO] [stdout] 10 | use bitvec::macros::internal::funty::Fundamental;
[INFO] [stdout]    |     ^^^^^^^^^^^^^^^^^^^^^^^^^^^^^^^^^^^^^^^^^^^^
[INFO] [stdout] 
[INFO] [stdout] 
[INFO] [stdout] warning: unused import: `self`
[INFO] [stdout]  --> src/helpers/tracked_payload.rs:3:30
[INFO] [stdout]   |
[INFO] [stdout] 3 | use crate::packet::payload::{self, TSPayload};
[INFO] [stdout]   |                              ^^^^
[INFO] [stdout] 
[INFO] [stdout] 
[INFO] [stdout] warning: unused imports: `Searcher` and `TwoWaySearcher`
[INFO] [stdout]  --> src/helpers/tracked_payload.rs:8:14
[INFO] [stdout]   |
[INFO] [stdout] 8 | use memmem::{Searcher, TwoWaySearcher};
[INFO] [stdout]   |              ^^^^^^^^  ^^^^^^^^^^^^^^
[INFO] [stdout] 
[INFO] [stdout] 
[INFO] [stdout] warning: type `TransportScramblingControl` is more private than the item `TSHeader::tsc`
[INFO] [stdout]    --> src/packet/header.rs:163:5
[INFO] [stdout]     |
[INFO] [stdout] 163 |     pub fn tsc(&self) -> TransportScramblingControl {
[INFO] [stdout]     |     ^^^^^^^^^^^^^^^^^^^^^^^^^^^^^^^^^^^^^^^^^^^^^^^ method `TSHeader::tsc` is reachable at visibility `pub`
[INFO] [stdout]     |
[INFO] [stdout] note: but type `TransportScramblingControl` is only usable at visibility `pub(crate)`
[INFO] [stdout]    --> src/lib.rs:30:1
[INFO] [stdout]     |
[INFO] [stdout] 30  | enum TransportScramblingControl {
[INFO] [stdout]     | ^^^^^^^^^^^^^^^^^^^^^^^^^^^^^^^
[INFO] [stdout]     = note: `#[warn(private_interfaces)]` on by default
[INFO] [stdout] 
[INFO] [stdout] 
[INFO] [stdout] warning: type `AdaptationFieldControl` is more private than the item `TSHeader::adaptation_field_control`
[INFO] [stdout]    --> src/packet/header.rs:168:5
[INFO] [stdout]     |
[INFO] [stdout] 168 |     pub fn adaptation_field_control(&self) -> AdaptationFieldControl {
[INFO] [stdout]     |     ^^^^^^^^^^^^^^^^^^^^^^^^^^^^^^^^^^^^^^^^^^^^^^^^^^^^^^^^^^^^^^^^ method `TSHeader::adaptation_field_control` is reachable at visibility `pub`
[INFO] [stdout]     |
[INFO] [stdout] note: but type `AdaptationFieldControl` is only usable at visibility `pub(crate)`
[INFO] [stdout]    --> src/lib.rs:37:1
[INFO] [stdout]     |
[INFO] [stdout] 37  | enum AdaptationFieldControl {
[INFO] [stdout]     | ^^^^^^^^^^^^^^^^^^^^^^^^^^^
[INFO] [stdout] 
[INFO] [stdout] 
[INFO] [stdout] warning: enum `Errors` is never used
[INFO] [stdout]   --> src/lib.rs:45:6
[INFO] [stdout]    |
[INFO] [stdout] 45 | enum Errors {
[INFO] [stdout]    |      ^^^^^^
[INFO] [stdout]    |
[INFO] [stdout]    = note: `#[warn(dead_code)]` on by default
[INFO] [stdout] 
[INFO] [stdout] 
[INFO] [stdout] warning: field `filename` is never read
[INFO] [stdout]   --> src/reader.rs:18:5
[INFO] [stdout]    |
[INFO] [stdout] 16 | pub struct TSReader {
[INFO] [stdout]    |            -------- field in this struct
[INFO] [stdout] 17 |     /// Filename for the file being read. Only really used for logging.
[INFO] [stdout] 18 |     filename: String,
[INFO] [stdout]    |     ^^^^^^^^
[INFO] [stdout] 
[INFO] [stdout] 
[INFO] [stdout] warning: fields `pcr`, `opcr`, `splice_countdown`, `transport_private_data_length`, and `transport_private_data` are never read
[INFO] [stdout]   --> src/packet/adaptation_field.rs:66:5
[INFO] [stdout]    |
[INFO] [stdout] 38 | pub struct DataAdaptationField {
[INFO] [stdout]    |            ------------------- fields in this struct
[INFO] [stdout] ...
[INFO] [stdout] 66 |     pcr: Option<u64>,
[INFO] [stdout]    |     ^^^
[INFO] [stdout] ...
[INFO] [stdout] 70 |     opcr: Option<u64>,
[INFO] [stdout]    |     ^^^^
[INFO] [stdout] ...
[INFO] [stdout] 74 |     splice_countdown: Option<i8>,
[INFO] [stdout]    |     ^^^^^^^^^^^^^^^^
[INFO] [stdout] ...
[INFO] [stdout] 78 |     transport_private_data_length: Option<u8>,
[INFO] [stdout]    |     ^^^^^^^^^^^^^^^^^^^^^^^^^^^^^
[INFO] [stdout] ...
[INFO] [stdout] 83 |     transport_private_data: Option<Box<[u8]>>,
[INFO] [stdout]    |     ^^^^^^^^^^^^^^^^^^^^^^
[INFO] [stdout]    |
[INFO] [stdout]    = note: `DataAdaptationField` has derived impls for the traits `Debug` and `Clone`, but these are intentionally ignored during dead code analysis
[INFO] [stdout] 
[INFO] [stdout] 
[INFO] [stdout] warning: associated function `new` is never used
[INFO] [stdout]   --> src/helpers/tracked_payload.rs:21:12
[INFO] [stdout]    |
[INFO] [stdout] 19 | impl TrackedPayload {
[INFO] [stdout]    | ------------------- associated function in this implementation
[INFO] [stdout] 20 |     /// Create a new tracked payload
[INFO] [stdout] 21 |     pub fn new(pid: u16) -> Self {
[INFO] [stdout]    |            ^^^
[INFO] [stdout] 
[INFO] [stdout] 
[INFO] [stderr]     Finished `dev` profile [unoptimized + debuginfo] target(s) in 4.48s
[INFO] running `Command { std: "docker" "inspect" "82e68ece5debb16eeb9178c583f5b82d8a4c155694b10d76dcb194fca07ae24a", kill_on_drop: false }`
[INFO] running `Command { std: "docker" "rm" "-f" "82e68ece5debb16eeb9178c583f5b82d8a4c155694b10d76dcb194fca07ae24a", kill_on_drop: false }`
[INFO] [stdout] 82e68ece5debb16eeb9178c583f5b82d8a4c155694b10d76dcb194fca07ae24a
[INFO] running `Command { std: "docker" "create" "-v" "/var/lib/crater-agent-workspace/builds/worker-7-tc2/target:/opt/rustwide/target:rw,Z" "-v" "/var/lib/crater-agent-workspace/builds/worker-7-tc2/source:/opt/rustwide/workdir:ro,Z" "-v" "/var/lib/crater-agent-workspace/cargo-home:/opt/rustwide/cargo-home:ro,Z" "-v" "/var/lib/crater-agent-workspace/rustup-home:/opt/rustwide/rustup-home:ro,Z" "-e" "SOURCE_DIR=/opt/rustwide/workdir" "-e" "CARGO_TARGET_DIR=/opt/rustwide/target" "-e" "CARGO_INCREMENTAL=0" "-e" "RUST_BACKTRACE=full" "-e" "RUSTFLAGS=--cap-lints=warn" "-e" "RUSTDOCFLAGS=--cap-lints=warn" "-e" "CARGO_HOME=/opt/rustwide/cargo-home" "-e" "RUSTUP_HOME=/opt/rustwide/rustup-home" "-w" "/opt/rustwide/workdir" "-m" "1610612736" "--user" "0:0" "--network" "none" "ghcr.io/rust-lang/crates-build-env/linux@sha256:f3a9d4ad9d972b27faf3965f35b62e55ba32bbce8f20bc8fe909558a86702fde" "/opt/rustwide/cargo-home/bin/cargo" "+beta-2024-12-08" "test" "--frozen" "--no-run" "--message-format=json", kill_on_drop: false }`
[INFO] [stdout] 66791e017e1d9a9551d84f51f0cadd0eb7c31cb743c29605aec6b557073c4d42
[INFO] running `Command { std: "docker" "start" "-a" "66791e017e1d9a9551d84f51f0cadd0eb7c31cb743c29605aec6b557073c4d42", kill_on_drop: false }`
[INFO] [stderr]    Compiling proc-macro2 v1.0.85
[INFO] [stderr]    Compiling unicode-ident v1.0.12
[INFO] [stderr]    Compiling memchr v2.7.2
[INFO] [stderr]    Compiling regex-syntax v0.8.3
[INFO] [stderr]    Compiling cfg-if v1.0.0
[INFO] [stderr]    Compiling utf8parse v0.2.1
[INFO] [stderr]    Compiling anstyle v1.0.7
[INFO] [stderr]    Compiling anstyle-query v1.0.3
[INFO] [stderr]    Compiling colorchoice v1.0.1
[INFO] [stderr]    Compiling is_terminal_polyfill v1.70.0
[INFO] [stderr]    Compiling log v0.4.21
[INFO] [stderr]    Compiling humantime v2.1.0
[INFO] [stdout] warning: unused import: `crate::packet::payload::TSPayload`
[INFO] [stdout]  --> src/reader.rs:8:5
[INFO] [stdout]   |
[INFO] [stdout] 8 | use crate::packet::payload::TSPayload;
[INFO] [stdout]   |     ^^^^^^^^^^^^^^^^^^^^^^^^^^^^^^^^^
[INFO] [stdout]   |
[INFO] [stdout]   = note: `#[warn(unused_imports)]` on by default
[INFO] [stdout] 
[INFO] [stdout] 
[INFO] [stdout] warning: unused import: `self`
[INFO] [stdout]  --> src/reader.rs:9:39
[INFO] [stdout]   |
[INFO] [stdout] 9 | use crate::helpers::tracked_payload::{self, TrackedPayload};
[INFO] [stdout]   |                                       ^^^^
[INFO] [stdout] 
[INFO] [stdout] 
[INFO] [stdout] warning: unused imports: `Searcher` and `TwoWaySearcher`
[INFO] [stdout]   --> src/reader.rs:13:14
[INFO] [stdout]    |
[INFO] [stdout] 13 | use memmem::{Searcher, TwoWaySearcher};
[INFO] [stdout]    |              ^^^^^^^^  ^^^^^^^^^^^^^^
[INFO] [stdout] 
[INFO] [stdout] 
[INFO] [stdout] warning: unused import: `bitvec::macros::internal::funty::Fundamental`
[INFO] [stdout]   --> src/packet/header.rs:10:5
[INFO] [stdout]    |
[INFO] [stdout] 10 | use bitvec::macros::internal::funty::Fundamental;
[INFO] [stdout]    |     ^^^^^^^^^^^^^^^^^^^^^^^^^^^^^^^^^^^^^^^^^^^^
[INFO] [stdout] 
[INFO] [stdout] 
[INFO] [stdout] warning: unused import: `self`
[INFO] [stdout]  --> src/helpers/tracked_payload.rs:3:30
[INFO] [stdout]   |
[INFO] [stdout] 3 | use crate::packet::payload::{self, TSPayload};
[INFO] [stdout]   |                              ^^^^
[INFO] [stdout] 
[INFO] [stdout] 
[INFO] [stdout] warning: unused imports: `Searcher` and `TwoWaySearcher`
[INFO] [stdout]  --> src/helpers/tracked_payload.rs:8:14
[INFO] [stdout]   |
[INFO] [stdout] 8 | use memmem::{Searcher, TwoWaySearcher};
[INFO] [stdout]   |              ^^^^^^^^  ^^^^^^^^^^^^^^
[INFO] [stdout] 
[INFO] [stdout] 
[INFO] [stdout] warning: type `TransportScramblingControl` is more private than the item `TSHeader::tsc`
[INFO] [stdout]    --> src/packet/header.rs:163:5
[INFO] [stdout]     |
[INFO] [stdout] 163 |     pub fn tsc(&self) -> TransportScramblingControl {
[INFO] [stdout]     |     ^^^^^^^^^^^^^^^^^^^^^^^^^^^^^^^^^^^^^^^^^^^^^^^ method `TSHeader::tsc` is reachable at visibility `pub`
[INFO] [stdout]     |
[INFO] [stdout] note: but type `TransportScramblingControl` is only usable at visibility `pub(crate)`
[INFO] [stdout]    --> src/lib.rs:30:1
[INFO] [stdout]     |
[INFO] [stdout] 30  | enum TransportScramblingControl {
[INFO] [stdout]     | ^^^^^^^^^^^^^^^^^^^^^^^^^^^^^^^
[INFO] [stdout]     = note: `#[warn(private_interfaces)]` on by default
[INFO] [stdout] 
[INFO] [stdout] 
[INFO] [stdout] warning: type `AdaptationFieldControl` is more private than the item `TSHeader::adaptation_field_control`
[INFO] [stdout]    --> src/packet/header.rs:168:5
[INFO] [stdout]     |
[INFO] [stdout] 168 |     pub fn adaptation_field_control(&self) -> AdaptationFieldControl {
[INFO] [stdout]     |     ^^^^^^^^^^^^^^^^^^^^^^^^^^^^^^^^^^^^^^^^^^^^^^^^^^^^^^^^^^^^^^^^ method `TSHeader::adaptation_field_control` is reachable at visibility `pub`
[INFO] [stdout]     |
[INFO] [stdout] note: but type `AdaptationFieldControl` is only usable at visibility `pub(crate)`
[INFO] [stdout]    --> src/lib.rs:37:1
[INFO] [stdout]     |
[INFO] [stdout] 37  | enum AdaptationFieldControl {
[INFO] [stdout]     | ^^^^^^^^^^^^^^^^^^^^^^^^^^^
[INFO] [stdout] 
[INFO] [stdout] 
[INFO] [stdout] warning: enum `Errors` is never used
[INFO] [stdout]   --> src/lib.rs:45:6
[INFO] [stdout]    |
[INFO] [stdout] 45 | enum Errors {
[INFO] [stdout]    |      ^^^^^^
[INFO] [stdout]    |
[INFO] [stdout]    = note: `#[warn(dead_code)]` on by default
[INFO] [stdout] 
[INFO] [stdout] 
[INFO] [stdout] warning: field `filename` is never read
[INFO] [stdout]   --> src/reader.rs:18:5
[INFO] [stdout]    |
[INFO] [stdout] 16 | pub struct TSReader {
[INFO] [stdout]    |            -------- field in this struct
[INFO] [stdout] 17 |     /// Filename for the file being read. Only really used for logging.
[INFO] [stdout] 18 |     filename: String,
[INFO] [stdout]    |     ^^^^^^^^
[INFO] [stdout] 
[INFO] [stdout] 
[INFO] [stdout] warning: fields `pcr`, `opcr`, `splice_countdown`, `transport_private_data_length`, and `transport_private_data` are never read
[INFO] [stdout]   --> src/packet/adaptation_field.rs:66:5
[INFO] [stdout]    |
[INFO] [stdout] 38 | pub struct DataAdaptationField {
[INFO] [stdout]    |            ------------------- fields in this struct
[INFO] [stdout] ...
[INFO] [stdout] 66 |     pcr: Option<u64>,
[INFO] [stdout]    |     ^^^
[INFO] [stdout] ...
[INFO] [stdout] 70 |     opcr: Option<u64>,
[INFO] [stdout]    |     ^^^^
[INFO] [stdout] ...
[INFO] [stdout] 74 |     splice_countdown: Option<i8>,
[INFO] [stdout]    |     ^^^^^^^^^^^^^^^^
[INFO] [stdout] ...
[INFO] [stdout] 78 |     transport_private_data_length: Option<u8>,
[INFO] [stdout]    |     ^^^^^^^^^^^^^^^^^^^^^^^^^^^^^
[INFO] [stdout] ...
[INFO] [stdout] 83 |     transport_private_data: Option<Box<[u8]>>,
[INFO] [stdout]    |     ^^^^^^^^^^^^^^^^^^^^^^
[INFO] [stdout]    |
[INFO] [stdout]    = note: `DataAdaptationField` has derived impls for the traits `Debug` and `Clone`, but these are intentionally ignored during dead code analysis
[INFO] [stdout] 
[INFO] [stdout] 
[INFO] [stdout] warning: associated function `new` is never used
[INFO] [stdout]   --> src/helpers/tracked_payload.rs:21:12
[INFO] [stdout]    |
[INFO] [stdout] 19 | impl TrackedPayload {
[INFO] [stdout]    | ------------------- associated function in this implementation
[INFO] [stdout] 20 |     /// Create a new tracked payload
[INFO] [stdout] 21 |     pub fn new(pid: u16) -> Self {
[INFO] [stdout]    |            ^^^
[INFO] [stdout] 
[INFO] [stdout] 
[INFO] [stderr]    Compiling anstyle-parse v0.2.4
[INFO] [stderr]    Compiling anstream v0.6.14
[INFO] [stderr]    Compiling aho-corasick v1.1.3
[INFO] [stderr]    Compiling quote v1.0.36
[INFO] [stderr]    Compiling syn v2.0.66
[INFO] [stderr]    Compiling regex-automata v0.4.6
[INFO] [stderr]    Compiling regex v1.10.4
[INFO] [stderr]    Compiling env_filter v0.1.0
[INFO] [stderr]    Compiling env_logger v0.11.3
[INFO] [stderr]    Compiling test-case-core v3.3.1
[INFO] [stderr]    Compiling test-case-macros v3.3.1
[INFO] [stderr]    Compiling test-case v3.3.1
[INFO] [stderr]    Compiling ts-analyzer v0.2.1 (/opt/rustwide/workdir)
[INFO] [stdout] warning: unused import: `error::Error`
[INFO] [stdout]  --> examples/klv_payload.rs:3:16
[INFO] [stdout]   |
[INFO] [stdout] 3 | use std::{env, error::Error};
[INFO] [stdout]   |                ^^^^^^^^^^^^
[INFO] [stdout]   |
[INFO] [stdout]   = note: `#[warn(unused_imports)]` on by default
[INFO] [stdout] 
[INFO] [stdout] 
[INFO] [stdout] warning: unused import: `crate::packet::payload::TSPayload`
[INFO] [stdout]  --> src/reader.rs:8:5
[INFO] [stdout]   |
[INFO] [stdout] 8 | use crate::packet::payload::TSPayload;
[INFO] [stdout]   |     ^^^^^^^^^^^^^^^^^^^^^^^^^^^^^^^^^
[INFO] [stdout]   |
[INFO] [stdout]   = note: `#[warn(unused_imports)]` on by default
[INFO] [stdout] 
[INFO] [stdout] 
[INFO] [stdout] warning: unused import: `self`
[INFO] [stdout]  --> src/reader.rs:9:39
[INFO] [stdout]   |
[INFO] [stdout] 9 | use crate::helpers::tracked_payload::{self, TrackedPayload};
[INFO] [stdout]   |                                       ^^^^
[INFO] [stdout] 
[INFO] [stdout] 
[INFO] [stdout] warning: unused imports: `Searcher` and `TwoWaySearcher`
[INFO] [stdout]   --> src/reader.rs:13:14
[INFO] [stdout]    |
[INFO] [stdout] 13 | use memmem::{Searcher, TwoWaySearcher};
[INFO] [stdout]    |              ^^^^^^^^  ^^^^^^^^^^^^^^
[INFO] [stdout] 
[INFO] [stdout] 
[INFO] [stdout] warning: unused import: `bitvec::macros::internal::funty::Fundamental`
[INFO] [stdout]   --> src/packet/header.rs:10:5
[INFO] [stdout]    |
[INFO] [stdout] 10 | use bitvec::macros::internal::funty::Fundamental;
[INFO] [stdout]    |     ^^^^^^^^^^^^^^^^^^^^^^^^^^^^^^^^^^^^^^^^^^^^
[INFO] [stdout] 
[INFO] [stdout] 
[INFO] [stdout] warning: unused import: `test_case::test_case`
[INFO] [stdout]    --> src/packet/header.rs:221:9
[INFO] [stdout]     |
[INFO] [stdout] 221 |     use test_case::test_case;
[INFO] [stdout]     |         ^^^^^^^^^^^^^^^^^^^^
[INFO] [stdout] 
[INFO] [stdout] 
[INFO] [stdout] warning: unused import: `self`
[INFO] [stdout]  --> src/helpers/tracked_payload.rs:3:30
[INFO] [stdout]   |
[INFO] [stdout] 3 | use crate::packet::payload::{self, TSPayload};
[INFO] [stdout]   |                              ^^^^
[INFO] [stdout] 
[INFO] [stdout] 
[INFO] [stdout] warning: unused imports: `Searcher` and `TwoWaySearcher`
[INFO] [stdout]  --> src/helpers/tracked_payload.rs:8:14
[INFO] [stdout]   |
[INFO] [stdout] 8 | use memmem::{Searcher, TwoWaySearcher};
[INFO] [stdout]   |              ^^^^^^^^  ^^^^^^^^^^^^^^
[INFO] [stdout] 
[INFO] [stdout] 
[INFO] [stdout] warning: type `TransportScramblingControl` is more private than the item `header::TSHeader::tsc`
[INFO] [stdout]    --> src/packet/header.rs:163:5
[INFO] [stdout]     |
[INFO] [stdout] 163 |     pub fn tsc(&self) -> TransportScramblingControl {
[INFO] [stdout]     |     ^^^^^^^^^^^^^^^^^^^^^^^^^^^^^^^^^^^^^^^^^^^^^^^ method `header::TSHeader::tsc` is reachable at visibility `pub`
[INFO] [stdout]     |
[INFO] [stdout] note: but type `TransportScramblingControl` is only usable at visibility `pub(crate)`
[INFO] [stdout]    --> src/lib.rs:30:1
[INFO] [stdout]     |
[INFO] [stdout] 30  | enum TransportScramblingControl {
[INFO] [stdout]     | ^^^^^^^^^^^^^^^^^^^^^^^^^^^^^^^
[INFO] [stdout]     = note: `#[warn(private_interfaces)]` on by default
[INFO] [stdout] 
[INFO] [stdout] 
[INFO] [stdout] warning: type `AdaptationFieldControl` is more private than the item `header::TSHeader::adaptation_field_control`
[INFO] [stdout]    --> src/packet/header.rs:168:5
[INFO] [stdout]     |
[INFO] [stdout] 168 |     pub fn adaptation_field_control(&self) -> AdaptationFieldControl {
[INFO] [stdout]     |     ^^^^^^^^^^^^^^^^^^^^^^^^^^^^^^^^^^^^^^^^^^^^^^^^^^^^^^^^^^^^^^^^ method `header::TSHeader::adaptation_field_control` is reachable at visibility `pub`
[INFO] [stdout]     |
[INFO] [stdout] note: but type `AdaptationFieldControl` is only usable at visibility `pub(crate)`
[INFO] [stdout]    --> src/lib.rs:37:1
[INFO] [stdout]     |
[INFO] [stdout] 37  | enum AdaptationFieldControl {
[INFO] [stdout]     | ^^^^^^^^^^^^^^^^^^^^^^^^^^^
[INFO] [stdout] 
[INFO] [stdout] 
[INFO] [stdout] warning: enum `Errors` is never used
[INFO] [stdout]   --> src/lib.rs:45:6
[INFO] [stdout]    |
[INFO] [stdout] 45 | enum Errors {
[INFO] [stdout]    |      ^^^^^^
[INFO] [stdout]    |
[INFO] [stdout]    = note: `#[warn(dead_code)]` on by default
[INFO] [stdout] 
[INFO] [stdout] 
[INFO] [stdout] warning: field `filename` is never read
[INFO] [stdout]   --> src/reader.rs:18:5
[INFO] [stdout]    |
[INFO] [stdout] 16 | pub struct TSReader {
[INFO] [stdout]    |            -------- field in this struct
[INFO] [stdout] 17 |     /// Filename for the file being read. Only really used for logging.
[INFO] [stdout] 18 |     filename: String,
[INFO] [stdout]    |     ^^^^^^^^
[INFO] [stdout] 
[INFO] [stdout] 
[INFO] [stdout] warning: fields `pcr`, `opcr`, `splice_countdown`, `transport_private_data_length`, and `transport_private_data` are never read
[INFO] [stdout]   --> src/packet/adaptation_field.rs:66:5
[INFO] [stdout]    |
[INFO] [stdout] 38 | pub struct DataAdaptationField {
[INFO] [stdout]    |            ------------------- fields in this struct
[INFO] [stdout] ...
[INFO] [stdout] 66 |     pcr: Option<u64>,
[INFO] [stdout]    |     ^^^
[INFO] [stdout] ...
[INFO] [stdout] 70 |     opcr: Option<u64>,
[INFO] [stdout]    |     ^^^^
[INFO] [stdout] ...
[INFO] [stdout] 74 |     splice_countdown: Option<i8>,
[INFO] [stdout]    |     ^^^^^^^^^^^^^^^^
[INFO] [stdout] ...
[INFO] [stdout] 78 |     transport_private_data_length: Option<u8>,
[INFO] [stdout]    |     ^^^^^^^^^^^^^^^^^^^^^^^^^^^^^
[INFO] [stdout] ...
[INFO] [stdout] 83 |     transport_private_data: Option<Box<[u8]>>,
[INFO] [stdout]    |     ^^^^^^^^^^^^^^^^^^^^^^
[INFO] [stdout]    |
[INFO] [stdout]    = note: `DataAdaptationField` has derived impls for the traits `Debug` and `Clone`, but these are intentionally ignored during dead code analysis
[INFO] [stdout] 
[INFO] [stdout] 
[INFO] [stderr]     Finished `test` profile [unoptimized + debuginfo] target(s) in 16.30s
[INFO] running `Command { std: "docker" "inspect" "66791e017e1d9a9551d84f51f0cadd0eb7c31cb743c29605aec6b557073c4d42", kill_on_drop: false }`
[INFO] running `Command { std: "docker" "rm" "-f" "66791e017e1d9a9551d84f51f0cadd0eb7c31cb743c29605aec6b557073c4d42", kill_on_drop: false }`
[INFO] [stdout] 66791e017e1d9a9551d84f51f0cadd0eb7c31cb743c29605aec6b557073c4d42
[INFO] running `Command { std: "docker" "create" "-v" "/var/lib/crater-agent-workspace/builds/worker-7-tc2/target:/opt/rustwide/target:rw,Z" "-v" "/var/lib/crater-agent-workspace/builds/worker-7-tc2/source:/opt/rustwide/workdir:ro,Z" "-v" "/var/lib/crater-agent-workspace/cargo-home:/opt/rustwide/cargo-home:ro,Z" "-v" "/var/lib/crater-agent-workspace/rustup-home:/opt/rustwide/rustup-home:ro,Z" "-e" "SOURCE_DIR=/opt/rustwide/workdir" "-e" "CARGO_TARGET_DIR=/opt/rustwide/target" "-e" "CARGO_INCREMENTAL=0" "-e" "RUST_BACKTRACE=full" "-e" "RUSTFLAGS=--cap-lints=warn" "-e" "RUSTDOCFLAGS=--cap-lints=warn" "-e" "CARGO_HOME=/opt/rustwide/cargo-home" "-e" "RUSTUP_HOME=/opt/rustwide/rustup-home" "-w" "/opt/rustwide/workdir" "-m" "1610612736" "--user" "0:0" "--network" "none" "ghcr.io/rust-lang/crates-build-env/linux@sha256:f3a9d4ad9d972b27faf3965f35b62e55ba32bbce8f20bc8fe909558a86702fde" "/opt/rustwide/cargo-home/bin/cargo" "+beta-2024-12-08" "test" "--frozen", kill_on_drop: false }`
[INFO] [stdout] 305d55659026bdda10503f9418021bded1f909ba96ca1c305b92c3d3be6953b2
[INFO] running `Command { std: "docker" "start" "-a" "305d55659026bdda10503f9418021bded1f909ba96ca1c305b92c3d3be6953b2", kill_on_drop: false }`
[INFO] [stderr] warning: unused import: `crate::packet::payload::TSPayload`
[INFO] [stderr]  --> src/reader.rs:8:5
[INFO] [stderr]   |
[INFO] [stderr] 8 | use crate::packet::payload::TSPayload;
[INFO] [stderr]   |     ^^^^^^^^^^^^^^^^^^^^^^^^^^^^^^^^^
[INFO] [stderr]   |
[INFO] [stderr]   = note: `#[warn(unused_imports)]` on by default
[INFO] [stderr] 
[INFO] [stderr] warning: unused import: `self`
[INFO] [stderr]  --> src/reader.rs:9:39
[INFO] [stderr]   |
[INFO] [stderr] 9 | use crate::helpers::tracked_payload::{self, TrackedPayload};
[INFO] [stderr]   |                                       ^^^^
[INFO] [stderr] 
[INFO] [stderr] warning: unused imports: `Searcher` and `TwoWaySearcher`
[INFO] [stderr]   --> src/reader.rs:13:14
[INFO] [stderr]    |
[INFO] [stderr] 13 | use memmem::{Searcher, TwoWaySearcher};
[INFO] [stderr]    |              ^^^^^^^^  ^^^^^^^^^^^^^^
[INFO] [stderr] 
[INFO] [stderr] warning: unused import: `bitvec::macros::internal::funty::Fundamental`
[INFO] [stderr]   --> src/packet/header.rs:10:5
[INFO] [stderr]    |
[INFO] [stderr] 10 | use bitvec::macros::internal::funty::Fundamental;
[INFO] [stderr]    |     ^^^^^^^^^^^^^^^^^^^^^^^^^^^^^^^^^^^^^^^^^^^^
[INFO] [stderr] 
[INFO] [stderr] warning: unused import: `self`
[INFO] [stderr]  --> src/helpers/tracked_payload.rs:3:30
[INFO] [stderr]   |
[INFO] [stderr] 3 | use crate::packet::payload::{self, TSPayload};
[INFO] [stderr]   |                              ^^^^
[INFO] [stderr] 
[INFO] [stderr] warning: unused imports: `Searcher` and `TwoWaySearcher`
[INFO] [stderr]  --> src/helpers/tracked_payload.rs:8:14
[INFO] [stderr]   |
[INFO] [stderr] 8 | use memmem::{Searcher, TwoWaySearcher};
[INFO] [stderr]   |              ^^^^^^^^  ^^^^^^^^^^^^^^
[INFO] [stderr] 
[INFO] [stderr] warning: type `TransportScramblingControl` is more private than the item `TSHeader::tsc`
[INFO] [stderr]    --> src/packet/header.rs:163:5
[INFO] [stderr]     |
[INFO] [stderr] 163 |     pub fn tsc(&self) -> TransportScramblingControl {
[INFO] [stderr]     |     ^^^^^^^^^^^^^^^^^^^^^^^^^^^^^^^^^^^^^^^^^^^^^^^ method `TSHeader::tsc` is reachable at visibility `pub`
[INFO] [stderr]     |
[INFO] [stderr] note: but type `TransportScramblingControl` is only usable at visibility `pub(crate)`
[INFO] [stderr]    --> src/lib.rs:30:1
[INFO] [stderr]     |
[INFO] [stderr] 30  | enum TransportScramblingControl {
[INFO] [stderr]     | ^^^^^^^^^^^^^^^^^^^^^^^^^^^^^^^
[INFO] [stderr]     = note: `#[warn(private_interfaces)]` on by default
[INFO] [stderr] 
[INFO] [stderr] warning: type `AdaptationFieldControl` is more private than the item `TSHeader::adaptation_field_control`
[INFO] [stderr]    --> src/packet/header.rs:168:5
[INFO] [stderr]     |
[INFO] [stderr] 168 |     pub fn adaptation_field_control(&self) -> AdaptationFieldControl {
[INFO] [stderr]     |     ^^^^^^^^^^^^^^^^^^^^^^^^^^^^^^^^^^^^^^^^^^^^^^^^^^^^^^^^^^^^^^^^ method `TSHeader::adaptation_field_control` is reachable at visibility `pub`
[INFO] [stderr]     |
[INFO] [stderr] note: but type `AdaptationFieldControl` is only usable at visibility `pub(crate)`
[INFO] [stderr]    --> src/lib.rs:37:1
[INFO] [stderr]     |
[INFO] [stderr] 37  | enum AdaptationFieldControl {
[INFO] [stderr]     | ^^^^^^^^^^^^^^^^^^^^^^^^^^^
[INFO] [stderr] 
[INFO] [stderr] warning: enum `Errors` is never used
[INFO] [stderr]   --> src/lib.rs:45:6
[INFO] [stderr]    |
[INFO] [stderr] 45 | enum Errors {
[INFO] [stderr]    |      ^^^^^^
[INFO] [stderr]    |
[INFO] [stderr]    = note: `#[warn(dead_code)]` on by default
[INFO] [stderr] 
[INFO] [stderr] warning: field `filename` is never read
[INFO] [stderr]   --> src/reader.rs:18:5
[INFO] [stderr]    |
[INFO] [stderr] 16 | pub struct TSReader {
[INFO] [stderr]    |            -------- field in this struct
[INFO] [stderr] 17 |     /// Filename for the file being read. Only really used for logging.
[INFO] [stderr] 18 |     filename: String,
[INFO] [stderr]    |     ^^^^^^^^
[INFO] [stderr] 
[INFO] [stderr] warning: fields `pcr`, `opcr`, `splice_countdown`, `transport_private_data_length`, and `transport_private_data` are never read
[INFO] [stderr]   --> src/packet/adaptation_field.rs:66:5
[INFO] [stderr]    |
[INFO] [stderr] 38 | pub struct DataAdaptationField {
[INFO] [stderr]    |            ------------------- fields in this struct
[INFO] [stderr] ...
[INFO] [stderr] 66 |     pcr: Option<u64>,
[INFO] [stderr]    |     ^^^
[INFO] [stderr] ...
[INFO] [stderr] 70 |     opcr: Option<u64>,
[INFO] [stderr]    |     ^^^^
[INFO] [stderr] ...
[INFO] [stderr] 74 |     splice_countdown: Option<i8>,
[INFO] [stderr]    |     ^^^^^^^^^^^^^^^^
[INFO] [stderr] ...
[INFO] [stderr] 78 |     transport_private_data_length: Option<u8>,
[INFO] [stderr]    |     ^^^^^^^^^^^^^^^^^^^^^^^^^^^^^
[INFO] [stderr] ...
[INFO] [stderr] 83 |     transport_private_data: Option<Box<[u8]>>,
[INFO] [stderr]    |     ^^^^^^^^^^^^^^^^^^^^^^
[INFO] [stderr]    |
[INFO] [stderr]    = note: `DataAdaptationField` has derived impls for the traits `Debug` and `Clone`, but these are intentionally ignored during dead code analysis
[INFO] [stderr] 
[INFO] [stderr] warning: associated function `new` is never used
[INFO] [stderr]   --> src/helpers/tracked_payload.rs:21:12
[INFO] [stderr]    |
[INFO] [stderr] 19 | impl TrackedPayload {
[INFO] [stderr]    | ------------------- associated function in this implementation
[INFO] [stderr] 20 |     /// Create a new tracked payload
[INFO] [stderr] 21 |     pub fn new(pid: u16) -> Self {
[INFO] [stderr]    |            ^^^
[INFO] [stderr] 
[INFO] [stderr] warning: `ts-analyzer` (lib) generated 12 warnings (run `cargo fix --lib -p ts-analyzer` to apply 6 suggestions)
[INFO] [stderr] warning: unused import: `error::Error`
[INFO] [stderr]  --> examples/klv_payload.rs:3:16
[INFO] [stderr]   |
[INFO] [stderr] 3 | use std::{env, error::Error};
[INFO] [stderr]   |                ^^^^^^^^^^^^
[INFO] [stderr]   |
[INFO] [stderr]   = note: `#[warn(unused_imports)]` on by default
[INFO] [stderr] 
[INFO] [stderr] warning: unused import: `test_case::test_case`
[INFO] [stderr]    --> src/packet/header.rs:221:9
[INFO] [stderr]     |
[INFO] [stderr] 221 |     use test_case::test_case;
[INFO] [stderr]     |         ^^^^^^^^^^^^^^^^^^^^
[INFO] [stderr] 
[INFO] [stderr] warning: type `TransportScramblingControl` is more private than the item `header::TSHeader::tsc`
[INFO] [stderr]    --> src/packet/header.rs:163:5
[INFO] [stderr]     |
[INFO] [stderr] 163 |     pub fn tsc(&self) -> TransportScramblingControl {
[INFO] [stderr]     |     ^^^^^^^^^^^^^^^^^^^^^^^^^^^^^^^^^^^^^^^^^^^^^^^ method `header::TSHeader::tsc` is reachable at visibility `pub`
[INFO] [stderr]     |
[INFO] [stderr] note: but type `TransportScramblingControl` is only usable at visibility `pub(crate)`
[INFO] [stderr]    --> src/lib.rs:30:1
[INFO] [stderr]     |
[INFO] [stderr] 30  | enum TransportScramblingControl {
[INFO] [stderr]     | ^^^^^^^^^^^^^^^^^^^^^^^^^^^^^^^
[INFO] [stderr]     = note: `#[warn(private_interfaces)]` on by default
[INFO] [stderr] 
[INFO] [stderr] warning: type `AdaptationFieldControl` is more private than the item `header::TSHeader::adaptation_field_control`
[INFO] [stderr]    --> src/packet/header.rs:168:5
[INFO] [stderr]     |
[INFO] [stderr] 168 |     pub fn adaptation_field_control(&self) -> AdaptationFieldControl {
[INFO] [stderr]     |     ^^^^^^^^^^^^^^^^^^^^^^^^^^^^^^^^^^^^^^^^^^^^^^^^^^^^^^^^^^^^^^^^ method `header::TSHeader::adaptation_field_control` is reachable at visibility `pub`
[INFO] [stderr]     |
[INFO] [stderr] note: but type `AdaptationFieldControl` is only usable at visibility `pub(crate)`
[INFO] [stderr]    --> src/lib.rs:37:1
[INFO] [stderr]     |
[INFO] [stderr] 37  | enum AdaptationFieldControl {
[INFO] [stderr]     | ^^^^^^^^^^^^^^^^^^^^^^^^^^^
[INFO] [stderr] 
[INFO] [stderr] warning: `ts-analyzer` (example "klv_payload") generated 1 warning (run `cargo fix --example "klv_payload"` to apply 1 suggestion)
[INFO] [stderr] warning: `ts-analyzer` (lib test) generated 12 warnings (9 duplicates) (run `cargo fix --lib -p ts-analyzer --tests` to apply 1 suggestion)
[INFO] [stderr]     Finished `test` profile [unoptimized + debuginfo] target(s) in 0.05s
[INFO] [stderr]      Running unittests src/lib.rs (/opt/rustwide/target/debug/deps/ts_analyzer-bdcc3c021e455566)
[INFO] [stdout] 
[INFO] [stdout] running 16 tests
[INFO] [stdout] test helpers::tracked_payload::tests::add_one::payload_contains_start ... ok
[INFO] [stdout] test helpers::tracked_payload::tests::get_completed_3_packet ... ok
[INFO] [stdout] test helpers::tracked_payload::tests::add_one::payload_does_not_contain_start ... ok
[INFO] [stdout] test packet::payload::tests::get_current_data::payload_does_not_contain_start ... ok
[INFO] [stdout] test packet::payload::tests::get_current_data::payload_contains_start ... ok
[INFO] [stdout] test packet::header::tests::from_bytes ... ok
[INFO] [stdout] test packet::header::tests::from_bytes2 ... ok
[INFO] [stdout] test packet::payload::tests::is_start::payload_contains_start ... ok
[INFO] [stdout] test packet::payload::tests::get_start_data::payload_contains_start ... ok
[INFO] [stdout] test packet::payload::tests::from_bytes::payload_contains_start ... ok
[INFO] [stdout] test packet::payload::tests::is_start::payload_does_not_contain_start ... ok
[INFO] [stdout] test packet::payload::tests::from_bytes::payload_does_not_contain_start ... ok
[INFO] [stdout] test packet::payload::tests::get_start_data::payload_does_not_contain_start ... ok
[INFO] [stdout] test helpers::tracked_payload::tests::get_completed_2_packet ... ok
[INFO] [stdout] test packet::tests::from_bytes::packet_2_expects ... ok
[INFO] [stdout] test packet::tests::from_bytes::packet_1_expects ... FAILED
[INFO] [stdout] 
[INFO] [stdout] failures:
[INFO] [stdout] 
[INFO] [stdout] ---- packet::tests::from_bytes::packet_1_expects stdout ----
[INFO] [stdout] thread 'packet::tests::from_bytes::packet_1_expects' panicked at src/packet.rs:197:9:
[INFO] [stdout] First payload bytes are incorrect: [00, 01, FC, 01]
[INFO] [stdout] stack backtrace:
[INFO] [stdout]    0:     0x62a9cacbc24a - std::backtrace_rs::backtrace::libunwind::trace::h8810477743020387
[INFO] [stdout]                                at /rustc/202008a1b8de96d2e5b6bc02d379db03a877d34d/library/std/src/../../backtrace/src/backtrace/libunwind.rs:116:5
[INFO] [stdout]    1:     0x62a9cacbc24a - std::backtrace_rs::backtrace::trace_unsynchronized::h3aa55355dd6c54a6
[INFO] [stdout]                                at /rustc/202008a1b8de96d2e5b6bc02d379db03a877d34d/library/std/src/../../backtrace/src/backtrace/mod.rs:66:5
[INFO] [stdout]    2:     0x62a9cacbc24a - std::sys::backtrace::_print_fmt::h8588b0f62410823f
[INFO] [stdout]                                at /rustc/202008a1b8de96d2e5b6bc02d379db03a877d34d/library/std/src/sys/backtrace.rs:66:9
[INFO] [stdout]    3:     0x62a9cacbc24a - <std::sys::backtrace::BacktraceLock::print::DisplayBacktrace as core::fmt::Display>::fmt::h98c26ac25ffe89bb
[INFO] [stdout]                                at /rustc/202008a1b8de96d2e5b6bc02d379db03a877d34d/library/std/src/sys/backtrace.rs:39:26
[INFO] [stdout]    4:     0x62a9cace1d03 - core::fmt::rt::Argument::fmt::hf95377f4aebd453b
[INFO] [stdout]                                at /rustc/202008a1b8de96d2e5b6bc02d379db03a877d34d/library/core/src/fmt/rt.rs:177:76
[INFO] [stdout]    5:     0x62a9cace1d03 - core::fmt::write::h0dd5f6e2238c7982
[INFO] [stdout]                                at /rustc/202008a1b8de96d2e5b6bc02d379db03a877d34d/library/core/src/fmt/mod.rs:1189:21
[INFO] [stdout]    6:     0x62a9cacb93e3 - std::io::Write::write_fmt::h03bb0ca26e6faf8c
[INFO] [stdout]                                at /rustc/202008a1b8de96d2e5b6bc02d379db03a877d34d/library/std/src/io/mod.rs:1884:15
[INFO] [stdout]    7:     0x62a9cacbc092 - std::sys::backtrace::BacktraceLock::print::h5c19c1c038ee186d
[INFO] [stdout]                                at /rustc/202008a1b8de96d2e5b6bc02d379db03a877d34d/library/std/src/sys/backtrace.rs:42:9
[INFO] [stdout]    8:     0x62a9cacbd6cd - std::panicking::default_hook::{{closure}}::h77172f079a1fcb13
[INFO] [stdout]                                at /rustc/202008a1b8de96d2e5b6bc02d379db03a877d34d/library/std/src/panicking.rs:268:22
[INFO] [stdout]    9:     0x62a9cacbd4d7 - std::panicking::default_hook::he5f8e3b203ccddba
[INFO] [stdout]                                at /rustc/202008a1b8de96d2e5b6bc02d379db03a877d34d/library/std/src/panicking.rs:292:9
[INFO] [stdout]   10:     0x62a9cac86b07 - <alloc::boxed::Box<F,A> as core::ops::function::Fn<Args>>::call::h7a3c7b4a1ae77f2f
[INFO] [stdout]                                at /rustc/202008a1b8de96d2e5b6bc02d379db03a877d34d/library/alloc/src/boxed.rs:1986:9
[INFO] [stdout]   11:     0x62a9cac86b07 - test::test_main::{{closure}}::hf0d3b69ae9b353d1
[INFO] [stdout]                                at /rustc/202008a1b8de96d2e5b6bc02d379db03a877d34d/library/test/src/lib.rs:134:21
[INFO] [stdout]   12:     0x62a9cacbdd78 - <alloc::boxed::Box<F,A> as core::ops::function::Fn<Args>>::call::h6332e82e7b189abd
[INFO] [stdout]                                at /rustc/202008a1b8de96d2e5b6bc02d379db03a877d34d/library/alloc/src/boxed.rs:1986:9
[INFO] [stdout]   13:     0x62a9cacbdd78 - std::panicking::rust_panic_with_hook::h53863d4e9018df39
[INFO] [stdout]                                at /rustc/202008a1b8de96d2e5b6bc02d379db03a877d34d/library/std/src/panicking.rs:809:13
[INFO] [stdout]   14:     0x62a9cacbdb3a - std::panicking::begin_panic_handler::{{closure}}::h67280e6fa0757873
[INFO] [stdout]                                at /rustc/202008a1b8de96d2e5b6bc02d379db03a877d34d/library/std/src/panicking.rs:674:13
[INFO] [stdout]   15:     0x62a9cacbc729 - std::sys::backtrace::__rust_end_short_backtrace::h1dac3f54d6fbbeb2
[INFO] [stdout]                                at /rustc/202008a1b8de96d2e5b6bc02d379db03a877d34d/library/std/src/sys/backtrace.rs:170:18
[INFO] [stdout]   16:     0x62a9cacbd7cc - rust_begin_unwind
[INFO] [stdout]                                at /rustc/202008a1b8de96d2e5b6bc02d379db03a877d34d/library/std/src/panicking.rs:665:5
[INFO] [stdout]   17:     0x62a9cac30a90 - core::panicking::panic_fmt::h6792bd1b2bf01041
[INFO] [stdout]                                at /rustc/202008a1b8de96d2e5b6bc02d379db03a877d34d/library/core/src/panicking.rs:76:14
[INFO] [stdout]   18:     0x62a9cac44cff - ts_analyzer::packet::tests::from_bytes::hf1713c986ff6a54d
[INFO] [stdout]                                at /opt/rustwide/workdir/src/packet.rs:197:9
[INFO] [stdout]   19:     0x62a9cac380ed - ts_analyzer::packet::tests::from_bytes::packet_1_expects::h685dda2c18bb6e5d
[INFO] [stdout]                                at /opt/rustwide/workdir/src/packet.rs:188:5
[INFO] [stdout]   20:     0x62a9cac380c7 - ts_analyzer::packet::tests::from_bytes::packet_1_expects::{{closure}}::h8f5ae54b17fbc8a6
[INFO] [stdout]                                at /opt/rustwide/workdir/src/packet.rs:188:27
[INFO] [stdout]   21:     0x62a9cac396b6 - core::ops::function::FnOnce::call_once::h2a2d0a5073f8f525
[INFO] [stdout]                                at /rustc/202008a1b8de96d2e5b6bc02d379db03a877d34d/library/core/src/ops/function.rs:250:5
[INFO] [stdout]   22:     0x62a9cac8b62b - core::ops::function::FnOnce::call_once::h871bf86719ec9aa4
[INFO] [stdout]                                at /rustc/202008a1b8de96d2e5b6bc02d379db03a877d34d/library/core/src/ops/function.rs:250:5
[INFO] [stdout]   23:     0x62a9cac8b62b - test::__rust_begin_short_backtrace::h2167df1e2b7d76fd
[INFO] [stdout]                                at /rustc/202008a1b8de96d2e5b6bc02d379db03a877d34d/library/test/src/lib.rs:632:18
[INFO] [stdout]   24:     0x62a9cac8b018 - test::run_test_in_process::{{closure}}::h15d92f75a3adfb79
[INFO] [stdout]                                at /rustc/202008a1b8de96d2e5b6bc02d379db03a877d34d/library/test/src/lib.rs:655:60
[INFO] [stdout]   25:     0x62a9cac8b018 - <core::panic::unwind_safe::AssertUnwindSafe<F> as core::ops::function::FnOnce<()>>::call_once::hb6c8955835a8dbbb
[INFO] [stdout]                                at /rustc/202008a1b8de96d2e5b6bc02d379db03a877d34d/library/core/src/panic/unwind_safe.rs:272:9
[INFO] [stdout]   26:     0x62a9cac8b018 - std::panicking::try::do_call::hc79d0fc888a0bd30
[INFO] [stdout]                                at /rustc/202008a1b8de96d2e5b6bc02d379db03a877d34d/library/std/src/panicking.rs:557:40
[INFO] [stdout]   27:     0x62a9cac8b018 - std::panicking::try::hb8a7878e3a8589d6
[INFO] [stdout]                                at /rustc/202008a1b8de96d2e5b6bc02d379db03a877d34d/library/std/src/panicking.rs:520:19
[INFO] [stdout]   28:     0x62a9cac8b018 - std::panic::catch_unwind::hb8e4600ff0ff5cfa
[INFO] [stdout]                                at /rustc/202008a1b8de96d2e5b6bc02d379db03a877d34d/library/std/src/panic.rs:358:14
[INFO] [stdout]   29:     0x62a9cac8b018 - test::run_test_in_process::hc2900b0b18688dd6
[INFO] [stdout]                                at /rustc/202008a1b8de96d2e5b6bc02d379db03a877d34d/library/test/src/lib.rs:655:27
[INFO] [stdout]   30:     0x62a9cac8b018 - test::run_test::{{closure}}::hac2a9cb07be3d48d
[INFO] [stdout]                                at /rustc/202008a1b8de96d2e5b6bc02d379db03a877d34d/library/test/src/lib.rs:576:43
[INFO] [stdout]   31:     0x62a9cac4eaba - test::run_test::{{closure}}::h4a5b729e66a38cd8
[INFO] [stdout]                                at /rustc/202008a1b8de96d2e5b6bc02d379db03a877d34d/library/test/src/lib.rs:606:41
[INFO] [stdout]   32:     0x62a9cac4eaba - std::sys::backtrace::__rust_begin_short_backtrace::h0496fb742492f573
[INFO] [stdout]                                at /rustc/202008a1b8de96d2e5b6bc02d379db03a877d34d/library/std/src/sys/backtrace.rs:154:18
[INFO] [stdout]   33:     0x62a9cac52434 - std::thread::Builder::spawn_unchecked_::{{closure}}::{{closure}}::hbb6d257c550a54bd
[INFO] [stdout]                                at /rustc/202008a1b8de96d2e5b6bc02d379db03a877d34d/library/std/src/thread/mod.rs:561:17
[INFO] [stdout]   34:     0x62a9cac52434 - <core::panic::unwind_safe::AssertUnwindSafe<F> as core::ops::function::FnOnce<()>>::call_once::h46696fe4a6832328
[INFO] [stdout]                                at /rustc/202008a1b8de96d2e5b6bc02d379db03a877d34d/library/core/src/panic/unwind_safe.rs:272:9
[INFO] [stdout]   35:     0x62a9cac52434 - std::panicking::try::do_call::h2625a51b667bfb64
[INFO] [stdout]                                at /rustc/202008a1b8de96d2e5b6bc02d379db03a877d34d/library/std/src/panicking.rs:557:40
[INFO] [stdout]   36:     0x62a9cac52434 - std::panicking::try::hb956a59a1973aa4c
[INFO] [stdout]                                at /rustc/202008a1b8de96d2e5b6bc02d379db03a877d34d/library/std/src/panicking.rs:520:19
[INFO] [stdout]   37:     0x62a9cac52434 - std::panic::catch_unwind::h64f3b9d1067ef6a0
[INFO] [stdout]                                at /rustc/202008a1b8de96d2e5b6bc02d379db03a877d34d/library/std/src/panic.rs:358:14
[INFO] [stdout]   38:     0x62a9cac52434 - std::thread::Builder::spawn_unchecked_::{{closure}}::h42b2841295b6c0b2
[INFO] [stdout]                                at /rustc/202008a1b8de96d2e5b6bc02d379db03a877d34d/library/std/src/thread/mod.rs:559:30
[INFO] [stdout]   39:     0x62a9cac52434 - core::ops::function::FnOnce::call_once{{vtable.shim}}::h6127de71b8124639
[INFO] [stdout]                                at /rustc/202008a1b8de96d2e5b6bc02d379db03a877d34d/library/core/src/ops/function.rs:250:5
[INFO] [stdout]   40:     0x62a9cacc1cbb - <alloc::boxed::Box<F,A> as core::ops::function::FnOnce<Args>>::call_once::h42f0ba71002a1b2c
[INFO] [stdout]                                at /rustc/202008a1b8de96d2e5b6bc02d379db03a877d34d/library/alloc/src/boxed.rs:1972:9
[INFO] [stdout]   41:     0x62a9cacc1cbb - <alloc::boxed::Box<F,A> as core::ops::function::FnOnce<Args>>::call_once::had9e47d7a3dcecb8
[INFO] [stdout]                                at /rustc/202008a1b8de96d2e5b6bc02d379db03a877d34d/library/alloc/src/boxed.rs:1972:9
[INFO] [stdout]   42:     0x62a9cacc1cbb - std::sys::pal::unix::thread::Thread::new::thread_start::h48cf765408f6f5f2
[INFO] [stdout]                                at /rustc/202008a1b8de96d2e5b6bc02d379db03a877d34d/library/std/src/sys/pal/unix/thread.rs:105:17
[INFO] [stdout]   43:     0x7227b84aaac3 - <unknown>
[INFO] [stdout]   44:     0x7227b853ba04 - clone
[INFO] [stdout]   45:                0x0 - <unknown>
[INFO] [stdout] 
[INFO] [stdout] 
[INFO] [stdout] failures:
[INFO] [stdout]     packet::tests::from_bytes::packet_1_expects
[INFO] [stdout] 
[INFO] [stdout] test result: FAILED. 15 passed; 1 failed; 0 ignored; 0 measured; 0 filtered out; finished in 0.03s
[INFO] [stdout] 
[INFO] [stderr] error: test failed, to rerun pass `--lib`
[INFO] running `Command { std: "docker" "inspect" "305d55659026bdda10503f9418021bded1f909ba96ca1c305b92c3d3be6953b2", kill_on_drop: false }`
[INFO] running `Command { std: "docker" "rm" "-f" "305d55659026bdda10503f9418021bded1f909ba96ca1c305b92c3d3be6953b2", kill_on_drop: false }`
[INFO] [stdout] 305d55659026bdda10503f9418021bded1f909ba96ca1c305b92c3d3be6953b2
