[INFO] fetching crate tros 0.2.2...
[INFO] testing tros-0.2.2 against 1.83.0 for beta-1.84.0-4-retry
[INFO] extracting crate tros 0.2.2 into /workspace/builds/worker-7-tc1/source
[INFO] validating manifest of crates.io crate tros 0.2.2 on toolchain 1.83.0
[INFO] running `Command { std: CARGO_HOME="/workspace/cargo-home" RUSTUP_HOME="/workspace/rustup-home" "/workspace/cargo-home/bin/cargo" "+1.83.0" "metadata" "--manifest-path" "Cargo.toml" "--no-deps", kill_on_drop: false }`
[INFO] started tweaking crates.io crate tros 0.2.2
[INFO] finished tweaking crates.io crate tros 0.2.2
[INFO] tweaked toml for crates.io crate tros 0.2.2 written to /workspace/builds/worker-7-tc1/source/Cargo.toml
[INFO] running `Command { std: CARGO_HOME="/workspace/cargo-home" RUSTUP_HOME="/workspace/rustup-home" "/workspace/cargo-home/bin/cargo" "+1.83.0" "generate-lockfile" "--manifest-path" "Cargo.toml", kill_on_drop: false }`
[INFO] [stderr]     Updating crates.io index
[INFO] [stderr]      Locking 135 packages to latest compatible versions
[INFO] [stderr]       Adding thiserror v1.0.69 (available: v2.0.7)
[INFO] [stderr]       Adding time v0.3.17 (available: v0.3.37)
[INFO] [stderr]       Adding time-core v0.1.0 (available: v0.1.2)
[INFO] [stderr]       Adding tokio v1.29.1 (available: v1.42.0)
[INFO] [stderr]       Adding tokio-macros v2.1.0 (available: v2.4.0)
[INFO] running `Command { std: CARGO_HOME="/workspace/cargo-home" RUSTUP_HOME="/workspace/rustup-home" "/workspace/cargo-home/bin/cargo" "+1.83.0" "fetch" "--manifest-path" "Cargo.toml", kill_on_drop: false }`
[INFO] [stderr]  Downloading crates ...
[INFO] [stderr]   Downloaded va_list v0.2.0
[INFO] [stderr]   Downloaded tlua-derive v0.2.1
[INFO] [stderr]   Downloaded tlua v4.0.0
[INFO] [stderr]   Downloaded linkme-impl v0.3.31
[INFO] [stderr]   Downloaded linkme v0.3.31
[INFO] [stderr]   Downloaded refpool v0.4.3
[INFO] [stderr]   Downloaded tarantool-proc v3.2.0
[INFO] [stderr]   Downloaded tarantool v6.1.0
[INFO] running `Command { std: "docker" "create" "-v" "/var/lib/crater-agent-workspace/builds/worker-7-tc1/target:/opt/rustwide/target:rw,Z" "-v" "/var/lib/crater-agent-workspace/builds/worker-7-tc1/source:/opt/rustwide/workdir:ro,Z" "-v" "/var/lib/crater-agent-workspace/cargo-home:/opt/rustwide/cargo-home:ro,Z" "-v" "/var/lib/crater-agent-workspace/rustup-home:/opt/rustwide/rustup-home:ro,Z" "-e" "SOURCE_DIR=/opt/rustwide/workdir" "-e" "CARGO_TARGET_DIR=/opt/rustwide/target" "-e" "CARGO_HOME=/opt/rustwide/cargo-home" "-e" "RUSTUP_HOME=/opt/rustwide/rustup-home" "-w" "/opt/rustwide/workdir" "-m" "1610612736" "--user" "0:0" "--network" "none" "ghcr.io/rust-lang/crates-build-env/linux@sha256:f3a9d4ad9d972b27faf3965f35b62e55ba32bbce8f20bc8fe909558a86702fde" "/opt/rustwide/cargo-home/bin/cargo" "+1.83.0" "metadata" "--no-deps" "--format-version=1", kill_on_drop: false }`
[INFO] [stdout] 7a5ce09ce7037dca471c13f135d211c39167bdfce3793b333589b4a5b187f7e2
[INFO] running `Command { std: "docker" "start" "-a" "7a5ce09ce7037dca471c13f135d211c39167bdfce3793b333589b4a5b187f7e2", kill_on_drop: false }`
[INFO] running `Command { std: "docker" "inspect" "7a5ce09ce7037dca471c13f135d211c39167bdfce3793b333589b4a5b187f7e2", kill_on_drop: false }`
[INFO] running `Command { std: "docker" "rm" "-f" "7a5ce09ce7037dca471c13f135d211c39167bdfce3793b333589b4a5b187f7e2", kill_on_drop: false }`
[INFO] [stdout] 7a5ce09ce7037dca471c13f135d211c39167bdfce3793b333589b4a5b187f7e2
[INFO] running `Command { std: "docker" "create" "-v" "/var/lib/crater-agent-workspace/builds/worker-7-tc1/target:/opt/rustwide/target:rw,Z" "-v" "/var/lib/crater-agent-workspace/builds/worker-7-tc1/source:/opt/rustwide/workdir:ro,Z" "-v" "/var/lib/crater-agent-workspace/cargo-home:/opt/rustwide/cargo-home:ro,Z" "-v" "/var/lib/crater-agent-workspace/rustup-home:/opt/rustwide/rustup-home:ro,Z" "-e" "SOURCE_DIR=/opt/rustwide/workdir" "-e" "CARGO_TARGET_DIR=/opt/rustwide/target" "-e" "CARGO_INCREMENTAL=0" "-e" "RUST_BACKTRACE=full" "-e" "RUSTFLAGS=--cap-lints=warn" "-e" "RUSTDOCFLAGS=--cap-lints=warn" "-e" "CARGO_HOME=/opt/rustwide/cargo-home" "-e" "RUSTUP_HOME=/opt/rustwide/rustup-home" "-w" "/opt/rustwide/workdir" "-m" "1610612736" "--user" "0:0" "--network" "none" "ghcr.io/rust-lang/crates-build-env/linux@sha256:f3a9d4ad9d972b27faf3965f35b62e55ba32bbce8f20bc8fe909558a86702fde" "/opt/rustwide/cargo-home/bin/cargo" "+1.83.0" "build" "--frozen" "--message-format=json", kill_on_drop: false }`
[INFO] [stdout] a9f920d71b6c2aa95f1355883ca6b948b406e21551c77ca9332994af0dc6a2e5
[INFO] running `Command { std: "docker" "start" "-a" "a9f920d71b6c2aa95f1355883ca6b948b406e21551c77ca9332994af0dc6a2e5", kill_on_drop: false }`
[INFO] [stderr]    Compiling proc-macro2 v1.0.92
[INFO] [stderr]    Compiling unicode-ident v1.0.14
[INFO] [stderr]    Compiling autocfg v1.4.0
[INFO] [stderr]    Compiling version_check v0.9.5
[INFO] [stderr]    Compiling libc v0.2.168
[INFO] [stderr]    Compiling ident_case v1.0.1
[INFO] [stderr]    Compiling typenum v1.17.0
[INFO] [stderr]    Compiling fnv v1.0.7
[INFO] [stderr]    Compiling syn v1.0.109
[INFO] [stderr]    Compiling serde v1.0.216
[INFO] [stderr]    Compiling proc-macro2 v0.4.30
[INFO] [stderr]    Compiling cfg-if v1.0.0
[INFO] [stderr]    Compiling futures-sink v0.3.31
[INFO] [stderr]    Compiling unicode-xid v0.1.0
[INFO] [stderr]    Compiling strsim v0.11.1
[INFO] [stderr]    Compiling memchr v2.7.4
[INFO] [stderr]    Compiling futures-core v0.3.31
[INFO] [stderr]    Compiling pin-project-lite v0.2.15
[INFO] [stderr]    Compiling paste v1.0.15
[INFO] [stderr]    Compiling pin-utils v0.1.0
[INFO] [stderr]    Compiling strsim v0.10.0
[INFO] [stderr]    Compiling futures-channel v0.3.31
[INFO] [stderr]    Compiling syn v0.15.44
[INFO] [stderr]    Compiling parking_lot_core v0.9.10
[INFO] [stderr]    Compiling generic-array v0.14.7
[INFO] [stderr]    Compiling proc-macro-error-attr v1.0.4
[INFO] [stderr]    Compiling futures-task v0.3.31
[INFO] [stderr]    Compiling futures-io v0.3.31
[INFO] [stderr]    Compiling slab v0.4.9
[INFO] [stderr]    Compiling num-traits v0.2.19
[INFO] [stderr]    Compiling lock_api v0.4.12
[INFO] [stderr]    Compiling proc-macro-error v1.0.4
[INFO] [stderr]    Compiling thiserror v1.0.69
[INFO] [stderr]    Compiling scopeguard v1.2.0
[INFO] [stderr]    Compiling smallvec v1.13.2
[INFO] [stderr]    Compiling byteorder v1.5.0
[INFO] [stderr]    Compiling linkme-impl v0.3.31
[INFO] [stderr]    Compiling tokio v1.29.1
[INFO] [stderr]    Compiling serde_json v1.0.133
[INFO] [stderr]    Compiling bytes v1.9.0
[INFO] [stderr]    Compiling lazy_static v1.5.0
[INFO] [stderr]    Compiling itoa v1.0.14
[INFO] [stderr]    Compiling quote v0.6.13
[INFO] [stderr]    Compiling time-core v0.1.0
[INFO] [stderr]    Compiling cpufeatures v0.2.16
[INFO] [stderr]    Compiling ryu v1.0.18
[INFO] [stderr]    Compiling opaque-debug v0.3.1
[INFO] [stderr]    Compiling time v0.3.17
[INFO] [stderr]    Compiling log v0.4.22
[INFO] [stderr]    Compiling once_cell v1.20.2
[INFO] [stderr]    Compiling refpool v0.4.3
[INFO] [stderr]    Compiling quote v1.0.37
[INFO] [stderr]    Compiling base64 v0.13.1
[INFO] [stderr]    Compiling uuid v0.8.2
[INFO] [stderr]    Compiling va_list v0.2.0
[INFO] [stderr]    Compiling bitflags v1.3.2
[INFO] [stderr]    Compiling syn v2.0.90
[INFO] [stderr]    Compiling rmp v0.8.14
[INFO] [stderr]    Compiling mio v0.8.11
[INFO] [stderr]    Compiling socket2 v0.4.10
[INFO] [stderr]    Compiling num_cpus v1.16.0
[INFO] [stderr]    Compiling signal-hook-registry v1.4.2
[INFO] [stderr]    Compiling block-buffer v0.10.4
[INFO] [stderr]    Compiling crypto-common v0.1.6
[INFO] [stderr]    Compiling digest v0.9.0
[INFO] [stderr]    Compiling block-buffer v0.9.0
[INFO] [stderr]    Compiling sha-1 v0.9.8
[INFO] [stderr]    Compiling digest v0.10.7
[INFO] [stderr]    Compiling parking_lot v0.12.3
[INFO] [stderr]    Compiling md-5 v0.10.6
[INFO] [stderr]    Compiling dlopen_derive v0.1.4
[INFO] [stderr]    Compiling dlopen v0.1.8
[INFO] [stderr]    Compiling darling_core v0.14.4
[INFO] [stderr]    Compiling darling_core v0.20.10
[INFO] [stderr]    Compiling tlua-derive v0.2.1
[INFO] [stderr]    Compiling serde_derive v1.0.216
[INFO] [stderr]    Compiling futures-macro v0.3.31
[INFO] [stderr]    Compiling thiserror-impl v1.0.69
[INFO] [stderr]    Compiling pin-project-internal v1.1.7
[INFO] [stderr]    Compiling tokio-macros v2.1.0
[INFO] [stderr]    Compiling async-trait v0.1.83
[INFO] [stderr]    Compiling darling_macro v0.14.4
[INFO] [stderr]    Compiling linkme v0.3.31
[INFO] [stderr]    Compiling futures-util v0.3.31
[INFO] [stderr]    Compiling pin-project v1.1.7
[INFO] [stderr]    Compiling darling v0.14.4
[INFO] [stderr]    Compiling tarantool-proc v3.2.0
[INFO] [stderr]    Compiling darling_macro v0.20.10
[INFO] [stderr]    Compiling darling v0.20.10
[INFO] [stderr]    Compiling derive_builder_core v0.20.2
[INFO] [stderr]    Compiling derive_builder_macro v0.20.2
[INFO] [stderr]    Compiling futures-executor v0.3.31
[INFO] [stderr]    Compiling futures v0.3.31
[INFO] [stderr]    Compiling derive_builder v0.20.2
[INFO] [stderr]    Compiling async-scoped v0.9.0
[INFO] [stderr]    Compiling serde_bytes v0.11.15
[INFO] [stderr]    Compiling tlua v4.0.0
[INFO] [stderr]    Compiling rmp-serde v1.3.0
[INFO] [stderr]    Compiling rmpv v1.3.0
[INFO] [stderr]    Compiling tarantool v6.1.0
[INFO] [stderr]    Compiling tros v0.2.2 (/opt/rustwide/workdir)
[INFO] [stderr]     Finished `dev` profile [unoptimized + debuginfo] target(s) in 54.28s
[INFO] running `Command { std: "docker" "inspect" "a9f920d71b6c2aa95f1355883ca6b948b406e21551c77ca9332994af0dc6a2e5", kill_on_drop: false }`
[INFO] running `Command { std: "docker" "rm" "-f" "a9f920d71b6c2aa95f1355883ca6b948b406e21551c77ca9332994af0dc6a2e5", kill_on_drop: false }`
[INFO] [stdout] a9f920d71b6c2aa95f1355883ca6b948b406e21551c77ca9332994af0dc6a2e5
[INFO] running `Command { std: "docker" "create" "-v" "/var/lib/crater-agent-workspace/builds/worker-7-tc1/target:/opt/rustwide/target:rw,Z" "-v" "/var/lib/crater-agent-workspace/builds/worker-7-tc1/source:/opt/rustwide/workdir:ro,Z" "-v" "/var/lib/crater-agent-workspace/cargo-home:/opt/rustwide/cargo-home:ro,Z" "-v" "/var/lib/crater-agent-workspace/rustup-home:/opt/rustwide/rustup-home:ro,Z" "-e" "SOURCE_DIR=/opt/rustwide/workdir" "-e" "CARGO_TARGET_DIR=/opt/rustwide/target" "-e" "CARGO_INCREMENTAL=0" "-e" "RUST_BACKTRACE=full" "-e" "RUSTFLAGS=--cap-lints=warn" "-e" "RUSTDOCFLAGS=--cap-lints=warn" "-e" "CARGO_HOME=/opt/rustwide/cargo-home" "-e" "RUSTUP_HOME=/opt/rustwide/rustup-home" "-w" "/opt/rustwide/workdir" "-m" "1610612736" "--user" "0:0" "--network" "none" "ghcr.io/rust-lang/crates-build-env/linux@sha256:f3a9d4ad9d972b27faf3965f35b62e55ba32bbce8f20bc8fe909558a86702fde" "/opt/rustwide/cargo-home/bin/cargo" "+1.83.0" "test" "--frozen" "--no-run" "--message-format=json", kill_on_drop: false }`
[INFO] [stdout] 0cd16fe720cfffc94a23c6ae5286815f83a732cab84e835aa773cc27283c0009
[INFO] running `Command { std: "docker" "start" "-a" "0cd16fe720cfffc94a23c6ae5286815f83a732cab84e835aa773cc27283c0009", kill_on_drop: false }`
[INFO] [stderr]    Compiling crossbeam-utils v0.8.20
[INFO] [stderr]    Compiling crossbeam-queue v0.3.11
[INFO] [stderr]    Compiling tarantool v6.1.0
[INFO] [stderr]    Compiling tros v0.2.2 (/opt/rustwide/workdir)
[INFO] [stderr]     Finished `test` profile [unoptimized + debuginfo] target(s) in 9.83s
[INFO] running `Command { std: "docker" "inspect" "0cd16fe720cfffc94a23c6ae5286815f83a732cab84e835aa773cc27283c0009", kill_on_drop: false }`
[INFO] running `Command { std: "docker" "rm" "-f" "0cd16fe720cfffc94a23c6ae5286815f83a732cab84e835aa773cc27283c0009", kill_on_drop: false }`
[INFO] [stdout] 0cd16fe720cfffc94a23c6ae5286815f83a732cab84e835aa773cc27283c0009
[INFO] running `Command { std: "docker" "create" "-v" "/var/lib/crater-agent-workspace/builds/worker-7-tc1/target:/opt/rustwide/target:rw,Z" "-v" "/var/lib/crater-agent-workspace/builds/worker-7-tc1/source:/opt/rustwide/workdir:ro,Z" "-v" "/var/lib/crater-agent-workspace/cargo-home:/opt/rustwide/cargo-home:ro,Z" "-v" "/var/lib/crater-agent-workspace/rustup-home:/opt/rustwide/rustup-home:ro,Z" "-e" "SOURCE_DIR=/opt/rustwide/workdir" "-e" "CARGO_TARGET_DIR=/opt/rustwide/target" "-e" "CARGO_INCREMENTAL=0" "-e" "RUST_BACKTRACE=full" "-e" "RUSTFLAGS=--cap-lints=warn" "-e" "RUSTDOCFLAGS=--cap-lints=warn" "-e" "CARGO_HOME=/opt/rustwide/cargo-home" "-e" "RUSTUP_HOME=/opt/rustwide/rustup-home" "-w" "/opt/rustwide/workdir" "-m" "1610612736" "--user" "0:0" "--network" "none" "ghcr.io/rust-lang/crates-build-env/linux@sha256:f3a9d4ad9d972b27faf3965f35b62e55ba32bbce8f20bc8fe909558a86702fde" "/opt/rustwide/cargo-home/bin/cargo" "+1.83.0" "test" "--frozen", kill_on_drop: false }`
[INFO] [stdout] 7630b7c99a6b1d26e447b2ac34f60b998d35904991dfd116c825ccd79564f4ad
[INFO] running `Command { std: "docker" "start" "-a" "7630b7c99a6b1d26e447b2ac34f60b998d35904991dfd116c825ccd79564f4ad", kill_on_drop: false }`
[INFO] [stderr]     Finished `test` profile [unoptimized + debuginfo] target(s) in 0.13s
[INFO] [stderr]      Running unittests src/lib.rs (/opt/rustwide/target/debug/deps/tros-c9c2a20fa421413b)
[INFO] [stdout] 
[INFO] [stderr]    Doc-tests tros
[INFO] [stdout] running 0 tests
[INFO] [stdout] 
[INFO] [stdout] test result: ok. 0 passed; 0 failed; 0 ignored; 0 measured; 0 filtered out; finished in 0.00s
[INFO] [stdout] 
[INFO] [stdout] 
[INFO] [stdout] running 1 test
[INFO] [stdout] test src/../README.md - (line 9) ... FAILED
[INFO] [stdout] 
[INFO] [stdout] failures:
[INFO] [stdout] 
[INFO] [stdout] ---- src/../README.md - (line 9) stdout ----
[INFO] [stdout] error[E0433]: failed to resolve: use of undeclared type `TokioExecutor`
[INFO] [stdout]  --> src/../README.md:10:12
[INFO] [stdout]   |
[INFO] [stdout] 3 | let text = TokioExecutor::new(PicodataTransport::default())
[INFO] [stdout]   |            ^^^^^^^^^^^^^ use of undeclared type `TokioExecutor`
[INFO] [stdout]   |
[INFO] [stdout] help: consider importing this struct
[INFO] [stdout]   |
[INFO] [stdout] 2 + use tros::TokioExecutor;
[INFO] [stdout]   |
[INFO] [stdout] 
[INFO] [stdout] error[E0433]: failed to resolve: use of undeclared type `PicodataTransport`
[INFO] [stdout]  --> src/../README.md:10:31
[INFO] [stdout]   |
[INFO] [stdout] 3 | let text = TokioExecutor::new(PicodataTransport::default())
[INFO] [stdout]   |                               ^^^^^^^^^^^^^^^^^ use of undeclared type `PicodataTransport`
[INFO] [stdout] 
[INFO] [stdout] error[E0433]: failed to resolve: use of undeclared crate or module `reqwest`
[INFO] [stdout]  --> src/../README.md:11:27
[INFO] [stdout]   |
[INFO] [stdout] 4 |             .exec(async { reqwest::get("http://example.com").await?.text().await })
[INFO] [stdout]   |                           ^^^^^^^ use of undeclared crate or module `reqwest`
[INFO] [stdout] 
[INFO] [stdout] error: aborting due to 3 previous errors
[INFO] [stdout] 
[INFO] [stdout] For more information about this error, try `rustc --explain E0433`.
[INFO] [stdout] Couldn't compile the test.
[INFO] [stdout] 
[INFO] [stdout] failures:
[INFO] [stdout]     src/../README.md - (line 9)
[INFO] [stdout] 
[INFO] [stdout] test result: FAILED. 0 passed; 1 failed; 0 ignored; 0 measured; 0 filtered out; finished in 0.13s
[INFO] [stdout] 
[INFO] [stderr] error: doctest failed, to rerun pass `--doc`
[INFO] running `Command { std: "docker" "inspect" "7630b7c99a6b1d26e447b2ac34f60b998d35904991dfd116c825ccd79564f4ad", kill_on_drop: false }`
[INFO] running `Command { std: "docker" "rm" "-f" "7630b7c99a6b1d26e447b2ac34f60b998d35904991dfd116c825ccd79564f4ad", kill_on_drop: false }`
[INFO] [stdout] 7630b7c99a6b1d26e447b2ac34f60b998d35904991dfd116c825ccd79564f4ad
