[INFO] fetching crate trixy 0.4.0...
[INFO] testing trixy-0.4.0 against beta-2024-12-08 for beta-1.84.0-4-retry
[INFO] extracting crate trixy 0.4.0 into /workspace/builds/worker-0-tc2/source
[INFO] validating manifest of crates.io crate trixy 0.4.0 on toolchain beta-2024-12-08
[INFO] running `Command { std: CARGO_HOME="/workspace/cargo-home" RUSTUP_HOME="/workspace/rustup-home" "/workspace/cargo-home/bin/cargo" "+beta-2024-12-08" "metadata" "--manifest-path" "Cargo.toml" "--no-deps", kill_on_drop: false }`
[INFO] started tweaking crates.io crate trixy 0.4.0
[INFO] finished tweaking crates.io crate trixy 0.4.0
[INFO] tweaked toml for crates.io crate trixy 0.4.0 written to /workspace/builds/worker-0-tc2/source/Cargo.toml
[INFO] crate crates.io crate trixy 0.4.0 already has a lockfile, it will not be regenerated
[INFO] running `Command { std: CARGO_HOME="/workspace/cargo-home" RUSTUP_HOME="/workspace/rustup-home" "/workspace/cargo-home/bin/cargo" "+beta-2024-12-08" "fetch" "--manifest-path" "Cargo.toml", kill_on_drop: false }`
[INFO] running `Command { std: "docker" "create" "-v" "/var/lib/crater-agent-workspace/builds/worker-0-tc2/target:/opt/rustwide/target:rw,Z" "-v" "/var/lib/crater-agent-workspace/builds/worker-0-tc2/source:/opt/rustwide/workdir:ro,Z" "-v" "/var/lib/crater-agent-workspace/cargo-home:/opt/rustwide/cargo-home:ro,Z" "-v" "/var/lib/crater-agent-workspace/rustup-home:/opt/rustwide/rustup-home:ro,Z" "-e" "SOURCE_DIR=/opt/rustwide/workdir" "-e" "CARGO_TARGET_DIR=/opt/rustwide/target" "-e" "CARGO_HOME=/opt/rustwide/cargo-home" "-e" "RUSTUP_HOME=/opt/rustwide/rustup-home" "-w" "/opt/rustwide/workdir" "-m" "1610612736" "--user" "0:0" "--network" "none" "ghcr.io/rust-lang/crates-build-env/linux@sha256:f3a9d4ad9d972b27faf3965f35b62e55ba32bbce8f20bc8fe909558a86702fde" "/opt/rustwide/cargo-home/bin/cargo" "+beta-2024-12-08" "metadata" "--no-deps" "--format-version=1", kill_on_drop: false }`
[INFO] [stdout] 855ed8e7c6f4d9b44168da63ab487db88afee5ca99661841563f078bbed62d7c
[INFO] running `Command { std: "docker" "start" "-a" "855ed8e7c6f4d9b44168da63ab487db88afee5ca99661841563f078bbed62d7c", kill_on_drop: false }`
[INFO] running `Command { std: "docker" "inspect" "855ed8e7c6f4d9b44168da63ab487db88afee5ca99661841563f078bbed62d7c", kill_on_drop: false }`
[INFO] running `Command { std: "docker" "rm" "-f" "855ed8e7c6f4d9b44168da63ab487db88afee5ca99661841563f078bbed62d7c", kill_on_drop: false }`
[INFO] [stdout] 855ed8e7c6f4d9b44168da63ab487db88afee5ca99661841563f078bbed62d7c
[INFO] running `Command { std: "docker" "create" "-v" "/var/lib/crater-agent-workspace/builds/worker-0-tc2/target:/opt/rustwide/target:rw,Z" "-v" "/var/lib/crater-agent-workspace/builds/worker-0-tc2/source:/opt/rustwide/workdir:ro,Z" "-v" "/var/lib/crater-agent-workspace/cargo-home:/opt/rustwide/cargo-home:ro,Z" "-v" "/var/lib/crater-agent-workspace/rustup-home:/opt/rustwide/rustup-home:ro,Z" "-e" "SOURCE_DIR=/opt/rustwide/workdir" "-e" "CARGO_TARGET_DIR=/opt/rustwide/target" "-e" "CARGO_INCREMENTAL=0" "-e" "RUST_BACKTRACE=full" "-e" "RUSTFLAGS=--cap-lints=warn" "-e" "RUSTDOCFLAGS=--cap-lints=warn" "-e" "CARGO_HOME=/opt/rustwide/cargo-home" "-e" "RUSTUP_HOME=/opt/rustwide/rustup-home" "-w" "/opt/rustwide/workdir" "-m" "1610612736" "--user" "0:0" "--network" "none" "ghcr.io/rust-lang/crates-build-env/linux@sha256:f3a9d4ad9d972b27faf3965f35b62e55ba32bbce8f20bc8fe909558a86702fde" "/opt/rustwide/cargo-home/bin/cargo" "+beta-2024-12-08" "build" "--frozen" "--message-format=json", kill_on_drop: false }`
[INFO] [stdout] 99fa5700ca6760c2af806a6e67081338eabe1e6562e40029ef3e4da01fa88e70
[INFO] running `Command { std: "docker" "start" "-a" "99fa5700ca6760c2af806a6e67081338eabe1e6562e40029ef3e4da01fa88e70", kill_on_drop: false }`
[INFO] [stderr]    Compiling proc-macro2 v1.0.86
[INFO] [stderr]    Compiling unicode-ident v1.0.12
[INFO] [stderr]    Compiling version_check v0.9.4
[INFO] [stderr]    Compiling libc v0.2.155
[INFO] [stderr]    Compiling prettyplease v0.2.20
[INFO] [stderr]    Compiling unicode-width v0.1.13
[INFO] [stderr]    Compiling regex-syntax v0.8.4
[INFO] [stderr]    Compiling pulldown-cmark v0.11.0
[INFO] [stderr]    Compiling thiserror v1.0.61
[INFO] [stderr]    Compiling getopts v0.2.21
[INFO] [stderr]    Compiling pulldown-cmark-escape v0.11.0
[INFO] [stderr]    Compiling unicode-segmentation v1.11.0
[INFO] [stderr]    Compiling unicase v2.7.0
[INFO] [stderr]    Compiling convert_case v0.6.0
[INFO] [stderr]    Compiling quote v1.0.36
[INFO] [stderr]    Compiling syn v2.0.68
[INFO] [stderr]    Compiling regex-automata v0.4.7
[INFO] [stderr]    Compiling thiserror-impl v1.0.61
[INFO] [stderr]    Compiling regex v1.10.5
[INFO] [stderr]    Compiling trixy v0.4.0 (/opt/rustwide/workdir)
[INFO] [stderr]     Finished `dev` profile [unoptimized + debuginfo] target(s) in 34.63s
[INFO] running `Command { std: "docker" "inspect" "99fa5700ca6760c2af806a6e67081338eabe1e6562e40029ef3e4da01fa88e70", kill_on_drop: false }`
[INFO] running `Command { std: "docker" "rm" "-f" "99fa5700ca6760c2af806a6e67081338eabe1e6562e40029ef3e4da01fa88e70", kill_on_drop: false }`
[INFO] [stdout] 99fa5700ca6760c2af806a6e67081338eabe1e6562e40029ef3e4da01fa88e70
[INFO] running `Command { std: "docker" "create" "-v" "/var/lib/crater-agent-workspace/builds/worker-0-tc2/target:/opt/rustwide/target:rw,Z" "-v" "/var/lib/crater-agent-workspace/builds/worker-0-tc2/source:/opt/rustwide/workdir:ro,Z" "-v" "/var/lib/crater-agent-workspace/cargo-home:/opt/rustwide/cargo-home:ro,Z" "-v" "/var/lib/crater-agent-workspace/rustup-home:/opt/rustwide/rustup-home:ro,Z" "-e" "SOURCE_DIR=/opt/rustwide/workdir" "-e" "CARGO_TARGET_DIR=/opt/rustwide/target" "-e" "CARGO_INCREMENTAL=0" "-e" "RUST_BACKTRACE=full" "-e" "RUSTFLAGS=--cap-lints=warn" "-e" "RUSTDOCFLAGS=--cap-lints=warn" "-e" "CARGO_HOME=/opt/rustwide/cargo-home" "-e" "RUSTUP_HOME=/opt/rustwide/rustup-home" "-w" "/opt/rustwide/workdir" "-m" "1610612736" "--user" "0:0" "--network" "none" "ghcr.io/rust-lang/crates-build-env/linux@sha256:f3a9d4ad9d972b27faf3965f35b62e55ba32bbce8f20bc8fe909558a86702fde" "/opt/rustwide/cargo-home/bin/cargo" "+beta-2024-12-08" "test" "--frozen" "--no-run" "--message-format=json", kill_on_drop: false }`
[INFO] [stdout] 990724dee073bbbf278b469180e65a9b6ad8117d4c9209a0c359a6526ece0c69
[INFO] running `Command { std: "docker" "start" "-a" "990724dee073bbbf278b469180e65a9b6ad8117d4c9209a0c359a6526ece0c69", kill_on_drop: false }`
[INFO] [stderr]    Compiling diff v0.1.13
[INFO] [stderr]    Compiling pretty_assertions v1.4.0
[INFO] [stderr]    Compiling trixy v0.4.0 (/opt/rustwide/workdir)
[INFO] [stdout] warning: function `callback_function` is never used
[INFO] [stdout]   --> tests/empty_doc_comment/main.rs:32:4
[INFO] [stdout]    |
[INFO] [stdout] 32 | fn callback_function(cmd: Commands) {
[INFO] [stdout]    |    ^^^^^^^^^^^^^^^^^
[INFO] [stdout]    |
[INFO] [stdout]    = note: `#[warn(dead_code)]` on by default
[INFO] [stdout] 
[INFO] [stdout] 
[INFO] [stdout] warning: unused variable: `name`
[INFO] [stdout]   --> tests/void/main.rs:34:31
[INFO] [stdout]    |
[INFO] [stdout] 34 |         Commands::no_return { name } => todo!(),
[INFO] [stdout]    |                               ^^^^ help: try ignoring the field: `name: _`
[INFO] [stdout]    |
[INFO] [stdout]    = note: `#[warn(unused_variables)]` on by default
[INFO] [stdout] 
[INFO] [stdout] 
[INFO] [stdout] warning: unused variable: `callback`
[INFO] [stdout]   --> tests/functions/main.rs:34:46
[INFO] [stdout]    |
[INFO] [stdout] 34 |         Commands::call_me_back_outstanding { callback } => todo!(),
[INFO] [stdout]    |                                              ^^^^^^^^ help: try ignoring the field: `callback: _`
[INFO] [stdout]    |
[INFO] [stdout]    = note: `#[warn(unused_variables)]` on by default
[INFO] [stdout] 
[INFO] [stdout] 
[INFO] [stdout] warning: unused variable: `callback`
[INFO] [stdout]   --> tests/functions/main.rs:36:38
[INFO] [stdout]    |
[INFO] [stdout] 36 |             one::One::call_me_back { callback } => todo!(),
[INFO] [stdout]    |                                      ^^^^^^^^ help: try ignoring the field: `callback: _`
[INFO] [stdout] 
[INFO] [stdout] 
[INFO] [stdout] warning: function `callback_function` is never used
[INFO] [stdout]   --> tests/error_derive/main.rs:32:4
[INFO] [stdout]    |
[INFO] [stdout] 32 | fn callback_function(cmd: Commands) {
[INFO] [stdout]    |    ^^^^^^^^^^^^^^^^^
[INFO] [stdout]    |
[INFO] [stdout]    = note: `#[warn(dead_code)]` on by default
[INFO] [stdout] 
[INFO] [stdout] 
[INFO] [stdout] warning: unused variable: `trixy_output`
[INFO] [stdout]   --> tests/attribute_doc_comments/main.rs:35:40
[INFO] [stdout]    |
[INFO] [stdout] 35 |             trinitrix::Trinitrix::hi { trixy_output, name } => todo!(),
[INFO] [stdout]    |                                        ^^^^^^^^^^^^ help: try ignoring the field: `trixy_output: _`
[INFO] [stdout]    |
[INFO] [stdout]    = note: `#[warn(unused_variables)]` on by default
[INFO] [stdout] 
[INFO] [stdout] 
[INFO] [stdout] warning: unused variable: `name`
[INFO] [stdout]   --> tests/attribute_doc_comments/main.rs:35:54
[INFO] [stdout]    |
[INFO] [stdout] 35 |             trinitrix::Trinitrix::hi { trixy_output, name } => todo!(),
[INFO] [stdout]    |                                                      ^^^^ help: try ignoring the field: `name: _`
[INFO] [stdout] 
[INFO] [stdout] 
[INFO] [stdout] warning: unused variable: `message`
[INFO] [stdout]   --> tests/trinitrix_api/main.rs:38:58
[INFO] [stdout]    |
[INFO] [stdout] 38 |                 trinitrix::api::Api::room_message_send { message } => todo!(),
[INFO] [stdout]    |                                                          ^^^^^^^ help: try ignoring the field: `message: _`
[INFO] [stdout]    |
[INFO] [stdout]    = note: `#[warn(unused_variables)]` on by default
[INFO] [stdout] 
[INFO] [stdout] 
[INFO] [stdout] warning: unused variable: `mode`
[INFO] [stdout]   --> tests/trinitrix_api/main.rs:40:56
[INFO] [stdout]    |
[INFO] [stdout] 40 |                     trinitrix::api::ui::Ui::set_mode { mode } => todo!(),
[INFO] [stdout]    |                                                        ^^^^ help: try ignoring the field: `mode: _`
[INFO] [stdout] 
[INFO] [stdout] 
[INFO] [stdout] warning: unused variable: `mode`
[INFO] [stdout]   --> tests/trinitrix_api/main.rs:46:25
[INFO] [stdout]    |
[INFO] [stdout] 46 |                         mode,
[INFO] [stdout]    |                         ^^^^ help: try ignoring the field: `mode: _`
[INFO] [stdout] 
[INFO] [stdout] 
[INFO] [stdout] warning: unused variable: `key`
[INFO] [stdout]   --> tests/trinitrix_api/main.rs:47:25
[INFO] [stdout]    |
[INFO] [stdout] 47 |                         key,
[INFO] [stdout]    |                         ^^^ help: try ignoring the field: `key: _`
[INFO] [stdout] 
[INFO] [stdout] 
[INFO] [stdout] warning: unused variable: `callback`
[INFO] [stdout]   --> tests/trinitrix_api/main.rs:48:25
[INFO] [stdout]    |
[INFO] [stdout] 48 |                         callback,
[INFO] [stdout]    |                         ^^^^^^^^ help: try ignoring the field: `callback: _`
[INFO] [stdout] 
[INFO] [stdout] 
[INFO] [stdout] warning: unused variable: `mode`
[INFO] [stdout]   --> tests/trinitrix_api/main.rs:50:64
[INFO] [stdout]    |
[INFO] [stdout] 50 |                     trinitrix::api::keymaps::Keymaps::remove { mode, key } => todo!(),
[INFO] [stdout]    |                                                                ^^^^ help: try ignoring the field: `mode: _`
[INFO] [stdout] 
[INFO] [stdout] 
[INFO] [stdout] warning: unused variable: `key`
[INFO] [stdout]   --> tests/trinitrix_api/main.rs:50:70
[INFO] [stdout]    |
[INFO] [stdout] 50 |                     trinitrix::api::keymaps::Keymaps::remove { mode, key } => todo!(),
[INFO] [stdout]    |                                                                      ^^^ help: try ignoring the field: `key: _`
[INFO] [stdout] 
[INFO] [stdout] 
[INFO] [stdout] warning: unused variable: `mode`
[INFO] [stdout]   --> tests/trinitrix_api/main.rs:51:61
[INFO] [stdout]    |
[INFO] [stdout] 51 |                     trinitrix::api::keymaps::Keymaps::get { mode } => todo!(),
[INFO] [stdout]    |                                                             ^^^^ help: try ignoring the field: `mode: _`
[INFO] [stdout] 
[INFO] [stdout] 
[INFO] [stdout] warning: unused variable: `error_message`
[INFO] [stdout]   --> tests/trinitrix_api/main.rs:54:61
[INFO] [stdout]    |
[INFO] [stdout] 54 |                     trinitrix::api::raw::Raw::raise_error { error_message } => todo!(),
[INFO] [stdout]    |                                                             ^^^^^^^^^^^^^ help: try ignoring the field: `error_message: _`
[INFO] [stdout] 
[INFO] [stdout] 
[INFO] [stdout] warning: unused variable: `output_message`
[INFO] [stdout]   --> tests/trinitrix_api/main.rs:55:64
[INFO] [stdout]    |
[INFO] [stdout] 55 |                     trinitrix::api::raw::Raw::display_output { output_message } => todo!(),
[INFO] [stdout]    |                                                                ^^^^^^^^^^^^^^ help: try ignoring the field: `output_message: _`
[INFO] [stdout] 
[INFO] [stdout] 
[INFO] [stdout] warning: unused variable: `input`
[INFO] [stdout]   --> tests/trinitrix_api/main.rs:56:72
[INFO] [stdout]    |
[INFO] [stdout] 56 |                     trinitrix::api::raw::Raw::send_input_unprocessed { input } => todo!(),
[INFO] [stdout]    |                                                                        ^^^^^ help: try ignoring the field: `input: _`
[INFO] [stdout] 
[INFO] [stdout] 
[INFO] [stdout] warning: unused variable: `trixy_output`
[INFO] [stdout]   --> tests/void_input/main.rs:34:32
[INFO] [stdout]    |
[INFO] [stdout] 34 |         Commands::void_input { trixy_output } => todo!(),
[INFO] [stdout]    |                                ^^^^^^^^^^^^ help: try ignoring the field: `trixy_output: _`
[INFO] [stdout]    |
[INFO] [stdout]    = note: `#[warn(unused_variables)]` on by default
[INFO] [stdout] 
[INFO] [stdout] 
[INFO] [stdout] warning: unused variable: `trixy_output`
[INFO] [stdout]   --> tests/vec_and_option/main.rs:36:17
[INFO] [stdout]    |
[INFO] [stdout] 36 |                 trixy_output,
[INFO] [stdout]    |                 ^^^^^^^^^^^^ help: try ignoring the field: `trixy_output: _`
[INFO] [stdout]    |
[INFO] [stdout]    = note: `#[warn(unused_variables)]` on by default
[INFO] [stdout] 
[INFO] [stdout] 
[INFO] [stdout] warning: unused variable: `values`
[INFO] [stdout]   --> tests/vec_and_option/main.rs:37:17
[INFO] [stdout]    |
[INFO] [stdout] 37 |                 values,
[INFO] [stdout]    |                 ^^^^^^ help: try ignoring the field: `values: _`
[INFO] [stdout] 
[INFO] [stdout] 
[INFO] [stdout] warning: function `callback_function` is never used
[INFO] [stdout]   --> tests/utf8_in_doc_comment/main.rs:32:4
[INFO] [stdout]    |
[INFO] [stdout] 32 | fn callback_function(cmd: Commands) {
[INFO] [stdout]    |    ^^^^^^^^^^^^^^^^^
[INFO] [stdout]    |
[INFO] [stdout]    = note: `#[warn(dead_code)]` on by default
[INFO] [stdout] 
[INFO] [stdout] 
[INFO] [stdout] warning: unused variable: `callback`
[INFO] [stdout]   --> tests/types/main.rs:35:44
[INFO] [stdout]    |
[INFO] [stdout] 35 |             test::Test::execute_callback { callback, priority } => todo!(),
[INFO] [stdout]    |                                            ^^^^^^^^ help: try ignoring the field: `callback: _`
[INFO] [stdout]    |
[INFO] [stdout]    = note: `#[warn(unused_variables)]` on by default
[INFO] [stdout] 
[INFO] [stdout] 
[INFO] [stdout] warning: unused variable: `priority`
[INFO] [stdout]   --> tests/types/main.rs:35:54
[INFO] [stdout]    |
[INFO] [stdout] 35 |             test::Test::execute_callback { callback, priority } => todo!(),
[INFO] [stdout]    |                                                      ^^^^^^^^ help: try ignoring the field: `priority: _`
[INFO] [stdout] 
[INFO] [stdout] 
[INFO] [stdout] warning: unused variable: `trixy_output`
[INFO] [stdout]   --> tests/doc_comments/main.rs:35:40
[INFO] [stdout]    |
[INFO] [stdout] 35 |             trinitrix::Trinitrix::hi { trixy_output, name } => todo!(),
[INFO] [stdout]    |                                        ^^^^^^^^^^^^ help: try ignoring the field: `trixy_output: _`
[INFO] [stdout]    |
[INFO] [stdout]    = note: `#[warn(unused_variables)]` on by default
[INFO] [stdout] 
[INFO] [stdout] 
[INFO] [stdout] warning: unused variable: `name`
[INFO] [stdout]   --> tests/doc_comments/main.rs:35:54
[INFO] [stdout]    |
[INFO] [stdout] 35 |             trinitrix::Trinitrix::hi { trixy_output, name } => todo!(),
[INFO] [stdout]    |                                                      ^^^^ help: try ignoring the field: `name: _`
[INFO] [stdout] 
[INFO] [stdout] 
[INFO] [stdout] warning: unused variable: `trixy_output`
[INFO] [stdout]   --> tests/multi_line_doc_comment/main.rs:35:40
[INFO] [stdout]    |
[INFO] [stdout] 35 |             trinitrix::Trinitrix::hi { trixy_output, name } => todo!(),
[INFO] [stdout]    |                                        ^^^^^^^^^^^^ help: try ignoring the field: `trixy_output: _`
[INFO] [stdout]    |
[INFO] [stdout]    = note: `#[warn(unused_variables)]` on by default
[INFO] [stdout] 
[INFO] [stdout] 
[INFO] [stdout] warning: unused variable: `name`
[INFO] [stdout]   --> tests/multi_line_doc_comment/main.rs:35:54
[INFO] [stdout]    |
[INFO] [stdout] 35 |             trinitrix::Trinitrix::hi { trixy_output, name } => todo!(),
[INFO] [stdout]    |                                                      ^^^^ help: try ignoring the field: `name: _`
[INFO] [stdout] 
[INFO] [stdout] 
[INFO] [stdout] warning: unused variable: `trixy_output`
[INFO] [stdout]   --> tests/result/main.rs:35:43
[INFO] [stdout]    |
[INFO] [stdout] 35 |             trinitrix::Trinitrix::get_a { trixy_output } => todo!(),
[INFO] [stdout]    |                                           ^^^^^^^^^^^^ help: try ignoring the field: `trixy_output: _`
[INFO] [stdout]    |
[INFO] [stdout]    = note: `#[warn(unused_variables)]` on by default
[INFO] [stdout] 
[INFO] [stdout] 
[INFO] [stdout] warning: unused variable: `trixy_output`
[INFO] [stdout]   --> tests/result/main.rs:36:43
[INFO] [stdout]    |
[INFO] [stdout] 36 |             trinitrix::Trinitrix::get_b { trixy_output } => todo!(),
[INFO] [stdout]    |                                           ^^^^^^^^^^^^ help: try ignoring the field: `trixy_output: _`
[INFO] [stdout] 
[INFO] [stdout] 
[INFO] [stderr]     Finished `test` profile [unoptimized + debuginfo] target(s) in 24.89s
[INFO] running `Command { std: "docker" "inspect" "990724dee073bbbf278b469180e65a9b6ad8117d4c9209a0c359a6526ece0c69", kill_on_drop: false }`
[INFO] running `Command { std: "docker" "rm" "-f" "990724dee073bbbf278b469180e65a9b6ad8117d4c9209a0c359a6526ece0c69", kill_on_drop: false }`
[INFO] [stdout] 990724dee073bbbf278b469180e65a9b6ad8117d4c9209a0c359a6526ece0c69
[INFO] running `Command { std: "docker" "create" "-v" "/var/lib/crater-agent-workspace/builds/worker-0-tc2/target:/opt/rustwide/target:rw,Z" "-v" "/var/lib/crater-agent-workspace/builds/worker-0-tc2/source:/opt/rustwide/workdir:ro,Z" "-v" "/var/lib/crater-agent-workspace/cargo-home:/opt/rustwide/cargo-home:ro,Z" "-v" "/var/lib/crater-agent-workspace/rustup-home:/opt/rustwide/rustup-home:ro,Z" "-e" "SOURCE_DIR=/opt/rustwide/workdir" "-e" "CARGO_TARGET_DIR=/opt/rustwide/target" "-e" "CARGO_INCREMENTAL=0" "-e" "RUST_BACKTRACE=full" "-e" "RUSTFLAGS=--cap-lints=warn" "-e" "RUSTDOCFLAGS=--cap-lints=warn" "-e" "CARGO_HOME=/opt/rustwide/cargo-home" "-e" "RUSTUP_HOME=/opt/rustwide/rustup-home" "-w" "/opt/rustwide/workdir" "-m" "1610612736" "--user" "0:0" "--network" "none" "ghcr.io/rust-lang/crates-build-env/linux@sha256:f3a9d4ad9d972b27faf3965f35b62e55ba32bbce8f20bc8fe909558a86702fde" "/opt/rustwide/cargo-home/bin/cargo" "+beta-2024-12-08" "test" "--frozen", kill_on_drop: false }`
[INFO] [stdout] 5d38161e79878822883666cdfa843ee1a41df887f04a540eb1386c1a3be10aa6
[INFO] running `Command { std: "docker" "start" "-a" "5d38161e79878822883666cdfa843ee1a41df887f04a540eb1386c1a3be10aa6", kill_on_drop: false }`
[INFO] [stderr] warning: function `callback_function` is never used
[INFO] [stderr]   --> tests/utf8_in_doc_comment/main.rs:32:4
[INFO] [stderr]    |
[INFO] [stderr] 32 | fn callback_function(cmd: Commands) {
[INFO] [stderr]    |    ^^^^^^^^^^^^^^^^^
[INFO] [stderr]    |
[INFO] [stderr]    = note: `#[warn(dead_code)]` on by default
[INFO] [stderr] 
[INFO] [stderr] warning: `trixy` (test "utf8_in_doc_comment") generated 1 warning
[INFO] [stderr] warning: function `callback_function` is never used
[INFO] [stderr]   --> tests/error_derive/main.rs:32:4
[INFO] [stderr]    |
[INFO] [stderr] 32 | fn callback_function(cmd: Commands) {
[INFO] [stderr]    |    ^^^^^^^^^^^^^^^^^
[INFO] [stderr]    |
[INFO] [stderr]    = note: `#[warn(dead_code)]` on by default
[INFO] [stderr] 
[INFO] [stderr] warning: unused variable: `callback`
[INFO] [stderr]   --> tests/functions/main.rs:34:46
[INFO] [stderr]    |
[INFO] [stderr] 34 |         Commands::call_me_back_outstanding { callback } => todo!(),
[INFO] [stderr]    |                                              ^^^^^^^^ help: try ignoring the field: `callback: _`
[INFO] [stderr]    |
[INFO] [stderr]    = note: `#[warn(unused_variables)]` on by default
[INFO] [stderr] 
[INFO] [stderr] warning: unused variable: `callback`
[INFO] [stderr]   --> tests/functions/main.rs:36:38
[INFO] [stderr]    |
[INFO] [stderr] 36 |             one::One::call_me_back { callback } => todo!(),
[INFO] [stderr]    |                                      ^^^^^^^^ help: try ignoring the field: `callback: _`
[INFO] [stderr] 
[INFO] [stderr] warning: unused variable: `trixy_output`
[INFO] [stderr]   --> tests/multi_line_doc_comment/main.rs:35:40
[INFO] [stderr]    |
[INFO] [stderr] 35 |             trinitrix::Trinitrix::hi { trixy_output, name } => todo!(),
[INFO] [stderr]    |                                        ^^^^^^^^^^^^ help: try ignoring the field: `trixy_output: _`
[INFO] [stderr]    |
[INFO] [stderr]    = note: `#[warn(unused_variables)]` on by default
[INFO] [stderr] 
[INFO] [stderr] warning: unused variable: `name`
[INFO] [stderr]   --> tests/multi_line_doc_comment/main.rs:35:54
[INFO] [stderr]    |
[INFO] [stderr] 35 |             trinitrix::Trinitrix::hi { trixy_output, name } => todo!(),
[INFO] [stderr]    |                                                      ^^^^ help: try ignoring the field: `name: _`
[INFO] [stderr] 
[INFO] [stderr] warning: unused variable: `trixy_output`
[INFO] [stderr]   --> tests/result/main.rs:35:43
[INFO] [stderr]    |
[INFO] [stderr] 35 |             trinitrix::Trinitrix::get_a { trixy_output } => todo!(),
[INFO] [stderr]    |                                           ^^^^^^^^^^^^ help: try ignoring the field: `trixy_output: _`
[INFO] [stderr]    |
[INFO] [stderr]    = note: `#[warn(unused_variables)]` on by default
[INFO] [stderr] 
[INFO] [stderr] warning: unused variable: `trixy_output`
[INFO] [stderr]   --> tests/result/main.rs:36:43
[INFO] [stderr]    |
[INFO] [stderr] 36 |             trinitrix::Trinitrix::get_b { trixy_output } => todo!(),
[INFO] [stderr]    |                                           ^^^^^^^^^^^^ help: try ignoring the field: `trixy_output: _`
[INFO] [stderr] 
[INFO] [stderr] warning: unused variable: `name`
[INFO] [stderr]   --> tests/void/main.rs:34:31
[INFO] [stderr]    |
[INFO] [stderr] 34 |         Commands::no_return { name } => todo!(),
[INFO] [stderr]    |                               ^^^^ help: try ignoring the field: `name: _`
[INFO] [stderr]    |
[INFO] [stderr]    = note: `#[warn(unused_variables)]` on by default
[INFO] [stderr] 
[INFO] [stderr] warning: unused variable: `trixy_output`
[INFO] [stderr]   --> tests/void_input/main.rs:34:32
[INFO] [stderr]    |
[INFO] [stderr] 34 |         Commands::void_input { trixy_output } => todo!(),
[INFO] [stderr]    |                                ^^^^^^^^^^^^ help: try ignoring the field: `trixy_output: _`
[INFO] [stderr]    |
[INFO] [stderr]    = note: `#[warn(unused_variables)]` on by default
[INFO] [stderr] 
[INFO] [stderr] warning: unused variable: `trixy_output`
[INFO] [stderr]   --> tests/vec_and_option/main.rs:36:17
[INFO] [stderr]    |
[INFO] [stderr] 36 |                 trixy_output,
[INFO] [stderr]    |                 ^^^^^^^^^^^^ help: try ignoring the field: `trixy_output: _`
[INFO] [stderr]    |
[INFO] [stderr]    = note: `#[warn(unused_variables)]` on by default
[INFO] [stderr] 
[INFO] [stderr] warning: unused variable: `values`
[INFO] [stderr]   --> tests/vec_and_option/main.rs:37:17
[INFO] [stderr]    |
[INFO] [stderr] 37 |                 values,
[INFO] [stderr]    |                 ^^^^^^ help: try ignoring the field: `values: _`
[INFO] [stderr] 
[INFO] [stderr] warning: unused variable: `trixy_output`
[INFO] [stderr]   --> tests/attribute_doc_comments/main.rs:35:40
[INFO] [stderr]    |
[INFO] [stderr] 35 |             trinitrix::Trinitrix::hi { trixy_output, name } => todo!(),
[INFO] [stderr]    |                                        ^^^^^^^^^^^^ help: try ignoring the field: `trixy_output: _`
[INFO] [stderr]    |
[INFO] [stderr]    = note: `#[warn(unused_variables)]` on by default
[INFO] [stderr] 
[INFO] [stderr] warning: unused variable: `name`
[INFO] [stderr]   --> tests/attribute_doc_comments/main.rs:35:54
[INFO] [stderr]    |
[INFO] [stderr] 35 |             trinitrix::Trinitrix::hi { trixy_output, name } => todo!(),
[INFO] [stderr]    |                                                      ^^^^ help: try ignoring the field: `name: _`
[INFO] [stderr] 
[INFO] [stderr] warning: `trixy` (test "error_derive") generated 1 warning
[INFO] [stderr] warning: `trixy` (test "functions") generated 2 warnings
[INFO] [stderr] warning: `trixy` (test "multi_line_doc_comment") generated 2 warnings
[INFO] [stderr] warning: `trixy` (test "result") generated 2 warnings
[INFO] [stderr] warning: `trixy` (test "void") generated 1 warning
[INFO] [stderr] warning: `trixy` (test "void_input") generated 1 warning
[INFO] [stderr] warning: `trixy` (test "vec_and_option") generated 2 warnings
[INFO] [stderr] warning: `trixy` (test "attribute_doc_comments") generated 2 warnings
[INFO] [stderr] warning: unused variable: `trixy_output`
[INFO] [stderr]   --> tests/doc_comments/main.rs:35:40
[INFO] [stderr]    |
[INFO] [stderr] 35 |             trinitrix::Trinitrix::hi { trixy_output, name } => todo!(),
[INFO] [stderr]    |                                        ^^^^^^^^^^^^ help: try ignoring the field: `trixy_output: _`
[INFO] [stderr]    |
[INFO] [stderr]    = note: `#[warn(unused_variables)]` on by default
[INFO] [stderr] 
[INFO] [stderr] warning: unused variable: `name`
[INFO] [stderr]   --> tests/doc_comments/main.rs:35:54
[INFO] [stderr]    |
[INFO] [stderr] 35 |             trinitrix::Trinitrix::hi { trixy_output, name } => todo!(),
[INFO] [stderr]    |                                                      ^^^^ help: try ignoring the field: `name: _`
[INFO] [stderr] 
[INFO] [stderr] warning: unused variable: `message`
[INFO] [stderr]   --> tests/trinitrix_api/main.rs:38:58
[INFO] [stderr]    |
[INFO] [stderr] 38 |                 trinitrix::api::Api::room_message_send { message } => todo!(),
[INFO] [stderr]    |                                                          ^^^^^^^ help: try ignoring the field: `message: _`
[INFO] [stderr]    |
[INFO] [stderr]    = note: `#[warn(unused_variables)]` on by default
[INFO] [stderr] 
[INFO] [stderr] warning: unused variable: `mode`
[INFO] [stderr]   --> tests/trinitrix_api/main.rs:40:56
[INFO] [stderr]    |
[INFO] [stderr] 40 |                     trinitrix::api::ui::Ui::set_mode { mode } => todo!(),
[INFO] [stderr]    |                                                        ^^^^ help: try ignoring the field: `mode: _`
[INFO] [stderr] 
[INFO] [stderr] warning: unused variable: `mode`
[INFO] [stderr]   --> tests/trinitrix_api/main.rs:46:25
[INFO] [stderr]    |
[INFO] [stderr] 46 |                         mode,
[INFO] [stderr]    |                         ^^^^ help: try ignoring the field: `mode: _`
[INFO] [stderr] 
[INFO] [stderr] warning: unused variable: `key`
[INFO] [stderr]   --> tests/trinitrix_api/main.rs:47:25
[INFO] [stderr]    |
[INFO] [stderr] 47 |                         key,
[INFO] [stderr]    |                         ^^^ help: try ignoring the field: `key: _`
[INFO] [stderr] 
[INFO] [stderr] warning: unused variable: `callback`
[INFO] [stderr]   --> tests/trinitrix_api/main.rs:48:25
[INFO] [stderr]    |
[INFO] [stderr] 48 |                         callback,
[INFO] [stderr]    |                         ^^^^^^^^ help: try ignoring the field: `callback: _`
[INFO] [stderr] 
[INFO] [stderr] warning: unused variable: `mode`
[INFO] [stderr]   --> tests/trinitrix_api/main.rs:50:64
[INFO] [stderr]    |
[INFO] [stderr] 50 |                     trinitrix::api::keymaps::Keymaps::remove { mode, key } => todo!(),
[INFO] [stderr]    |                                                                ^^^^ help: try ignoring the field: `mode: _`
[INFO] [stderr] 
[INFO] [stderr] warning: unused variable: `key`
[INFO] [stderr]   --> tests/trinitrix_api/main.rs:50:70
[INFO] [stderr]    |
[INFO] [stderr] 50 |                     trinitrix::api::keymaps::Keymaps::remove { mode, key } => todo!(),
[INFO] [stderr]    |                                                                      ^^^ help: try ignoring the field: `key: _`
[INFO] [stderr] 
[INFO] [stderr] warning: unused variable: `mode`
[INFO] [stderr]   --> tests/trinitrix_api/main.rs:51:61
[INFO] [stderr]    |
[INFO] [stderr] 51 |                     trinitrix::api::keymaps::Keymaps::get { mode } => todo!(),
[INFO] [stderr]    |                                                             ^^^^ help: try ignoring the field: `mode: _`
[INFO] [stderr] 
[INFO] [stderr] warning: unused variable: `error_message`
[INFO] [stderr]   --> tests/trinitrix_api/main.rs:54:61
[INFO] [stderr]    |
[INFO] [stderr] 54 |                     trinitrix::api::raw::Raw::raise_error { error_message } => todo!(),
[INFO] [stderr]    |                                                             ^^^^^^^^^^^^^ help: try ignoring the field: `error_message: _`
[INFO] [stderr] 
[INFO] [stderr] warning: unused variable: `output_message`
[INFO] [stderr]   --> tests/trinitrix_api/main.rs:55:64
[INFO] [stderr]    |
[INFO] [stderr] 55 |                     trinitrix::api::raw::Raw::display_output { output_message } => todo!(),
[INFO] [stderr]    |                                                                ^^^^^^^^^^^^^^ help: try ignoring the field: `output_message: _`
[INFO] [stderr] 
[INFO] [stderr] warning: unused variable: `input`
[INFO] [stderr]   --> tests/trinitrix_api/main.rs:56:72
[INFO] [stderr]    |
[INFO] [stderr] 56 |                     trinitrix::api::raw::Raw::send_input_unprocessed { input } => todo!(),
[INFO] [stderr]    |                                                                        ^^^^^ help: try ignoring the field: `input: _`
[INFO] [stderr] 
[INFO] [stderr] warning: function `callback_function` is never used
[INFO] [stderr]   --> tests/empty_doc_comment/main.rs:32:4
[INFO] [stderr]    |
[INFO] [stderr] 32 | fn callback_function(cmd: Commands) {
[INFO] [stderr]    |    ^^^^^^^^^^^^^^^^^
[INFO] [stderr]    |
[INFO] [stderr]    = note: `#[warn(dead_code)]` on by default
[INFO] [stderr] 
[INFO] [stderr] warning: unused variable: `callback`
[INFO] [stderr]   --> tests/types/main.rs:35:44
[INFO] [stderr]    |
[INFO] [stderr] 35 |             test::Test::execute_callback { callback, priority } => todo!(),
[INFO] [stderr]    |                                            ^^^^^^^^ help: try ignoring the field: `callback: _`
[INFO] [stderr]    |
[INFO] [stderr]    = note: `#[warn(unused_variables)]` on by default
[INFO] [stderr] 
[INFO] [stderr] warning: unused variable: `priority`
[INFO] [stderr]   --> tests/types/main.rs:35:54
[INFO] [stderr]    |
[INFO] [stderr] 35 |             test::Test::execute_callback { callback, priority } => todo!(),
[INFO] [stderr]    |                                                      ^^^^^^^^ help: try ignoring the field: `priority: _`
[INFO] [stderr] 
[INFO] [stderr] warning: `trixy` (test "doc_comments") generated 2 warnings
[INFO] [stderr] warning: `trixy` (test "trinitrix_api") generated 11 warnings
[INFO] [stderr] warning: `trixy` (test "empty_doc_comment") generated 1 warning
[INFO] [stderr] warning: `trixy` (test "types") generated 2 warnings
[INFO] [stderr]     Finished `test` profile [unoptimized + debuginfo] target(s) in 0.11s
[INFO] [stderr]      Running unittests src/lib.rs (/opt/rustwide/target/debug/deps/trixy-075d647cb9ed9681)
[INFO] [stdout] 
[INFO] [stdout] running 11 tests
[INFO] [stdout] test parser::lexing::tests::tok_expands_to_arrow ... ok
[INFO] [stdout] test parser::lexing::tests::tok_expands_to_semicolon ... ok
[INFO] [stdout] test types::newtypes::tests::test_string_round_trip ... ok
[INFO] [stdout] test types::newtypes::tests::test_string_round_trip_through_c ... ok
[INFO] [stdout] test parser::lexing::test::test_lexing_trixy ... ok
[INFO] [stdout] test parser::lexing::tests::tok_expands_to_fn ... ok
[INFO] [stdout] test parser::lexing::test::test_comments ... ok
[INFO] [stdout] test parser::lexing::tests::tok_expands_to_mod ... ok
[INFO] [stdout] test parser::lexing::test::test_failing_lexing ... ok
[INFO] [stdout] test parser::lexing::test::test_multiple_tokens ... ok
[INFO] [stdout] test macros::config::file_tree::markdown_representation::test::test_round_trip ... FAILED
[INFO] [stdout] 
[INFO] [stdout] failures:
[INFO] [stdout] 
[INFO] [stdout] ---- macros::config::file_tree::markdown_representation::test::test_round_trip stdout ----
[INFO] [stdout] thread 'macros::config::file_tree::markdown_representation::test::test_round_trip' panicked at src/macros/generate/auxiliary/mod.rs:41:10:
[INFO] [stdout] `clang-format` is a dependency and should be provided by the user: Os { code: 2, kind: NotFound, message: "No such file or directory" }
[INFO] [stdout] stack backtrace:
[INFO] [stdout]    0:     0x5d09b3392cea - std::backtrace_rs::backtrace::libunwind::trace::h8810477743020387
[INFO] [stdout]                                at /rustc/202008a1b8de96d2e5b6bc02d379db03a877d34d/library/std/src/../../backtrace/src/backtrace/libunwind.rs:116:5
[INFO] [stdout]    1:     0x5d09b3392cea - std::backtrace_rs::backtrace::trace_unsynchronized::h3aa55355dd6c54a6
[INFO] [stdout]                                at /rustc/202008a1b8de96d2e5b6bc02d379db03a877d34d/library/std/src/../../backtrace/src/backtrace/mod.rs:66:5
[INFO] [stdout]    2:     0x5d09b3392cea - std::sys::backtrace::_print_fmt::h8588b0f62410823f
[INFO] [stdout]                                at /rustc/202008a1b8de96d2e5b6bc02d379db03a877d34d/library/std/src/sys/backtrace.rs:66:9
[INFO] [stdout]    3:     0x5d09b3392cea - <std::sys::backtrace::BacktraceLock::print::DisplayBacktrace as core::fmt::Display>::fmt::h98c26ac25ffe89bb
[INFO] [stdout]                                at /rustc/202008a1b8de96d2e5b6bc02d379db03a877d34d/library/std/src/sys/backtrace.rs:39:26
[INFO] [stdout]    4:     0x5d09b33ba863 - core::fmt::rt::Argument::fmt::hf95377f4aebd453b
[INFO] [stdout]                                at /rustc/202008a1b8de96d2e5b6bc02d379db03a877d34d/library/core/src/fmt/rt.rs:177:76
[INFO] [stdout]    5:     0x5d09b33ba863 - core::fmt::write::h0dd5f6e2238c7982
[INFO] [stdout]                                at /rustc/202008a1b8de96d2e5b6bc02d379db03a877d34d/library/core/src/fmt/mod.rs:1189:21
[INFO] [stdout]    6:     0x5d09b338f943 - std::io::Write::write_fmt::h03bb0ca26e6faf8c
[INFO] [stdout]                                at /rustc/202008a1b8de96d2e5b6bc02d379db03a877d34d/library/std/src/io/mod.rs:1884:15
[INFO] [stdout]    7:     0x5d09b3392b32 - std::sys::backtrace::BacktraceLock::print::h5c19c1c038ee186d
[INFO] [stdout]                                at /rustc/202008a1b8de96d2e5b6bc02d379db03a877d34d/library/std/src/sys/backtrace.rs:42:9
[INFO] [stdout]    8:     0x5d09b339416d - std::panicking::default_hook::{{closure}}::h77172f079a1fcb13
[INFO] [stdout]                                at /rustc/202008a1b8de96d2e5b6bc02d379db03a877d34d/library/std/src/panicking.rs:268:22
[INFO] [stdout]    9:     0x5d09b3393f77 - std::panicking::default_hook::he5f8e3b203ccddba
[INFO] [stdout]                                at /rustc/202008a1b8de96d2e5b6bc02d379db03a877d34d/library/std/src/panicking.rs:292:9
[INFO] [stdout]   10:     0x5d09b2f39b27 - <alloc::boxed::Box<F,A> as core::ops::function::Fn<Args>>::call::h7a3c7b4a1ae77f2f
[INFO] [stdout]                                at /rustc/202008a1b8de96d2e5b6bc02d379db03a877d34d/library/alloc/src/boxed.rs:1986:9
[INFO] [stdout]   11:     0x5d09b2f39b27 - test::test_main::{{closure}}::hf0d3b69ae9b353d1
[INFO] [stdout]                                at /rustc/202008a1b8de96d2e5b6bc02d379db03a877d34d/library/test/src/lib.rs:134:21
[INFO] [stdout]   12:     0x5d09b3394818 - <alloc::boxed::Box<F,A> as core::ops::function::Fn<Args>>::call::h6332e82e7b189abd
[INFO] [stdout]                                at /rustc/202008a1b8de96d2e5b6bc02d379db03a877d34d/library/alloc/src/boxed.rs:1986:9
[INFO] [stdout]   13:     0x5d09b3394818 - std::panicking::rust_panic_with_hook::h53863d4e9018df39
[INFO] [stdout]                                at /rustc/202008a1b8de96d2e5b6bc02d379db03a877d34d/library/std/src/panicking.rs:809:13
[INFO] [stdout]   14:     0x5d09b33945da - std::panicking::begin_panic_handler::{{closure}}::h67280e6fa0757873
[INFO] [stdout]                                at /rustc/202008a1b8de96d2e5b6bc02d379db03a877d34d/library/std/src/panicking.rs:674:13
[INFO] [stdout]   15:     0x5d09b33931c9 - std::sys::backtrace::__rust_end_short_backtrace::h1dac3f54d6fbbeb2
[INFO] [stdout]                                at /rustc/202008a1b8de96d2e5b6bc02d379db03a877d34d/library/std/src/sys/backtrace.rs:170:18
[INFO] [stdout]   16:     0x5d09b339426c - rust_begin_unwind
[INFO] [stdout]                                at /rustc/202008a1b8de96d2e5b6bc02d379db03a877d34d/library/std/src/panicking.rs:665:5
[INFO] [stdout]   17:     0x5d09b2dc8dc0 - core::panicking::panic_fmt::h6792bd1b2bf01041
[INFO] [stdout]                                at /rustc/202008a1b8de96d2e5b6bc02d379db03a877d34d/library/core/src/panicking.rs:76:14
[INFO] [stdout]   18:     0x5d09b2dc92a6 - core::result::unwrap_failed::h05e0602ed34287c5
[INFO] [stdout]                                at /rustc/202008a1b8de96d2e5b6bc02d379db03a877d34d/library/core/src/result.rs:1699:5
[INFO] [stdout]   19:     0x5d09b2ecc435 - core::result::Result<T,E>::expect::h06aaa110910b41f2
[INFO] [stdout]                                at /rustc/202008a1b8de96d2e5b6bc02d379db03a877d34d/library/core/src/result.rs:1061:23
[INFO] [stdout]   20:     0x5d09b2eae890 - trixy::macros::generate::auxiliary::format_c::h0da8819174d62dc0
[INFO] [stdout]                                at /opt/rustwide/workdir/src/macros/generate/auxiliary/mod.rs:36:28
[INFO] [stdout]   21:     0x5d09b2eaeb8a - trixy::macros::generate::auxiliary::generate::h307e7685867873cf
[INFO] [stdout]                                at /opt/rustwide/workdir/src/macros/generate/auxiliary/mod.rs:61:18
[INFO] [stdout]   22:     0x5d09b2e6d35a - trixy::macros::<impl trixy::macros::config::trixy::TrixyConfig>::generate::h7529fcd40d0c9b16
[INFO] [stdout]                                at /opt/rustwide/workdir/src/macros/mod.rs:89:28
[INFO] [stdout]   23:     0x5d09b2e84f62 - trixy::macros::config::file_tree::markdown_representation::test::test_round_trip::h918e3ac2eafa3bca
[INFO] [stdout]                                at /opt/rustwide/workdir/src/macros/config/file_tree/markdown_representation.rs:241:25
[INFO] [stdout]   24:     0x5d09b2e84e47 - trixy::macros::config::file_tree::markdown_representation::test::test_round_trip::{{closure}}::h87944d182afc5fac
[INFO] [stdout]                                at /opt/rustwide/workdir/src/macros/config/file_tree/markdown_representation.rs:235:25
[INFO] [stdout]   25:     0x5d09b2e940b6 - core::ops::function::FnOnce::call_once::h0a44b70bfca17169
[INFO] [stdout]                                at /rustc/202008a1b8de96d2e5b6bc02d379db03a877d34d/library/core/src/ops/function.rs:250:5
[INFO] [stdout]   26:     0x5d09b2f3e64b - core::ops::function::FnOnce::call_once::h871bf86719ec9aa4
[INFO] [stdout]                                at /rustc/202008a1b8de96d2e5b6bc02d379db03a877d34d/library/core/src/ops/function.rs:250:5
[INFO] [stdout]   27:     0x5d09b2f3e64b - test::__rust_begin_short_backtrace::h2167df1e2b7d76fd
[INFO] [stdout]                                at /rustc/202008a1b8de96d2e5b6bc02d379db03a877d34d/library/test/src/lib.rs:632:18
[INFO] [stdout]   28:     0x5d09b2f3e038 - test::run_test_in_process::{{closure}}::h15d92f75a3adfb79
[INFO] [stdout]                                at /rustc/202008a1b8de96d2e5b6bc02d379db03a877d34d/library/test/src/lib.rs:655:60
[INFO] [stdout]   29:     0x5d09b2f3e038 - <core::panic::unwind_safe::AssertUnwindSafe<F> as core::ops::function::FnOnce<()>>::call_once::hb6c8955835a8dbbb
[INFO] [stdout]                                at /rustc/202008a1b8de96d2e5b6bc02d379db03a877d34d/library/core/src/panic/unwind_safe.rs:272:9
[INFO] [stdout]   30:     0x5d09b2f3e038 - std::panicking::try::do_call::hc79d0fc888a0bd30
[INFO] [stdout]                                at /rustc/202008a1b8de96d2e5b6bc02d379db03a877d34d/library/std/src/panicking.rs:557:40
[INFO] [stdout]   31:     0x5d09b2f3e038 - std::panicking::try::hb8a7878e3a8589d6
[INFO] [stdout]                                at /rustc/202008a1b8de96d2e5b6bc02d379db03a877d34d/library/std/src/panicking.rs:520:19
[INFO] [stdout]   32:     0x5d09b2f3e038 - std::panic::catch_unwind::hb8e4600ff0ff5cfa
[INFO] [stdout]                                at /rustc/202008a1b8de96d2e5b6bc02d379db03a877d34d/library/std/src/panic.rs:358:14
[INFO] [stdout]   33:     0x5d09b2f3e038 - test::run_test_in_process::hc2900b0b18688dd6
[INFO] [stdout]                                at /rustc/202008a1b8de96d2e5b6bc02d379db03a877d34d/library/test/src/lib.rs:655:27
[INFO] [stdout]   34:     0x5d09b2f3e038 - test::run_test::{{closure}}::hac2a9cb07be3d48d
[INFO] [stdout]                                at /rustc/202008a1b8de96d2e5b6bc02d379db03a877d34d/library/test/src/lib.rs:576:43
[INFO] [stdout]   35:     0x5d09b2f01ada - test::run_test::{{closure}}::h4a5b729e66a38cd8
[INFO] [stdout]                                at /rustc/202008a1b8de96d2e5b6bc02d379db03a877d34d/library/test/src/lib.rs:606:41
[INFO] [stdout]   36:     0x5d09b2f01ada - std::sys::backtrace::__rust_begin_short_backtrace::h0496fb742492f573
[INFO] [stdout]                                at /rustc/202008a1b8de96d2e5b6bc02d379db03a877d34d/library/std/src/sys/backtrace.rs:154:18
[INFO] [stdout]   37:     0x5d09b2f05454 - std::thread::Builder::spawn_unchecked_::{{closure}}::{{closure}}::hbb6d257c550a54bd
[INFO] [stdout]                                at /rustc/202008a1b8de96d2e5b6bc02d379db03a877d34d/library/std/src/thread/mod.rs:561:17
[INFO] [stdout]   38:     0x5d09b2f05454 - <core::panic::unwind_safe::AssertUnwindSafe<F> as core::ops::function::FnOnce<()>>::call_once::h46696fe4a6832328
[INFO] [stdout]                                at /rustc/202008a1b8de96d2e5b6bc02d379db03a877d34d/library/core/src/panic/unwind_safe.rs:272:9
[INFO] [stdout]   39:     0x5d09b2f05454 - std::panicking::try::do_call::h2625a51b667bfb64
[INFO] [stdout]                                at /rustc/202008a1b8de96d2e5b6bc02d379db03a877d34d/library/std/src/panicking.rs:557:40
[INFO] [stdout]   40:     0x5d09b2f05454 - std::panicking::try::hb956a59a1973aa4c
[INFO] [stdout]                                at /rustc/202008a1b8de96d2e5b6bc02d379db03a877d34d/library/std/src/panicking.rs:520:19
[INFO] [stdout]   41:     0x5d09b2f05454 - std::panic::catch_unwind::h64f3b9d1067ef6a0
[INFO] [stdout]                                at /rustc/202008a1b8de96d2e5b6bc02d379db03a877d34d/library/std/src/panic.rs:358:14
[INFO] [stdout]   42:     0x5d09b2f05454 - std::thread::Builder::spawn_unchecked_::{{closure}}::h42b2841295b6c0b2
[INFO] [stdout]                                at /rustc/202008a1b8de96d2e5b6bc02d379db03a877d34d/library/std/src/thread/mod.rs:559:30
[INFO] [stdout]   43:     0x5d09b2f05454 - core::ops::function::FnOnce::call_once{{vtable.shim}}::h6127de71b8124639
[INFO] [stdout]                                at /rustc/202008a1b8de96d2e5b6bc02d379db03a877d34d/library/core/src/ops/function.rs:250:5
[INFO] [stdout]   44:     0x5d09b339899b - <alloc::boxed::Box<F,A> as core::ops::function::FnOnce<Args>>::call_once::h42f0ba71002a1b2c
[INFO] [stdout]                                at /rustc/202008a1b8de96d2e5b6bc02d379db03a877d34d/library/alloc/src/boxed.rs:1972:9
[INFO] [stdout]   45:     0x5d09b339899b - <alloc::boxed::Box<F,A> as core::ops::function::FnOnce<Args>>::call_once::had9e47d7a3dcecb8
[INFO] [stdout]                                at /rustc/202008a1b8de96d2e5b6bc02d379db03a877d34d/library/alloc/src/boxed.rs:1972:9
[INFO] [stdout]   46:     0x5d09b339899b - std::sys::pal::unix::thread::Thread::new::thread_start::h48cf765408f6f5f2
[INFO] [stdout]                                at /rustc/202008a1b8de96d2e5b6bc02d379db03a877d34d/library/std/src/sys/pal/unix/thread.rs:105:17
[INFO] [stdout]   47:     0x79b3ba38aac3 - <unknown>
[INFO] [stdout]   48:     0x79b3ba41ba04 - clone
[INFO] [stdout]   49:                0x0 - <unknown>
[INFO] [stdout] 
[INFO] [stdout] 
[INFO] [stdout] failures:
[INFO] [stdout]     macros::config::file_tree::markdown_representation::test::test_round_trip
[INFO] [stdout] 
[INFO] [stdout] test result: FAILED. 10 passed; 1 failed; 0 ignored; 0 measured; 0 filtered out; finished in 0.10s
[INFO] [stdout] 
[INFO] [stderr] error: test failed, to rerun pass `--lib`
[INFO] running `Command { std: "docker" "inspect" "5d38161e79878822883666cdfa843ee1a41df887f04a540eb1386c1a3be10aa6", kill_on_drop: false }`
[INFO] running `Command { std: "docker" "rm" "-f" "5d38161e79878822883666cdfa843ee1a41df887f04a540eb1386c1a3be10aa6", kill_on_drop: false }`
[INFO] [stdout] 5d38161e79878822883666cdfa843ee1a41df887f04a540eb1386c1a3be10aa6
