[INFO] fetching crate triangulate 0.2.0...
[INFO] testing triangulate-0.2.0 against 1.83.0 for beta-1.84.0-4-retry
[INFO] extracting crate triangulate 0.2.0 into /workspace/builds/worker-2-tc1/source
[INFO] validating manifest of crates.io crate triangulate 0.2.0 on toolchain 1.83.0
[INFO] running `Command { std: CARGO_HOME="/workspace/cargo-home" RUSTUP_HOME="/workspace/rustup-home" "/workspace/cargo-home/bin/cargo" "+1.83.0" "metadata" "--manifest-path" "Cargo.toml" "--no-deps", kill_on_drop: false }`
[INFO] started tweaking crates.io crate triangulate 0.2.0
[INFO] finished tweaking crates.io crate triangulate 0.2.0
[INFO] tweaked toml for crates.io crate triangulate 0.2.0 written to /workspace/builds/worker-2-tc1/source/Cargo.toml
[INFO] running `Command { std: CARGO_HOME="/workspace/cargo-home" RUSTUP_HOME="/workspace/rustup-home" "/workspace/cargo-home/bin/cargo" "+1.83.0" "generate-lockfile" "--manifest-path" "Cargo.toml", kill_on_drop: false }`
[INFO] [stderr]     Updating crates.io index
[INFO] [stderr]      Locking 97 packages to latest compatible versions
[INFO] [stderr]       Adding criterion v0.4.0 (available: v0.5.1)
[INFO] [stderr]       Adding earcutr v0.3.0 (available: v0.4.3)
[INFO] [stderr]       Adding ordered-float v2.10.1 (available: v4.5.0)
[INFO] running `Command { std: CARGO_HOME="/workspace/cargo-home" RUSTUP_HOME="/workspace/rustup-home" "/workspace/cargo-home/bin/cargo" "+1.83.0" "fetch" "--manifest-path" "Cargo.toml", kill_on_drop: false }`
[INFO] [stderr]     Blocking waiting for file lock on package cache
[INFO] [stderr]  Downloading crates ...
[INFO] [stderr]   Downloaded text_trees v0.1.2
[INFO] [stderr]   Downloaded zot v0.1.0
[INFO] [stderr]   Downloaded earcutr v0.3.0
[INFO] running `Command { std: "docker" "create" "-v" "/var/lib/crater-agent-workspace/builds/worker-2-tc1/target:/opt/rustwide/target:rw,Z" "-v" "/var/lib/crater-agent-workspace/builds/worker-2-tc1/source:/opt/rustwide/workdir:ro,Z" "-v" "/var/lib/crater-agent-workspace/cargo-home:/opt/rustwide/cargo-home:ro,Z" "-v" "/var/lib/crater-agent-workspace/rustup-home:/opt/rustwide/rustup-home:ro,Z" "-e" "SOURCE_DIR=/opt/rustwide/workdir" "-e" "CARGO_TARGET_DIR=/opt/rustwide/target" "-e" "CARGO_HOME=/opt/rustwide/cargo-home" "-e" "RUSTUP_HOME=/opt/rustwide/rustup-home" "-w" "/opt/rustwide/workdir" "-m" "1610612736" "--user" "0:0" "--network" "none" "ghcr.io/rust-lang/crates-build-env/linux@sha256:f3a9d4ad9d972b27faf3965f35b62e55ba32bbce8f20bc8fe909558a86702fde" "/opt/rustwide/cargo-home/bin/cargo" "+1.83.0" "metadata" "--no-deps" "--format-version=1", kill_on_drop: false }`
[INFO] [stdout] dcdaf87f4aea59705bbfc7357ba57142a76136ef4caaf6d3b652fc82766ef4c2
[INFO] running `Command { std: "docker" "start" "-a" "dcdaf87f4aea59705bbfc7357ba57142a76136ef4caaf6d3b652fc82766ef4c2", kill_on_drop: false }`
[INFO] running `Command { std: "docker" "inspect" "dcdaf87f4aea59705bbfc7357ba57142a76136ef4caaf6d3b652fc82766ef4c2", kill_on_drop: false }`
[INFO] running `Command { std: "docker" "rm" "-f" "dcdaf87f4aea59705bbfc7357ba57142a76136ef4caaf6d3b652fc82766ef4c2", kill_on_drop: false }`
[INFO] [stdout] dcdaf87f4aea59705bbfc7357ba57142a76136ef4caaf6d3b652fc82766ef4c2
[INFO] running `Command { std: "docker" "create" "-v" "/var/lib/crater-agent-workspace/builds/worker-2-tc1/target:/opt/rustwide/target:rw,Z" "-v" "/var/lib/crater-agent-workspace/builds/worker-2-tc1/source:/opt/rustwide/workdir:ro,Z" "-v" "/var/lib/crater-agent-workspace/cargo-home:/opt/rustwide/cargo-home:ro,Z" "-v" "/var/lib/crater-agent-workspace/rustup-home:/opt/rustwide/rustup-home:ro,Z" "-e" "SOURCE_DIR=/opt/rustwide/workdir" "-e" "CARGO_TARGET_DIR=/opt/rustwide/target" "-e" "CARGO_INCREMENTAL=0" "-e" "RUST_BACKTRACE=full" "-e" "RUSTFLAGS=--cap-lints=warn" "-e" "RUSTDOCFLAGS=--cap-lints=warn" "-e" "CARGO_HOME=/opt/rustwide/cargo-home" "-e" "RUSTUP_HOME=/opt/rustwide/rustup-home" "-w" "/opt/rustwide/workdir" "-m" "1610612736" "--user" "0:0" "--network" "none" "ghcr.io/rust-lang/crates-build-env/linux@sha256:f3a9d4ad9d972b27faf3965f35b62e55ba32bbce8f20bc8fe909558a86702fde" "/opt/rustwide/cargo-home/bin/cargo" "+1.83.0" "build" "--frozen" "--message-format=json", kill_on_drop: false }`
[INFO] [stdout] 2d51175d27766e6b283ada8cb098810959ea32736ec569191d50fd5d96cad1d1
[INFO] running `Command { std: "docker" "start" "-a" "2d51175d27766e6b283ada8cb098810959ea32736ec569191d50fd5d96cad1d1", kill_on_drop: false }`
[INFO] [stderr]    Compiling proc-macro2 v1.0.92
[INFO] [stderr]    Compiling unicode-ident v1.0.14
[INFO] [stderr]    Compiling libc v0.2.168
[INFO] [stderr]    Compiling cfg-if v1.0.0
[INFO] [stderr]    Compiling byteorder v1.5.0
[INFO] [stderr]    Compiling autocfg v1.4.0
[INFO] [stderr]    Compiling gimli v0.31.1
[INFO] [stderr]    Compiling adler2 v2.0.0
[INFO] [stderr]    Compiling memchr v2.7.4
[INFO] [stderr]    Compiling rustc-demangle v0.1.24
[INFO] [stderr]    Compiling smallvec v1.13.2
[INFO] [stderr]    Compiling miniz_oxide v0.8.0
[INFO] [stderr]    Compiling object v0.36.5
[INFO] [stderr]    Compiling zot v0.1.0
[INFO] [stderr]    Compiling num-traits v0.2.19
[INFO] [stderr]    Compiling quote v1.0.37
[INFO] [stderr]    Compiling syn v2.0.90
[INFO] [stderr]    Compiling getrandom v0.2.15
[INFO] [stderr]    Compiling rand_core v0.6.4
[INFO] [stderr]    Compiling ordered-float v2.10.1
[INFO] [stderr]    Compiling addr2line v0.24.2
[INFO] [stderr]    Compiling zerocopy-derive v0.7.35
[INFO] [stderr]    Compiling backtrace v0.3.74
[INFO] [stderr]    Compiling zerocopy v0.7.35
[INFO] [stderr]    Compiling ppv-lite86 v0.2.20
[INFO] [stderr]    Compiling rand_chacha v0.3.1
[INFO] [stderr]    Compiling rand v0.8.5
[INFO] [stderr]    Compiling triangulate v0.2.0 (/opt/rustwide/workdir)
[INFO] [stdout] warning: methods `ps`, `ns`, `ss`, `ts`, and `find_trapezoid` are never used
[INFO] [stdout]   --> src/trapezoidation.rs:15:8
[INFO] [stdout]    |
[INFO] [stdout] 14 | trait TrapezoidationStructure<'p, P: PolygonList<'p> + ?Sized + 'p> {
[INFO] [stdout]    |       ----------------------- methods in this trait
[INFO] [stdout] 15 |     fn ps(&self) -> PolygonListExt<'p, P>;
[INFO] [stdout]    |        ^^
[INFO] [stdout] 16 |     fn ns(&self) -> &[Nexus<P::Vertex, P::Index>];
[INFO] [stdout]    |        ^^
[INFO] [stdout] 17 |     fn ss(&self) -> &[Segment<P::Vertex, P::Index>];
[INFO] [stdout]    |        ^^
[INFO] [stdout] 18 |     fn ts(&self) -> &[Trapezoid<P::Vertex, P::Index>];
[INFO] [stdout]    |        ^^
[INFO] [stdout] ...
[INFO] [stdout] 25 |     fn find_trapezoid(&self, c: Coords<<P::Vertex as Vertex>::Coordinate>) -> (Idx<QueryNode<P::Vertex, P::Index>>, Idx<Trapezoid<P::Vert...
[INFO] [stdout]    |        ^^^^^^^^^^^^^^
[INFO] [stdout]    |
[INFO] [stdout]    = note: `#[warn(dead_code)]` on by default
[INFO] [stdout] 
[INFO] [stdout] 
[INFO] [stdout] warning: trait `Sealed` is never used
[INFO] [stdout]    --> src/inputs/polygon_list.rs:377:15
[INFO] [stdout]     |
[INFO] [stdout] 377 |     pub trait Sealed { }
[INFO] [stdout]     |               ^^^^^^
[INFO] [stdout] 
[INFO] [stdout] 
[INFO] [stderr]     Finished `dev` profile [unoptimized + debuginfo] target(s) in 18.75s
[INFO] running `Command { std: "docker" "inspect" "2d51175d27766e6b283ada8cb098810959ea32736ec569191d50fd5d96cad1d1", kill_on_drop: false }`
[INFO] running `Command { std: "docker" "rm" "-f" "2d51175d27766e6b283ada8cb098810959ea32736ec569191d50fd5d96cad1d1", kill_on_drop: false }`
[INFO] [stdout] 2d51175d27766e6b283ada8cb098810959ea32736ec569191d50fd5d96cad1d1
[INFO] running `Command { std: "docker" "create" "-v" "/var/lib/crater-agent-workspace/builds/worker-2-tc1/target:/opt/rustwide/target:rw,Z" "-v" "/var/lib/crater-agent-workspace/builds/worker-2-tc1/source:/opt/rustwide/workdir:ro,Z" "-v" "/var/lib/crater-agent-workspace/cargo-home:/opt/rustwide/cargo-home:ro,Z" "-v" "/var/lib/crater-agent-workspace/rustup-home:/opt/rustwide/rustup-home:ro,Z" "-e" "SOURCE_DIR=/opt/rustwide/workdir" "-e" "CARGO_TARGET_DIR=/opt/rustwide/target" "-e" "CARGO_INCREMENTAL=0" "-e" "RUST_BACKTRACE=full" "-e" "RUSTFLAGS=--cap-lints=warn" "-e" "RUSTDOCFLAGS=--cap-lints=warn" "-e" "CARGO_HOME=/opt/rustwide/cargo-home" "-e" "RUSTUP_HOME=/opt/rustwide/rustup-home" "-w" "/opt/rustwide/workdir" "-m" "1610612736" "--user" "0:0" "--network" "none" "ghcr.io/rust-lang/crates-build-env/linux@sha256:f3a9d4ad9d972b27faf3965f35b62e55ba32bbce8f20bc8fe909558a86702fde" "/opt/rustwide/cargo-home/bin/cargo" "+1.83.0" "test" "--frozen" "--no-run" "--message-format=json", kill_on_drop: false }`
[INFO] [stdout] 3951c8a8df56e5b254707c18b4f3bf32074b845af78e20ae3d5881e19badecd6
[INFO] running `Command { std: "docker" "start" "-a" "3951c8a8df56e5b254707c18b4f3bf32074b845af78e20ae3d5881e19badecd6", kill_on_drop: false }`
[INFO] [stderr]    Compiling crossbeam-utils v0.8.20
[INFO] [stderr]    Compiling memchr v2.7.4
[INFO] [stderr]    Compiling serde v1.0.216
[INFO] [stderr]    Compiling indexmap v1.9.3
[INFO] [stderr]    Compiling either v1.13.0
[INFO] [stderr]    Compiling serde_derive v1.0.216
[INFO] [stderr]    Compiling rayon-core v1.12.1
[INFO] [stderr]    Compiling serde_json v1.0.133
[INFO] [stderr]    Compiling half v2.4.1
[INFO] [stderr]    Compiling ryu v1.0.18
[INFO] [stderr]    Compiling os_str_bytes v6.6.1
[INFO] [stderr]    Compiling plotters-backend v0.3.7
[INFO] [stderr]    Compiling hashbrown v0.12.3
[INFO] [stderr]    Compiling itoa v1.0.14
[INFO] [stderr]    Compiling regex-syntax v0.8.5
[INFO] [stderr]    Compiling ciborium-io v0.2.2
[INFO] [stderr]    Compiling plotters-svg v0.3.7
[INFO] [stderr]    Compiling crossbeam-epoch v0.9.18
[INFO] [stderr]    Compiling ciborium-ll v0.2.2
[INFO] [stderr]    Compiling clap_lex v0.2.4
[INFO] [stderr]    Compiling crossbeam-deque v0.8.5
[INFO] [stderr]    Compiling object v0.36.5
[INFO] [stderr]    Compiling itertools v0.10.5
[INFO] [stderr]    Compiling textwrap v0.16.1
[INFO] [stderr]    Compiling cast v0.3.0
[INFO] [stderr]    Compiling bitflags v1.3.2
[INFO] [stderr]    Compiling same-file v1.0.6
[INFO] [stderr]    Compiling plotters v0.3.7
[INFO] [stderr]    Compiling clap v3.2.25
[INFO] [stderr]    Compiling rayon v1.10.0
[INFO] [stderr]    Compiling regex-automata v0.4.9
[INFO] [stderr]    Compiling criterion-plot v0.5.0
[INFO] [stderr]    Compiling walkdir v2.5.0
[INFO] [stderr]    Compiling atty v0.2.14
[INFO] [stderr]    Compiling oorandom v11.1.4
[INFO] [stderr]    Compiling anes v0.1.6
[INFO] [stderr]    Compiling lazy_static v1.5.0
[INFO] [stderr]    Compiling regex v1.11.1
[INFO] [stderr]    Compiling backtrace v0.3.74
[INFO] [stderr]    Compiling triangulate v0.2.0 (/opt/rustwide/workdir)
[INFO] [stdout] warning: methods `ps`, `ns`, `ss`, `ts`, and `find_trapezoid` are never used
[INFO] [stdout]   --> src/trapezoidation.rs:15:8
[INFO] [stdout]    |
[INFO] [stdout] 14 | trait TrapezoidationStructure<'p, P: PolygonList<'p> + ?Sized + 'p> {
[INFO] [stdout]    |       ----------------------- methods in this trait
[INFO] [stdout] 15 |     fn ps(&self) -> PolygonListExt<'p, P>;
[INFO] [stdout]    |        ^^
[INFO] [stdout] 16 |     fn ns(&self) -> &[Nexus<P::Vertex, P::Index>];
[INFO] [stdout]    |        ^^
[INFO] [stdout] 17 |     fn ss(&self) -> &[Segment<P::Vertex, P::Index>];
[INFO] [stdout]    |        ^^
[INFO] [stdout] 18 |     fn ts(&self) -> &[Trapezoid<P::Vertex, P::Index>];
[INFO] [stdout]    |        ^^
[INFO] [stdout] ...
[INFO] [stdout] 25 |     fn find_trapezoid(&self, c: Coords<<P::Vertex as Vertex>::Coordinate>) -> (Idx<QueryNode<P::Vertex, P::Index>>, Idx<Trapezoid<P::Vert...
[INFO] [stdout]    |        ^^^^^^^^^^^^^^
[INFO] [stdout]    |
[INFO] [stdout]    = note: `#[warn(dead_code)]` on by default
[INFO] [stdout] 
[INFO] [stdout] 
[INFO] [stdout] warning: trait `Sealed` is never used
[INFO] [stdout]    --> src/inputs/polygon_list.rs:377:15
[INFO] [stdout]     |
[INFO] [stdout] 377 |     pub trait Sealed { }
[INFO] [stdout]     |               ^^^^^^
[INFO] [stdout] 
[INFO] [stdout] 
[INFO] [stderr]    Compiling ciborium v0.2.2
[INFO] [stderr]    Compiling tinytemplate v1.2.1
[INFO] [stderr]    Compiling criterion v0.4.0
[INFO] [stdout] warning: methods `ps`, `ns`, `ss`, `ts`, and `find_trapezoid` are never used
[INFO] [stdout]   --> src/trapezoidation.rs:15:8
[INFO] [stdout]    |
[INFO] [stdout] 14 | trait TrapezoidationStructure<'p, P: PolygonList<'p> + ?Sized + 'p> {
[INFO] [stdout]    |       ----------------------- methods in this trait
[INFO] [stdout] 15 |     fn ps(&self) -> PolygonListExt<'p, P>;
[INFO] [stdout]    |        ^^
[INFO] [stdout] 16 |     fn ns(&self) -> &[Nexus<P::Vertex, P::Index>];
[INFO] [stdout]    |        ^^
[INFO] [stdout] 17 |     fn ss(&self) -> &[Segment<P::Vertex, P::Index>];
[INFO] [stdout]    |        ^^
[INFO] [stdout] 18 |     fn ts(&self) -> &[Trapezoid<P::Vertex, P::Index>];
[INFO] [stdout]    |        ^^
[INFO] [stdout] ...
[INFO] [stdout] 25 |     fn find_trapezoid(&self, c: Coords<<P::Vertex as Vertex>::Coordinate>) -> (Idx<QueryNode<P::Vertex, P::Index>>, Idx<Trapezoid<P::Vert...
[INFO] [stdout]    |        ^^^^^^^^^^^^^^
[INFO] [stdout]    |
[INFO] [stdout]    = note: `#[warn(dead_code)]` on by default
[INFO] [stdout] 
[INFO] [stdout] 
[INFO] [stdout] warning: trait `Sealed` is never used
[INFO] [stdout]    --> src/inputs/polygon_list.rs:377:15
[INFO] [stdout]     |
[INFO] [stdout] 377 |     pub trait Sealed { }
[INFO] [stdout]     |               ^^^^^^
[INFO] [stdout] 
[INFO] [stdout] 
[INFO] [stderr]     Finished `test` profile [unoptimized + debuginfo] target(s) in 39.84s
[INFO] running `Command { std: "docker" "inspect" "3951c8a8df56e5b254707c18b4f3bf32074b845af78e20ae3d5881e19badecd6", kill_on_drop: false }`
[INFO] running `Command { std: "docker" "rm" "-f" "3951c8a8df56e5b254707c18b4f3bf32074b845af78e20ae3d5881e19badecd6", kill_on_drop: false }`
[INFO] [stdout] 3951c8a8df56e5b254707c18b4f3bf32074b845af78e20ae3d5881e19badecd6
[INFO] running `Command { std: "docker" "create" "-v" "/var/lib/crater-agent-workspace/builds/worker-2-tc1/target:/opt/rustwide/target:rw,Z" "-v" "/var/lib/crater-agent-workspace/builds/worker-2-tc1/source:/opt/rustwide/workdir:ro,Z" "-v" "/var/lib/crater-agent-workspace/cargo-home:/opt/rustwide/cargo-home:ro,Z" "-v" "/var/lib/crater-agent-workspace/rustup-home:/opt/rustwide/rustup-home:ro,Z" "-e" "SOURCE_DIR=/opt/rustwide/workdir" "-e" "CARGO_TARGET_DIR=/opt/rustwide/target" "-e" "CARGO_INCREMENTAL=0" "-e" "RUST_BACKTRACE=full" "-e" "RUSTFLAGS=--cap-lints=warn" "-e" "RUSTDOCFLAGS=--cap-lints=warn" "-e" "CARGO_HOME=/opt/rustwide/cargo-home" "-e" "RUSTUP_HOME=/opt/rustwide/rustup-home" "-w" "/opt/rustwide/workdir" "-m" "1610612736" "--user" "0:0" "--network" "none" "ghcr.io/rust-lang/crates-build-env/linux@sha256:f3a9d4ad9d972b27faf3965f35b62e55ba32bbce8f20bc8fe909558a86702fde" "/opt/rustwide/cargo-home/bin/cargo" "+1.83.0" "test" "--frozen", kill_on_drop: false }`
[INFO] [stdout] 47b8d3b122a0dbc27ed35fd9805b0db3f1bdcd46ad4d870847ae517bf5e2a307
[INFO] running `Command { std: "docker" "start" "-a" "47b8d3b122a0dbc27ed35fd9805b0db3f1bdcd46ad4d870847ae517bf5e2a307", kill_on_drop: false }`
[INFO] [stderr] warning: methods `ps`, `ns`, `ss`, `ts`, and `find_trapezoid` are never used
[INFO] [stderr]   --> src/trapezoidation.rs:15:8
[INFO] [stderr]    |
[INFO] [stderr] 14 | trait TrapezoidationStructure<'p, P: PolygonList<'p> + ?Sized + 'p> {
[INFO] [stderr]    |       ----------------------- methods in this trait
[INFO] [stderr] 15 |     fn ps(&self) -> PolygonListExt<'p, P>;
[INFO] [stderr]    |        ^^
[INFO] [stderr] 16 |     fn ns(&self) -> &[Nexus<P::Vertex, P::Index>];
[INFO] [stderr]    |        ^^
[INFO] [stderr] 17 |     fn ss(&self) -> &[Segment<P::Vertex, P::Index>];
[INFO] [stderr]    |        ^^
[INFO] [stderr] 18 |     fn ts(&self) -> &[Trapezoid<P::Vertex, P::Index>];
[INFO] [stderr]    |        ^^
[INFO] [stderr] ...
[INFO] [stderr] 25 |     fn find_trapezoid(&self, c: Coords<<P::Vertex as Vertex>::Coordinate>) -> (Idx<QueryNode<P::Vertex, P::Index>>, Idx<Trapezoid<P::Vert...
[INFO] [stderr]    |        ^^^^^^^^^^^^^^
[INFO] [stderr]    |
[INFO] [stderr]    = note: `#[warn(dead_code)]` on by default
[INFO] [stderr] 
[INFO] [stderr] warning: trait `Sealed` is never used
[INFO] [stderr]    --> src/inputs/polygon_list.rs:377:15
[INFO] [stderr]     |
[INFO] [stderr] 377 |     pub trait Sealed { }
[INFO] [stderr]     |               ^^^^^^
[INFO] [stderr] 
[INFO] [stderr] warning: `triangulate` (lib) generated 2 warnings
[INFO] [stderr] warning: `triangulate` (lib test) generated 2 warnings (2 duplicates)
[INFO] [stderr]     Finished `test` profile [unoptimized + debuginfo] target(s) in 0.15s
[INFO] [stderr]      Running unittests src/lib.rs (/opt/rustwide/target/debug/deps/triangulate-5d1268df9f53aa8f)
[INFO] [stdout] 
[INFO] [stdout] running 17 tests
[INFO] [stdout] test tests::format::reverse_winding ... ok
[INFO] [stdout] test tests::format::deindexed_list ... ok
[INFO] [stdout] test tests::format::deindexed_fan ... ok
[INFO] [stdout] test tests::format::delimited_fan ... ok
[INFO] [stdout] test tests::format::separate_trapezoidation ... ok
[INFO] [stdout] test tests::format::error_propagation ... ok
[INFO] [stdout] test tests::format::fan_to_list ... ok
[INFO] [stdout] test tests::format::index_wrapper_polygons ... ok
[INFO] [stdout] test tests::format::index_wrapper ... ok
[INFO] [stdout] test tests::triangulate::triangulate ... ok
[INFO] [stdout] test tests::regression::france_nonterminating ... ok
[INFO] [stdout] test tests::triangulate::triangulate_hollow ... ok
[INFO] [stdout] test tests::negative::incomplete_polygon - should panic ... ok
[INFO] [stdout] test tests::negative::overlapping_polygons - should panic ... ok
[INFO] [stdout] test tests::negative::overlapping_vertex - should panic ... ok
[INFO] [stdout] test tests::triangulate::triangulate_geography ... FAILED
[INFO] [stdout] test tests::triangulate::regular_polygons has been running for over 60 seconds
[INFO] [stdout] test tests::triangulate::regular_polygons ... ok
[INFO] [stderr] error: test failed, to rerun pass `--lib`
[INFO] [stdout] 
[INFO] [stdout] failures:
[INFO] [stdout] 
[INFO] [stdout] ---- tests::triangulate::triangulate_geography stdout ----
[INFO] [stdout] thread 'tests::triangulate::triangulate_geography' panicked at src/tests/triangulate.rs:25:54:
[INFO] [stdout] called `Result::unwrap()` on an `Err` value: Os { code: 2, kind: NotFound, message: "No such file or directory" }
[INFO] [stdout] stack backtrace:
[INFO] [stdout]    0:     0x584571794f3a - std::backtrace_rs::backtrace::libunwind::trace::h5a5b8284f2d0c266
[INFO] [stdout]                                at /rustc/90b35a6239c3d8bdabc530a6a0816f7ff89a0aaf/library/std/src/../../backtrace/src/backtrace/libunwind.rs:116:5
[INFO] [stdout]    1:     0x584571794f3a - std::backtrace_rs::backtrace::trace_unsynchronized::h76d4f1c9b0b875e3
[INFO] [stdout]                                at /rustc/90b35a6239c3d8bdabc530a6a0816f7ff89a0aaf/library/std/src/../../backtrace/src/backtrace/mod.rs:66:5
[INFO] [stdout]    2:     0x584571794f3a - std::sys::backtrace::_print_fmt::hc4546b8364a537c6
[INFO] [stdout]                                at /rustc/90b35a6239c3d8bdabc530a6a0816f7ff89a0aaf/library/std/src/sys/backtrace.rs:66:9
[INFO] [stdout]    3:     0x584571794f3a - <std::sys::backtrace::BacktraceLock::print::DisplayBacktrace as core::fmt::Display>::fmt::h5b6bd5631a6d1f6b
[INFO] [stdout]                                at /rustc/90b35a6239c3d8bdabc530a6a0816f7ff89a0aaf/library/std/src/sys/backtrace.rs:39:26
[INFO] [stdout]    4:     0x5845717bb853 - core::fmt::rt::Argument::fmt::h270f6602a2b96f62
[INFO] [stdout]                                at /rustc/90b35a6239c3d8bdabc530a6a0816f7ff89a0aaf/library/core/src/fmt/rt.rs:177:76
[INFO] [stdout]    5:     0x5845717bb853 - core::fmt::write::h7550c97b06c86515
[INFO] [stdout]                                at /rustc/90b35a6239c3d8bdabc530a6a0816f7ff89a0aaf/library/core/src/fmt/mod.rs:1186:21
[INFO] [stdout]    6:     0x584571791f43 - std::io::Write::write_fmt::h509ff860e5956e5e
[INFO] [stdout]                                at /rustc/90b35a6239c3d8bdabc530a6a0816f7ff89a0aaf/library/std/src/io/mod.rs:1839:15
[INFO] [stdout]    7:     0x584571794d82 - std::sys::backtrace::BacktraceLock::print::h2395ccd2c84ba3aa
[INFO] [stdout]                                at /rustc/90b35a6239c3d8bdabc530a6a0816f7ff89a0aaf/library/std/src/sys/backtrace.rs:42:9
[INFO] [stdout]    8:     0x58457179639a - std::panicking::default_hook::{{closure}}::he19d4c7230e07961
[INFO] [stdout]                                at /rustc/90b35a6239c3d8bdabc530a6a0816f7ff89a0aaf/library/std/src/panicking.rs:268:22
[INFO] [stdout]    9:     0x5845717961a4 - std::panicking::default_hook::hf614597d3c67bbdb
[INFO] [stdout]                                at /rustc/90b35a6239c3d8bdabc530a6a0816f7ff89a0aaf/library/std/src/panicking.rs:292:9
[INFO] [stdout]   10:     0x584571702949 - <alloc::boxed::Box<F,A> as core::ops::function::Fn<Args>>::call::h39b51ce4599c23d1
[INFO] [stdout]                                at /rustc/90b35a6239c3d8bdabc530a6a0816f7ff89a0aaf/library/alloc/src/boxed.rs:2468:9
[INFO] [stdout]   11:     0x584571702949 - test::test_main::{{closure}}::he977ae839a582784
[INFO] [stdout]                                at /rustc/90b35a6239c3d8bdabc530a6a0816f7ff89a0aaf/library/test/src/lib.rs:133:21
[INFO] [stdout]   12:     0x584571796a38 - <alloc::boxed::Box<F,A> as core::ops::function::Fn<Args>>::call::h9455091b6b06f9fb
[INFO] [stdout]                                at /rustc/90b35a6239c3d8bdabc530a6a0816f7ff89a0aaf/library/alloc/src/boxed.rs:2468:9
[INFO] [stdout]   13:     0x584571796a38 - std::panicking::rust_panic_with_hook::h8942133a8b252070
[INFO] [stdout]                                at /rustc/90b35a6239c3d8bdabc530a6a0816f7ff89a0aaf/library/std/src/panicking.rs:809:13
[INFO] [stdout]   14:     0x5845717967fa - std::panicking::begin_panic_handler::{{closure}}::hb5f5963570096b29
[INFO] [stdout]                                at /rustc/90b35a6239c3d8bdabc530a6a0816f7ff89a0aaf/library/std/src/panicking.rs:674:13
[INFO] [stdout]   15:     0x584571795419 - std::sys::backtrace::__rust_end_short_backtrace::h6208cedc1922feda
[INFO] [stdout]                                at /rustc/90b35a6239c3d8bdabc530a6a0816f7ff89a0aaf/library/std/src/sys/backtrace.rs:170:18
[INFO] [stdout]   16:     0x58457179648c - rust_begin_unwind
[INFO] [stdout]                                at /rustc/90b35a6239c3d8bdabc530a6a0816f7ff89a0aaf/library/std/src/panicking.rs:665:5
[INFO] [stdout]   17:     0x5845715de070 - core::panicking::panic_fmt::h0c3082644d1bf418
[INFO] [stdout]                                at /rustc/90b35a6239c3d8bdabc530a6a0816f7ff89a0aaf/library/core/src/panicking.rs:74:14
[INFO] [stdout]   18:     0x5845715de4b6 - core::result::unwrap_failed::hd20b4aa073bda1e2
[INFO] [stdout]                                at /rustc/90b35a6239c3d8bdabc530a6a0816f7ff89a0aaf/library/core/src/result.rs:1700:5
[INFO] [stdout]   19:     0x5845716c53b1 - core::result::Result<T,E>::unwrap::h0ea36a2457d593f1
[INFO] [stdout]                                at /rustc/90b35a6239c3d8bdabc530a6a0816f7ff89a0aaf/library/core/src/result.rs:1104:23
[INFO] [stdout]   20:     0x5845716c53b1 - triangulate::tests::triangulate::triangulate_geography::ha6960df9f04e7fb3
[INFO] [stdout]                                at /opt/rustwide/workdir/src/tests/triangulate.rs:25:17
[INFO] [stdout]   21:     0x5845716c5317 - triangulate::tests::triangulate::triangulate_geography::{{closure}}::ha4965480379b631f
[INFO] [stdout]                                at /opt/rustwide/workdir/src/tests/triangulate.rs:24:27
[INFO] [stdout]   22:     0x58457168ec96 - core::ops::function::FnOnce::call_once::h3e6cd7a733eff5f9
[INFO] [stdout]                                at /rustc/90b35a6239c3d8bdabc530a6a0816f7ff89a0aaf/library/core/src/ops/function.rs:250:5
[INFO] [stdout]   23:     0x58457170730b - core::ops::function::FnOnce::call_once::h109cf8051a59b34e
[INFO] [stdout]                                at /rustc/90b35a6239c3d8bdabc530a6a0816f7ff89a0aaf/library/core/src/ops/function.rs:250:5
[INFO] [stdout]   24:     0x58457170730b - test::__rust_begin_short_backtrace::hf4fff89d377446ba
[INFO] [stdout]                                at /rustc/90b35a6239c3d8bdabc530a6a0816f7ff89a0aaf/library/test/src/lib.rs:621:18
[INFO] [stdout]   25:     0x584571706b47 - test::run_test_in_process::{{closure}}::h0e39181dd7ee5a43
[INFO] [stdout]                                at /rustc/90b35a6239c3d8bdabc530a6a0816f7ff89a0aaf/library/test/src/lib.rs:644:60
[INFO] [stdout]   26:     0x584571706b47 - <core::panic::unwind_safe::AssertUnwindSafe<F> as core::ops::function::FnOnce<()>>::call_once::hc5a66a30f0bdfd1f
[INFO] [stdout]                                at /rustc/90b35a6239c3d8bdabc530a6a0816f7ff89a0aaf/library/core/src/panic/unwind_safe.rs:272:9
[INFO] [stdout]   27:     0x584571706b47 - std::panicking::try::do_call::h873b7cf639554a5e
[INFO] [stdout]                                at /rustc/90b35a6239c3d8bdabc530a6a0816f7ff89a0aaf/library/std/src/panicking.rs:557:40
[INFO] [stdout]   28:     0x584571706b47 - std::panicking::try::hdb19862fad9c8bd1
[INFO] [stdout]                                at /rustc/90b35a6239c3d8bdabc530a6a0816f7ff89a0aaf/library/std/src/panicking.rs:520:19
[INFO] [stdout]   29:     0x584571706b47 - std::panic::catch_unwind::h281fe732d236d260
[INFO] [stdout]                                at /rustc/90b35a6239c3d8bdabc530a6a0816f7ff89a0aaf/library/std/src/panic.rs:358:14
[INFO] [stdout]   30:     0x584571706b47 - test::run_test_in_process::h949b6df8457ed338
[INFO] [stdout]                                at /rustc/90b35a6239c3d8bdabc530a6a0816f7ff89a0aaf/library/test/src/lib.rs:644:27
[INFO] [stdout]   31:     0x584571706b47 - test::run_test::{{closure}}::h52c556a6d4740e10
[INFO] [stdout]                                at /rustc/90b35a6239c3d8bdabc530a6a0816f7ff89a0aaf/library/test/src/lib.rs:565:43
[INFO] [stdout]   32:     0x5845716cbe24 - test::run_test::{{closure}}::h4237f6381c45ccb9
[INFO] [stdout]                                at /rustc/90b35a6239c3d8bdabc530a6a0816f7ff89a0aaf/library/test/src/lib.rs:595:41
[INFO] [stdout]   33:     0x5845716cbe24 - std::sys::backtrace::__rust_begin_short_backtrace::h505c97a579eca628
[INFO] [stdout]                                at /rustc/90b35a6239c3d8bdabc530a6a0816f7ff89a0aaf/library/std/src/sys/backtrace.rs:154:18
[INFO] [stdout]   34:     0x5845716cf4ee - std::thread::Builder::spawn_unchecked_::{{closure}}::{{closure}}::h9e86b2e2bc107ea3
[INFO] [stdout]                                at /rustc/90b35a6239c3d8bdabc530a6a0816f7ff89a0aaf/library/std/src/thread/mod.rs:538:17
[INFO] [stdout]   35:     0x5845716cf4ee - <core::panic::unwind_safe::AssertUnwindSafe<F> as core::ops::function::FnOnce<()>>::call_once::h8b06ddb275ff4a25
[INFO] [stdout]                                at /rustc/90b35a6239c3d8bdabc530a6a0816f7ff89a0aaf/library/core/src/panic/unwind_safe.rs:272:9
[INFO] [stdout]   36:     0x5845716cf4ee - std::panicking::try::do_call::hb26ecd7cd9a9355d
[INFO] [stdout]                                at /rustc/90b35a6239c3d8bdabc530a6a0816f7ff89a0aaf/library/std/src/panicking.rs:557:40
[INFO] [stdout]   37:     0x5845716cf4ee - std::panicking::try::h8ddeca9d705f9069
[INFO] [stdout]                                at /rustc/90b35a6239c3d8bdabc530a6a0816f7ff89a0aaf/library/std/src/panicking.rs:520:19
[INFO] [stdout]   38:     0x5845716cf4ee - std::panic::catch_unwind::h49e1c33078844c46
[INFO] [stdout]                                at /rustc/90b35a6239c3d8bdabc530a6a0816f7ff89a0aaf/library/std/src/panic.rs:358:14
[INFO] [stdout]   39:     0x5845716cf4ee - std::thread::Builder::spawn_unchecked_::{{closure}}::h6073db6ff56ad35d
[INFO] [stdout]                                at /rustc/90b35a6239c3d8bdabc530a6a0816f7ff89a0aaf/library/std/src/thread/mod.rs:537:30
[INFO] [stdout]   40:     0x5845716cf4ee - core::ops::function::FnOnce::call_once{{vtable.shim}}::h2c5a5f3779c774f1
[INFO] [stdout]                                at /rustc/90b35a6239c3d8bdabc530a6a0816f7ff89a0aaf/library/core/src/ops/function.rs:250:5
[INFO] [stdout]   41:     0x58457179abdb - <alloc::boxed::Box<F,A> as core::ops::function::FnOnce<Args>>::call_once::hf75717d9f28faebf
[INFO] [stdout]                                at /rustc/90b35a6239c3d8bdabc530a6a0816f7ff89a0aaf/library/alloc/src/boxed.rs:2454:9
[INFO] [stdout]   42:     0x58457179abdb - <alloc::boxed::Box<F,A> as core::ops::function::FnOnce<Args>>::call_once::h7bd883a5f3c5f3c1
[INFO] [stdout]                                at /rustc/90b35a6239c3d8bdabc530a6a0816f7ff89a0aaf/library/alloc/src/boxed.rs:2454:9
[INFO] [stdout]   43:     0x58457179abdb - std::sys::pal::unix::thread::Thread::new::thread_start::hcc78f3943333fa94
[INFO] [stdout]                                at /rustc/90b35a6239c3d8bdabc530a6a0816f7ff89a0aaf/library/std/src/sys/pal/unix/thread.rs:105:17
[INFO] [stdout]   44:     0x7dfcfdd57ac3 - <unknown>
[INFO] [stdout]   45:     0x7dfcfdde8a04 - clone
[INFO] [stdout]   46:                0x0 - <unknown>
[INFO] [stdout] 
[INFO] [stdout] 
[INFO] [stdout] failures:
[INFO] [stdout]     tests::triangulate::triangulate_geography
[INFO] [stdout] 
[INFO] [stdout] test result: FAILED. 16 passed; 1 failed; 0 ignored; 0 measured; 0 filtered out; finished in 67.45s
[INFO] [stdout] 
[INFO] running `Command { std: "docker" "inspect" "47b8d3b122a0dbc27ed35fd9805b0db3f1bdcd46ad4d870847ae517bf5e2a307", kill_on_drop: false }`
[INFO] running `Command { std: "docker" "rm" "-f" "47b8d3b122a0dbc27ed35fd9805b0db3f1bdcd46ad4d870847ae517bf5e2a307", kill_on_drop: false }`
[INFO] [stdout] 47b8d3b122a0dbc27ed35fd9805b0db3f1bdcd46ad4d870847ae517bf5e2a307
