[INFO] fetching crate tri_ton 0.0.2...
[INFO] testing tri_ton-0.0.2 against 1.83.0 for beta-1.84.0-4-retry
[INFO] extracting crate tri_ton 0.0.2 into /workspace/builds/worker-0-tc1/source
[INFO] validating manifest of crates.io crate tri_ton 0.0.2 on toolchain 1.83.0
[INFO] running `Command { std: CARGO_HOME="/workspace/cargo-home" RUSTUP_HOME="/workspace/rustup-home" "/workspace/cargo-home/bin/cargo" "+1.83.0" "metadata" "--manifest-path" "Cargo.toml" "--no-deps", kill_on_drop: false }`
[INFO] started tweaking crates.io crate tri_ton 0.0.2
[INFO] finished tweaking crates.io crate tri_ton 0.0.2
[INFO] tweaked toml for crates.io crate tri_ton 0.0.2 written to /workspace/builds/worker-0-tc1/source/Cargo.toml
[INFO] running `Command { std: CARGO_HOME="/workspace/cargo-home" RUSTUP_HOME="/workspace/rustup-home" "/workspace/cargo-home/bin/cargo" "+1.83.0" "generate-lockfile" "--manifest-path" "Cargo.toml", kill_on_drop: false }`
[INFO] [stderr]     Blocking waiting for file lock on package cache
[INFO] running `Command { std: CARGO_HOME="/workspace/cargo-home" RUSTUP_HOME="/workspace/rustup-home" "/workspace/cargo-home/bin/cargo" "+1.83.0" "fetch" "--manifest-path" "Cargo.toml", kill_on_drop: false }`
[INFO] running `Command { std: "docker" "create" "-v" "/var/lib/crater-agent-workspace/builds/worker-0-tc1/target:/opt/rustwide/target:rw,Z" "-v" "/var/lib/crater-agent-workspace/builds/worker-0-tc1/source:/opt/rustwide/workdir:ro,Z" "-v" "/var/lib/crater-agent-workspace/cargo-home:/opt/rustwide/cargo-home:ro,Z" "-v" "/var/lib/crater-agent-workspace/rustup-home:/opt/rustwide/rustup-home:ro,Z" "-e" "SOURCE_DIR=/opt/rustwide/workdir" "-e" "CARGO_TARGET_DIR=/opt/rustwide/target" "-e" "CARGO_HOME=/opt/rustwide/cargo-home" "-e" "RUSTUP_HOME=/opt/rustwide/rustup-home" "-w" "/opt/rustwide/workdir" "-m" "1610612736" "--user" "0:0" "--network" "none" "ghcr.io/rust-lang/crates-build-env/linux@sha256:f3a9d4ad9d972b27faf3965f35b62e55ba32bbce8f20bc8fe909558a86702fde" "/opt/rustwide/cargo-home/bin/cargo" "+1.83.0" "metadata" "--no-deps" "--format-version=1", kill_on_drop: false }`
[INFO] [stdout] 266a72fa1493dd0380e29e45a5bc073c54f97618369839b3d06b4aeb167a076c
[INFO] running `Command { std: "docker" "start" "-a" "266a72fa1493dd0380e29e45a5bc073c54f97618369839b3d06b4aeb167a076c", kill_on_drop: false }`
[INFO] running `Command { std: "docker" "inspect" "266a72fa1493dd0380e29e45a5bc073c54f97618369839b3d06b4aeb167a076c", kill_on_drop: false }`
[INFO] running `Command { std: "docker" "rm" "-f" "266a72fa1493dd0380e29e45a5bc073c54f97618369839b3d06b4aeb167a076c", kill_on_drop: false }`
[INFO] [stdout] 266a72fa1493dd0380e29e45a5bc073c54f97618369839b3d06b4aeb167a076c
[INFO] running `Command { std: "docker" "create" "-v" "/var/lib/crater-agent-workspace/builds/worker-0-tc1/target:/opt/rustwide/target:rw,Z" "-v" "/var/lib/crater-agent-workspace/builds/worker-0-tc1/source:/opt/rustwide/workdir:ro,Z" "-v" "/var/lib/crater-agent-workspace/cargo-home:/opt/rustwide/cargo-home:ro,Z" "-v" "/var/lib/crater-agent-workspace/rustup-home:/opt/rustwide/rustup-home:ro,Z" "-e" "SOURCE_DIR=/opt/rustwide/workdir" "-e" "CARGO_TARGET_DIR=/opt/rustwide/target" "-e" "CARGO_INCREMENTAL=0" "-e" "RUST_BACKTRACE=full" "-e" "RUSTFLAGS=--cap-lints=warn" "-e" "RUSTDOCFLAGS=--cap-lints=warn" "-e" "CARGO_HOME=/opt/rustwide/cargo-home" "-e" "RUSTUP_HOME=/opt/rustwide/rustup-home" "-w" "/opt/rustwide/workdir" "-m" "1610612736" "--user" "0:0" "--network" "none" "ghcr.io/rust-lang/crates-build-env/linux@sha256:f3a9d4ad9d972b27faf3965f35b62e55ba32bbce8f20bc8fe909558a86702fde" "/opt/rustwide/cargo-home/bin/cargo" "+1.83.0" "build" "--frozen" "--message-format=json", kill_on_drop: false }`
[INFO] [stdout] e4b525d1ebfac6eb984b4231bd47f59efc2190b0b5069c3b3e36740045187eaa
[INFO] running `Command { std: "docker" "start" "-a" "e4b525d1ebfac6eb984b4231bd47f59efc2190b0b5069c3b3e36740045187eaa", kill_on_drop: false }`
[INFO] [stderr]    Compiling tri_ton v0.0.2 (/opt/rustwide/workdir)
[INFO] [stderr]     Finished `dev` profile [unoptimized + debuginfo] target(s) in 0.13s
[INFO] running `Command { std: "docker" "inspect" "e4b525d1ebfac6eb984b4231bd47f59efc2190b0b5069c3b3e36740045187eaa", kill_on_drop: false }`
[INFO] running `Command { std: "docker" "rm" "-f" "e4b525d1ebfac6eb984b4231bd47f59efc2190b0b5069c3b3e36740045187eaa", kill_on_drop: false }`
[INFO] [stdout] e4b525d1ebfac6eb984b4231bd47f59efc2190b0b5069c3b3e36740045187eaa
[INFO] running `Command { std: "docker" "create" "-v" "/var/lib/crater-agent-workspace/builds/worker-0-tc1/target:/opt/rustwide/target:rw,Z" "-v" "/var/lib/crater-agent-workspace/builds/worker-0-tc1/source:/opt/rustwide/workdir:ro,Z" "-v" "/var/lib/crater-agent-workspace/cargo-home:/opt/rustwide/cargo-home:ro,Z" "-v" "/var/lib/crater-agent-workspace/rustup-home:/opt/rustwide/rustup-home:ro,Z" "-e" "SOURCE_DIR=/opt/rustwide/workdir" "-e" "CARGO_TARGET_DIR=/opt/rustwide/target" "-e" "CARGO_INCREMENTAL=0" "-e" "RUST_BACKTRACE=full" "-e" "RUSTFLAGS=--cap-lints=warn" "-e" "RUSTDOCFLAGS=--cap-lints=warn" "-e" "CARGO_HOME=/opt/rustwide/cargo-home" "-e" "RUSTUP_HOME=/opt/rustwide/rustup-home" "-w" "/opt/rustwide/workdir" "-m" "1610612736" "--user" "0:0" "--network" "none" "ghcr.io/rust-lang/crates-build-env/linux@sha256:f3a9d4ad9d972b27faf3965f35b62e55ba32bbce8f20bc8fe909558a86702fde" "/opt/rustwide/cargo-home/bin/cargo" "+1.83.0" "test" "--frozen" "--no-run" "--message-format=json", kill_on_drop: false }`
[INFO] [stdout] 0b81cddbbbf7e2b25c86ce00426e97623ce2bc90864efdb3cad3dcdb49e0bb1a
[INFO] running `Command { std: "docker" "start" "-a" "0b81cddbbbf7e2b25c86ce00426e97623ce2bc90864efdb3cad3dcdb49e0bb1a", kill_on_drop: false }`
[INFO] [stderr]    Compiling tri_ton v0.0.2 (/opt/rustwide/workdir)
[INFO] [stderr]     Finished `test` profile [unoptimized + debuginfo] target(s) in 0.48s
[INFO] running `Command { std: "docker" "inspect" "0b81cddbbbf7e2b25c86ce00426e97623ce2bc90864efdb3cad3dcdb49e0bb1a", kill_on_drop: false }`
[INFO] running `Command { std: "docker" "rm" "-f" "0b81cddbbbf7e2b25c86ce00426e97623ce2bc90864efdb3cad3dcdb49e0bb1a", kill_on_drop: false }`
[INFO] [stdout] 0b81cddbbbf7e2b25c86ce00426e97623ce2bc90864efdb3cad3dcdb49e0bb1a
[INFO] running `Command { std: "docker" "create" "-v" "/var/lib/crater-agent-workspace/builds/worker-0-tc1/target:/opt/rustwide/target:rw,Z" "-v" "/var/lib/crater-agent-workspace/builds/worker-0-tc1/source:/opt/rustwide/workdir:ro,Z" "-v" "/var/lib/crater-agent-workspace/cargo-home:/opt/rustwide/cargo-home:ro,Z" "-v" "/var/lib/crater-agent-workspace/rustup-home:/opt/rustwide/rustup-home:ro,Z" "-e" "SOURCE_DIR=/opt/rustwide/workdir" "-e" "CARGO_TARGET_DIR=/opt/rustwide/target" "-e" "CARGO_INCREMENTAL=0" "-e" "RUST_BACKTRACE=full" "-e" "RUSTFLAGS=--cap-lints=warn" "-e" "RUSTDOCFLAGS=--cap-lints=warn" "-e" "CARGO_HOME=/opt/rustwide/cargo-home" "-e" "RUSTUP_HOME=/opt/rustwide/rustup-home" "-w" "/opt/rustwide/workdir" "-m" "1610612736" "--user" "0:0" "--network" "none" "ghcr.io/rust-lang/crates-build-env/linux@sha256:f3a9d4ad9d972b27faf3965f35b62e55ba32bbce8f20bc8fe909558a86702fde" "/opt/rustwide/cargo-home/bin/cargo" "+1.83.0" "test" "--frozen", kill_on_drop: false }`
[INFO] [stdout] e8b6fffc83d1d2442ca208af3fbc8f2209b60ddf12e15d0847016ae102ad08d2
[INFO] running `Command { std: "docker" "start" "-a" "e8b6fffc83d1d2442ca208af3fbc8f2209b60ddf12e15d0847016ae102ad08d2", kill_on_drop: false }`
[INFO] [stderr]     Finished `test` profile [unoptimized + debuginfo] target(s) in 0.01s
[INFO] [stderr]      Running unittests src/lib.rs (/opt/rustwide/target/debug/deps/tri_ton-957532e148f794e9)
[INFO] [stdout] 
[INFO] [stdout] running 3 tests
[INFO] [stdout] test tests::tri_until ... ok
[INFO] [stdout] test tests::tri_while ... ok
[INFO] [stdout] test tests::tri_fall ... ok
[INFO] [stdout] 
[INFO] [stderr]    Doc-tests tri_ton
[INFO] [stdout] test result: ok. 3 passed; 0 failed; 0 ignored; 0 measured; 0 filtered out; finished in 0.00s
[INFO] [stdout] 
[INFO] [stdout] 
[INFO] [stdout] running 13 tests
[INFO] [stdout] test src/lib.rs - (line 14) ... ignored
[INFO] [stdout] test src/triage.rs - triage::tri (line 32) ... FAILED
[INFO] [stdout] test src/triage.rs - triage::tri (line 58) ... FAILED
[INFO] [stdout] test src/triage.rs - triage::tri (line 88) ... FAILED
[INFO] [stdout] test src/triage.rs - triage::tri (line 44) ... FAILED
[INFO] [stdout] test src/triage.rs - triage::tri (line 7) ... FAILED
[INFO] [stdout] test src/triage.rs - triage::tri (line 20) ... FAILED
[INFO] [stdout] test src/triage.rs - triage::tri (line 70) ... FAILED
[INFO] [stdout] test src/lib.rs - (line 149) ... ok
[INFO] [stdout] test src/lib.rs - (line 72) ... ok
[INFO] [stdout] test src/lib.rs - (line 105) ... ok
[INFO] [stdout] test src/lib.rs - (line 131) ... ok
[INFO] [stdout] test src/lib.rs - (line 87) ... ok
[INFO] [stdout] 
[INFO] [stdout] failures:
[INFO] [stdout] 
[INFO] [stdout] ---- src/triage.rs - triage::tri (line 32) stdout ----
[INFO] [stdout] error: cannot find macro `tri` in this scope
[INFO] [stdout]  --> src/triage.rs:34:1
[INFO] [stdout]   |
[INFO] [stdout] 4 | tri!(item => Some(value) <> backup);
[INFO] [stdout]   | ^^^
[INFO] [stdout]  --> /rustc/90b35a6239c3d8bdabc530a6a0816f7ff89a0aaf/library/core/src/macros/mod.rs:548:1
[INFO] [stdout]   |
[INFO] [stdout]   = note: similarly named macro `r#try` defined here
[INFO] [stdout]   |
[INFO] [stdout] help: a macro with a similar name exists
[INFO] [stdout]   |
[INFO] [stdout] 4 | r#try!(item => Some(value) <> backup);
[INFO] [stdout]   | ~~~~~
[INFO] [stdout] help: consider importing this macro
[INFO] [stdout]   |
[INFO] [stdout] 3 + use tri_ton::tri;
[INFO] [stdout]   |
[INFO] [stdout] 
[INFO] [stdout] error[E0425]: cannot find value `item` in this scope
[INFO] [stdout]  --> src/triage.rs:37:22
[INFO] [stdout]   |
[INFO] [stdout] 7 | if let Some(value) = item { value }
[INFO] [stdout]   |                      ^^^^ not found in this scope
[INFO] [stdout] 
[INFO] [stdout] error[E0425]: cannot find value `backup` in this scope
[INFO] [stdout]  --> src/triage.rs:38:8
[INFO] [stdout]   |
[INFO] [stdout] 8 | else { backup }
[INFO] [stdout]   |        ^^^^^^ not found in this scope
[INFO] [stdout] 
[INFO] [stdout] error: aborting due to 3 previous errors
[INFO] [stdout] 
[INFO] [stdout] For more information about this error, try `rustc --explain E0425`.
[INFO] [stdout] Couldn't compile the test.
[INFO] [stdout] ---- src/triage.rs - triage::tri (line 58) stdout ----
[INFO] [stdout] error: cannot find macro `tri` in this scope
[INFO] [stdout]  --> src/triage.rs:60:1
[INFO] [stdout]   |
[INFO] [stdout] 4 | tri!(item => Some(value) #> break 'a true);
[INFO] [stdout]   | ^^^
[INFO] [stdout]  --> /rustc/90b35a6239c3d8bdabc530a6a0816f7ff89a0aaf/library/core/src/macros/mod.rs:548:1
[INFO] [stdout]   |
[INFO] [stdout]   = note: similarly named macro `r#try` defined here
[INFO] [stdout]   |
[INFO] [stdout] help: a macro with a similar name exists
[INFO] [stdout]   |
[INFO] [stdout] 4 | r#try!(item => Some(value) #> break 'a true);
[INFO] [stdout]   | ~~~~~
[INFO] [stdout] help: consider importing this macro
[INFO] [stdout]   |
[INFO] [stdout] 3 + use tri_ton::tri;
[INFO] [stdout]   |
[INFO] [stdout] 
[INFO] [stdout] error[E0426]: use of undeclared label `'a`
[INFO] [stdout]  --> src/triage.rs:64:14
[INFO] [stdout]   |
[INFO] [stdout] 8 | else { break 'a true; }
[INFO] [stdout]   |              ^^ undeclared label `'a`
[INFO] [stdout] 
[INFO] [stdout] error[E0425]: cannot find value `item` in this scope
[INFO] [stdout]  --> src/triage.rs:63:22
[INFO] [stdout]   |
[INFO] [stdout] 7 | if let Some(value) = item { value }
[INFO] [stdout]   |                      ^^^^ not found in this scope
[INFO] [stdout] 
[INFO] [stdout] error[E0268]: `break` outside of a loop or labeled block
[INFO] [stdout]  --> src/triage.rs:64:8
[INFO] [stdout]   |
[INFO] [stdout] 8 | else { break 'a true; }
[INFO] [stdout]   |        ^^^^^^^^^^^^^ cannot `break` outside of a loop or labeled block
[INFO] [stdout] 
[INFO] [stdout] error: aborting due to 4 previous errors
[INFO] [stdout] 
[INFO] [stdout] Some errors have detailed explanations: E0268, E0425, E0426.
[INFO] [stdout] For more information about an error, try `rustc --explain E0268`.
[INFO] [stdout] Couldn't compile the test.
[INFO] [stdout] ---- src/triage.rs - triage::tri (line 88) stdout ----
[INFO] [stdout] error: expected expression, found reserved keyword `do`
[INFO] [stdout]  --> src/triage.rs:93:1
[INFO] [stdout]   |
[INFO] [stdout] 7 | do(value = 0) { number += value; }
[INFO] [stdout]   | ^^ expected expression
[INFO] [stdout] 
[INFO] [stdout] error: cannot find macro `tri` in this scope
[INFO] [stdout]  --> src/triage.rs:90:1
[INFO] [stdout]   |
[INFO] [stdout] 4 | tri!(do_stuff(number) => Some(value = 0) >> number += value);
[INFO] [stdout]   | ^^^
[INFO] [stdout]  --> /rustc/90b35a6239c3d8bdabc530a6a0816f7ff89a0aaf/library/core/src/macros/mod.rs:548:1
[INFO] [stdout]   |
[INFO] [stdout]   = note: similarly named macro `r#try` defined here
[INFO] [stdout]   |
[INFO] [stdout] help: a macro with a similar name exists
[INFO] [stdout]   |
[INFO] [stdout] 4 | r#try!(do_stuff(number) => Some(value = 0) >> number += value);
[INFO] [stdout]   | ~~~~~
[INFO] [stdout] help: consider importing this macro
[INFO] [stdout]   |
[INFO] [stdout] 3 + use tri_ton::tri;
[INFO] [stdout]   |
[INFO] [stdout] 
[INFO] [stdout] error: aborting due to 2 previous errors
[INFO] [stdout] 
[INFO] [stdout] Couldn't compile the test.
[INFO] [stdout] ---- src/triage.rs - triage::tri (line 44) stdout ----
[INFO] [stdout] error: cannot find macro `tri` in this scope
[INFO] [stdout]  --> src/triage.rs:46:1
[INFO] [stdout]   |
[INFO] [stdout] 4 | tri!(item => Some(value) #> core::result::Result::Err(()));
[INFO] [stdout]   | ^^^
[INFO] [stdout]  --> /rustc/90b35a6239c3d8bdabc530a6a0816f7ff89a0aaf/library/core/src/macros/mod.rs:548:1
[INFO] [stdout]   |
[INFO] [stdout]   = note: similarly named macro `r#try` defined here
[INFO] [stdout]   |
[INFO] [stdout] help: a macro with a similar name exists
[INFO] [stdout]   |
[INFO] [stdout] 4 | r#try!(item => Some(value) #> core::result::Result::Err(()));
[INFO] [stdout]   | ~~~~~
[INFO] [stdout] help: consider importing this macro
[INFO] [stdout]   |
[INFO] [stdout] 3 + use tri_ton::tri;
[INFO] [stdout]   |
[INFO] [stdout] 
[INFO] [stdout] error[E0425]: cannot find value `item` in this scope
[INFO] [stdout]  --> src/triage.rs:49:22
[INFO] [stdout]   |
[INFO] [stdout] 7 | if let Some(value) = item { value }
[INFO] [stdout]   |                      ^^^^ not found in this scope
[INFO] [stdout] 
[INFO] [stdout] error[E0308]: mismatched types
[INFO] [stdout]  --> src/triage.rs:50:15
[INFO] [stdout]   |
[INFO] [stdout] 3 | fn main() { #[allow(non_snake_case)] fn _doctest_main_src_triage_rs_44_0() {
[INFO] [stdout]   |                                                                           - help: a return type might be missing here: `-> _`
[INFO] [stdout] ...
[INFO] [stdout] 8 | else { return core::result::Result::Err(()); }
[INFO] [stdout]   |               ^^^^^^^^^^^^^^^^^^^^^^^^^^^^^ expected `()`, found `Result<_, ()>`
[INFO] [stdout]   |
[INFO] [stdout]   = note: expected unit type `()`
[INFO] [stdout]                   found enum `Result<_, ()>`
[INFO] [stdout] 
[INFO] [stdout] error: aborting due to 3 previous errors
[INFO] [stdout] 
[INFO] [stdout] Some errors have detailed explanations: E0308, E0425.
[INFO] [stdout] For more information about an error, try `rustc --explain E0308`.
[INFO] [stdout] Couldn't compile the test.
[INFO] [stdout] ---- src/triage.rs - triage::tri (line 7) stdout ----
[INFO] [stdout] error: expected one of `!`, `.`, `::`, `;`, `?`, `{`, `}`, or an operator, found `Expression`
[INFO] [stdout]  --> src/triage.rs:10:13
[INFO] [stdout]   |
[INFO] [stdout] 5 | a - Leading Expression
[INFO] [stdout]   |             ^^^^^^^^^^ expected one of 8 possible tokens
[INFO] [stdout] 
[INFO] [stdout] error: cannot find macro `tri` in this scope
[INFO] [stdout]  --> src/triage.rs:8:1
[INFO] [stdout]   |
[INFO] [stdout] 3 | tri!(a => b $$ c);
[INFO] [stdout]   | ^^^
[INFO] [stdout]  --> /rustc/90b35a6239c3d8bdabc530a6a0816f7ff89a0aaf/library/core/src/macros/mod.rs:548:1
[INFO] [stdout]   |
[INFO] [stdout]   = note: similarly named macro `r#try` defined here
[INFO] [stdout]   |
[INFO] [stdout] help: a macro with a similar name exists
[INFO] [stdout]   |
[INFO] [stdout] 3 | r#try!(a => b $$ c);
[INFO] [stdout]   | ~~~~~
[INFO] [stdout] help: consider importing this macro
[INFO] [stdout]   |
[INFO] [stdout] 2 + use tri_ton::tri;
[INFO] [stdout]   |
[INFO] [stdout] 
[INFO] [stdout] error: aborting due to 2 previous errors
[INFO] [stdout] 
[INFO] [stdout] Couldn't compile the test.
[INFO] [stdout] ---- src/triage.rs - triage::tri (line 20) stdout ----
[INFO] [stdout] error: cannot find macro `tri` in this scope
[INFO] [stdout]  --> src/triage.rs:22:1
[INFO] [stdout]   |
[INFO] [stdout] 4 | tri!(item => Some(value) -> "Item was None!");
[INFO] [stdout]   | ^^^
[INFO] [stdout]  --> /rustc/90b35a6239c3d8bdabc530a6a0816f7ff89a0aaf/library/core/src/macros/mod.rs:548:1
[INFO] [stdout]   |
[INFO] [stdout]   = note: similarly named macro `r#try` defined here
[INFO] [stdout]   |
[INFO] [stdout] help: a macro with a similar name exists
[INFO] [stdout]   |
[INFO] [stdout] 4 | r#try!(item => Some(value) -> "Item was None!");
[INFO] [stdout]   | ~~~~~
[INFO] [stdout] help: consider importing this macro
[INFO] [stdout]   |
[INFO] [stdout] 3 + use tri_ton::tri;
[INFO] [stdout]   |
[INFO] [stdout] 
[INFO] [stdout] error[E0425]: cannot find value `item` in this scope
[INFO] [stdout]  --> src/triage.rs:25:22
[INFO] [stdout]   |
[INFO] [stdout] 7 | if let Some(value) = item { value }
[INFO] [stdout]   |                      ^^^^ not found in this scope
[INFO] [stdout] 
[INFO] [stdout] error[E0308]: mismatched types
[INFO] [stdout]  --> src/triage.rs:26:15
[INFO] [stdout]   |
[INFO] [stdout] 3 | fn main() { #[allow(non_snake_case)] fn _doctest_main_src_triage_rs_20_0() {
[INFO] [stdout]   |                                                                           - help: a return type might be missing here: `-> _`
[INFO] [stdout] ...
[INFO] [stdout] 8 | else { return Err("Item was None!"); }
[INFO] [stdout]   |               ^^^^^^^^^^^^^^^^^^^^^ expected `()`, found `Result<_, &str>`
[INFO] [stdout]   |
[INFO] [stdout]   = note: expected unit type `()`
[INFO] [stdout]                   found enum `Result<_, &str>`
[INFO] [stdout] 
[INFO] [stdout] error: aborting due to 3 previous errors
[INFO] [stdout] 
[INFO] [stdout] Some errors have detailed explanations: E0308, E0425.
[INFO] [stdout] For more information about an error, try `rustc --explain E0308`.
[INFO] [stdout] Couldn't compile the test.
[INFO] [stdout] ---- src/triage.rs - triage::tri (line 70) stdout ----
[INFO] [stdout] error: cannot find macro `tri` in this scope
[INFO] [stdout]  --> src/triage.rs:72:1
[INFO] [stdout]   |
[INFO] [stdout] 4 | tri!(item => Some(value) %> thing += 1);
[INFO] [stdout]   | ^^^
[INFO] [stdout]  --> /rustc/90b35a6239c3d8bdabc530a6a0816f7ff89a0aaf/library/core/src/macros/mod.rs:548:1
[INFO] [stdout]   |
[INFO] [stdout]   = note: similarly named macro `r#try` defined here
[INFO] [stdout]   |
[INFO] [stdout] help: a macro with a similar name exists
[INFO] [stdout]   |
[INFO] [stdout] 4 | r#try!(item => Some(value) %> thing += 1);
[INFO] [stdout]   | ~~~~~
[INFO] [stdout] help: consider importing this macro
[INFO] [stdout]   |
[INFO] [stdout] 3 + use tri_ton::tri;
[INFO] [stdout]   |
[INFO] [stdout] 
[INFO] [stdout] error[E0425]: cannot find value `item` in this scope
[INFO] [stdout]  --> src/triage.rs:76:26
[INFO] [stdout]   |
[INFO] [stdout] 8 |     if let Some(value) = item { break value; }
[INFO] [stdout]   |                          ^^^^ not found in this scope
[INFO] [stdout] 
[INFO] [stdout] error[E0425]: cannot find value `thing` in this scope
[INFO] [stdout]  --> src/triage.rs:77:12
[INFO] [stdout]   |
[INFO] [stdout] 9 |     else { thing += 1; }
[INFO] [stdout]   |            ^^^^^ not found in this scope
[INFO] [stdout] 
[INFO] [stdout] error: aborting due to 3 previous errors
[INFO] [stdout] 
[INFO] [stdout] For more information about this error, try `rustc --explain E0425`.
[INFO] [stdout] Couldn't compile the test.
[INFO] [stdout] 
[INFO] [stdout] failures:
[INFO] [stdout]     src/triage.rs - triage::tri (line 20)
[INFO] [stdout]     src/triage.rs - triage::tri (line 32)
[INFO] [stdout]     src/triage.rs - triage::tri (line 44)
[INFO] [stdout]     src/triage.rs - triage::tri (line 58)
[INFO] [stdout]     src/triage.rs - triage::tri (line 7)
[INFO] [stdout]     src/triage.rs - triage::tri (line 70)
[INFO] [stdout]     src/triage.rs - triage::tri (line 88)
[INFO] [stdout] 
[INFO] [stdout] test result: FAILED. 5 passed; 7 failed; 1 ignored; 0 measured; 0 filtered out; finished in 0.85s
[INFO] [stdout] 
[INFO] [stderr] error: doctest failed, to rerun pass `--doc`
[INFO] running `Command { std: "docker" "inspect" "e8b6fffc83d1d2442ca208af3fbc8f2209b60ddf12e15d0847016ae102ad08d2", kill_on_drop: false }`
[INFO] running `Command { std: "docker" "rm" "-f" "e8b6fffc83d1d2442ca208af3fbc8f2209b60ddf12e15d0847016ae102ad08d2", kill_on_drop: false }`
[INFO] [stdout] e8b6fffc83d1d2442ca208af3fbc8f2209b60ddf12e15d0847016ae102ad08d2
