[INFO] fetching crate tri_macros 0.1.0...
[INFO] testing tri_macros-0.1.0 against 1.83.0 for beta-1.84.0-4-retry
[INFO] extracting crate tri_macros 0.1.0 into /workspace/builds/worker-6-tc1/source
[INFO] validating manifest of crates.io crate tri_macros 0.1.0 on toolchain 1.83.0
[INFO] running `Command { std: CARGO_HOME="/workspace/cargo-home" RUSTUP_HOME="/workspace/rustup-home" "/workspace/cargo-home/bin/cargo" "+1.83.0" "metadata" "--manifest-path" "Cargo.toml" "--no-deps", kill_on_drop: false }`
[INFO] started tweaking crates.io crate tri_macros 0.1.0
[INFO] finished tweaking crates.io crate tri_macros 0.1.0
[INFO] tweaked toml for crates.io crate tri_macros 0.1.0 written to /workspace/builds/worker-6-tc1/source/Cargo.toml
[INFO] running `Command { std: CARGO_HOME="/workspace/cargo-home" RUSTUP_HOME="/workspace/rustup-home" "/workspace/cargo-home/bin/cargo" "+1.83.0" "generate-lockfile" "--manifest-path" "Cargo.toml", kill_on_drop: false }`
[INFO] [stderr]     Updating crates.io index
[INFO] [stderr]      Locking 4 packages to latest compatible versions
[INFO] running `Command { std: CARGO_HOME="/workspace/cargo-home" RUSTUP_HOME="/workspace/rustup-home" "/workspace/cargo-home/bin/cargo" "+1.83.0" "fetch" "--manifest-path" "Cargo.toml", kill_on_drop: false }`
[INFO] running `Command { std: "docker" "create" "-v" "/var/lib/crater-agent-workspace/builds/worker-6-tc1/target:/opt/rustwide/target:rw,Z" "-v" "/var/lib/crater-agent-workspace/builds/worker-6-tc1/source:/opt/rustwide/workdir:ro,Z" "-v" "/var/lib/crater-agent-workspace/cargo-home:/opt/rustwide/cargo-home:ro,Z" "-v" "/var/lib/crater-agent-workspace/rustup-home:/opt/rustwide/rustup-home:ro,Z" "-e" "SOURCE_DIR=/opt/rustwide/workdir" "-e" "CARGO_TARGET_DIR=/opt/rustwide/target" "-e" "CARGO_HOME=/opt/rustwide/cargo-home" "-e" "RUSTUP_HOME=/opt/rustwide/rustup-home" "-w" "/opt/rustwide/workdir" "-m" "1610612736" "--user" "0:0" "--network" "none" "ghcr.io/rust-lang/crates-build-env/linux@sha256:f3a9d4ad9d972b27faf3965f35b62e55ba32bbce8f20bc8fe909558a86702fde" "/opt/rustwide/cargo-home/bin/cargo" "+1.83.0" "metadata" "--no-deps" "--format-version=1", kill_on_drop: false }`
[INFO] [stdout] 868a84442dd2e2b3a9b7c777a04bfe063f80d3fc4d68502e7d34c9d5ea93e2c3
[INFO] running `Command { std: "docker" "start" "-a" "868a84442dd2e2b3a9b7c777a04bfe063f80d3fc4d68502e7d34c9d5ea93e2c3", kill_on_drop: false }`
[INFO] running `Command { std: "docker" "inspect" "868a84442dd2e2b3a9b7c777a04bfe063f80d3fc4d68502e7d34c9d5ea93e2c3", kill_on_drop: false }`
[INFO] running `Command { std: "docker" "rm" "-f" "868a84442dd2e2b3a9b7c777a04bfe063f80d3fc4d68502e7d34c9d5ea93e2c3", kill_on_drop: false }`
[INFO] [stdout] 868a84442dd2e2b3a9b7c777a04bfe063f80d3fc4d68502e7d34c9d5ea93e2c3
[INFO] running `Command { std: "docker" "create" "-v" "/var/lib/crater-agent-workspace/builds/worker-6-tc1/target:/opt/rustwide/target:rw,Z" "-v" "/var/lib/crater-agent-workspace/builds/worker-6-tc1/source:/opt/rustwide/workdir:ro,Z" "-v" "/var/lib/crater-agent-workspace/cargo-home:/opt/rustwide/cargo-home:ro,Z" "-v" "/var/lib/crater-agent-workspace/rustup-home:/opt/rustwide/rustup-home:ro,Z" "-e" "SOURCE_DIR=/opt/rustwide/workdir" "-e" "CARGO_TARGET_DIR=/opt/rustwide/target" "-e" "CARGO_INCREMENTAL=0" "-e" "RUST_BACKTRACE=full" "-e" "RUSTFLAGS=--cap-lints=warn" "-e" "RUSTDOCFLAGS=--cap-lints=warn" "-e" "CARGO_HOME=/opt/rustwide/cargo-home" "-e" "RUSTUP_HOME=/opt/rustwide/rustup-home" "-w" "/opt/rustwide/workdir" "-m" "1610612736" "--user" "0:0" "--network" "none" "ghcr.io/rust-lang/crates-build-env/linux@sha256:f3a9d4ad9d972b27faf3965f35b62e55ba32bbce8f20bc8fe909558a86702fde" "/opt/rustwide/cargo-home/bin/cargo" "+1.83.0" "build" "--frozen" "--message-format=json", kill_on_drop: false }`
[INFO] [stdout] a6a3e8c0b84eb89d82c99c6e6fff53a73e3121bc7e3a3da83c5c7d087cd452d9
[INFO] running `Command { std: "docker" "start" "-a" "a6a3e8c0b84eb89d82c99c6e6fff53a73e3121bc7e3a3da83c5c7d087cd452d9", kill_on_drop: false }`
[INFO] [stderr]    Compiling proc-macro2 v1.0.92
[INFO] [stderr]    Compiling unicode-ident v1.0.14
[INFO] [stderr]    Compiling quote v1.0.37
[INFO] [stderr]    Compiling syn v2.0.90
[INFO] [stderr]    Compiling tri_macros v0.1.0 (/opt/rustwide/workdir)
[INFO] [stderr]     Finished `dev` profile [unoptimized + debuginfo] target(s) in 5.91s
[INFO] running `Command { std: "docker" "inspect" "a6a3e8c0b84eb89d82c99c6e6fff53a73e3121bc7e3a3da83c5c7d087cd452d9", kill_on_drop: false }`
[INFO] running `Command { std: "docker" "rm" "-f" "a6a3e8c0b84eb89d82c99c6e6fff53a73e3121bc7e3a3da83c5c7d087cd452d9", kill_on_drop: false }`
[INFO] [stdout] a6a3e8c0b84eb89d82c99c6e6fff53a73e3121bc7e3a3da83c5c7d087cd452d9
[INFO] running `Command { std: "docker" "create" "-v" "/var/lib/crater-agent-workspace/builds/worker-6-tc1/target:/opt/rustwide/target:rw,Z" "-v" "/var/lib/crater-agent-workspace/builds/worker-6-tc1/source:/opt/rustwide/workdir:ro,Z" "-v" "/var/lib/crater-agent-workspace/cargo-home:/opt/rustwide/cargo-home:ro,Z" "-v" "/var/lib/crater-agent-workspace/rustup-home:/opt/rustwide/rustup-home:ro,Z" "-e" "SOURCE_DIR=/opt/rustwide/workdir" "-e" "CARGO_TARGET_DIR=/opt/rustwide/target" "-e" "CARGO_INCREMENTAL=0" "-e" "RUST_BACKTRACE=full" "-e" "RUSTFLAGS=--cap-lints=warn" "-e" "RUSTDOCFLAGS=--cap-lints=warn" "-e" "CARGO_HOME=/opt/rustwide/cargo-home" "-e" "RUSTUP_HOME=/opt/rustwide/rustup-home" "-w" "/opt/rustwide/workdir" "-m" "1610612736" "--user" "0:0" "--network" "none" "ghcr.io/rust-lang/crates-build-env/linux@sha256:f3a9d4ad9d972b27faf3965f35b62e55ba32bbce8f20bc8fe909558a86702fde" "/opt/rustwide/cargo-home/bin/cargo" "+1.83.0" "test" "--frozen" "--no-run" "--message-format=json", kill_on_drop: false }`
[INFO] [stdout] e63168ad05a95ece45d31b1b519bb00957c8e42da720dbee82864e9cf3172f51
[INFO] running `Command { std: "docker" "start" "-a" "e63168ad05a95ece45d31b1b519bb00957c8e42da720dbee82864e9cf3172f51", kill_on_drop: false }`
[INFO] [stderr]    Compiling tri_macros v0.1.0 (/opt/rustwide/workdir)
[INFO] [stderr]     Finished `test` profile [unoptimized + debuginfo] target(s) in 0.74s
[INFO] running `Command { std: "docker" "inspect" "e63168ad05a95ece45d31b1b519bb00957c8e42da720dbee82864e9cf3172f51", kill_on_drop: false }`
[INFO] running `Command { std: "docker" "rm" "-f" "e63168ad05a95ece45d31b1b519bb00957c8e42da720dbee82864e9cf3172f51", kill_on_drop: false }`
[INFO] [stdout] e63168ad05a95ece45d31b1b519bb00957c8e42da720dbee82864e9cf3172f51
[INFO] running `Command { std: "docker" "create" "-v" "/var/lib/crater-agent-workspace/builds/worker-6-tc1/target:/opt/rustwide/target:rw,Z" "-v" "/var/lib/crater-agent-workspace/builds/worker-6-tc1/source:/opt/rustwide/workdir:ro,Z" "-v" "/var/lib/crater-agent-workspace/cargo-home:/opt/rustwide/cargo-home:ro,Z" "-v" "/var/lib/crater-agent-workspace/rustup-home:/opt/rustwide/rustup-home:ro,Z" "-e" "SOURCE_DIR=/opt/rustwide/workdir" "-e" "CARGO_TARGET_DIR=/opt/rustwide/target" "-e" "CARGO_INCREMENTAL=0" "-e" "RUST_BACKTRACE=full" "-e" "RUSTFLAGS=--cap-lints=warn" "-e" "RUSTDOCFLAGS=--cap-lints=warn" "-e" "CARGO_HOME=/opt/rustwide/cargo-home" "-e" "RUSTUP_HOME=/opt/rustwide/rustup-home" "-w" "/opt/rustwide/workdir" "-m" "1610612736" "--user" "0:0" "--network" "none" "ghcr.io/rust-lang/crates-build-env/linux@sha256:f3a9d4ad9d972b27faf3965f35b62e55ba32bbce8f20bc8fe909558a86702fde" "/opt/rustwide/cargo-home/bin/cargo" "+1.83.0" "test" "--frozen", kill_on_drop: false }`
[INFO] [stdout] 227cd1d78065215c5e9649d222e7eecb16a84d1e8b0e535df5cc597ae94a3a66
[INFO] running `Command { std: "docker" "start" "-a" "227cd1d78065215c5e9649d222e7eecb16a84d1e8b0e535df5cc597ae94a3a66", kill_on_drop: false }`
[INFO] [stderr]     Finished `test` profile [unoptimized + debuginfo] target(s) in 0.02s
[INFO] [stderr]      Running unittests src/lib.rs (/opt/rustwide/target/debug/deps/tri_macros-951d111ca87149ba)
[INFO] [stdout] 
[INFO] [stdout] running 0 tests
[INFO] [stdout] 
[INFO] [stdout] test result: ok. 0 passed; 0 failed; 0 ignored; 0 measured; 0 filtered out; finished in 0.00s
[INFO] [stdout] 
[INFO] [stderr]    Doc-tests tri_macros
[INFO] [stdout] 
[INFO] [stdout] running 2 tests
[INFO] [stdout] test src/lib.rs - time_event (line 11) ... FAILED
[INFO] [stdout] test src/lib.rs - time_lone_function (line 54) ... FAILED
[INFO] [stdout] 
[INFO] [stdout] failures:
[INFO] [stdout] 
[INFO] [stdout] ---- src/lib.rs - time_event (line 11) stdout ----
[INFO] [stdout] error[E0432]: unresolved import `triglyceride`
[INFO] [stdout]  --> src/lib.rs:12:5
[INFO] [stdout]   |
[INFO] [stdout] 2 | use triglyceride::{init_profiler, time_event};
[INFO] [stdout]   |     ^^^^^^^^^^^^ use of undeclared crate or module `triglyceride`
[INFO] [stdout] 
[INFO] [stdout] error[E0601]: `main` function not found in crate `rust_out`
[INFO] [stdout]   --> src/lib.rs:21:23
[INFO] [stdout]    |
[INFO] [stdout] 11 | fn inner_function() {}
[INFO] [stdout]    |                       ^ consider adding a `main` function to `src/lib.rs`
[INFO] [stdout] 
[INFO] [stdout] error: aborting due to 2 previous errors
[INFO] [stdout] 
[INFO] [stdout] Some errors have detailed explanations: E0432, E0601.
[INFO] [stdout] For more information about an error, try `rustc --explain E0432`.
[INFO] [stdout] Couldn't compile the test.
[INFO] [stdout] ---- src/lib.rs - time_lone_function (line 54) stdout ----
[INFO] [stdout] error[E0432]: unresolved import `triglyceride`
[INFO] [stdout]  --> src/lib.rs:55:5
[INFO] [stdout]   |
[INFO] [stdout] 2 | use triglyceride::{init_profiler, time_lone_function};
[INFO] [stdout]   |     ^^^^^^^^^^^^ use of undeclared crate or module `triglyceride`
[INFO] [stdout] 
[INFO] [stdout] error[E0601]: `main` function not found in crate `rust_out`
[INFO] [stdout]   --> src/lib.rs:65:26
[INFO] [stdout]    |
[INFO] [stdout] 12 | fn repeated_function() {}
[INFO] [stdout]    |                          ^ consider adding a `main` function to `src/lib.rs`
[INFO] [stdout] 
[INFO] [stdout] error: aborting due to 2 previous errors
[INFO] [stdout] 
[INFO] [stdout] Some errors have detailed explanations: E0432, E0601.
[INFO] [stdout] For more information about an error, try `rustc --explain E0432`.
[INFO] [stdout] Couldn't compile the test.
[INFO] [stdout] 
[INFO] [stdout] failures:
[INFO] [stdout]     src/lib.rs - time_event (line 11)
[INFO] [stdout]     src/lib.rs - time_lone_function (line 54)
[INFO] [stdout] 
[INFO] [stdout] test result: FAILED. 0 passed; 2 failed; 0 ignored; 0 measured; 0 filtered out; finished in 0.07s
[INFO] [stdout] 
[INFO] [stderr] error: doctest failed, to rerun pass `--doc`
[INFO] running `Command { std: "docker" "inspect" "227cd1d78065215c5e9649d222e7eecb16a84d1e8b0e535df5cc597ae94a3a66", kill_on_drop: false }`
[INFO] running `Command { std: "docker" "rm" "-f" "227cd1d78065215c5e9649d222e7eecb16a84d1e8b0e535df5cc597ae94a3a66", kill_on_drop: false }`
[INFO] [stdout] 227cd1d78065215c5e9649d222e7eecb16a84d1e8b0e535df5cc597ae94a3a66
