[INFO] fetching crate tremor-value 0.13.0-rc.33...
[INFO] testing tremor-value-0.13.0-rc.33 against 1.83.0 for beta-1.84.0-4-retry
[INFO] extracting crate tremor-value 0.13.0-rc.33 into /workspace/builds/worker-0-tc1/source
[INFO] validating manifest of crates.io crate tremor-value 0.13.0-rc.33 on toolchain 1.83.0
[INFO] running `Command { std: CARGO_HOME="/workspace/cargo-home" RUSTUP_HOME="/workspace/rustup-home" "/workspace/cargo-home/bin/cargo" "+1.83.0" "metadata" "--manifest-path" "Cargo.toml" "--no-deps", kill_on_drop: false }`
[INFO] started tweaking crates.io crate tremor-value 0.13.0-rc.33
[INFO] finished tweaking crates.io crate tremor-value 0.13.0-rc.33
[INFO] tweaked toml for crates.io crate tremor-value 0.13.0-rc.33 written to /workspace/builds/worker-0-tc1/source/Cargo.toml
[INFO] running `Command { std: CARGO_HOME="/workspace/cargo-home" RUSTUP_HOME="/workspace/rustup-home" "/workspace/cargo-home/bin/cargo" "+1.83.0" "generate-lockfile" "--manifest-path" "Cargo.toml", kill_on_drop: false }`
[INFO] [stderr]     Updating crates.io index
[INFO] [stderr]      Locking 144 packages to latest compatible versions
[INFO] [stderr]       Adding float-cmp v0.9.0 (available: v0.10.0)
[INFO] [stderr]       Adding simd-json v0.13.11 (available: v0.14.3)
[INFO] [stderr]       Adding simd-json-derive v0.13.0 (available: v0.15.0)
[INFO] [stderr]       Adding value-trait v0.8.1 (available: v0.10.1)
[INFO] running `Command { std: CARGO_HOME="/workspace/cargo-home" RUSTUP_HOME="/workspace/rustup-home" "/workspace/cargo-home/bin/cargo" "+1.83.0" "fetch" "--manifest-path" "Cargo.toml", kill_on_drop: false }`
[INFO] [stderr]  Downloading crates ...
[INFO] [stderr]   Downloaded tremor-common v0.13.0-rc.33
[INFO] [stderr]   Downloaded simd-json-derive-int v0.13.0
[INFO] [stderr]   Downloaded simd-json-derive v0.13.0
[INFO] [stderr]   Downloaded simd-json v0.13.11
[INFO] running `Command { std: "docker" "create" "-v" "/var/lib/crater-agent-workspace/builds/worker-0-tc1/target:/opt/rustwide/target:rw,Z" "-v" "/var/lib/crater-agent-workspace/builds/worker-0-tc1/source:/opt/rustwide/workdir:ro,Z" "-v" "/var/lib/crater-agent-workspace/cargo-home:/opt/rustwide/cargo-home:ro,Z" "-v" "/var/lib/crater-agent-workspace/rustup-home:/opt/rustwide/rustup-home:ro,Z" "-e" "SOURCE_DIR=/opt/rustwide/workdir" "-e" "CARGO_TARGET_DIR=/opt/rustwide/target" "-e" "CARGO_HOME=/opt/rustwide/cargo-home" "-e" "RUSTUP_HOME=/opt/rustwide/rustup-home" "-w" "/opt/rustwide/workdir" "-m" "1610612736" "--user" "0:0" "--network" "none" "ghcr.io/rust-lang/crates-build-env/linux@sha256:f3a9d4ad9d972b27faf3965f35b62e55ba32bbce8f20bc8fe909558a86702fde" "/opt/rustwide/cargo-home/bin/cargo" "+1.83.0" "metadata" "--no-deps" "--format-version=1", kill_on_drop: false }`
[INFO] [stdout] 6f483c6ca9d39a3025cc1df45d6a480f1055c15cf987243ee8693efa88c4bdff
[INFO] running `Command { std: "docker" "start" "-a" "6f483c6ca9d39a3025cc1df45d6a480f1055c15cf987243ee8693efa88c4bdff", kill_on_drop: false }`
[INFO] running `Command { std: "docker" "inspect" "6f483c6ca9d39a3025cc1df45d6a480f1055c15cf987243ee8693efa88c4bdff", kill_on_drop: false }`
[INFO] running `Command { std: "docker" "rm" "-f" "6f483c6ca9d39a3025cc1df45d6a480f1055c15cf987243ee8693efa88c4bdff", kill_on_drop: false }`
[INFO] [stdout] 6f483c6ca9d39a3025cc1df45d6a480f1055c15cf987243ee8693efa88c4bdff
[INFO] running `Command { std: "docker" "create" "-v" "/var/lib/crater-agent-workspace/builds/worker-0-tc1/target:/opt/rustwide/target:rw,Z" "-v" "/var/lib/crater-agent-workspace/builds/worker-0-tc1/source:/opt/rustwide/workdir:ro,Z" "-v" "/var/lib/crater-agent-workspace/cargo-home:/opt/rustwide/cargo-home:ro,Z" "-v" "/var/lib/crater-agent-workspace/rustup-home:/opt/rustwide/rustup-home:ro,Z" "-e" "SOURCE_DIR=/opt/rustwide/workdir" "-e" "CARGO_TARGET_DIR=/opt/rustwide/target" "-e" "CARGO_INCREMENTAL=0" "-e" "RUST_BACKTRACE=full" "-e" "RUSTFLAGS=--cap-lints=warn" "-e" "RUSTDOCFLAGS=--cap-lints=warn" "-e" "CARGO_HOME=/opt/rustwide/cargo-home" "-e" "RUSTUP_HOME=/opt/rustwide/rustup-home" "-w" "/opt/rustwide/workdir" "-m" "1610612736" "--user" "0:0" "--network" "none" "ghcr.io/rust-lang/crates-build-env/linux@sha256:f3a9d4ad9d972b27faf3965f35b62e55ba32bbce8f20bc8fe909558a86702fde" "/opt/rustwide/cargo-home/bin/cargo" "+1.83.0" "build" "--frozen" "--message-format=json", kill_on_drop: false }`
[INFO] [stdout] c4930c22759f8e2d7236c711dabc8e7ac2abb9ccd0d94b349cf3b6dd7af30e59
[INFO] running `Command { std: "docker" "start" "-a" "c4930c22759f8e2d7236c711dabc8e7ac2abb9ccd0d94b349cf3b6dd7af30e59", kill_on_drop: false }`
[INFO] [stderr]    Compiling syn v2.0.90
[INFO] [stderr]    Compiling zerocopy v0.7.35
[INFO] [stderr]    Compiling allocator-api2 v0.2.21
[INFO] [stderr]    Compiling libc v0.2.168
[INFO] [stderr]    Compiling serde v1.0.216
[INFO] [stderr]    Compiling num-traits v0.2.19
[INFO] [stderr]    Compiling lexical-util v1.0.6
[INFO] [stderr]    Compiling ahash v0.8.11
[INFO] [stderr]    Compiling once_cell v1.20.2
[INFO] [stderr]    Compiling icu_locid_transform_data v1.5.0
[INFO] [stderr]    Compiling memchr v2.7.4
[INFO] [stderr]    Compiling icu_properties_data v1.5.0
[INFO] [stderr]    Compiling simdutf8 v0.1.5
[INFO] [stderr]    Compiling utf16_iter v1.0.5
[INFO] [stderr]    Compiling write16 v1.0.0
[INFO] [stderr]    Compiling icu_normalizer_data v1.5.0
[INFO] [stderr]    Compiling utf8_iter v1.0.4
[INFO] [stderr]    Compiling futures-sink v0.3.31
[INFO] [stderr]    Compiling futures-core v0.3.31
[INFO] [stderr]    Compiling futures-task v0.3.31
[INFO] [stderr]    Compiling regex-syntax v0.8.5
[INFO] [stderr]    Compiling percent-encoding v2.3.1
[INFO] [stderr]    Compiling futures-channel v0.3.31
[INFO] [stderr]    Compiling futures-util v0.3.31
[INFO] [stderr]    Compiling rand_core v0.6.4
[INFO] [stderr]    Compiling futures-io v0.3.31
[INFO] [stderr]    Compiling form_urlencoded v1.2.1
[INFO] [stderr]    Compiling tokio v1.42.0
[INFO] [stderr]    Compiling base64 v0.22.1
[INFO] [stderr]    Compiling rand v0.8.5
[INFO] [stderr]    Compiling hashbrown v0.14.5
[INFO] [stderr]    Compiling lexical-write-integer v1.0.5
[INFO] [stderr]    Compiling lexical-parse-integer v1.0.5
[INFO] [stderr]    Compiling float-cmp v0.9.0
[INFO] [stderr]    Compiling chrono v0.4.39
[INFO] [stderr]    Compiling lexical-write-float v1.0.5
[INFO] [stderr]    Compiling getrandom v0.2.15
[INFO] [stderr]    Compiling lexical-parse-float v1.0.5
[INFO] [stderr]    Compiling lexical-core v1.0.5
[INFO] [stderr]    Compiling regex-automata v0.4.9
[INFO] [stderr]    Compiling futures v0.3.31
[INFO] [stderr]    Compiling synstructure v0.13.1
[INFO] [stderr]    Compiling serde_derive v1.0.216
[INFO] [stderr]    Compiling zerovec-derive v0.10.3
[INFO] [stderr]    Compiling displaydoc v0.2.5
[INFO] [stderr]    Compiling icu_provider_macros v1.5.0
[INFO] [stderr]    Compiling ref-cast-impl v1.0.23
[INFO] [stderr]    Compiling zerofrom-derive v0.1.5
[INFO] [stderr]    Compiling yoke-derive v0.7.5
[INFO] [stderr]    Compiling regex v1.11.1
[INFO] [stderr]    Compiling ref-cast v1.0.23
[INFO] [stderr]    Compiling zerofrom v0.1.5
[INFO] [stderr]    Compiling yoke v0.7.5
[INFO] [stderr]    Compiling zerovec v0.10.4
[INFO] [stderr]    Compiling tinystr v0.7.6
[INFO] [stderr]    Compiling icu_collections v1.5.0
[INFO] [stderr]    Compiling icu_locid v1.5.0
[INFO] [stderr]    Compiling icu_provider v1.5.0
[INFO] [stderr]    Compiling icu_locid_transform v1.5.0
[INFO] [stderr]    Compiling icu_properties v1.5.1
[INFO] [stderr]    Compiling icu_normalizer v1.5.0
[INFO] [stderr]    Compiling halfbrown v0.2.5
[INFO] [stderr]    Compiling serde_json v1.0.133
[INFO] [stderr]    Compiling beef v0.5.2
[INFO] [stderr]    Compiling value-trait v0.8.1
[INFO] [stderr]    Compiling idna_adapter v1.2.0
[INFO] [stderr]    Compiling idna v1.0.3
[INFO] [stderr]    Compiling url v2.5.4
[INFO] [stderr]    Compiling simd-json v0.13.11
[INFO] [stderr]    Compiling simd-json-derive-int v0.13.0
[INFO] [stderr]    Compiling simd-json-derive v0.13.0
[INFO] [stderr]    Compiling tremor-common v0.13.0-rc.33
[INFO] [stderr]    Compiling tremor-value v0.13.0-rc.33 (/opt/rustwide/workdir)
[INFO] [stderr]     Finished `dev` profile [unoptimized + debuginfo] target(s) in 31.99s
[INFO] running `Command { std: "docker" "inspect" "c4930c22759f8e2d7236c711dabc8e7ac2abb9ccd0d94b349cf3b6dd7af30e59", kill_on_drop: false }`
[INFO] running `Command { std: "docker" "rm" "-f" "c4930c22759f8e2d7236c711dabc8e7ac2abb9ccd0d94b349cf3b6dd7af30e59", kill_on_drop: false }`
[INFO] [stdout] c4930c22759f8e2d7236c711dabc8e7ac2abb9ccd0d94b349cf3b6dd7af30e59
[INFO] running `Command { std: "docker" "create" "-v" "/var/lib/crater-agent-workspace/builds/worker-0-tc1/target:/opt/rustwide/target:rw,Z" "-v" "/var/lib/crater-agent-workspace/builds/worker-0-tc1/source:/opt/rustwide/workdir:ro,Z" "-v" "/var/lib/crater-agent-workspace/cargo-home:/opt/rustwide/cargo-home:ro,Z" "-v" "/var/lib/crater-agent-workspace/rustup-home:/opt/rustwide/rustup-home:ro,Z" "-e" "SOURCE_DIR=/opt/rustwide/workdir" "-e" "CARGO_TARGET_DIR=/opt/rustwide/target" "-e" "CARGO_INCREMENTAL=0" "-e" "RUST_BACKTRACE=full" "-e" "RUSTFLAGS=--cap-lints=warn" "-e" "RUSTDOCFLAGS=--cap-lints=warn" "-e" "CARGO_HOME=/opt/rustwide/cargo-home" "-e" "RUSTUP_HOME=/opt/rustwide/rustup-home" "-w" "/opt/rustwide/workdir" "-m" "1610612736" "--user" "0:0" "--network" "none" "ghcr.io/rust-lang/crates-build-env/linux@sha256:f3a9d4ad9d972b27faf3965f35b62e55ba32bbce8f20bc8fe909558a86702fde" "/opt/rustwide/cargo-home/bin/cargo" "+1.83.0" "test" "--frozen" "--no-run" "--message-format=json", kill_on_drop: false }`
[INFO] [stdout] 451d9c618da771632fe175eff8deb83724906059468747f7452349fc3570c2e3
[INFO] running `Command { std: "docker" "start" "-a" "451d9c618da771632fe175eff8deb83724906059468747f7452349fc3570c2e3", kill_on_drop: false }`
[INFO] [stderr]    Compiling libc v0.2.168
[INFO] [stderr]    Compiling byteorder v1.5.0
[INFO] [stderr]    Compiling libm v0.2.11
[INFO] [stderr]    Compiling num-traits v0.2.19
[INFO] [stderr]    Compiling zerocopy v0.7.35
[INFO] [stderr]    Compiling zerocopy-derive v0.7.35
[INFO] [stderr]    Compiling rustix v0.38.42
[INFO] [stderr]    Compiling linux-raw-sys v0.4.14
[INFO] [stderr]    Compiling regex-automata v0.4.9
[INFO] [stderr]    Compiling quick-error v1.2.3
[INFO] [stderr]    Compiling bit-vec v0.6.3
[INFO] [stderr]    Compiling unarray v0.1.4
[INFO] [stderr]    Compiling unicode-width v0.1.14
[INFO] [stderr]    Compiling getopts v0.2.21
[INFO] [stderr]    Compiling bit-set v0.5.3
[INFO] [stderr]    Compiling ahash v0.8.11
[INFO] [stderr]    Compiling hashbrown v0.14.5
[INFO] [stderr]    Compiling float-cmp v0.9.0
[INFO] [stderr]    Compiling getrandom v0.2.15
[INFO] [stderr]    Compiling wait-timeout v0.2.0
[INFO] [stderr]    Compiling halfbrown v0.2.5
[INFO] [stderr]    Compiling rand_core v0.6.4
[INFO] [stderr]    Compiling chrono v0.4.39
[INFO] [stderr]    Compiling value-trait v0.8.1
[INFO] [stderr]    Compiling rand_xorshift v0.3.0
[INFO] [stderr]    Compiling ppv-lite86 v0.2.20
[INFO] [stderr]    Compiling simd-json v0.13.11
[INFO] [stderr]    Compiling regex v1.11.1
[INFO] [stderr]    Compiling rand_chacha v0.3.1
[INFO] [stderr]    Compiling rand v0.8.5
[INFO] [stderr]    Compiling tempfile v3.14.0
[INFO] [stderr]    Compiling rusty-fork v0.3.0
[INFO] [stderr]    Compiling proptest v1.5.0
[INFO] [stderr]    Compiling simd-json-derive-int v0.13.0
[INFO] [stderr]    Compiling simd-json-derive v0.13.0
[INFO] [stderr]    Compiling tremor-common v0.13.0-rc.33
[INFO] [stderr]    Compiling tremor-value v0.13.0-rc.33 (/opt/rustwide/workdir)
[INFO] [stderr]     Finished `test` profile [unoptimized + debuginfo] target(s) in 18.90s
[INFO] running `Command { std: "docker" "inspect" "451d9c618da771632fe175eff8deb83724906059468747f7452349fc3570c2e3", kill_on_drop: false }`
[INFO] running `Command { std: "docker" "rm" "-f" "451d9c618da771632fe175eff8deb83724906059468747f7452349fc3570c2e3", kill_on_drop: false }`
[INFO] [stdout] 451d9c618da771632fe175eff8deb83724906059468747f7452349fc3570c2e3
[INFO] running `Command { std: "docker" "create" "-v" "/var/lib/crater-agent-workspace/builds/worker-0-tc1/target:/opt/rustwide/target:rw,Z" "-v" "/var/lib/crater-agent-workspace/builds/worker-0-tc1/source:/opt/rustwide/workdir:ro,Z" "-v" "/var/lib/crater-agent-workspace/cargo-home:/opt/rustwide/cargo-home:ro,Z" "-v" "/var/lib/crater-agent-workspace/rustup-home:/opt/rustwide/rustup-home:ro,Z" "-e" "SOURCE_DIR=/opt/rustwide/workdir" "-e" "CARGO_TARGET_DIR=/opt/rustwide/target" "-e" "CARGO_INCREMENTAL=0" "-e" "RUST_BACKTRACE=full" "-e" "RUSTFLAGS=--cap-lints=warn" "-e" "RUSTDOCFLAGS=--cap-lints=warn" "-e" "CARGO_HOME=/opt/rustwide/cargo-home" "-e" "RUSTUP_HOME=/opt/rustwide/rustup-home" "-w" "/opt/rustwide/workdir" "-m" "1610612736" "--user" "0:0" "--network" "none" "ghcr.io/rust-lang/crates-build-env/linux@sha256:f3a9d4ad9d972b27faf3965f35b62e55ba32bbce8f20bc8fe909558a86702fde" "/opt/rustwide/cargo-home/bin/cargo" "+1.83.0" "test" "--frozen", kill_on_drop: false }`
[INFO] [stdout] 94be27baa2f2bc72aab783ca175b15f2cf2bcd8aa2a24181a319c6b525c26a2f
[INFO] running `Command { std: "docker" "start" "-a" "94be27baa2f2bc72aab783ca175b15f2cf2bcd8aa2a24181a319c6b525c26a2f", kill_on_drop: false }`
[INFO] [stderr]     Finished `test` profile [unoptimized + debuginfo] target(s) in 0.13s
[INFO] [stderr]      Running unittests src/lib.rs (/opt/rustwide/target/debug/deps/tremor_value-85c0b172f7b09020)
[INFO] [stdout] 
[INFO] [stdout] running 93 tests
[INFO] [stdout] test error::test::from_str ... ok
[INFO] [stdout] test known_key::tests::known_key ... ok
[INFO] [stdout] test known_key::tests::known_key_map ... ok
[INFO] [stdout] test macros::tests::array ... ok
[INFO] [stdout] test known_key::tests::known_key_get_key ... ok
[INFO] [stdout] test serde::test::de_se ... ok
[INFO] [stdout] test known_key::tests::known_key_insert ... ok
[INFO] [stdout] test known_key::tests::lookup_or_insert_mut ... ok
[INFO] [stdout] test serde::value::de::test::option_field_absent ... ok
[INFO] [stdout] test serde::value::de::test::variant ... ok
[INFO] [stdout] test serde::value::se::tests::serialize_map ... ok
[INFO] [stdout] test serde::value::se::tests::serialize_numbers ... ok
[INFO] [stdout] test serde::value::se::tests::serialize_tuple ... ok
[INFO] [stdout] test serde::value::de::test::option_field_present ... ok
[INFO] [stdout] test serde::value::se::tests::serialize_seq ... ok
[INFO] [stdout] test serde::value::se::tests::serialize_map_no_string_keys ... ok
[INFO] [stdout] test serde::value::se::tests::serialize_value_bytes ... ok
[INFO] [stdout] test serde::value::se::tests::to_value_enum_variants ... ok
[INFO] [stdout] test value::cmp::test::bytes ... ok
[INFO] [stdout] test serde::value::se::tests::serialize_unit_struct ... ok
[INFO] [stdout] test macros::tests::value_macro ... ok
[INFO] [stdout] test known_key::tests::known_key_insert_map ... ok
[INFO] [stdout] test test::parse ... ok
[INFO] [stdout] test serde::value::se::tests::serialize_option ... ok
[INFO] [stdout] test value::cmp::test::diff_types ... ok
[INFO] [stdout] test value::cmp::test::number_128 ... ok
[INFO] [stdout] test value::cmp::test::obj ... ok
[INFO] [stdout] test value::from::test::value_variations ... ok
[INFO] [stdout] test value::r#static::test::for_coverage ... ok
[INFO] [stdout] test value::serialize::test::array ... ok
[INFO] [stdout] test value::serialize::test::array_pp ... ok
[INFO] [stdout] test value::serialize::test::bool_false ... ok
[INFO] [stdout] test value::serialize::test::bool_true ... ok
[INFO] [stdout] test value::serialize::test::null ... ok
[INFO] [stdout] test value::serialize::test::obj ... ok
[INFO] [stdout] test value::serialize::test::obj_pp ... ok
[INFO] [stdout] test value::serialize::test::string ... ok
[INFO] [stdout] test value::test::array_access ... ok
[INFO] [stdout] test value::test::as_char ... ok
[INFO] [stdout] test value::test::bytes_access ... ok
[INFO] [stdout] test value::test::char_access ... ok
[INFO] [stdout] test value::test::cmp_byte_string ... ok
[INFO] [stdout] test value::test::conversions_array ... ok
[INFO] [stdout] test value::test::conversions_bool ... ok
[INFO] [stdout] test value::test::conversions_f32 ... ok
[INFO] [stdout] test value::test::conversions_f64 ... ok
[INFO] [stdout] test value::test::conversions_float ... ok
[INFO] [stdout] test value::test::conversions_i16 ... ok
[INFO] [stdout] test value::test::conversions_i32 ... ok
[INFO] [stdout] test value::test::conversions_i64 ... ok
[INFO] [stdout] test value::test::conversions_int ... ok
[INFO] [stdout] test value::test::conversions_null ... ok
[INFO] [stdout] test value::test::conversions_i8 ... ok
[INFO] [stdout] test value::test::conversions_u16 ... ok
[INFO] [stdout] test value::test::conversions_object ... ok
[INFO] [stdout] test value::test::conversions_u32 ... ok
[INFO] [stdout] test value::test::conversions_u8 ... ok
[INFO] [stdout] test value::test::conversions_uint ... ok
[INFO] [stdout] test value::test::conversions_usize ... ok
[INFO] [stdout] test value::test::default ... ok
[INFO] [stdout] test value::test::float_cmp ... ok
[INFO] [stdout] test value::test::nuber_ord_i64 ... ok
[INFO] [stdout] test value::test::is_custom ... ok
[INFO] [stdout] test value::test::nuber_ord_u64 ... ok
[INFO] [stdout] test value::test::conversions_u64 ... ok
[INFO] [stdout] test value::test::nuber_ord_f64 ... ok
[INFO] [stdout] test value::test::obj_eq ... ok
[INFO] [stdout] test value::test::conversions_str ... ok
[INFO] [stdout] test value::test::object_access ... ok
[INFO] [stdout] test value::test::prop_f64_cmp ... ok
[INFO] [stdout] test value::test::prop_i8_cmp ... ok
[INFO] [stdout] test value::test::prop_u64_cmp ... ok
[INFO] [stdout] test value::test::prop_i32_cmp ... ok
[INFO] [stdout] test value::test::test_bool_cmp ... ok
[INFO] [stdout] test value::test::prop_u16_cmp ... ok
[INFO] [stdout] test value::test::test_cmp_map ... ok
[INFO] [stdout] test value::test::prop_u32_cmp ... ok
[INFO] [stdout] test value::test::prop_f32_cmp ... ok
[INFO] [stdout] test value::test::test_hashmap_cmp ... ok
[INFO] [stdout] test value::test::test_into_static_duplicate_keys ... ok
[INFO] [stdout] test value::test::prop_i64_cmp ... ok
[INFO] [stdout] test value::test::test_option_from ... ok
[INFO] [stdout] test value::test::prop_usize_cmp ... ok
[INFO] [stdout] test value::test::test_slice_cmp ... ok
[INFO] [stdout] test value::test::test_union_cmp ... ok
[INFO] [stdout] test value::test::prop_u8_cmp ... ok
[INFO] [stdout] test value::test::prop_i16_cmp ... ok
[INFO] [stdout] test value::test::prop_string_cmp ... ok
[INFO] [stdout] test value::test::prop_clone_static ... ok
[INFO] [stdout] test value::test::prop_to_owned ... ok
[INFO] [stdout] test value::test::prop_serialize_deserialize ... ok
[INFO] [stdout] test value::test::prop_into_static ... ok
[INFO] [stdout] test value::test::prop_cmq ... ok
[INFO] [stdout] 
[INFO] [stdout] test result: ok. 93 passed; 0 failed; 0 ignored; 0 measured; 0 filtered out; finished in 1.85s
[INFO] [stdout] 
[INFO] [stderr]    Doc-tests tremor_value
[INFO] [stdout] 
[INFO] [stdout] running 12 tests
[INFO] [stdout] test src/macros.rs - macros::literal (line 94) ... ok
[INFO] [stdout] test src/known_key.rs - known_key::KnownKey<'key>::lookup (line 77) ... FAILED
[INFO] [stdout] test src/known_key.rs - known_key::KnownKey<'key>::lookup_or_insert_mut (line 202) ... FAILED
[INFO] [stdout] test src/known_key.rs - known_key::KnownKey<'key>::map_insert (line 338) ... ok
[INFO] [stdout] test src/known_key.rs - known_key::KnownKey<'key>::map_lookup_or_insert_mut (line 248) ... ok
[INFO] [stdout] test src/known_key.rs - known_key::KnownKey<'key>::map_lookup (line 100) ... ok
[INFO] [stdout] test src/macros.rs - macros::literal (line 44) ... ok
[INFO] [stdout] test src/macros.rs - macros::literal (line 67) ... ok
[INFO] [stdout] test src/macros.rs - macros::literal (line 84) ... ok
[INFO] [stdout] test src/known_key.rs - known_key::KnownKey<'key>::lookup_mut (line 129) ... ok
[INFO] [stdout] test src/known_key.rs - known_key::KnownKey<'key>::insert (line 299) ... ok
[INFO] [stdout] test src/known_key.rs - known_key::KnownKey<'key>::map_lookup_mut (line 160) ... ok
[INFO] [stdout] 
[INFO] [stdout] failures:
[INFO] [stdout] 
[INFO] [stdout] ---- src/known_key.rs - known_key::KnownKey<'key>::lookup (line 77) stdout ----
[INFO] [stdout] error: linking with `cc` failed: exit status: 1
[INFO] [stdout]   |
[INFO] [stdout]   = note: LC_ALL="C" PATH="/opt/rustwide/rustup-home/toolchains/1.83.0-x86_64-unknown-linux-gnu/lib/rustlib/x86_64-unknown-linux-gnu/bin:/opt/rustwide/cargo-home/bin:/usr/local/sbin:/usr/local/bin:/usr/sbin:/usr/bin:/sbin:/bin" VSLANG="1033" "cc" "-m64" "/tmp/rustcbi3zGS/symbols.o" "/tmp/rustdoctestvPo6lQ/rust_out.rust_out.cb03291d53e4e161-cgu.0.rcgu.o" "/tmp/rustdoctestvPo6lQ/rust_out.1s7umcihpz0t7nkz1uc2ifee9.rcgu.o" "-Wl,--as-needed" "-Wl,-Bstatic" "/opt/rustwide/target/debug/deps/libtremor_value-4c6eb61f070bfe7e.rlib" "/opt/rustwide/target/debug/deps/libtremor_common-bc7411a180bfc3a1.rlib" "/opt/rustwide/target/debug/deps/libsimd_json_derive-38e9a4d22bbcaf9d.rlib" "/opt/rustwide/target/debug/deps/libchrono-891ac5f9e10e6b7a.rlib" "/opt/rustwide/target/debug/deps/libiana_time_zone-327d1375b89fcc29.rlib" "/opt/rustwide/target/debug/deps/libfutures-101db1b0fcb09884.rlib" "/opt/rustwide/target/debug/deps/libfutures_util-6fea9c7abdd75714.rlib" "/opt/rustwide/target/debug/deps/libfutures_sink-2fa85e0ccd9bb588.rlib" "/opt/rustwide/target/debug/deps/libfutures_task-5d58811e5ddf600d.rlib" "/opt/rustwide/target/debug/deps/libpin_utils-6bd6355de79f98af.rlib" "/opt/rustwide/target/debug/deps/libfutures_core-330e9f754335f762.rlib" "/opt/rustwide/target/debug/deps/liburl-373dda51297271c4.rlib" "/opt/rustwide/target/debug/deps/libidna-e073da05e1d4d740.rlib" "/opt/rustwide/target/debug/deps/libidna_adapter-b4ab6fb7922c36f6.rlib" "/opt/rustwide/target/debug/deps/libicu_normalizer-9bd6e71609d39f8f.rlib" "/opt/rustwide/target/debug/deps/libicu_normalizer_data-762e61f43eae08c2.rlib" "/opt/rustwide/target/debug/deps/libwrite16-85fd16f27fd45657.rlib" "/opt/rustwide/target/debug/deps/libutf8_iter-fbf995b92c341ba3.rlib" "/opt/rustwide/target/debug/deps/libutf16_iter-83f8708e12b6535a.rlib" "/opt/rustwide/target/debug/deps/libsmallvec-01f95b0ceff06af9.rlib" "/opt/rustwide/target/debug/deps/libicu_properties-ec2679b74a1d467b.rlib" "/opt/rustwide/target/debug/deps/libicu_properties_data-52a01acc947e4a6d.rlib" "/opt/rustwide/target/debug/deps/libicu_locid_transform-2a616763b96fd584.rlib" "/opt/rustwide/target/debug/deps/libicu_locid_transform_data-38f8208716c2d35a.rlib" "/opt/rustwide/target/debug/deps/libicu_collections-97c0b40f8b5f6d2f.rlib" "/opt/rustwide/target/debug/deps/libicu_provider-ffe8d5b3b891c48e.rlib" "/opt/rustwide/target/debug/deps/libicu_locid-fef1f7305e03d391.rlib" "/opt/rustwide/target/debug/deps/liblitemap-a0ca3b3971bb4be7.rlib" "/opt/rustwide/target/debug/deps/libtinystr-3eb0aba912152332.rlib" "/opt/rustwide/target/debug/deps/libzerovec-c022e08ff66009a9.rlib" "/opt/rustwide/target/debug/deps/libwriteable-c63e282ed55b92df.rlib" "/opt/rustwide/target/debug/deps/libyoke-370716be876457cc.rlib" "/opt/rustwide/target/debug/deps/libzerofrom-469885577542333d.rlib" "/opt/rustwide/target/debug/deps/libstable_deref_trait-3602560bab1848e8.rlib" "/opt/rustwide/target/debug/deps/libform_urlencoded-bb1da7fb1c866163.rlib" "/opt/rustwide/target/debug/deps/libpercent_encoding-508eec8dbed48560.rlib" "/opt/rustwide/target/debug/deps/libregex-e070e9fc6419ea98.rlib" "/opt/rustwide/target/debug/deps/libregex_automata-31b9973d743a655e.rlib" "/opt/rustwide/target/debug/deps/libregex_syntax-155e812807b49638.rlib" "/opt/rustwide/target/debug/deps/liblazy_static-977f75dcedc2f7be.rlib" "/opt/rustwide/target/debug/deps/libbase64-1d5853d8a2dd9229.rlib" "/opt/rustwide/target/debug/deps/librand-78e8510b33d1a0fe.rlib" "/opt/rustwide/target/debug/deps/librand_chacha-ea7cca4a210b7ff5.rlib" "/opt/rustwide/target/debug/deps/libppv_lite86-777e49915e113dcc.rlib" "/opt/rustwide/target/debug/deps/librand_core-1f8e996801df326c.rlib" "/opt/rustwide/target/debug/deps/libtokio-b95bb676485098fb.rlib" "/opt/rustwide/target/debug/deps/libpin_project_lite-be51d264b86b6c5b.rlib" "/opt/rustwide/target/debug/deps/libsimd_json-3a7a7dd49bf97bc0.rlib" "/opt/rustwide/target/debug/deps/liblexical_core-4f173dccfeefb686.rlib" "/opt/rustwide/target/debug/deps/liblexical_write_float-34104e37b17b780b.rlib" "/opt/rustwide/target/debug/deps/liblexical_write_integer-3d1400c2d1f8f58b.rlib" "/opt/rustwide/target/debug/deps/liblexical_parse_float-4f64eb334f1bf1d1.rlib" "/opt/rustwide/target/debug/deps/liblexical_parse_integer-1681ed26fc2f172d.rlib" "/opt/rustwide/target/debug/deps/liblexical_util-d59913fc106c0a26.rlib" "/opt/rustwide/target/debug/deps/libstatic_assertions-3e50e277f96a204d.rlib" "/opt/rustwide/target/debug/deps/libsimdutf8-24d350bbbcae128f.rlib" "/opt/rustwide/target/debug/deps/libserde_json-1973d1d73200ec4f.rlib" "/opt/rustwide/target/debug/deps/libmemchr-6b84ce758acd6c63.rlib" "/opt/rustwide/target/debug/deps/libvalue_trait-929c704ed4be9d49.rlib" "/opt/rustwide/target/debug/deps/libitoa-e8776415c5fe0047.rlib" "/opt/rustwide/target/debug/deps/libryu-bba83beca99dd7c0.rlib" "/opt/rustwide/target/debug/deps/libfloat_cmp-3e3712646b1fcabc.rlib" "/opt/rustwide/target/debug/deps/libnum_traits-8da4f7a7282dbe1f.rlib" "/opt/rustwide/target/debug/deps/libhalfbrown-ec4889f3f151dcb6.rlib" "/opt/rustwide/target/debug/deps/libhashbrown-72ea762919fd28e0.rlib" "/opt/rustwide/target/debug/deps/libahash-92a2ef57fb737cb0.rlib" "/opt/rustwide/target/debug/deps/libgetrandom-21e7353a01032e9e.rlib" "/opt/rustwide/target/debug/deps/liblibc-48c07cb418e82d02.rlib" "/opt/rustwide/target/debug/deps/libonce_cell-6f631f2a5f71cecc.rlib" "/opt/rustwide/target/debug/deps/libcfg_if-8217498f8667ada9.rlib" "/opt/rustwide/target/debug/deps/libzerocopy-0faaa10078650241.rlib" "/opt/rustwide/target/debug/deps/libbyteorder-d36d73da0d12e75b.rlib" "/opt/rustwide/target/debug/deps/liballocator_api2-88d7b7890afadc02.rlib" "/opt/rustwide/target/debug/deps/libbeef-e1b79fda37ddceee.rlib" "/opt/rustwide/target/debug/deps/libserde-9b295fd2e7c2a38c.rlib" "/opt/rustwide/rustup-home/toolchains/1.83.0-x86_64-unknown-linux-gnu/lib/rustlib/x86_64-unknown-linux-gnu/lib/libstd-ca74a2d9c5166d9f.rlib" "/opt/rustwide/rustup-home/toolchains/1.83.0-x86_64-unknown-linux-gnu/lib/rustlib/x86_64-unknown-linux-gnu/lib/libpanic_unwind-e31ab23316ed5080.rlib" "/opt/rustwide/rustup-home/toolchains/1.83.0-x86_64-unknown-linux-gnu/lib/rustlib/x86_64-unknown-linux-gnu/lib/libobject-27dc4aa955912662.rlib" "/opt/rustwide/rustup-home/toolchains/1.83.0-x86_64-unknown-linux-gnu/lib/rustlib/x86_64-unknown-linux-gnu/lib/libmemchr-bd0d6cccce077b99.rlib" "/opt/rustwide/rustup-home/toolchains/1.83.0-x86_64-unknown-linux-gnu/lib/rustlib/x86_64-unknown-linux-gnu/lib/libaddr2line-8d001680935b5e3c.rlib" "/opt/rustwide/rustup-home/toolchains/1.83.0-x86_64-unknown-linux-gnu/lib/rustlib/x86_64-unknown-linux-gnu/lib/libgimli-ba8ce71964f984f4.rlib" "/opt/rustwide/rustup-home/toolchains/1.83.0-x86_64-unknown-linux-gnu/lib/rustlib/x86_64-unknown-linux-gnu/lib/librustc_demangle-99a73526abcec14b.rlib" "/opt/rustwide/rustup-home/toolchains/1.83.0-x86_64-unknown-linux-gnu/lib/rustlib/x86_64-unknown-linux-gnu/lib/libstd_detect-63ac0d22cff92579.rlib" "/opt/rustwide/rustup-home/toolchains/1.83.0-x86_64-unknown-linux-gnu/lib/rustlib/x86_64-unknown-linux-gnu/lib/libhashbrown-9057355c92c922d5.rlib" "/opt/rustwide/rustup-home/toolchains/1.83.0-x86_64-unknown-linux-gnu/lib/rustlib/x86_64-unknown-linux-gnu/lib/librustc_std_workspace_alloc-358be9bc1f6bab04.rlib" "/opt/rustwide/rustup-home/toolchains/1.83.0-x86_64-unknown-linux-gnu/lib/rustlib/x86_64-unknown-linux-gnu/lib/libminiz_oxide-aca15549d5bff974.rlib" "/opt/rustwide/rustup-home/toolchains/1.83.0-x86_64-unknown-linux-gnu/lib/rustlib/x86_64-unknown-linux-gnu/lib/libadler-8251d2cef7072448.rlib" "/opt/rustwide/rustup-home/toolchains/1.83.0-x86_64-unknown-linux-gnu/lib/rustlib/x86_64-unknown-linux-gnu/lib/libunwind-7d50b86011c66411.rlib" "/opt/rustwide/rustup-home/toolchains/1.83.0-x86_64-unknown-linux-gnu/lib/rustlib/x86_64-unknown-linux-gnu/lib/libcfg_if-51ea098fce5006bf.rlib" "/opt/rustwide/rustup-home/toolchains/1.83.0-x86_64-unknown-linux-gnu/lib/rustlib/x86_64-unknown-linux-gnu/lib/liblibc-5a14e0d0b712e731.rlib" "/opt/rustwide/rustup-home/toolchains/1.83.0-x86_64-unknown-linux-gnu/lib/rustlib/x86_64-unknown-linux-gnu/lib/liballoc-8b83dbf3a7b8f999.rlib" "/opt/rustwide/rustup-home/toolchains/1.83.0-x86_64-unknown-linux-gnu/lib/rustlib/x86_64-unknown-linux-gnu/lib/librustc_std_workspace_core-c6fd227bdc7b39ff.rlib" "/opt/rustwide/rustup-home/toolchains/1.83.0-x86_64-unknown-linux-gnu/lib/rustlib/x86_64-unknown-linux-gnu/lib/libcore-959d3389fa3da8a5.rlib" "/opt/rustwide/rustup-home/toolchains/1.83.0-x86_64-unknown-linux-gnu/lib/rustlib/x86_64-unknown-linux-gnu/lib/libcompiler_builtins-abe05db089cc2c62.rlib" "-Wl,-Bdynamic" "-lgcc_s" "-lutil" "-lrt" "-lpthread" "-lm" "-ldl" "-lc" "-Wl,--eh-frame-hdr" "-Wl,-z,noexecstack" "-L" "/opt/rustwide/rustup-home/toolchains/1.83.0-x86_64-unknown-linux-gnu/lib/rustlib/x86_64-unknown-linux-gnu/lib" "-o" "/tmp/rustdoctestvPo6lQ/rust_out" "-Wl,--gc-sections" "-pie" "-Wl,-z,relro,-z,now" "-nodefaultlibs"
[INFO] [stdout]   = note: collect2: fatal error: ld terminated with signal 9 [Killed]
[INFO] [stdout]           compilation terminated.
[INFO] [stdout]           
[INFO] [stdout] 
[INFO] [stdout] error: aborting due to 1 previous error
[INFO] [stdout] 
[INFO] [stdout] Couldn't compile the test.
[INFO] [stdout] ---- src/known_key.rs - known_key::KnownKey<'key>::lookup_or_insert_mut (line 202) stdout ----
[INFO] [stdout] error: linking with `cc` failed: exit status: 1
[INFO] [stdout]   |
[INFO] [stdout]   = note: LC_ALL="C" PATH="/opt/rustwide/rustup-home/toolchains/1.83.0-x86_64-unknown-linux-gnu/lib/rustlib/x86_64-unknown-linux-gnu/bin:/opt/rustwide/cargo-home/bin:/usr/local/sbin:/usr/local/bin:/usr/sbin:/usr/bin:/sbin:/bin" VSLANG="1033" "cc" "-m64" "/tmp/rustcat2jpa/symbols.o" "/tmp/rustdoctestl3KAPe/rust_out.rust_out.cb03291d53e4e161-cgu.0.rcgu.o" "/tmp/rustdoctestl3KAPe/rust_out.1s7umcihpz0t7nkz1uc2ifee9.rcgu.o" "-Wl,--as-needed" "-Wl,-Bstatic" "/opt/rustwide/target/debug/deps/libtremor_value-4c6eb61f070bfe7e.rlib" "/opt/rustwide/target/debug/deps/libtremor_common-bc7411a180bfc3a1.rlib" "/opt/rustwide/target/debug/deps/libsimd_json_derive-38e9a4d22bbcaf9d.rlib" "/opt/rustwide/target/debug/deps/libchrono-891ac5f9e10e6b7a.rlib" "/opt/rustwide/target/debug/deps/libiana_time_zone-327d1375b89fcc29.rlib" "/opt/rustwide/target/debug/deps/libfutures-101db1b0fcb09884.rlib" "/opt/rustwide/target/debug/deps/libfutures_util-6fea9c7abdd75714.rlib" "/opt/rustwide/target/debug/deps/libfutures_sink-2fa85e0ccd9bb588.rlib" "/opt/rustwide/target/debug/deps/libfutures_task-5d58811e5ddf600d.rlib" "/opt/rustwide/target/debug/deps/libpin_utils-6bd6355de79f98af.rlib" "/opt/rustwide/target/debug/deps/libfutures_core-330e9f754335f762.rlib" "/opt/rustwide/target/debug/deps/liburl-373dda51297271c4.rlib" "/opt/rustwide/target/debug/deps/libidna-e073da05e1d4d740.rlib" "/opt/rustwide/target/debug/deps/libidna_adapter-b4ab6fb7922c36f6.rlib" "/opt/rustwide/target/debug/deps/libicu_normalizer-9bd6e71609d39f8f.rlib" "/opt/rustwide/target/debug/deps/libicu_normalizer_data-762e61f43eae08c2.rlib" "/opt/rustwide/target/debug/deps/libwrite16-85fd16f27fd45657.rlib" "/opt/rustwide/target/debug/deps/libutf8_iter-fbf995b92c341ba3.rlib" "/opt/rustwide/target/debug/deps/libutf16_iter-83f8708e12b6535a.rlib" "/opt/rustwide/target/debug/deps/libsmallvec-01f95b0ceff06af9.rlib" "/opt/rustwide/target/debug/deps/libicu_properties-ec2679b74a1d467b.rlib" "/opt/rustwide/target/debug/deps/libicu_properties_data-52a01acc947e4a6d.rlib" "/opt/rustwide/target/debug/deps/libicu_locid_transform-2a616763b96fd584.rlib" "/opt/rustwide/target/debug/deps/libicu_locid_transform_data-38f8208716c2d35a.rlib" "/opt/rustwide/target/debug/deps/libicu_collections-97c0b40f8b5f6d2f.rlib" "/opt/rustwide/target/debug/deps/libicu_provider-ffe8d5b3b891c48e.rlib" "/opt/rustwide/target/debug/deps/libicu_locid-fef1f7305e03d391.rlib" "/opt/rustwide/target/debug/deps/liblitemap-a0ca3b3971bb4be7.rlib" "/opt/rustwide/target/debug/deps/libtinystr-3eb0aba912152332.rlib" "/opt/rustwide/target/debug/deps/libzerovec-c022e08ff66009a9.rlib" "/opt/rustwide/target/debug/deps/libwriteable-c63e282ed55b92df.rlib" "/opt/rustwide/target/debug/deps/libyoke-370716be876457cc.rlib" "/opt/rustwide/target/debug/deps/libzerofrom-469885577542333d.rlib" "/opt/rustwide/target/debug/deps/libstable_deref_trait-3602560bab1848e8.rlib" "/opt/rustwide/target/debug/deps/libform_urlencoded-bb1da7fb1c866163.rlib" "/opt/rustwide/target/debug/deps/libpercent_encoding-508eec8dbed48560.rlib" "/opt/rustwide/target/debug/deps/libregex-e070e9fc6419ea98.rlib" "/opt/rustwide/target/debug/deps/libregex_automata-31b9973d743a655e.rlib" "/opt/rustwide/target/debug/deps/libregex_syntax-155e812807b49638.rlib" "/opt/rustwide/target/debug/deps/liblazy_static-977f75dcedc2f7be.rlib" "/opt/rustwide/target/debug/deps/libbase64-1d5853d8a2dd9229.rlib" "/opt/rustwide/target/debug/deps/librand-78e8510b33d1a0fe.rlib" "/opt/rustwide/target/debug/deps/librand_chacha-ea7cca4a210b7ff5.rlib" "/opt/rustwide/target/debug/deps/libppv_lite86-777e49915e113dcc.rlib" "/opt/rustwide/target/debug/deps/librand_core-1f8e996801df326c.rlib" "/opt/rustwide/target/debug/deps/libtokio-b95bb676485098fb.rlib" "/opt/rustwide/target/debug/deps/libpin_project_lite-be51d264b86b6c5b.rlib" "/opt/rustwide/target/debug/deps/libsimd_json-3a7a7dd49bf97bc0.rlib" "/opt/rustwide/target/debug/deps/liblexical_core-4f173dccfeefb686.rlib" "/opt/rustwide/target/debug/deps/liblexical_write_float-34104e37b17b780b.rlib" "/opt/rustwide/target/debug/deps/liblexical_write_integer-3d1400c2d1f8f58b.rlib" "/opt/rustwide/target/debug/deps/liblexical_parse_float-4f64eb334f1bf1d1.rlib" "/opt/rustwide/target/debug/deps/liblexical_parse_integer-1681ed26fc2f172d.rlib" "/opt/rustwide/target/debug/deps/liblexical_util-d59913fc106c0a26.rlib" "/opt/rustwide/target/debug/deps/libstatic_assertions-3e50e277f96a204d.rlib" "/opt/rustwide/target/debug/deps/libsimdutf8-24d350bbbcae128f.rlib" "/opt/rustwide/target/debug/deps/libserde_json-1973d1d73200ec4f.rlib" "/opt/rustwide/target/debug/deps/libmemchr-6b84ce758acd6c63.rlib" "/opt/rustwide/target/debug/deps/libvalue_trait-929c704ed4be9d49.rlib" "/opt/rustwide/target/debug/deps/libitoa-e8776415c5fe0047.rlib" "/opt/rustwide/target/debug/deps/libryu-bba83beca99dd7c0.rlib" "/opt/rustwide/target/debug/deps/libfloat_cmp-3e3712646b1fcabc.rlib" "/opt/rustwide/target/debug/deps/libnum_traits-8da4f7a7282dbe1f.rlib" "/opt/rustwide/target/debug/deps/libhalfbrown-ec4889f3f151dcb6.rlib" "/opt/rustwide/target/debug/deps/libhashbrown-72ea762919fd28e0.rlib" "/opt/rustwide/target/debug/deps/libahash-92a2ef57fb737cb0.rlib" "/opt/rustwide/target/debug/deps/libgetrandom-21e7353a01032e9e.rlib" "/opt/rustwide/target/debug/deps/liblibc-48c07cb418e82d02.rlib" "/opt/rustwide/target/debug/deps/libonce_cell-6f631f2a5f71cecc.rlib" "/opt/rustwide/target/debug/deps/libcfg_if-8217498f8667ada9.rlib" "/opt/rustwide/target/debug/deps/libzerocopy-0faaa10078650241.rlib" "/opt/rustwide/target/debug/deps/libbyteorder-d36d73da0d12e75b.rlib" "/opt/rustwide/target/debug/deps/liballocator_api2-88d7b7890afadc02.rlib" "/opt/rustwide/target/debug/deps/libbeef-e1b79fda37ddceee.rlib" "/opt/rustwide/target/debug/deps/libserde-9b295fd2e7c2a38c.rlib" "/opt/rustwide/rustup-home/toolchains/1.83.0-x86_64-unknown-linux-gnu/lib/rustlib/x86_64-unknown-linux-gnu/lib/libstd-ca74a2d9c5166d9f.rlib" "/opt/rustwide/rustup-home/toolchains/1.83.0-x86_64-unknown-linux-gnu/lib/rustlib/x86_64-unknown-linux-gnu/lib/libpanic_unwind-e31ab23316ed5080.rlib" "/opt/rustwide/rustup-home/toolchains/1.83.0-x86_64-unknown-linux-gnu/lib/rustlib/x86_64-unknown-linux-gnu/lib/libobject-27dc4aa955912662.rlib" "/opt/rustwide/rustup-home/toolchains/1.83.0-x86_64-unknown-linux-gnu/lib/rustlib/x86_64-unknown-linux-gnu/lib/libmemchr-bd0d6cccce077b99.rlib" "/opt/rustwide/rustup-home/toolchains/1.83.0-x86_64-unknown-linux-gnu/lib/rustlib/x86_64-unknown-linux-gnu/lib/libaddr2line-8d001680935b5e3c.rlib" "/opt/rustwide/rustup-home/toolchains/1.83.0-x86_64-unknown-linux-gnu/lib/rustlib/x86_64-unknown-linux-gnu/lib/libgimli-ba8ce71964f984f4.rlib" "/opt/rustwide/rustup-home/toolchains/1.83.0-x86_64-unknown-linux-gnu/lib/rustlib/x86_64-unknown-linux-gnu/lib/librustc_demangle-99a73526abcec14b.rlib" "/opt/rustwide/rustup-home/toolchains/1.83.0-x86_64-unknown-linux-gnu/lib/rustlib/x86_64-unknown-linux-gnu/lib/libstd_detect-63ac0d22cff92579.rlib" "/opt/rustwide/rustup-home/toolchains/1.83.0-x86_64-unknown-linux-gnu/lib/rustlib/x86_64-unknown-linux-gnu/lib/libhashbrown-9057355c92c922d5.rlib" "/opt/rustwide/rustup-home/toolchains/1.83.0-x86_64-unknown-linux-gnu/lib/rustlib/x86_64-unknown-linux-gnu/lib/librustc_std_workspace_alloc-358be9bc1f6bab04.rlib" "/opt/rustwide/rustup-home/toolchains/1.83.0-x86_64-unknown-linux-gnu/lib/rustlib/x86_64-unknown-linux-gnu/lib/libminiz_oxide-aca15549d5bff974.rlib" "/opt/rustwide/rustup-home/toolchains/1.83.0-x86_64-unknown-linux-gnu/lib/rustlib/x86_64-unknown-linux-gnu/lib/libadler-8251d2cef7072448.rlib" "/opt/rustwide/rustup-home/toolchains/1.83.0-x86_64-unknown-linux-gnu/lib/rustlib/x86_64-unknown-linux-gnu/lib/libunwind-7d50b86011c66411.rlib" "/opt/rustwide/rustup-home/toolchains/1.83.0-x86_64-unknown-linux-gnu/lib/rustlib/x86_64-unknown-linux-gnu/lib/libcfg_if-51ea098fce5006bf.rlib" "/opt/rustwide/rustup-home/toolchains/1.83.0-x86_64-unknown-linux-gnu/lib/rustlib/x86_64-unknown-linux-gnu/lib/liblibc-5a14e0d0b712e731.rlib" "/opt/rustwide/rustup-home/toolchains/1.83.0-x86_64-unknown-linux-gnu/lib/rustlib/x86_64-unknown-linux-gnu/lib/liballoc-8b83dbf3a7b8f999.rlib" "/opt/rustwide/rustup-home/toolchains/1.83.0-x86_64-unknown-linux-gnu/lib/rustlib/x86_64-unknown-linux-gnu/lib/librustc_std_workspace_core-c6fd227bdc7b39ff.rlib" "/opt/rustwide/rustup-home/toolchains/1.83.0-x86_64-unknown-linux-gnu/lib/rustlib/x86_64-unknown-linux-gnu/lib/libcore-959d3389fa3da8a5.rlib" "/opt/rustwide/rustup-home/toolchains/1.83.0-x86_64-unknown-linux-gnu/lib/rustlib/x86_64-unknown-linux-gnu/lib/libcompiler_builtins-abe05db089cc2c62.rlib" "-Wl,-Bdynamic" "-lgcc_s" "-lutil" "-lrt" "-lpthread" "-lm" "-ldl" "-lc" "-Wl,--eh-frame-hdr" "-Wl,-z,noexecstack" "-L" "/opt/rustwide/rustup-home/toolchains/1.83.0-x86_64-unknown-linux-gnu/lib/rustlib/x86_64-unknown-linux-gnu/lib" "-o" "/tmp/rustdoctestl3KAPe/rust_out" "-Wl,--gc-sections" "-pie" "-Wl,-z,relro,-z,now" "-nodefaultlibs"
[INFO] [stdout]   = note: collect2: fatal error: ld terminated with signal 9 [Killed]
[INFO] [stdout]           compilation terminated.
[INFO] [stdout]           
[INFO] [stdout] 
[INFO] [stdout] error: aborting due to 1 previous error
[INFO] [stdout] 
[INFO] [stdout] Couldn't compile the test.
[INFO] [stdout] 
[INFO] [stdout] failures:
[INFO] [stdout]     src/known_key.rs - known_key::KnownKey<'key>::lookup (line 77)
[INFO] [stdout]     src/known_key.rs - known_key::KnownKey<'key>::lookup_or_insert_mut (line 202)
[INFO] [stdout] 
[INFO] [stdout] test result: FAILED. 10 passed; 2 failed; 0 ignored; 0 measured; 0 filtered out; finished in 6.33s
[INFO] [stdout] 
[INFO] [stderr] error: doctest failed, to rerun pass `--doc`
[INFO] running `Command { std: "docker" "inspect" "94be27baa2f2bc72aab783ca175b15f2cf2bcd8aa2a24181a319c6b525c26a2f", kill_on_drop: false }`
[INFO] running `Command { std: "docker" "rm" "-f" "94be27baa2f2bc72aab783ca175b15f2cf2bcd8aa2a24181a319c6b525c26a2f", kill_on_drop: false }`
[INFO] [stdout] 94be27baa2f2bc72aab783ca175b15f2cf2bcd8aa2a24181a319c6b525c26a2f
