[INFO] fetching crate tree-sitter 0.24.5...
[INFO] testing tree-sitter-0.24.5 against beta-2024-12-08 for beta-1.84.0-4-retry
[INFO] extracting crate tree-sitter 0.24.5 into /workspace/builds/worker-7-tc2/source
[INFO] validating manifest of crates.io crate tree-sitter 0.24.5 on toolchain beta-2024-12-08
[INFO] running `Command { std: CARGO_HOME="/workspace/cargo-home" RUSTUP_HOME="/workspace/rustup-home" "/workspace/cargo-home/bin/cargo" "+beta-2024-12-08" "metadata" "--manifest-path" "Cargo.toml" "--no-deps", kill_on_drop: false }`
[INFO] started tweaking crates.io crate tree-sitter 0.24.5
[INFO] finished tweaking crates.io crate tree-sitter 0.24.5
[INFO] tweaked toml for crates.io crate tree-sitter 0.24.5 written to /workspace/builds/worker-7-tc2/source/Cargo.toml
[INFO] running `Command { std: CARGO_HOME="/workspace/cargo-home" RUSTUP_HOME="/workspace/rustup-home" "/workspace/cargo-home/bin/cargo" "+beta-2024-12-08" "generate-lockfile" "--manifest-path" "Cargo.toml", kill_on_drop: false }`
[INFO] [stderr]     Updating crates.io index
[INFO] [stderr]      Locking 122 packages to latest compatible versions
[INFO] [stderr]       Adding bindgen v0.70.1 (available: v0.71.1)
[INFO] [stderr]       Adding wasmtime-c-api-impl v25.0.3 (available: v27.0.0)
[INFO] running `Command { std: CARGO_HOME="/workspace/cargo-home" RUSTUP_HOME="/workspace/rustup-home" "/workspace/cargo-home/bin/cargo" "+beta-2024-12-08" "fetch" "--manifest-path" "Cargo.toml", kill_on_drop: false }`
[INFO] running `Command { std: "docker" "create" "-v" "/var/lib/crater-agent-workspace/builds/worker-7-tc2/target:/opt/rustwide/target:rw,Z" "-v" "/var/lib/crater-agent-workspace/builds/worker-7-tc2/source:/opt/rustwide/workdir:ro,Z" "-v" "/var/lib/crater-agent-workspace/cargo-home:/opt/rustwide/cargo-home:ro,Z" "-v" "/var/lib/crater-agent-workspace/rustup-home:/opt/rustwide/rustup-home:ro,Z" "-e" "SOURCE_DIR=/opt/rustwide/workdir" "-e" "CARGO_TARGET_DIR=/opt/rustwide/target" "-e" "CARGO_HOME=/opt/rustwide/cargo-home" "-e" "RUSTUP_HOME=/opt/rustwide/rustup-home" "-w" "/opt/rustwide/workdir" "-m" "1610612736" "--user" "0:0" "--network" "none" "ghcr.io/rust-lang/crates-build-env/linux@sha256:f3a9d4ad9d972b27faf3965f35b62e55ba32bbce8f20bc8fe909558a86702fde" "/opt/rustwide/cargo-home/bin/cargo" "+beta-2024-12-08" "metadata" "--no-deps" "--format-version=1", kill_on_drop: false }`
[INFO] [stdout] 4f151058b07fcf4062e5a13a3b40d7c64b79d11355205f369c96d05505f4ca32
[INFO] running `Command { std: "docker" "start" "-a" "4f151058b07fcf4062e5a13a3b40d7c64b79d11355205f369c96d05505f4ca32", kill_on_drop: false }`
[INFO] running `Command { std: "docker" "inspect" "4f151058b07fcf4062e5a13a3b40d7c64b79d11355205f369c96d05505f4ca32", kill_on_drop: false }`
[INFO] running `Command { std: "docker" "rm" "-f" "4f151058b07fcf4062e5a13a3b40d7c64b79d11355205f369c96d05505f4ca32", kill_on_drop: false }`
[INFO] [stdout] 4f151058b07fcf4062e5a13a3b40d7c64b79d11355205f369c96d05505f4ca32
[INFO] running `Command { std: "docker" "create" "-v" "/var/lib/crater-agent-workspace/builds/worker-7-tc2/target:/opt/rustwide/target:rw,Z" "-v" "/var/lib/crater-agent-workspace/builds/worker-7-tc2/source:/opt/rustwide/workdir:ro,Z" "-v" "/var/lib/crater-agent-workspace/cargo-home:/opt/rustwide/cargo-home:ro,Z" "-v" "/var/lib/crater-agent-workspace/rustup-home:/opt/rustwide/rustup-home:ro,Z" "-e" "SOURCE_DIR=/opt/rustwide/workdir" "-e" "CARGO_TARGET_DIR=/opt/rustwide/target" "-e" "CARGO_INCREMENTAL=0" "-e" "RUST_BACKTRACE=full" "-e" "RUSTFLAGS=--cap-lints=warn" "-e" "RUSTDOCFLAGS=--cap-lints=warn" "-e" "CARGO_HOME=/opt/rustwide/cargo-home" "-e" "RUSTUP_HOME=/opt/rustwide/rustup-home" "-w" "/opt/rustwide/workdir" "-m" "1610612736" "--user" "0:0" "--network" "none" "ghcr.io/rust-lang/crates-build-env/linux@sha256:f3a9d4ad9d972b27faf3965f35b62e55ba32bbce8f20bc8fe909558a86702fde" "/opt/rustwide/cargo-home/bin/cargo" "+beta-2024-12-08" "build" "--frozen" "--message-format=json", kill_on_drop: false }`
[INFO] [stdout] c370f9f8379bff06d74d49af268e46fd858bd879e9079e4acdf7b1d7008b7d97
[INFO] running `Command { std: "docker" "start" "-a" "c370f9f8379bff06d74d49af268e46fd858bd879e9079e4acdf7b1d7008b7d97", kill_on_drop: false }`
[INFO] [stderr]    Compiling memchr v2.7.4
[INFO] [stderr]    Compiling shlex v1.3.0
[INFO] [stderr]    Compiling regex-syntax v0.8.5
[INFO] [stderr]    Compiling streaming-iterator v0.1.9
[INFO] [stderr]    Compiling tree-sitter-language v0.1.3
[INFO] [stderr]    Compiling cc v1.2.4
[INFO] [stderr]    Compiling aho-corasick v1.1.3
[INFO] [stderr]    Compiling tree-sitter v0.24.5 (/opt/rustwide/workdir)
[INFO] [stderr]    Compiling regex-automata v0.4.9
[INFO] [stderr]    Compiling regex v1.11.1
[INFO] [stderr]     Finished `dev` profile [unoptimized + debuginfo] target(s) in 7.35s
[INFO] running `Command { std: "docker" "inspect" "c370f9f8379bff06d74d49af268e46fd858bd879e9079e4acdf7b1d7008b7d97", kill_on_drop: false }`
[INFO] running `Command { std: "docker" "rm" "-f" "c370f9f8379bff06d74d49af268e46fd858bd879e9079e4acdf7b1d7008b7d97", kill_on_drop: false }`
[INFO] [stdout] c370f9f8379bff06d74d49af268e46fd858bd879e9079e4acdf7b1d7008b7d97
[INFO] running `Command { std: "docker" "create" "-v" "/var/lib/crater-agent-workspace/builds/worker-7-tc2/target:/opt/rustwide/target:rw,Z" "-v" "/var/lib/crater-agent-workspace/builds/worker-7-tc2/source:/opt/rustwide/workdir:ro,Z" "-v" "/var/lib/crater-agent-workspace/cargo-home:/opt/rustwide/cargo-home:ro,Z" "-v" "/var/lib/crater-agent-workspace/rustup-home:/opt/rustwide/rustup-home:ro,Z" "-e" "SOURCE_DIR=/opt/rustwide/workdir" "-e" "CARGO_TARGET_DIR=/opt/rustwide/target" "-e" "CARGO_INCREMENTAL=0" "-e" "RUST_BACKTRACE=full" "-e" "RUSTFLAGS=--cap-lints=warn" "-e" "RUSTDOCFLAGS=--cap-lints=warn" "-e" "CARGO_HOME=/opt/rustwide/cargo-home" "-e" "RUSTUP_HOME=/opt/rustwide/rustup-home" "-w" "/opt/rustwide/workdir" "-m" "1610612736" "--user" "0:0" "--network" "none" "ghcr.io/rust-lang/crates-build-env/linux@sha256:f3a9d4ad9d972b27faf3965f35b62e55ba32bbce8f20bc8fe909558a86702fde" "/opt/rustwide/cargo-home/bin/cargo" "+beta-2024-12-08" "test" "--frozen" "--no-run" "--message-format=json", kill_on_drop: false }`
[INFO] [stdout] c291ff0850b96354c4c5c962d6b6e1c0a6f939159ce922e5b84f2e5822e52d75
[INFO] running `Command { std: "docker" "start" "-a" "c291ff0850b96354c4c5c962d6b6e1c0a6f939159ce922e5b84f2e5822e52d75", kill_on_drop: false }`
[INFO] [stderr]    Compiling tree-sitter v0.24.5 (/opt/rustwide/workdir)
[INFO] [stderr]     Finished `test` profile [unoptimized + debuginfo] target(s) in 0.54s
[INFO] running `Command { std: "docker" "inspect" "c291ff0850b96354c4c5c962d6b6e1c0a6f939159ce922e5b84f2e5822e52d75", kill_on_drop: false }`
[INFO] running `Command { std: "docker" "rm" "-f" "c291ff0850b96354c4c5c962d6b6e1c0a6f939159ce922e5b84f2e5822e52d75", kill_on_drop: false }`
[INFO] [stdout] c291ff0850b96354c4c5c962d6b6e1c0a6f939159ce922e5b84f2e5822e52d75
[INFO] running `Command { std: "docker" "create" "-v" "/var/lib/crater-agent-workspace/builds/worker-7-tc2/target:/opt/rustwide/target:rw,Z" "-v" "/var/lib/crater-agent-workspace/builds/worker-7-tc2/source:/opt/rustwide/workdir:ro,Z" "-v" "/var/lib/crater-agent-workspace/cargo-home:/opt/rustwide/cargo-home:ro,Z" "-v" "/var/lib/crater-agent-workspace/rustup-home:/opt/rustwide/rustup-home:ro,Z" "-e" "SOURCE_DIR=/opt/rustwide/workdir" "-e" "CARGO_TARGET_DIR=/opt/rustwide/target" "-e" "CARGO_INCREMENTAL=0" "-e" "RUST_BACKTRACE=full" "-e" "RUSTFLAGS=--cap-lints=warn" "-e" "RUSTDOCFLAGS=--cap-lints=warn" "-e" "CARGO_HOME=/opt/rustwide/cargo-home" "-e" "RUSTUP_HOME=/opt/rustwide/rustup-home" "-w" "/opt/rustwide/workdir" "-m" "1610612736" "--user" "0:0" "--network" "none" "ghcr.io/rust-lang/crates-build-env/linux@sha256:f3a9d4ad9d972b27faf3965f35b62e55ba32bbce8f20bc8fe909558a86702fde" "/opt/rustwide/cargo-home/bin/cargo" "+beta-2024-12-08" "test" "--frozen", kill_on_drop: false }`
[INFO] [stdout] f76f7204fe87a3bde8074cb296a30e97f475a7b8c5955d512369b4538da25184
[INFO] running `Command { std: "docker" "start" "-a" "f76f7204fe87a3bde8074cb296a30e97f475a7b8c5955d512369b4538da25184", kill_on_drop: false }`
[INFO] [stderr]     Finished `test` profile [unoptimized + debuginfo] target(s) in 0.06s
[INFO] [stderr]      Running unittests binding_rust/lib.rs (/opt/rustwide/target/debug/deps/tree_sitter-7f3292b5542fd189)
[INFO] [stdout] 
[INFO] [stdout] running 0 tests
[INFO] [stdout] 
[INFO] [stderr]    Doc-tests tree_sitter
[INFO] [stdout] test result: ok. 0 passed; 0 failed; 0 ignored; 0 measured; 0 filtered out; finished in 0.00s
[INFO] [stdout] 
[INFO] [stdout] 
[INFO] [stdout] running 6 tests
[INFO] [stdout] test binding_rust/lib.rs - Language::next_state (line 392) ... FAILED
[INFO] [stdout] test binding_rust/lib.rs - (line 78) ... FAILED
[INFO] [stdout] test binding_rust/lib.rs - (line 43) ... FAILED
[INFO] [stdout] test binding_rust/lib.rs - (line 37) ... FAILED
[INFO] [stdout] test binding_rust/lib.rs - (line 58) ... FAILED
[INFO] [stdout] test binding_rust/lib.rs - (line 14) ... ok
[INFO] [stdout] 
[INFO] [stdout] failures:
[INFO] [stdout] 
[INFO] [stdout] ---- binding_rust/lib.rs - Language::next_state (line 392) stdout ----
[INFO] [stdout] error[E0425]: cannot find value `language` in this scope
[INFO] [stdout]  --> binding_rust/lib.rs:393:13
[INFO] [stdout]   |
[INFO] [stdout] 3 | let state = language.next_state(node.parse_state(), node.grammar_id());
[INFO] [stdout]   |             ^^^^^^^^ not found in this scope
[INFO] [stdout] 
[INFO] [stdout] error[E0425]: cannot find value `node` in this scope
[INFO] [stdout]  --> binding_rust/lib.rs:393:33
[INFO] [stdout]   |
[INFO] [stdout] 3 | let state = language.next_state(node.parse_state(), node.grammar_id());
[INFO] [stdout]   |                                 ^^^^ not found in this scope
[INFO] [stdout] 
[INFO] [stdout] error[E0425]: cannot find value `node` in this scope
[INFO] [stdout]  --> binding_rust/lib.rs:393:53
[INFO] [stdout]   |
[INFO] [stdout] 3 | let state = language.next_state(node.parse_state(), node.grammar_id());
[INFO] [stdout]   |                                                     ^^^^ not found in this scope
[INFO] [stdout] 
[INFO] [stdout] error: aborting due to 3 previous errors
[INFO] [stdout] 
[INFO] [stdout] For more information about this error, try `rustc --explain E0425`.
[INFO] [stdout] Couldn't compile the test.
[INFO] [stdout] ---- binding_rust/lib.rs - (line 78) stdout ----
[INFO] [stdout] error[E0425]: cannot find value `parser` in this scope
[INFO] [stdout]   --> binding_rust/lib.rs:88:12
[INFO] [stdout]    |
[INFO] [stdout] 12 | let tree = parser.parse_with(&mut |_byte: usize, position: Point| -> &[u8] {
[INFO] [stdout]    |            ^^^^^^ not found in this scope
[INFO] [stdout] 
[INFO] [stdout] error[E0412]: cannot find type `Point` in this scope
[INFO] [stdout]   --> binding_rust/lib.rs:88:60
[INFO] [stdout]    |
[INFO] [stdout] 12 | let tree = parser.parse_with(&mut |_byte: usize, position: Point| -> &[u8] {
[INFO] [stdout]    |                                                            ^^^^^ not found in this scope
[INFO] [stdout]    |
[INFO] [stdout] help: consider importing this struct
[INFO] [stdout]    |
[INFO] [stdout] 3  + use tree_sitter::Point;
[INFO] [stdout]    |
[INFO] [stdout] 
[INFO] [stdout] error: aborting due to 2 previous errors
[INFO] [stdout] 
[INFO] [stdout] Some errors have detailed explanations: E0412, E0425.
[INFO] [stdout] For more information about an error, try `rustc --explain E0412`.
[INFO] [stdout] Couldn't compile the test.
[INFO] [stdout] ---- binding_rust/lib.rs - (line 43) stdout ----
[INFO] [stdout] error[E0425]: cannot find value `parser` in this scope
[INFO] [stdout]  --> binding_rust/lib.rs:45:16
[INFO] [stdout]   |
[INFO] [stdout] 4 | let mut tree = parser.parse(source_code, None).unwrap();
[INFO] [stdout]   |                ^^^^^^ not found in this scope
[INFO] [stdout] 
[INFO] [stdout] error: aborting due to 1 previous error
[INFO] [stdout] 
[INFO] [stdout] For more information about this error, try `rustc --explain E0425`.
[INFO] [stdout] Couldn't compile the test.
[INFO] [stdout] ---- binding_rust/lib.rs - (line 37) stdout ----
[INFO] [stdout] error[E0425]: cannot find value `parser` in this scope
[INFO] [stdout]  --> binding_rust/lib.rs:39:1
[INFO] [stdout]   |
[INFO] [stdout] 5 | parser.set_language(&tree_sitter_rust::language()).expect("Error loading Rust grammar");
[INFO] [stdout]   | ^^^^^^ not found in this scope
[INFO] [stdout] 
[INFO] [stdout] error[E0433]: failed to resolve: use of undeclared crate or module `tree_sitter_rust`
[INFO] [stdout]  --> binding_rust/lib.rs:39:22
[INFO] [stdout]   |
[INFO] [stdout] 5 | parser.set_language(&tree_sitter_rust::language()).expect("Error loading Rust grammar");
[INFO] [stdout]   |                      ^^^^^^^^^^^^^^^^ use of undeclared crate or module `tree_sitter_rust`
[INFO] [stdout]   |
[INFO] [stdout] help: there is a crate or module with a similar name
[INFO] [stdout]   |
[INFO] [stdout] 5 | parser.set_language(&tree_sitter::language()).expect("Error loading Rust grammar");
[INFO] [stdout]   |                      ~~~~~~~~~~~
[INFO] [stdout] 
[INFO] [stdout] error: aborting due to 2 previous errors
[INFO] [stdout] 
[INFO] [stdout] Some errors have detailed explanations: E0425, E0433.
[INFO] [stdout] For more information about an error, try `rustc --explain E0425`.
[INFO] [stdout] Couldn't compile the test.
[INFO] [stdout] ---- binding_rust/lib.rs - (line 58) stdout ----
[INFO] [stdout] error[E0425]: cannot find value `tree` in this scope
[INFO] [stdout]  --> binding_rust/lib.rs:61:1
[INFO] [stdout]   |
[INFO] [stdout] 5 | tree.edit(&InputEdit {
[INFO] [stdout]   | ^^^^ not found in this scope
[INFO] [stdout] 
[INFO] [stdout] error[E0422]: cannot find struct, variant or union type `InputEdit` in this scope
[INFO] [stdout]  --> binding_rust/lib.rs:61:12
[INFO] [stdout]   |
[INFO] [stdout] 5 | tree.edit(&InputEdit {
[INFO] [stdout]   |            ^^^^^^^^^ not found in this scope
[INFO] [stdout]   |
[INFO] [stdout] help: consider importing this struct
[INFO] [stdout]   |
[INFO] [stdout] 2 + use tree_sitter::InputEdit;
[INFO] [stdout]   |
[INFO] [stdout] 
[INFO] [stdout] error[E0433]: failed to resolve: use of undeclared type `Point`
[INFO] [stdout]  --> binding_rust/lib.rs:65:19
[INFO] [stdout]   |
[INFO] [stdout] 9 |   start_position: Point::new(0, 8),
[INFO] [stdout]   |                   ^^^^^ use of undeclared type `Point`
[INFO] [stdout]   |
[INFO] [stdout] help: consider importing this struct
[INFO] [stdout]   |
[INFO] [stdout] 2 + use tree_sitter::Point;
[INFO] [stdout]   |
[INFO] [stdout] 
[INFO] [stdout] error[E0433]: failed to resolve: use of undeclared type `Point`
[INFO] [stdout]   --> binding_rust/lib.rs:66:21
[INFO] [stdout]    |
[INFO] [stdout] 10 |   old_end_position: Point::new(0, 8),
[INFO] [stdout]    |                     ^^^^^ use of undeclared type `Point`
[INFO] [stdout]    |
[INFO] [stdout] help: consider importing this struct
[INFO] [stdout]    |
[INFO] [stdout] 2  + use tree_sitter::Point;
[INFO] [stdout]    |
[INFO] [stdout] 
[INFO] [stdout] error[E0433]: failed to resolve: use of undeclared type `Point`
[INFO] [stdout]   --> binding_rust/lib.rs:67:21
[INFO] [stdout]    |
[INFO] [stdout] 11 |   new_end_position: Point::new(0, 14),
[INFO] [stdout]    |                     ^^^^^ use of undeclared type `Point`
[INFO] [stdout]    |
[INFO] [stdout] help: consider importing this struct
[INFO] [stdout]    |
[INFO] [stdout] 2  + use tree_sitter::Point;
[INFO] [stdout]    |
[INFO] [stdout] 
[INFO] [stdout] error[E0425]: cannot find value `parser` in this scope
[INFO] [stdout]   --> binding_rust/lib.rs:70:16
[INFO] [stdout]    |
[INFO] [stdout] 14 | let new_tree = parser.parse(new_source_code, Some(&tree));
[INFO] [stdout]    |                ^^^^^^ not found in this scope
[INFO] [stdout] 
[INFO] [stdout] error[E0425]: cannot find value `tree` in this scope
[INFO] [stdout]   --> binding_rust/lib.rs:70:52
[INFO] [stdout]    |
[INFO] [stdout] 14 | let new_tree = parser.parse(new_source_code, Some(&tree));
[INFO] [stdout]    |                                                    ^^^^ not found in this scope
[INFO] [stdout] 
[INFO] [stdout] error: aborting due to 7 previous errors
[INFO] [stdout] 
[INFO] [stdout] Some errors have detailed explanations: E0422, E0425, E0433.
[INFO] [stdout] For more information about an error, try `rustc --explain E0422`.
[INFO] [stdout] Couldn't compile the test.
[INFO] [stdout] 
[INFO] [stdout] failures:
[INFO] [stdout]     binding_rust/lib.rs - (line 37)
[INFO] [stdout]     binding_rust/lib.rs - (line 43)
[INFO] [stdout]     binding_rust/lib.rs - (line 58)
[INFO] [stdout]     binding_rust/lib.rs - (line 78)
[INFO] [stdout]     binding_rust/lib.rs - Language::next_state (line 392)
[INFO] [stdout] 
[INFO] [stdout] test result: FAILED. 1 passed; 5 failed; 0 ignored; 0 measured; 0 filtered out; finished in 0.93s
[INFO] [stdout] 
[INFO] [stderr] error: doctest failed, to rerun pass `--doc`
[INFO] running `Command { std: "docker" "inspect" "f76f7204fe87a3bde8074cb296a30e97f475a7b8c5955d512369b4538da25184", kill_on_drop: false }`
[INFO] running `Command { std: "docker" "rm" "-f" "f76f7204fe87a3bde8074cb296a30e97f475a7b8c5955d512369b4538da25184", kill_on_drop: false }`
[INFO] [stdout] f76f7204fe87a3bde8074cb296a30e97f475a7b8c5955d512369b4538da25184
