[INFO] fetching crate tree-sitter-tags 0.24.5...
[INFO] testing tree-sitter-tags-0.24.5 against 1.83.0 for beta-1.84.0-4-retry
[INFO] extracting crate tree-sitter-tags 0.24.5 into /workspace/builds/worker-2-tc1/source
[INFO] validating manifest of crates.io crate tree-sitter-tags 0.24.5 on toolchain 1.83.0
[INFO] running `Command { std: CARGO_HOME="/workspace/cargo-home" RUSTUP_HOME="/workspace/rustup-home" "/workspace/cargo-home/bin/cargo" "+1.83.0" "metadata" "--manifest-path" "Cargo.toml" "--no-deps", kill_on_drop: false }`
[INFO] started tweaking crates.io crate tree-sitter-tags 0.24.5
[INFO] finished tweaking crates.io crate tree-sitter-tags 0.24.5
[INFO] tweaked toml for crates.io crate tree-sitter-tags 0.24.5 written to /workspace/builds/worker-2-tc1/source/Cargo.toml
[INFO] running `Command { std: CARGO_HOME="/workspace/cargo-home" RUSTUP_HOME="/workspace/rustup-home" "/workspace/cargo-home/bin/cargo" "+1.83.0" "generate-lockfile" "--manifest-path" "Cargo.toml", kill_on_drop: false }`
[INFO] [stderr]     Updating crates.io index
[INFO] [stderr]      Locking 16 packages to latest compatible versions
[INFO] [stderr]       Adding thiserror v1.0.69 (available: v2.0.7)
[INFO] running `Command { std: CARGO_HOME="/workspace/cargo-home" RUSTUP_HOME="/workspace/rustup-home" "/workspace/cargo-home/bin/cargo" "+1.83.0" "fetch" "--manifest-path" "Cargo.toml", kill_on_drop: false }`
[INFO] running `Command { std: "docker" "create" "-v" "/var/lib/crater-agent-workspace/builds/worker-2-tc1/target:/opt/rustwide/target:rw,Z" "-v" "/var/lib/crater-agent-workspace/builds/worker-2-tc1/source:/opt/rustwide/workdir:ro,Z" "-v" "/var/lib/crater-agent-workspace/cargo-home:/opt/rustwide/cargo-home:ro,Z" "-v" "/var/lib/crater-agent-workspace/rustup-home:/opt/rustwide/rustup-home:ro,Z" "-e" "SOURCE_DIR=/opt/rustwide/workdir" "-e" "CARGO_TARGET_DIR=/opt/rustwide/target" "-e" "CARGO_HOME=/opt/rustwide/cargo-home" "-e" "RUSTUP_HOME=/opt/rustwide/rustup-home" "-w" "/opt/rustwide/workdir" "-m" "1610612736" "--user" "0:0" "--network" "none" "ghcr.io/rust-lang/crates-build-env/linux@sha256:f3a9d4ad9d972b27faf3965f35b62e55ba32bbce8f20bc8fe909558a86702fde" "/opt/rustwide/cargo-home/bin/cargo" "+1.83.0" "metadata" "--no-deps" "--format-version=1", kill_on_drop: false }`
[INFO] [stdout] 738186dfe0f10b812384a0361ebc239d4d45fcabeb3a095bfbb5b236e782b4b6
[INFO] running `Command { std: "docker" "start" "-a" "738186dfe0f10b812384a0361ebc239d4d45fcabeb3a095bfbb5b236e782b4b6", kill_on_drop: false }`
[INFO] running `Command { std: "docker" "inspect" "738186dfe0f10b812384a0361ebc239d4d45fcabeb3a095bfbb5b236e782b4b6", kill_on_drop: false }`
[INFO] running `Command { std: "docker" "rm" "-f" "738186dfe0f10b812384a0361ebc239d4d45fcabeb3a095bfbb5b236e782b4b6", kill_on_drop: false }`
[INFO] [stdout] 738186dfe0f10b812384a0361ebc239d4d45fcabeb3a095bfbb5b236e782b4b6
[INFO] running `Command { std: "docker" "create" "-v" "/var/lib/crater-agent-workspace/builds/worker-2-tc1/target:/opt/rustwide/target:rw,Z" "-v" "/var/lib/crater-agent-workspace/builds/worker-2-tc1/source:/opt/rustwide/workdir:ro,Z" "-v" "/var/lib/crater-agent-workspace/cargo-home:/opt/rustwide/cargo-home:ro,Z" "-v" "/var/lib/crater-agent-workspace/rustup-home:/opt/rustwide/rustup-home:ro,Z" "-e" "SOURCE_DIR=/opt/rustwide/workdir" "-e" "CARGO_TARGET_DIR=/opt/rustwide/target" "-e" "CARGO_INCREMENTAL=0" "-e" "RUST_BACKTRACE=full" "-e" "RUSTFLAGS=--cap-lints=warn" "-e" "RUSTDOCFLAGS=--cap-lints=warn" "-e" "CARGO_HOME=/opt/rustwide/cargo-home" "-e" "RUSTUP_HOME=/opt/rustwide/rustup-home" "-w" "/opt/rustwide/workdir" "-m" "1610612736" "--user" "0:0" "--network" "none" "ghcr.io/rust-lang/crates-build-env/linux@sha256:f3a9d4ad9d972b27faf3965f35b62e55ba32bbce8f20bc8fe909558a86702fde" "/opt/rustwide/cargo-home/bin/cargo" "+1.83.0" "build" "--frozen" "--message-format=json", kill_on_drop: false }`
[INFO] [stdout] 624cff47b0283ad35908e9e8b35ed68548bdda4801bf399ddeca28a18e132203
[INFO] running `Command { std: "docker" "start" "-a" "624cff47b0283ad35908e9e8b35ed68548bdda4801bf399ddeca28a18e132203", kill_on_drop: false }`
[INFO] [stderr]    Compiling proc-macro2 v1.0.92
[INFO] [stderr]    Compiling unicode-ident v1.0.14
[INFO] [stderr]    Compiling memchr v2.7.4
[INFO] [stderr]    Compiling shlex v1.3.0
[INFO] [stderr]    Compiling regex-syntax v0.8.5
[INFO] [stderr]    Compiling thiserror v1.0.69
[INFO] [stderr]    Compiling streaming-iterator v0.1.9
[INFO] [stderr]    Compiling tree-sitter-language v0.1.3
[INFO] [stderr]    Compiling cc v1.2.4
[INFO] [stderr]    Compiling quote v1.0.37
[INFO] [stderr]    Compiling aho-corasick v1.1.3
[INFO] [stderr]    Compiling syn v2.0.90
[INFO] [stderr]    Compiling tree-sitter v0.24.5
[INFO] [stderr]    Compiling regex-automata v0.4.9
[INFO] [stderr]    Compiling thiserror-impl v1.0.69
[INFO] [stderr]    Compiling regex v1.11.1
[INFO] [stderr]    Compiling tree-sitter-tags v0.24.5 (/opt/rustwide/workdir)
[INFO] [stderr]     Finished `dev` profile [unoptimized + debuginfo] target(s) in 12.72s
[INFO] running `Command { std: "docker" "inspect" "624cff47b0283ad35908e9e8b35ed68548bdda4801bf399ddeca28a18e132203", kill_on_drop: false }`
[INFO] running `Command { std: "docker" "rm" "-f" "624cff47b0283ad35908e9e8b35ed68548bdda4801bf399ddeca28a18e132203", kill_on_drop: false }`
[INFO] [stdout] 624cff47b0283ad35908e9e8b35ed68548bdda4801bf399ddeca28a18e132203
[INFO] running `Command { std: "docker" "create" "-v" "/var/lib/crater-agent-workspace/builds/worker-2-tc1/target:/opt/rustwide/target:rw,Z" "-v" "/var/lib/crater-agent-workspace/builds/worker-2-tc1/source:/opt/rustwide/workdir:ro,Z" "-v" "/var/lib/crater-agent-workspace/cargo-home:/opt/rustwide/cargo-home:ro,Z" "-v" "/var/lib/crater-agent-workspace/rustup-home:/opt/rustwide/rustup-home:ro,Z" "-e" "SOURCE_DIR=/opt/rustwide/workdir" "-e" "CARGO_TARGET_DIR=/opt/rustwide/target" "-e" "CARGO_INCREMENTAL=0" "-e" "RUST_BACKTRACE=full" "-e" "RUSTFLAGS=--cap-lints=warn" "-e" "RUSTDOCFLAGS=--cap-lints=warn" "-e" "CARGO_HOME=/opt/rustwide/cargo-home" "-e" "RUSTUP_HOME=/opt/rustwide/rustup-home" "-w" "/opt/rustwide/workdir" "-m" "1610612736" "--user" "0:0" "--network" "none" "ghcr.io/rust-lang/crates-build-env/linux@sha256:f3a9d4ad9d972b27faf3965f35b62e55ba32bbce8f20bc8fe909558a86702fde" "/opt/rustwide/cargo-home/bin/cargo" "+1.83.0" "test" "--frozen" "--no-run" "--message-format=json", kill_on_drop: false }`
[INFO] [stdout] 279b3568eff68b80dc01a2d7bcdb122cb15e078faa2cfe590d3548fd6f2c2ff6
[INFO] running `Command { std: "docker" "start" "-a" "279b3568eff68b80dc01a2d7bcdb122cb15e078faa2cfe590d3548fd6f2c2ff6", kill_on_drop: false }`
[INFO] [stderr]    Compiling tree-sitter-tags v0.24.5 (/opt/rustwide/workdir)
[INFO] [stderr]     Finished `test` profile [unoptimized + debuginfo] target(s) in 1.49s
[INFO] running `Command { std: "docker" "inspect" "279b3568eff68b80dc01a2d7bcdb122cb15e078faa2cfe590d3548fd6f2c2ff6", kill_on_drop: false }`
[INFO] running `Command { std: "docker" "rm" "-f" "279b3568eff68b80dc01a2d7bcdb122cb15e078faa2cfe590d3548fd6f2c2ff6", kill_on_drop: false }`
[INFO] [stdout] 279b3568eff68b80dc01a2d7bcdb122cb15e078faa2cfe590d3548fd6f2c2ff6
[INFO] running `Command { std: "docker" "create" "-v" "/var/lib/crater-agent-workspace/builds/worker-2-tc1/target:/opt/rustwide/target:rw,Z" "-v" "/var/lib/crater-agent-workspace/builds/worker-2-tc1/source:/opt/rustwide/workdir:ro,Z" "-v" "/var/lib/crater-agent-workspace/cargo-home:/opt/rustwide/cargo-home:ro,Z" "-v" "/var/lib/crater-agent-workspace/rustup-home:/opt/rustwide/rustup-home:ro,Z" "-e" "SOURCE_DIR=/opt/rustwide/workdir" "-e" "CARGO_TARGET_DIR=/opt/rustwide/target" "-e" "CARGO_INCREMENTAL=0" "-e" "RUST_BACKTRACE=full" "-e" "RUSTFLAGS=--cap-lints=warn" "-e" "RUSTDOCFLAGS=--cap-lints=warn" "-e" "CARGO_HOME=/opt/rustwide/cargo-home" "-e" "RUSTUP_HOME=/opt/rustwide/rustup-home" "-w" "/opt/rustwide/workdir" "-m" "1610612736" "--user" "0:0" "--network" "none" "ghcr.io/rust-lang/crates-build-env/linux@sha256:f3a9d4ad9d972b27faf3965f35b62e55ba32bbce8f20bc8fe909558a86702fde" "/opt/rustwide/cargo-home/bin/cargo" "+1.83.0" "test" "--frozen", kill_on_drop: false }`
[INFO] [stdout] 36d04cb486b5ee9ad7074ff1038a352805b70e63880045496565a88e46476f6b
[INFO] running `Command { std: "docker" "start" "-a" "36d04cb486b5ee9ad7074ff1038a352805b70e63880045496565a88e46476f6b", kill_on_drop: false }`
[INFO] [stderr]     Finished `test` profile [unoptimized + debuginfo] target(s) in 0.03s
[INFO] [stderr]      Running unittests src/lib.rs (/opt/rustwide/target/debug/deps/tree_sitter_tags-4759290de3c0a28d)
[INFO] [stdout] 
[INFO] [stdout] running 2 tests
[INFO] [stdout] test tests::test_get_line ... ok
[INFO] [stdout] test tests::test_get_line_trims ... ok
[INFO] [stderr]    Doc-tests tree_sitter_tags
[INFO] [stdout] 
[INFO] [stdout] test result: ok. 2 passed; 0 failed; 0 ignored; 0 measured; 0 filtered out; finished in 0.00s
[INFO] [stdout] 
[INFO] [stdout] 
[INFO] [stdout] running 3 tests
[INFO] [stdout] test src/../README.md - (line 47) ... FAILED
[INFO] [stdout] test src/../README.md - (line 29) ... FAILED
[INFO] [stdout] test src/../README.md - (line 21) ... ok
[INFO] [stdout] 
[INFO] [stdout] failures:
[INFO] [stdout] 
[INFO] [stdout] ---- src/../README.md - (line 47) stdout ----
[INFO] [stdout] error[E0425]: cannot find value `context` in this scope
[INFO] [stdout]  --> src/../README.md:48:12
[INFO] [stdout]   |
[INFO] [stdout] 3 | let tags = context.generate_tags(
[INFO] [stdout]   |            ^^^^^^^ not found in this scope
[INFO] [stdout] 
[INFO] [stdout] error[E0425]: cannot find value `javascript_config` in this scope
[INFO] [stdout]  --> src/../README.md:49:6
[INFO] [stdout]   |
[INFO] [stdout] 4 |     &javascript_config,
[INFO] [stdout]   |      ^^^^^^^^^^^^^^^^^ not found in this scope
[INFO] [stdout] 
[INFO] [stdout] error: aborting due to 2 previous errors
[INFO] [stdout] 
[INFO] [stdout] For more information about this error, try `rustc --explain E0425`.
[INFO] [stdout] Couldn't compile the test.
[INFO] [stdout] ---- src/../README.md - (line 29) stdout ----
[INFO] [stdout] error[E0433]: failed to resolve: use of undeclared crate or module `tree_sitter_python`
[INFO] [stdout]  --> src/../README.md:34:5
[INFO] [stdout]   |
[INFO] [stdout] 8 |     tree_sitter_python::language(),
[INFO] [stdout]   |     ^^^^^^^^^^^^^^^^^^ use of undeclared crate or module `tree_sitter_python`
[INFO] [stdout]   |
[INFO] [stdout] help: there is a crate or module with a similar name
[INFO] [stdout]   |
[INFO] [stdout] 8 |     tree_sitter_tags::language(),
[INFO] [stdout]   |     ~~~~~~~~~~~~~~~~
[INFO] [stdout] 
[INFO] [stdout] error[E0433]: failed to resolve: use of undeclared crate or module `tree_sitter_python`
[INFO] [stdout]  --> src/../README.md:35:5
[INFO] [stdout]   |
[INFO] [stdout] 9 |     tree_sitter_python::TAGGING_QUERY,
[INFO] [stdout]   |     ^^^^^^^^^^^^^^^^^^ use of undeclared crate or module `tree_sitter_python`
[INFO] [stdout]   |
[INFO] [stdout] help: there is a crate or module with a similar name
[INFO] [stdout]   |
[INFO] [stdout] 9 |     tree_sitter_tags::TAGGING_QUERY,
[INFO] [stdout]   |     ~~~~~~~~~~~~~~~~
[INFO] [stdout] 
[INFO] [stdout] error[E0433]: failed to resolve: use of undeclared crate or module `tree_sitter_javascript`
[INFO] [stdout]   --> src/../README.md:40:5
[INFO] [stdout]    |
[INFO] [stdout] 14 |     tree_sitter_javascript::language(),
[INFO] [stdout]    |     ^^^^^^^^^^^^^^^^^^^^^^ use of undeclared crate or module `tree_sitter_javascript`
[INFO] [stdout] 
[INFO] [stdout] error[E0433]: failed to resolve: use of undeclared crate or module `tree_sitter_javascript`
[INFO] [stdout]   --> src/../README.md:41:5
[INFO] [stdout]    |
[INFO] [stdout] 15 |     tree_sitter_javascript::TAGGING_QUERY,
[INFO] [stdout]    |     ^^^^^^^^^^^^^^^^^^^^^^ use of undeclared crate or module `tree_sitter_javascript`
[INFO] [stdout] 
[INFO] [stdout] error[E0433]: failed to resolve: use of undeclared crate or module `tree_sitter_javascript`
[INFO] [stdout]   --> src/../README.md:42:5
[INFO] [stdout]    |
[INFO] [stdout] 16 |     tree_sitter_javascript::LOCALS_QUERY,
[INFO] [stdout]    |     ^^^^^^^^^^^^^^^^^^^^^^ use of undeclared crate or module `tree_sitter_javascript`
[INFO] [stdout] 
[INFO] [stdout] error: aborting due to 5 previous errors
[INFO] [stdout] 
[INFO] [stdout] For more information about this error, try `rustc --explain E0433`.
[INFO] [stdout] Couldn't compile the test.
[INFO] [stdout] 
[INFO] [stdout] failures:
[INFO] [stdout]     src/../README.md - (line 29)
[INFO] [stdout]     src/../README.md - (line 47)
[INFO] [stdout] 
[INFO] [stdout] test result: FAILED. 1 passed; 2 failed; 0 ignored; 0 measured; 0 filtered out; finished in 1.02s
[INFO] [stdout] 
[INFO] [stderr] error: doctest failed, to rerun pass `--doc`
[INFO] running `Command { std: "docker" "inspect" "36d04cb486b5ee9ad7074ff1038a352805b70e63880045496565a88e46476f6b", kill_on_drop: false }`
[INFO] running `Command { std: "docker" "rm" "-f" "36d04cb486b5ee9ad7074ff1038a352805b70e63880045496565a88e46476f6b", kill_on_drop: false }`
[INFO] [stdout] 36d04cb486b5ee9ad7074ff1038a352805b70e63880045496565a88e46476f6b
