[INFO] fetching crate tree-sitter-structured-text 0.21.0...
[INFO] testing tree-sitter-structured-text-0.21.0 against beta-2024-12-08 for beta-1.84.0-4-retry
[INFO] extracting crate tree-sitter-structured-text 0.21.0 into /workspace/builds/worker-6-tc2/source
[INFO] validating manifest of crates.io crate tree-sitter-structured-text 0.21.0 on toolchain beta-2024-12-08
[INFO] running `Command { std: CARGO_HOME="/workspace/cargo-home" RUSTUP_HOME="/workspace/rustup-home" "/workspace/cargo-home/bin/cargo" "+beta-2024-12-08" "metadata" "--manifest-path" "Cargo.toml" "--no-deps", kill_on_drop: false }`
[INFO] started tweaking crates.io crate tree-sitter-structured-text 0.21.0
[INFO] finished tweaking crates.io crate tree-sitter-structured-text 0.21.0
[INFO] tweaked toml for crates.io crate tree-sitter-structured-text 0.21.0 written to /workspace/builds/worker-6-tc2/source/Cargo.toml
[INFO] running `Command { std: CARGO_HOME="/workspace/cargo-home" RUSTUP_HOME="/workspace/rustup-home" "/workspace/cargo-home/bin/cargo" "+beta-2024-12-08" "generate-lockfile" "--manifest-path" "Cargo.toml", kill_on_drop: false }`
[INFO] [stderr]     Updating crates.io index
[INFO] [stderr]      Locking 10 packages to latest compatible versions
[INFO] running `Command { std: CARGO_HOME="/workspace/cargo-home" RUSTUP_HOME="/workspace/rustup-home" "/workspace/cargo-home/bin/cargo" "+beta-2024-12-08" "fetch" "--manifest-path" "Cargo.toml", kill_on_drop: false }`
[INFO] running `Command { std: "docker" "create" "-v" "/var/lib/crater-agent-workspace/builds/worker-6-tc2/target:/opt/rustwide/target:rw,Z" "-v" "/var/lib/crater-agent-workspace/builds/worker-6-tc2/source:/opt/rustwide/workdir:ro,Z" "-v" "/var/lib/crater-agent-workspace/cargo-home:/opt/rustwide/cargo-home:ro,Z" "-v" "/var/lib/crater-agent-workspace/rustup-home:/opt/rustwide/rustup-home:ro,Z" "-e" "SOURCE_DIR=/opt/rustwide/workdir" "-e" "CARGO_TARGET_DIR=/opt/rustwide/target" "-e" "CARGO_HOME=/opt/rustwide/cargo-home" "-e" "RUSTUP_HOME=/opt/rustwide/rustup-home" "-w" "/opt/rustwide/workdir" "-m" "1610612736" "--user" "0:0" "--network" "none" "ghcr.io/rust-lang/crates-build-env/linux@sha256:f3a9d4ad9d972b27faf3965f35b62e55ba32bbce8f20bc8fe909558a86702fde" "/opt/rustwide/cargo-home/bin/cargo" "+beta-2024-12-08" "metadata" "--no-deps" "--format-version=1", kill_on_drop: false }`
[INFO] [stdout] 39fac306b474e80c87c9b59310b3076b066bc699b02c166a83aee416cce1070d
[INFO] running `Command { std: "docker" "start" "-a" "39fac306b474e80c87c9b59310b3076b066bc699b02c166a83aee416cce1070d", kill_on_drop: false }`
[INFO] running `Command { std: "docker" "inspect" "39fac306b474e80c87c9b59310b3076b066bc699b02c166a83aee416cce1070d", kill_on_drop: false }`
[INFO] running `Command { std: "docker" "rm" "-f" "39fac306b474e80c87c9b59310b3076b066bc699b02c166a83aee416cce1070d", kill_on_drop: false }`
[INFO] [stdout] 39fac306b474e80c87c9b59310b3076b066bc699b02c166a83aee416cce1070d
[INFO] running `Command { std: "docker" "create" "-v" "/var/lib/crater-agent-workspace/builds/worker-6-tc2/target:/opt/rustwide/target:rw,Z" "-v" "/var/lib/crater-agent-workspace/builds/worker-6-tc2/source:/opt/rustwide/workdir:ro,Z" "-v" "/var/lib/crater-agent-workspace/cargo-home:/opt/rustwide/cargo-home:ro,Z" "-v" "/var/lib/crater-agent-workspace/rustup-home:/opt/rustwide/rustup-home:ro,Z" "-e" "SOURCE_DIR=/opt/rustwide/workdir" "-e" "CARGO_TARGET_DIR=/opt/rustwide/target" "-e" "CARGO_INCREMENTAL=0" "-e" "RUST_BACKTRACE=full" "-e" "RUSTFLAGS=--cap-lints=warn" "-e" "RUSTDOCFLAGS=--cap-lints=warn" "-e" "CARGO_HOME=/opt/rustwide/cargo-home" "-e" "RUSTUP_HOME=/opt/rustwide/rustup-home" "-w" "/opt/rustwide/workdir" "-m" "1610612736" "--user" "0:0" "--network" "none" "ghcr.io/rust-lang/crates-build-env/linux@sha256:f3a9d4ad9d972b27faf3965f35b62e55ba32bbce8f20bc8fe909558a86702fde" "/opt/rustwide/cargo-home/bin/cargo" "+beta-2024-12-08" "build" "--frozen" "--message-format=json", kill_on_drop: false }`
[INFO] [stdout] 46724c3b61289f3f8926aea4be604bbc5194f1e8c71ccb275cf4f73e55448b7c
[INFO] running `Command { std: "docker" "start" "-a" "46724c3b61289f3f8926aea4be604bbc5194f1e8c71ccb275cf4f73e55448b7c", kill_on_drop: false }`
[INFO] [stderr]    Compiling shlex v1.3.0
[INFO] [stderr]    Compiling memchr v2.7.4
[INFO] [stderr]    Compiling tree-sitter-language v0.1.3
[INFO] [stderr]    Compiling streaming-iterator v0.1.9
[INFO] [stderr]    Compiling cc v1.2.4
[INFO] [stderr]    Compiling aho-corasick v1.1.3
[INFO] [stderr]    Compiling tree-sitter v0.24.5
[INFO] [stderr]    Compiling tree-sitter-structured-text v0.21.0 (/opt/rustwide/workdir)
[INFO] [stderr]    Compiling regex-automata v0.4.9
[INFO] [stderr]    Compiling regex v1.11.1
[INFO] [stderr]     Finished `dev` profile [unoptimized + debuginfo] target(s) in 8.68s
[INFO] running `Command { std: "docker" "inspect" "46724c3b61289f3f8926aea4be604bbc5194f1e8c71ccb275cf4f73e55448b7c", kill_on_drop: false }`
[INFO] running `Command { std: "docker" "rm" "-f" "46724c3b61289f3f8926aea4be604bbc5194f1e8c71ccb275cf4f73e55448b7c", kill_on_drop: false }`
[INFO] [stdout] 46724c3b61289f3f8926aea4be604bbc5194f1e8c71ccb275cf4f73e55448b7c
[INFO] running `Command { std: "docker" "create" "-v" "/var/lib/crater-agent-workspace/builds/worker-6-tc2/target:/opt/rustwide/target:rw,Z" "-v" "/var/lib/crater-agent-workspace/builds/worker-6-tc2/source:/opt/rustwide/workdir:ro,Z" "-v" "/var/lib/crater-agent-workspace/cargo-home:/opt/rustwide/cargo-home:ro,Z" "-v" "/var/lib/crater-agent-workspace/rustup-home:/opt/rustwide/rustup-home:ro,Z" "-e" "SOURCE_DIR=/opt/rustwide/workdir" "-e" "CARGO_TARGET_DIR=/opt/rustwide/target" "-e" "CARGO_INCREMENTAL=0" "-e" "RUST_BACKTRACE=full" "-e" "RUSTFLAGS=--cap-lints=warn" "-e" "RUSTDOCFLAGS=--cap-lints=warn" "-e" "CARGO_HOME=/opt/rustwide/cargo-home" "-e" "RUSTUP_HOME=/opt/rustwide/rustup-home" "-w" "/opt/rustwide/workdir" "-m" "1610612736" "--user" "0:0" "--network" "none" "ghcr.io/rust-lang/crates-build-env/linux@sha256:f3a9d4ad9d972b27faf3965f35b62e55ba32bbce8f20bc8fe909558a86702fde" "/opt/rustwide/cargo-home/bin/cargo" "+beta-2024-12-08" "test" "--frozen" "--no-run" "--message-format=json", kill_on_drop: false }`
[INFO] [stdout] 51fb6d4402d21ef05663e77b093e9a4f6949f2049007b6898a50e4e1da926ddb
[INFO] running `Command { std: "docker" "start" "-a" "51fb6d4402d21ef05663e77b093e9a4f6949f2049007b6898a50e4e1da926ddb", kill_on_drop: false }`
[INFO] [stderr]    Compiling tree-sitter-structured-text v0.21.0 (/opt/rustwide/workdir)
[INFO] [stderr]     Finished `test` profile [unoptimized + debuginfo] target(s) in 1.00s
[INFO] running `Command { std: "docker" "inspect" "51fb6d4402d21ef05663e77b093e9a4f6949f2049007b6898a50e4e1da926ddb", kill_on_drop: false }`
[INFO] running `Command { std: "docker" "rm" "-f" "51fb6d4402d21ef05663e77b093e9a4f6949f2049007b6898a50e4e1da926ddb", kill_on_drop: false }`
[INFO] [stdout] 51fb6d4402d21ef05663e77b093e9a4f6949f2049007b6898a50e4e1da926ddb
[INFO] running `Command { std: "docker" "create" "-v" "/var/lib/crater-agent-workspace/builds/worker-6-tc2/target:/opt/rustwide/target:rw,Z" "-v" "/var/lib/crater-agent-workspace/builds/worker-6-tc2/source:/opt/rustwide/workdir:ro,Z" "-v" "/var/lib/crater-agent-workspace/cargo-home:/opt/rustwide/cargo-home:ro,Z" "-v" "/var/lib/crater-agent-workspace/rustup-home:/opt/rustwide/rustup-home:ro,Z" "-e" "SOURCE_DIR=/opt/rustwide/workdir" "-e" "CARGO_TARGET_DIR=/opt/rustwide/target" "-e" "CARGO_INCREMENTAL=0" "-e" "RUST_BACKTRACE=full" "-e" "RUSTFLAGS=--cap-lints=warn" "-e" "RUSTDOCFLAGS=--cap-lints=warn" "-e" "CARGO_HOME=/opt/rustwide/cargo-home" "-e" "RUSTUP_HOME=/opt/rustwide/rustup-home" "-w" "/opt/rustwide/workdir" "-m" "1610612736" "--user" "0:0" "--network" "none" "ghcr.io/rust-lang/crates-build-env/linux@sha256:f3a9d4ad9d972b27faf3965f35b62e55ba32bbce8f20bc8fe909558a86702fde" "/opt/rustwide/cargo-home/bin/cargo" "+beta-2024-12-08" "test" "--frozen", kill_on_drop: false }`
[INFO] [stdout] 9d91219999ad71cda2be63362cc6ed595f91f089d4ff1d6a4c6dc470b59870ad
[INFO] running `Command { std: "docker" "start" "-a" "9d91219999ad71cda2be63362cc6ed595f91f089d4ff1d6a4c6dc470b59870ad", kill_on_drop: false }`
[INFO] [stderr]     Finished `test` profile [unoptimized + debuginfo] target(s) in 0.03s
[INFO] [stderr]      Running unittests bindings/rust/lib.rs (/opt/rustwide/target/debug/deps/tree_sitter_structured_text-9c0fe3666fa504e5)
[INFO] [stdout] 
[INFO] [stdout] running 1 test
[INFO] [stdout] test tests::test_can_load_grammar ... ok
[INFO] [stdout] 
[INFO] [stdout] test result: ok. 1 passed; 0 failed; 0 ignored; 0 measured; 0 filtered out; finished in 0.00s
[INFO] [stdout] 
[INFO] [stderr]    Doc-tests tree_sitter_structured_text
[INFO] [stdout] 
[INFO] [stdout] running 1 test
[INFO] [stdout] test bindings/rust/lib.rs - (line 6) ... FAILED
[INFO] [stdout] 
[INFO] [stdout] failures:
[INFO] [stdout] 
[INFO] [stdout] ---- bindings/rust/lib.rs - (line 6) stdout ----
[INFO] [stdout] error[E0308]: mismatched types
[INFO] [stdout]    --> bindings/rust/lib.rs:10:21
[INFO] [stdout]     |
[INFO] [stdout] 7   | parser.set_language(tree_sitter_structured_text::language()).expect("Error loading structured_text grammar");
[INFO] [stdout]     |        ------------ ^^^^^^^^^^^^^^^^^^^^^^^^^^^^^^^^^^^^^^^ expected `&Language`, found `Language`
[INFO] [stdout]     |        |
[INFO] [stdout]     |        arguments to this method are incorrect
[INFO] [stdout]     |
[INFO] [stdout] note: method defined here
[INFO] [stdout]    --> /opt/rustwide/cargo-home/registry/src/index.crates.io-6f17d22bba15001f/tree-sitter-0.24.5/binding_rust/lib.rs:476:12
[INFO] [stdout]     |
[INFO] [stdout] 476 |     pub fn set_language(&mut self, language: &Language) -> Result<(), LanguageError> {
[INFO] [stdout]     |            ^^^^^^^^^^^^
[INFO] [stdout] help: consider borrowing here
[INFO] [stdout]     |
[INFO] [stdout] 7   | parser.set_language(&tree_sitter_structured_text::language()).expect("Error loading structured_text grammar");
[INFO] [stdout]     |                     +
[INFO] [stdout] 
[INFO] [stdout] error: aborting due to 1 previous error
[INFO] [stdout] 
[INFO] [stdout] For more information about this error, try `rustc --explain E0308`.
[INFO] [stdout] Couldn't compile the test.
[INFO] [stdout] 
[INFO] [stdout] failures:
[INFO] [stdout]     bindings/rust/lib.rs - (line 6)
[INFO] [stdout] 
[INFO] [stdout] test result: FAILED. 0 passed; 1 failed; 0 ignored; 0 measured; 0 filtered out; finished in 0.18s
[INFO] [stdout] 
[INFO] [stderr] error: doctest failed, to rerun pass `--doc`
[INFO] running `Command { std: "docker" "inspect" "9d91219999ad71cda2be63362cc6ed595f91f089d4ff1d6a4c6dc470b59870ad", kill_on_drop: false }`
[INFO] running `Command { std: "docker" "rm" "-f" "9d91219999ad71cda2be63362cc6ed595f91f089d4ff1d6a4c6dc470b59870ad", kill_on_drop: false }`
[INFO] [stdout] 9d91219999ad71cda2be63362cc6ed595f91f089d4ff1d6a4c6dc470b59870ad
