[INFO] fetching crate tree-sitter-merlin6502 3.0.1...
[INFO] testing tree-sitter-merlin6502-3.0.1 against 1.83.0 for beta-1.84.0-4-retry
[INFO] extracting crate tree-sitter-merlin6502 3.0.1 into /workspace/builds/worker-7-tc1/source
[INFO] validating manifest of crates.io crate tree-sitter-merlin6502 3.0.1 on toolchain 1.83.0
[INFO] running `Command { std: CARGO_HOME="/workspace/cargo-home" RUSTUP_HOME="/workspace/rustup-home" "/workspace/cargo-home/bin/cargo" "+1.83.0" "metadata" "--manifest-path" "Cargo.toml" "--no-deps", kill_on_drop: false }`
[INFO] started tweaking crates.io crate tree-sitter-merlin6502 3.0.1
[INFO] finished tweaking crates.io crate tree-sitter-merlin6502 3.0.1
[INFO] tweaked toml for crates.io crate tree-sitter-merlin6502 3.0.1 written to /workspace/builds/worker-7-tc1/source/Cargo.toml
[INFO] running `Command { std: CARGO_HOME="/workspace/cargo-home" RUSTUP_HOME="/workspace/rustup-home" "/workspace/cargo-home/bin/cargo" "+1.83.0" "generate-lockfile" "--manifest-path" "Cargo.toml", kill_on_drop: false }`
[INFO] [stderr]     Blocking waiting for file lock on package cache
[INFO] [stderr]     Updating crates.io index
[INFO] [stderr]      Locking 8 packages to latest compatible versions
[INFO] [stderr]       Adding tree-sitter v0.22.6 (available: v0.24.5)
[INFO] running `Command { std: CARGO_HOME="/workspace/cargo-home" RUSTUP_HOME="/workspace/rustup-home" "/workspace/cargo-home/bin/cargo" "+1.83.0" "fetch" "--manifest-path" "Cargo.toml", kill_on_drop: false }`
[INFO] [stderr]     Blocking waiting for file lock on package cache
[INFO] [stderr]     Blocking waiting for file lock on package cache
[INFO] running `Command { std: "docker" "create" "-v" "/var/lib/crater-agent-workspace/builds/worker-7-tc1/target:/opt/rustwide/target:rw,Z" "-v" "/var/lib/crater-agent-workspace/builds/worker-7-tc1/source:/opt/rustwide/workdir:ro,Z" "-v" "/var/lib/crater-agent-workspace/cargo-home:/opt/rustwide/cargo-home:ro,Z" "-v" "/var/lib/crater-agent-workspace/rustup-home:/opt/rustwide/rustup-home:ro,Z" "-e" "SOURCE_DIR=/opt/rustwide/workdir" "-e" "CARGO_TARGET_DIR=/opt/rustwide/target" "-e" "CARGO_HOME=/opt/rustwide/cargo-home" "-e" "RUSTUP_HOME=/opt/rustwide/rustup-home" "-w" "/opt/rustwide/workdir" "-m" "1610612736" "--user" "0:0" "--network" "none" "ghcr.io/rust-lang/crates-build-env/linux@sha256:f3a9d4ad9d972b27faf3965f35b62e55ba32bbce8f20bc8fe909558a86702fde" "/opt/rustwide/cargo-home/bin/cargo" "+1.83.0" "metadata" "--no-deps" "--format-version=1", kill_on_drop: false }`
[INFO] [stdout] e83c0f84564d7e045ce3afd953fe728ec42b2b18a5dc0b13458a040d27bd5672
[INFO] running `Command { std: "docker" "start" "-a" "e83c0f84564d7e045ce3afd953fe728ec42b2b18a5dc0b13458a040d27bd5672", kill_on_drop: false }`
[INFO] running `Command { std: "docker" "inspect" "e83c0f84564d7e045ce3afd953fe728ec42b2b18a5dc0b13458a040d27bd5672", kill_on_drop: false }`
[INFO] running `Command { std: "docker" "rm" "-f" "e83c0f84564d7e045ce3afd953fe728ec42b2b18a5dc0b13458a040d27bd5672", kill_on_drop: false }`
[INFO] [stdout] e83c0f84564d7e045ce3afd953fe728ec42b2b18a5dc0b13458a040d27bd5672
[INFO] running `Command { std: "docker" "create" "-v" "/var/lib/crater-agent-workspace/builds/worker-7-tc1/target:/opt/rustwide/target:rw,Z" "-v" "/var/lib/crater-agent-workspace/builds/worker-7-tc1/source:/opt/rustwide/workdir:ro,Z" "-v" "/var/lib/crater-agent-workspace/cargo-home:/opt/rustwide/cargo-home:ro,Z" "-v" "/var/lib/crater-agent-workspace/rustup-home:/opt/rustwide/rustup-home:ro,Z" "-e" "SOURCE_DIR=/opt/rustwide/workdir" "-e" "CARGO_TARGET_DIR=/opt/rustwide/target" "-e" "CARGO_INCREMENTAL=0" "-e" "RUST_BACKTRACE=full" "-e" "RUSTFLAGS=--cap-lints=warn" "-e" "RUSTDOCFLAGS=--cap-lints=warn" "-e" "CARGO_HOME=/opt/rustwide/cargo-home" "-e" "RUSTUP_HOME=/opt/rustwide/rustup-home" "-w" "/opt/rustwide/workdir" "-m" "1610612736" "--user" "0:0" "--network" "none" "ghcr.io/rust-lang/crates-build-env/linux@sha256:f3a9d4ad9d972b27faf3965f35b62e55ba32bbce8f20bc8fe909558a86702fde" "/opt/rustwide/cargo-home/bin/cargo" "+1.83.0" "build" "--frozen" "--message-format=json", kill_on_drop: false }`
[INFO] [stdout] a9a52500a2124532a2c0fdd083d6534b26e765bcf7722b8d7ddd026e20e674ef
[INFO] running `Command { std: "docker" "start" "-a" "a9a52500a2124532a2c0fdd083d6534b26e765bcf7722b8d7ddd026e20e674ef", kill_on_drop: false }`
[INFO] [stderr]    Compiling shlex v1.3.0
[INFO] [stderr]    Compiling memchr v2.7.4
[INFO] [stderr]    Compiling regex-syntax v0.8.5
[INFO] [stderr]    Compiling cc v1.2.4
[INFO] [stderr]    Compiling aho-corasick v1.1.3
[INFO] [stderr]    Compiling tree-sitter v0.22.6
[INFO] [stderr]    Compiling tree-sitter-merlin6502 v3.0.1 (/opt/rustwide/workdir)
[INFO] [stderr]    Compiling regex-automata v0.4.9
[INFO] [stderr]    Compiling regex v1.11.1
[INFO] [stderr]     Finished `dev` profile [unoptimized + debuginfo] target(s) in 13.21s
[INFO] running `Command { std: "docker" "inspect" "a9a52500a2124532a2c0fdd083d6534b26e765bcf7722b8d7ddd026e20e674ef", kill_on_drop: false }`
[INFO] running `Command { std: "docker" "rm" "-f" "a9a52500a2124532a2c0fdd083d6534b26e765bcf7722b8d7ddd026e20e674ef", kill_on_drop: false }`
[INFO] [stdout] a9a52500a2124532a2c0fdd083d6534b26e765bcf7722b8d7ddd026e20e674ef
[INFO] running `Command { std: "docker" "create" "-v" "/var/lib/crater-agent-workspace/builds/worker-7-tc1/target:/opt/rustwide/target:rw,Z" "-v" "/var/lib/crater-agent-workspace/builds/worker-7-tc1/source:/opt/rustwide/workdir:ro,Z" "-v" "/var/lib/crater-agent-workspace/cargo-home:/opt/rustwide/cargo-home:ro,Z" "-v" "/var/lib/crater-agent-workspace/rustup-home:/opt/rustwide/rustup-home:ro,Z" "-e" "SOURCE_DIR=/opt/rustwide/workdir" "-e" "CARGO_TARGET_DIR=/opt/rustwide/target" "-e" "CARGO_INCREMENTAL=0" "-e" "RUST_BACKTRACE=full" "-e" "RUSTFLAGS=--cap-lints=warn" "-e" "RUSTDOCFLAGS=--cap-lints=warn" "-e" "CARGO_HOME=/opt/rustwide/cargo-home" "-e" "RUSTUP_HOME=/opt/rustwide/rustup-home" "-w" "/opt/rustwide/workdir" "-m" "1610612736" "--user" "0:0" "--network" "none" "ghcr.io/rust-lang/crates-build-env/linux@sha256:f3a9d4ad9d972b27faf3965f35b62e55ba32bbce8f20bc8fe909558a86702fde" "/opt/rustwide/cargo-home/bin/cargo" "+1.83.0" "test" "--frozen" "--no-run" "--message-format=json", kill_on_drop: false }`
[INFO] [stdout] afa4fb0139e881f9dda07b8fd8e020d6f963653f5191b0bf9801579edd3257e7
[INFO] running `Command { std: "docker" "start" "-a" "afa4fb0139e881f9dda07b8fd8e020d6f963653f5191b0bf9801579edd3257e7", kill_on_drop: false }`
[INFO] [stderr]    Compiling tree-sitter-merlin6502 v3.0.1 (/opt/rustwide/workdir)
[INFO] [stderr]     Finished `test` profile [unoptimized + debuginfo] target(s) in 1.00s
[INFO] running `Command { std: "docker" "inspect" "afa4fb0139e881f9dda07b8fd8e020d6f963653f5191b0bf9801579edd3257e7", kill_on_drop: false }`
[INFO] running `Command { std: "docker" "rm" "-f" "afa4fb0139e881f9dda07b8fd8e020d6f963653f5191b0bf9801579edd3257e7", kill_on_drop: false }`
[INFO] [stdout] afa4fb0139e881f9dda07b8fd8e020d6f963653f5191b0bf9801579edd3257e7
[INFO] running `Command { std: "docker" "create" "-v" "/var/lib/crater-agent-workspace/builds/worker-7-tc1/target:/opt/rustwide/target:rw,Z" "-v" "/var/lib/crater-agent-workspace/builds/worker-7-tc1/source:/opt/rustwide/workdir:ro,Z" "-v" "/var/lib/crater-agent-workspace/cargo-home:/opt/rustwide/cargo-home:ro,Z" "-v" "/var/lib/crater-agent-workspace/rustup-home:/opt/rustwide/rustup-home:ro,Z" "-e" "SOURCE_DIR=/opt/rustwide/workdir" "-e" "CARGO_TARGET_DIR=/opt/rustwide/target" "-e" "CARGO_INCREMENTAL=0" "-e" "RUST_BACKTRACE=full" "-e" "RUSTFLAGS=--cap-lints=warn" "-e" "RUSTDOCFLAGS=--cap-lints=warn" "-e" "CARGO_HOME=/opt/rustwide/cargo-home" "-e" "RUSTUP_HOME=/opt/rustwide/rustup-home" "-w" "/opt/rustwide/workdir" "-m" "1610612736" "--user" "0:0" "--network" "none" "ghcr.io/rust-lang/crates-build-env/linux@sha256:f3a9d4ad9d972b27faf3965f35b62e55ba32bbce8f20bc8fe909558a86702fde" "/opt/rustwide/cargo-home/bin/cargo" "+1.83.0" "test" "--frozen", kill_on_drop: false }`
[INFO] [stdout] 8601257babb23d006c8d70f60817344873f31cb4663d21ee3dcdccd11daa4de4
[INFO] running `Command { std: "docker" "start" "-a" "8601257babb23d006c8d70f60817344873f31cb4663d21ee3dcdccd11daa4de4", kill_on_drop: false }`
[INFO] [stderr]     Finished `test` profile [unoptimized + debuginfo] target(s) in 0.02s
[INFO] [stderr]      Running unittests bindings/rust/lib.rs (/opt/rustwide/target/debug/deps/tree_sitter_merlin6502-183192b8f8fd9837)
[INFO] [stdout] 
[INFO] [stdout] running 1 test
[INFO] [stdout] test tests::test_can_load_grammar ... ok
[INFO] [stdout] 
[INFO] [stdout] test result: ok. 1 passed; 0 failed; 0 ignored; 0 measured; 0 filtered out; finished in 0.00s
[INFO] [stdout] 
[INFO] [stderr]    Doc-tests tree_sitter_merlin6502
[INFO] [stdout] 
[INFO] [stdout] running 1 test
[INFO] [stdout] test bindings/rust/lib.rs - (line 6) ... FAILED
[INFO] [stdout] 
[INFO] [stdout] failures:
[INFO] [stdout] 
[INFO] [stdout] ---- bindings/rust/lib.rs - (line 6) stdout ----
[INFO] [stdout] error[E0308]: mismatched types
[INFO] [stdout]    --> bindings/rust/lib.rs:10:21
[INFO] [stdout]     |
[INFO] [stdout] 7   | parser.set_language(tree_sitter_merlin6502::language()).expect("Error loading merlin6502 grammar");
[INFO] [stdout]     |        ------------ ^^^^^^^^^^^^^^^^^^^^^^^^^^^^^^^^^^ expected `&Language`, found `Language`
[INFO] [stdout]     |        |
[INFO] [stdout]     |        arguments to this method are incorrect
[INFO] [stdout]     |
[INFO] [stdout] note: method defined here
[INFO] [stdout]    --> /opt/rustwide/cargo-home/registry/src/index.crates.io-6f17d22bba15001f/tree-sitter-0.22.6/binding_rust/lib.rs:457:12
[INFO] [stdout]     |
[INFO] [stdout] 457 |     pub fn set_language(&mut self, language: &Language) -> Result<(), LanguageError> {
[INFO] [stdout]     |            ^^^^^^^^^^^^
[INFO] [stdout] help: consider borrowing here
[INFO] [stdout]     |
[INFO] [stdout] 7   | parser.set_language(&tree_sitter_merlin6502::language()).expect("Error loading merlin6502 grammar");
[INFO] [stdout]     |                     +
[INFO] [stdout] 
[INFO] [stdout] error: aborting due to 1 previous error
[INFO] [stdout] 
[INFO] [stdout] For more information about this error, try `rustc --explain E0308`.
[INFO] [stdout] Couldn't compile the test.
[INFO] [stdout] 
[INFO] [stdout] failures:
[INFO] [stdout]     bindings/rust/lib.rs - (line 6)
[INFO] [stdout] 
[INFO] [stdout] test result: FAILED. 0 passed; 1 failed; 0 ignored; 0 measured; 0 filtered out; finished in 0.07s
[INFO] [stdout] 
[INFO] [stderr] error: doctest failed, to rerun pass `--doc`
[INFO] running `Command { std: "docker" "inspect" "8601257babb23d006c8d70f60817344873f31cb4663d21ee3dcdccd11daa4de4", kill_on_drop: false }`
[INFO] running `Command { std: "docker" "rm" "-f" "8601257babb23d006c8d70f60817344873f31cb4663d21ee3dcdccd11daa4de4", kill_on_drop: false }`
[INFO] [stdout] 8601257babb23d006c8d70f60817344873f31cb4663d21ee3dcdccd11daa4de4
