[INFO] fetching crate tree-sitter-deb822 0.3.0...
[INFO] testing tree-sitter-deb822-0.3.0 against 1.83.0 for beta-1.84.0-4-retry
[INFO] extracting crate tree-sitter-deb822 0.3.0 into /workspace/builds/worker-0-tc1/source
[INFO] validating manifest of crates.io crate tree-sitter-deb822 0.3.0 on toolchain 1.83.0
[INFO] running `Command { std: CARGO_HOME="/workspace/cargo-home" RUSTUP_HOME="/workspace/rustup-home" "/workspace/cargo-home/bin/cargo" "+1.83.0" "metadata" "--manifest-path" "Cargo.toml" "--no-deps", kill_on_drop: false }`
[INFO] started tweaking crates.io crate tree-sitter-deb822 0.3.0
[INFO] finished tweaking crates.io crate tree-sitter-deb822 0.3.0
[INFO] tweaked toml for crates.io crate tree-sitter-deb822 0.3.0 written to /workspace/builds/worker-0-tc1/source/Cargo.toml
[INFO] running `Command { std: CARGO_HOME="/workspace/cargo-home" RUSTUP_HOME="/workspace/rustup-home" "/workspace/cargo-home/bin/cargo" "+1.83.0" "generate-lockfile" "--manifest-path" "Cargo.toml", kill_on_drop: false }`
[INFO] [stderr]     Updating crates.io index
[INFO] [stderr]      Locking 8 packages to latest compatible versions
[INFO] [stderr]       Adding tree-sitter v0.22.6 (available: v0.24.5)
[INFO] running `Command { std: CARGO_HOME="/workspace/cargo-home" RUSTUP_HOME="/workspace/rustup-home" "/workspace/cargo-home/bin/cargo" "+1.83.0" "fetch" "--manifest-path" "Cargo.toml", kill_on_drop: false }`
[INFO] running `Command { std: "docker" "create" "-v" "/var/lib/crater-agent-workspace/builds/worker-0-tc1/target:/opt/rustwide/target:rw,Z" "-v" "/var/lib/crater-agent-workspace/builds/worker-0-tc1/source:/opt/rustwide/workdir:ro,Z" "-v" "/var/lib/crater-agent-workspace/cargo-home:/opt/rustwide/cargo-home:ro,Z" "-v" "/var/lib/crater-agent-workspace/rustup-home:/opt/rustwide/rustup-home:ro,Z" "-e" "SOURCE_DIR=/opt/rustwide/workdir" "-e" "CARGO_TARGET_DIR=/opt/rustwide/target" "-e" "CARGO_HOME=/opt/rustwide/cargo-home" "-e" "RUSTUP_HOME=/opt/rustwide/rustup-home" "-w" "/opt/rustwide/workdir" "-m" "1610612736" "--user" "0:0" "--network" "none" "ghcr.io/rust-lang/crates-build-env/linux@sha256:f3a9d4ad9d972b27faf3965f35b62e55ba32bbce8f20bc8fe909558a86702fde" "/opt/rustwide/cargo-home/bin/cargo" "+1.83.0" "metadata" "--no-deps" "--format-version=1", kill_on_drop: false }`
[INFO] [stdout] d6d1e6b7aadf142f05940b543a26888338090cb816ca2e37bf35d441c606795c
[INFO] running `Command { std: "docker" "start" "-a" "d6d1e6b7aadf142f05940b543a26888338090cb816ca2e37bf35d441c606795c", kill_on_drop: false }`
[INFO] running `Command { std: "docker" "inspect" "d6d1e6b7aadf142f05940b543a26888338090cb816ca2e37bf35d441c606795c", kill_on_drop: false }`
[INFO] running `Command { std: "docker" "rm" "-f" "d6d1e6b7aadf142f05940b543a26888338090cb816ca2e37bf35d441c606795c", kill_on_drop: false }`
[INFO] [stdout] d6d1e6b7aadf142f05940b543a26888338090cb816ca2e37bf35d441c606795c
[INFO] running `Command { std: "docker" "create" "-v" "/var/lib/crater-agent-workspace/builds/worker-0-tc1/target:/opt/rustwide/target:rw,Z" "-v" "/var/lib/crater-agent-workspace/builds/worker-0-tc1/source:/opt/rustwide/workdir:ro,Z" "-v" "/var/lib/crater-agent-workspace/cargo-home:/opt/rustwide/cargo-home:ro,Z" "-v" "/var/lib/crater-agent-workspace/rustup-home:/opt/rustwide/rustup-home:ro,Z" "-e" "SOURCE_DIR=/opt/rustwide/workdir" "-e" "CARGO_TARGET_DIR=/opt/rustwide/target" "-e" "CARGO_INCREMENTAL=0" "-e" "RUST_BACKTRACE=full" "-e" "RUSTFLAGS=--cap-lints=warn" "-e" "RUSTDOCFLAGS=--cap-lints=warn" "-e" "CARGO_HOME=/opt/rustwide/cargo-home" "-e" "RUSTUP_HOME=/opt/rustwide/rustup-home" "-w" "/opt/rustwide/workdir" "-m" "1610612736" "--user" "0:0" "--network" "none" "ghcr.io/rust-lang/crates-build-env/linux@sha256:f3a9d4ad9d972b27faf3965f35b62e55ba32bbce8f20bc8fe909558a86702fde" "/opt/rustwide/cargo-home/bin/cargo" "+1.83.0" "build" "--frozen" "--message-format=json", kill_on_drop: false }`
[INFO] [stdout] fc47951950cc62899210b737545c94ab6264372a5cfac104552db3339f9f8111
[INFO] running `Command { std: "docker" "start" "-a" "fc47951950cc62899210b737545c94ab6264372a5cfac104552db3339f9f8111", kill_on_drop: false }`
[INFO] [stderr]    Compiling shlex v1.3.0
[INFO] [stderr]    Compiling memchr v2.7.4
[INFO] [stderr]    Compiling regex-syntax v0.8.5
[INFO] [stderr]    Compiling cc v1.2.4
[INFO] [stderr]    Compiling aho-corasick v1.1.3
[INFO] [stderr]    Compiling tree-sitter v0.22.6
[INFO] [stderr]    Compiling tree-sitter-deb822 v0.3.0 (/opt/rustwide/workdir)
[INFO] [stderr]    Compiling regex-automata v0.4.9
[INFO] [stderr] warning: tree-sitter-deb822@0.3.0: In file included from src/parser.c:1:
[INFO] [stderr] warning: tree-sitter-deb822@0.3.0: src/parser.c: In function 'ts_lex_keywords':
[INFO] [stderr] warning: tree-sitter-deb822@0.3.0: src/tree_sitter/parser.h:168:3: warning: label 'next_state' defined but not used [-Wunused-label]
[INFO] [stderr] warning: tree-sitter-deb822@0.3.0:   168 |   next_state:                   \
[INFO] [stderr] warning: tree-sitter-deb822@0.3.0:       |   ^~~~~~~~~~
[INFO] [stderr] warning: tree-sitter-deb822@0.3.0: src/parser.c:317:3: note: in expansion of macro 'START_LEXER'
[INFO] [stderr] warning: tree-sitter-deb822@0.3.0:   317 |   START_LEXER();
[INFO] [stderr] warning: tree-sitter-deb822@0.3.0:       |   ^~~~~~~~~~~
[INFO] [stderr]    Compiling regex v1.11.1
[INFO] [stderr]     Finished `dev` profile [unoptimized + debuginfo] target(s) in 9.62s
[INFO] running `Command { std: "docker" "inspect" "fc47951950cc62899210b737545c94ab6264372a5cfac104552db3339f9f8111", kill_on_drop: false }`
[INFO] running `Command { std: "docker" "rm" "-f" "fc47951950cc62899210b737545c94ab6264372a5cfac104552db3339f9f8111", kill_on_drop: false }`
[INFO] [stdout] fc47951950cc62899210b737545c94ab6264372a5cfac104552db3339f9f8111
[INFO] running `Command { std: "docker" "create" "-v" "/var/lib/crater-agent-workspace/builds/worker-0-tc1/target:/opt/rustwide/target:rw,Z" "-v" "/var/lib/crater-agent-workspace/builds/worker-0-tc1/source:/opt/rustwide/workdir:ro,Z" "-v" "/var/lib/crater-agent-workspace/cargo-home:/opt/rustwide/cargo-home:ro,Z" "-v" "/var/lib/crater-agent-workspace/rustup-home:/opt/rustwide/rustup-home:ro,Z" "-e" "SOURCE_DIR=/opt/rustwide/workdir" "-e" "CARGO_TARGET_DIR=/opt/rustwide/target" "-e" "CARGO_INCREMENTAL=0" "-e" "RUST_BACKTRACE=full" "-e" "RUSTFLAGS=--cap-lints=warn" "-e" "RUSTDOCFLAGS=--cap-lints=warn" "-e" "CARGO_HOME=/opt/rustwide/cargo-home" "-e" "RUSTUP_HOME=/opt/rustwide/rustup-home" "-w" "/opt/rustwide/workdir" "-m" "1610612736" "--user" "0:0" "--network" "none" "ghcr.io/rust-lang/crates-build-env/linux@sha256:f3a9d4ad9d972b27faf3965f35b62e55ba32bbce8f20bc8fe909558a86702fde" "/opt/rustwide/cargo-home/bin/cargo" "+1.83.0" "test" "--frozen" "--no-run" "--message-format=json", kill_on_drop: false }`
[INFO] [stdout] 82cbd4328413d9c48fa14a86558bf89a1cb2989b266b28e6a8afba5faefb3c69
[INFO] running `Command { std: "docker" "start" "-a" "82cbd4328413d9c48fa14a86558bf89a1cb2989b266b28e6a8afba5faefb3c69", kill_on_drop: false }`
[INFO] [stderr] warning: tree-sitter-deb822@0.3.0: In file included from src/parser.c:1:
[INFO] [stderr] warning: tree-sitter-deb822@0.3.0: src/parser.c: In function 'ts_lex_keywords':
[INFO] [stderr] warning: tree-sitter-deb822@0.3.0: src/tree_sitter/parser.h:168:3: warning: label 'next_state' defined but not used [-Wunused-label]
[INFO] [stderr] warning: tree-sitter-deb822@0.3.0:   168 |   next_state:                   \
[INFO] [stderr] warning: tree-sitter-deb822@0.3.0:       |   ^~~~~~~~~~
[INFO] [stderr] warning: tree-sitter-deb822@0.3.0: src/parser.c:317:3: note: in expansion of macro 'START_LEXER'
[INFO] [stderr] warning: tree-sitter-deb822@0.3.0:   317 |   START_LEXER();
[INFO] [stderr] warning: tree-sitter-deb822@0.3.0:       |   ^~~~~~~~~~~
[INFO] [stderr]    Compiling tree-sitter-deb822 v0.3.0 (/opt/rustwide/workdir)
[INFO] [stderr]     Finished `test` profile [unoptimized + debuginfo] target(s) in 0.87s
[INFO] running `Command { std: "docker" "inspect" "82cbd4328413d9c48fa14a86558bf89a1cb2989b266b28e6a8afba5faefb3c69", kill_on_drop: false }`
[INFO] running `Command { std: "docker" "rm" "-f" "82cbd4328413d9c48fa14a86558bf89a1cb2989b266b28e6a8afba5faefb3c69", kill_on_drop: false }`
[INFO] [stdout] 82cbd4328413d9c48fa14a86558bf89a1cb2989b266b28e6a8afba5faefb3c69
[INFO] running `Command { std: "docker" "create" "-v" "/var/lib/crater-agent-workspace/builds/worker-0-tc1/target:/opt/rustwide/target:rw,Z" "-v" "/var/lib/crater-agent-workspace/builds/worker-0-tc1/source:/opt/rustwide/workdir:ro,Z" "-v" "/var/lib/crater-agent-workspace/cargo-home:/opt/rustwide/cargo-home:ro,Z" "-v" "/var/lib/crater-agent-workspace/rustup-home:/opt/rustwide/rustup-home:ro,Z" "-e" "SOURCE_DIR=/opt/rustwide/workdir" "-e" "CARGO_TARGET_DIR=/opt/rustwide/target" "-e" "CARGO_INCREMENTAL=0" "-e" "RUST_BACKTRACE=full" "-e" "RUSTFLAGS=--cap-lints=warn" "-e" "RUSTDOCFLAGS=--cap-lints=warn" "-e" "CARGO_HOME=/opt/rustwide/cargo-home" "-e" "RUSTUP_HOME=/opt/rustwide/rustup-home" "-w" "/opt/rustwide/workdir" "-m" "1610612736" "--user" "0:0" "--network" "none" "ghcr.io/rust-lang/crates-build-env/linux@sha256:f3a9d4ad9d972b27faf3965f35b62e55ba32bbce8f20bc8fe909558a86702fde" "/opt/rustwide/cargo-home/bin/cargo" "+1.83.0" "test" "--frozen", kill_on_drop: false }`
[INFO] [stdout] 6fe6f43d38ea4f547cfada0ffe90f5bb11295f483fc91915a281839bb7825c5c
[INFO] running `Command { std: "docker" "start" "-a" "6fe6f43d38ea4f547cfada0ffe90f5bb11295f483fc91915a281839bb7825c5c", kill_on_drop: false }`
[INFO] [stderr] warning: tree-sitter-deb822@0.3.0: In file included from src/parser.c:1:
[INFO] [stderr] warning: tree-sitter-deb822@0.3.0: src/parser.c: In function 'ts_lex_keywords':
[INFO] [stderr] warning: tree-sitter-deb822@0.3.0: src/tree_sitter/parser.h:168:3: warning: label 'next_state' defined but not used [-Wunused-label]
[INFO] [stderr] warning: tree-sitter-deb822@0.3.0:   168 |   next_state:                   \
[INFO] [stderr] warning: tree-sitter-deb822@0.3.0:       |   ^~~~~~~~~~
[INFO] [stderr] warning: tree-sitter-deb822@0.3.0: src/parser.c:317:3: note: in expansion of macro 'START_LEXER'
[INFO] [stderr] warning: tree-sitter-deb822@0.3.0:   317 |   START_LEXER();
[INFO] [stderr] warning: tree-sitter-deb822@0.3.0:       |   ^~~~~~~~~~~
[INFO] [stderr]     Finished `test` profile [unoptimized + debuginfo] target(s) in 0.01s
[INFO] [stderr]      Running unittests bindings/rust/lib.rs (/opt/rustwide/target/debug/deps/tree_sitter_deb822-7ce2c9143c0d588f)
[INFO] [stdout] 
[INFO] [stdout] running 1 test
[INFO] [stdout] test tests::test_can_load_grammar ... ok
[INFO] [stdout] 
[INFO] [stdout] test result: ok. 1 passed; 0 failed; 0 ignored; 0 measured; 0 filtered out; finished in 0.00s
[INFO] [stdout] 
[INFO] [stderr]    Doc-tests tree_sitter_deb822
[INFO] [stdout] 
[INFO] [stdout] running 1 test
[INFO] [stdout] test bindings/rust/lib.rs - (line 6) ... FAILED
[INFO] [stdout] 
[INFO] [stdout] failures:
[INFO] [stdout] 
[INFO] [stdout] ---- bindings/rust/lib.rs - (line 6) stdout ----
[INFO] [stdout] error[E0308]: mismatched types
[INFO] [stdout]    --> bindings/rust/lib.rs:10:21
[INFO] [stdout]     |
[INFO] [stdout] 7   | parser.set_language(tree_sitter_deb822::language()).expect("Error loading deb822 grammar");
[INFO] [stdout]     |        ------------ ^^^^^^^^^^^^^^^^^^^^^^^^^^^^^^ expected `&Language`, found `Language`
[INFO] [stdout]     |        |
[INFO] [stdout]     |        arguments to this method are incorrect
[INFO] [stdout]     |
[INFO] [stdout] note: method defined here
[INFO] [stdout]    --> /opt/rustwide/cargo-home/registry/src/index.crates.io-6f17d22bba15001f/tree-sitter-0.22.6/binding_rust/lib.rs:457:12
[INFO] [stdout]     |
[INFO] [stdout] 457 |     pub fn set_language(&mut self, language: &Language) -> Result<(), LanguageError> {
[INFO] [stdout]     |            ^^^^^^^^^^^^
[INFO] [stdout] help: consider borrowing here
[INFO] [stdout]     |
[INFO] [stdout] 7   | parser.set_language(&tree_sitter_deb822::language()).expect("Error loading deb822 grammar");
[INFO] [stdout]     |                     +
[INFO] [stdout] 
[INFO] [stdout] error: aborting due to 1 previous error
[INFO] [stdout] 
[INFO] [stdout] For more information about this error, try `rustc --explain E0308`.
[INFO] [stdout] Couldn't compile the test.
[INFO] [stdout] 
[INFO] [stdout] failures:
[INFO] [stdout]     bindings/rust/lib.rs - (line 6)
[INFO] [stdout] 
[INFO] [stdout] test result: FAILED. 0 passed; 1 failed; 0 ignored; 0 measured; 0 filtered out; finished in 0.08s
[INFO] [stdout] 
[INFO] [stderr] error: doctest failed, to rerun pass `--doc`
[INFO] running `Command { std: "docker" "inspect" "6fe6f43d38ea4f547cfada0ffe90f5bb11295f483fc91915a281839bb7825c5c", kill_on_drop: false }`
[INFO] running `Command { std: "docker" "rm" "-f" "6fe6f43d38ea4f547cfada0ffe90f5bb11295f483fc91915a281839bb7825c5c", kill_on_drop: false }`
[INFO] [stdout] 6fe6f43d38ea4f547cfada0ffe90f5bb11295f483fc91915a281839bb7825c5c
