[INFO] fetching crate tree-sitter-c2rust 0.24.3...
[INFO] testing tree-sitter-c2rust-0.24.3 against 1.83.0 for beta-1.84.0-4-retry
[INFO] extracting crate tree-sitter-c2rust 0.24.3 into /workspace/builds/worker-2-tc1/source
[INFO] validating manifest of crates.io crate tree-sitter-c2rust 0.24.3 on toolchain 1.83.0
[INFO] running `Command { std: CARGO_HOME="/workspace/cargo-home" RUSTUP_HOME="/workspace/rustup-home" "/workspace/cargo-home/bin/cargo" "+1.83.0" "metadata" "--manifest-path" "Cargo.toml" "--no-deps", kill_on_drop: false }`
[INFO] started tweaking crates.io crate tree-sitter-c2rust 0.24.3
[INFO] finished tweaking crates.io crate tree-sitter-c2rust 0.24.3
[INFO] tweaked toml for crates.io crate tree-sitter-c2rust 0.24.3 written to /workspace/builds/worker-2-tc1/source/Cargo.toml
[INFO] running `Command { std: CARGO_HOME="/workspace/cargo-home" RUSTUP_HOME="/workspace/rustup-home" "/workspace/cargo-home/bin/cargo" "+1.83.0" "generate-lockfile" "--manifest-path" "Cargo.toml", kill_on_drop: false }`
[INFO] [stderr]     Updating crates.io index
[INFO] [stderr]      Locking 115 packages to latest compatible versions
[INFO] [stderr]       Adding c2rust-bitfields v0.3.0 (available: v0.19.0)
[INFO] [stderr]       Adding wasmtime-c-api-impl v25.0.3 (available: v27.0.0)
[INFO] running `Command { std: CARGO_HOME="/workspace/cargo-home" RUSTUP_HOME="/workspace/rustup-home" "/workspace/cargo-home/bin/cargo" "+1.83.0" "fetch" "--manifest-path" "Cargo.toml", kill_on_drop: false }`
[INFO] [stderr]  Downloading crates ...
[INFO] [stderr]   Downloaded wasmtime-types v25.0.3
[INFO] [stderr]   Downloaded wasmtime-slab v25.0.3
[INFO] [stderr]   Downloaded wasmtime-c-api-macros v25.0.3
[INFO] [stderr]   Downloaded wasmtime-versioned-export-macros v25.0.3
[INFO] [stderr]   Downloaded wasmtime-jit-icache-coherence v25.0.3
[INFO] [stderr]   Downloaded c2rust-bitfields v0.3.0
[INFO] [stderr]   Downloaded wasmtime-asm-macros v25.0.3
[INFO] [stderr]   Downloaded cranelift-control v0.112.3
[INFO] [stderr]   Downloaded wasmtime-component-util v25.0.3
[INFO] [stderr]   Downloaded cranelift-bitset v0.112.3
[INFO] [stderr]   Downloaded cranelift-codegen-shared v0.112.3
[INFO] [stderr]   Downloaded c2rust-bitfields-derive v0.2.1
[INFO] [stderr]   Downloaded cranelift-entity v0.112.3
[INFO] [stderr]   Downloaded wasmprinter v0.217.0
[INFO] [stderr]   Downloaded cranelift-native v0.112.3
[INFO] [stderr]   Downloaded wasmtime-wit-bindgen v25.0.3
[INFO] [stderr]   Downloaded cranelift-isle v0.112.3
[INFO] [stderr]   Downloaded cranelift-codegen-meta v0.112.3
[INFO] [stderr]   Downloaded wasm-encoder v0.217.0
[INFO] [stderr]   Downloaded wasmtime-cranelift v25.0.3
[INFO] [stderr]   Downloaded wit-parser v0.217.0
[INFO] [stderr]   Downloaded wasmtime-component-macro v25.0.3
[INFO] [stderr]   Downloaded wasmtime-environ v25.0.3
[INFO] [stderr]   Downloaded cranelift-frontend v0.112.3
[INFO] [stderr]   Downloaded cranelift-wasm v0.112.3
[INFO] [stderr]   Downloaded wasmparser v0.217.0
[INFO] [stderr]   Downloaded cranelift-bforest v0.112.3
[INFO] [stderr]   Downloaded wasmtime v25.0.3
[INFO] [stderr]   Downloaded cranelift-codegen v0.112.3
[INFO] [stderr]   Downloaded wasmtime-c-api-impl v25.0.3
[INFO] running `Command { std: "docker" "create" "-v" "/var/lib/crater-agent-workspace/builds/worker-2-tc1/target:/opt/rustwide/target:rw,Z" "-v" "/var/lib/crater-agent-workspace/builds/worker-2-tc1/source:/opt/rustwide/workdir:ro,Z" "-v" "/var/lib/crater-agent-workspace/cargo-home:/opt/rustwide/cargo-home:ro,Z" "-v" "/var/lib/crater-agent-workspace/rustup-home:/opt/rustwide/rustup-home:ro,Z" "-e" "SOURCE_DIR=/opt/rustwide/workdir" "-e" "CARGO_TARGET_DIR=/opt/rustwide/target" "-e" "CARGO_HOME=/opt/rustwide/cargo-home" "-e" "RUSTUP_HOME=/opt/rustwide/rustup-home" "-w" "/opt/rustwide/workdir" "-m" "1610612736" "--user" "0:0" "--network" "none" "ghcr.io/rust-lang/crates-build-env/linux@sha256:f3a9d4ad9d972b27faf3965f35b62e55ba32bbce8f20bc8fe909558a86702fde" "/opt/rustwide/cargo-home/bin/cargo" "+1.83.0" "metadata" "--no-deps" "--format-version=1", kill_on_drop: false }`
[INFO] [stdout] 03ea77132433607d56aa4d233661d1b739074ef34abfe2cbbbeac586936c11ea
[INFO] running `Command { std: "docker" "start" "-a" "03ea77132433607d56aa4d233661d1b739074ef34abfe2cbbbeac586936c11ea", kill_on_drop: false }`
[INFO] running `Command { std: "docker" "inspect" "03ea77132433607d56aa4d233661d1b739074ef34abfe2cbbbeac586936c11ea", kill_on_drop: false }`
[INFO] running `Command { std: "docker" "rm" "-f" "03ea77132433607d56aa4d233661d1b739074ef34abfe2cbbbeac586936c11ea", kill_on_drop: false }`
[INFO] [stdout] 03ea77132433607d56aa4d233661d1b739074ef34abfe2cbbbeac586936c11ea
[INFO] running `Command { std: "docker" "create" "-v" "/var/lib/crater-agent-workspace/builds/worker-2-tc1/target:/opt/rustwide/target:rw,Z" "-v" "/var/lib/crater-agent-workspace/builds/worker-2-tc1/source:/opt/rustwide/workdir:ro,Z" "-v" "/var/lib/crater-agent-workspace/cargo-home:/opt/rustwide/cargo-home:ro,Z" "-v" "/var/lib/crater-agent-workspace/rustup-home:/opt/rustwide/rustup-home:ro,Z" "-e" "SOURCE_DIR=/opt/rustwide/workdir" "-e" "CARGO_TARGET_DIR=/opt/rustwide/target" "-e" "CARGO_INCREMENTAL=0" "-e" "RUST_BACKTRACE=full" "-e" "RUSTFLAGS=--cap-lints=warn" "-e" "RUSTDOCFLAGS=--cap-lints=warn" "-e" "CARGO_HOME=/opt/rustwide/cargo-home" "-e" "RUSTUP_HOME=/opt/rustwide/rustup-home" "-w" "/opt/rustwide/workdir" "-m" "1610612736" "--user" "0:0" "--network" "none" "ghcr.io/rust-lang/crates-build-env/linux@sha256:f3a9d4ad9d972b27faf3965f35b62e55ba32bbce8f20bc8fe909558a86702fde" "/opt/rustwide/cargo-home/bin/cargo" "+1.83.0" "build" "--frozen" "--message-format=json", kill_on_drop: false }`
[INFO] [stdout] dacdeed5464aef783b4cb5cd75149afd3ab00fd5360b14a975004357d7ca1363
[INFO] running `Command { std: "docker" "start" "-a" "dacdeed5464aef783b4cb5cd75149afd3ab00fd5360b14a975004357d7ca1363", kill_on_drop: false }`
[INFO] [stderr]    Compiling proc-macro2 v1.0.92
[INFO] [stderr]    Compiling unicode-ident v1.0.14
[INFO] [stderr]    Compiling syn v1.0.109
[INFO] [stderr]    Compiling memchr v2.7.4
[INFO] [stderr]    Compiling regex-syntax v0.8.5
[INFO] [stderr]    Compiling tree-sitter-c2rust v0.24.3 (/opt/rustwide/workdir)
[INFO] [stderr]    Compiling tree-sitter-language v0.1.3
[INFO] [stderr]    Compiling once_cell v1.20.2
[INFO] [stderr]    Compiling streaming-iterator v0.1.9
[INFO] [stderr]    Compiling aho-corasick v1.1.3
[INFO] [stderr]    Compiling quote v1.0.37
[INFO] [stderr]    Compiling regex-automata v0.4.9
[INFO] [stderr]    Compiling c2rust-bitfields-derive v0.2.1
[INFO] [stderr]    Compiling regex v1.11.1
[INFO] [stderr]    Compiling c2rust-bitfields v0.3.0
[INFO] [stdout] warning: private item shadows public glob re-export
[INFO] [stdout]   --> binding_rust/ffi.rs:10:15
[INFO] [stdout]    |
[INFO] [stdout] 10 |     Language, LookaheadIterator, Node, Parser, Query, QueryCursor, QueryError, Tree, TreeCursor,
[INFO] [stdout]    |               ^^^^^^^^^^^^^^^^^
[INFO] [stdout]    |
[INFO] [stdout] note: the name `LookaheadIterator` in the type namespace is supposed to be publicly re-exported here
[INFO] [stdout]   --> binding_rust/ffi.rs:5:9
[INFO] [stdout]    |
[INFO] [stdout] 5  | pub use crate::core_transpiled::*;
[INFO] [stdout]    |         ^^^^^^^^^^^^^^^^^^^^^^^^^
[INFO] [stdout] note: but the private item here shadows it
[INFO] [stdout]   --> binding_rust/ffi.rs:10:15
[INFO] [stdout]    |
[INFO] [stdout] 10 |     Language, LookaheadIterator, Node, Parser, Query, QueryCursor, QueryError, Tree, TreeCursor,
[INFO] [stdout]    |               ^^^^^^^^^^^^^^^^^
[INFO] [stdout]    = note: `#[warn(hidden_glob_reexports)]` on by default
[INFO] [stdout] 
[INFO] [stdout] 
[INFO] [stdout] warning: private item shadows public glob re-export
[INFO] [stdout]   --> binding_rust/ffi.rs:10:86
[INFO] [stdout]    |
[INFO] [stdout] 10 |     Language, LookaheadIterator, Node, Parser, Query, QueryCursor, QueryError, Tree, TreeCursor,
[INFO] [stdout]    |                                                                                      ^^^^^^^^^^
[INFO] [stdout]    |
[INFO] [stdout] note: the name `TreeCursor` in the type namespace is supposed to be publicly re-exported here
[INFO] [stdout]   --> binding_rust/ffi.rs:5:9
[INFO] [stdout]    |
[INFO] [stdout] 5  | pub use crate::core_transpiled::*;
[INFO] [stdout]    |         ^^^^^^^^^^^^^^^^^^^^^^^^^
[INFO] [stdout] note: but the private item here shadows it
[INFO] [stdout]   --> binding_rust/ffi.rs:10:86
[INFO] [stdout]    |
[INFO] [stdout] 10 |     Language, LookaheadIterator, Node, Parser, Query, QueryCursor, QueryError, Tree, TreeCursor,
[INFO] [stdout]    |                                                                                      ^^^^^^^^^^
[INFO] [stdout] 
[INFO] [stdout] 
[INFO] [stdout] warning: creating a shared reference to mutable static is discouraged
[INFO] [stdout]    --> binding_rust/core_wrapper/core/lexer.rs:623:18
[INFO] [stdout]     |
[INFO] [stdout] 623 |         ranges = &DEFAULT_RANGE;
[INFO] [stdout]     |                  ^^^^^^^^^^^^^^ shared reference to mutable static
[INFO] [stdout]     |
[INFO] [stdout]     = note: for more information, see <https://doc.rust-lang.org/nightly/edition-guide/rust-2024/static-mut-references.html>
[INFO] [stdout]     = note: shared references to mutable statics are dangerous; it's undefined behavior if the static is mutated or if a mutable reference is created for it while the shared reference lives
[INFO] [stdout]     = note: `#[warn(static_mut_refs)]` on by default
[INFO] [stdout] help: use `&raw const` instead to create a raw pointer
[INFO] [stdout]     |
[INFO] [stdout] 623 |         ranges = &raw const DEFAULT_RANGE;
[INFO] [stdout]     |                  ~~~~~~~~~~
[INFO] [stdout] 
[INFO] [stdout] 
[INFO] [stdout] warning: creating a shared reference to mutable static is discouraged
[INFO] [stdout]     --> binding_rust/core_wrapper/core/subtree.rs:2447:16
[INFO] [stdout]      |
[INFO] [stdout] 2447 |         return &empty_state;
[INFO] [stdout]      |                ^^^^^^^^^^^^ shared reference to mutable static
[INFO] [stdout]      |
[INFO] [stdout]      = note: for more information, see <https://doc.rust-lang.org/nightly/edition-guide/rust-2024/static-mut-references.html>
[INFO] [stdout]      = note: shared references to mutable statics are dangerous; it's undefined behavior if the static is mutated or if a mutable reference is created for it while the shared reference lives
[INFO] [stdout] help: use `&raw const` instead to create a raw pointer
[INFO] [stdout]      |
[INFO] [stdout] 2447 |         return &raw const empty_state;
[INFO] [stdout]      |                ~~~~~~~~~~
[INFO] [stdout] 
[INFO] [stdout] 
[INFO] [stderr]     Finished `dev` profile [unoptimized + debuginfo] target(s) in 18.38s
[INFO] running `Command { std: "docker" "inspect" "dacdeed5464aef783b4cb5cd75149afd3ab00fd5360b14a975004357d7ca1363", kill_on_drop: false }`
[INFO] running `Command { std: "docker" "rm" "-f" "dacdeed5464aef783b4cb5cd75149afd3ab00fd5360b14a975004357d7ca1363", kill_on_drop: false }`
[INFO] [stdout] dacdeed5464aef783b4cb5cd75149afd3ab00fd5360b14a975004357d7ca1363
[INFO] running `Command { std: "docker" "create" "-v" "/var/lib/crater-agent-workspace/builds/worker-2-tc1/target:/opt/rustwide/target:rw,Z" "-v" "/var/lib/crater-agent-workspace/builds/worker-2-tc1/source:/opt/rustwide/workdir:ro,Z" "-v" "/var/lib/crater-agent-workspace/cargo-home:/opt/rustwide/cargo-home:ro,Z" "-v" "/var/lib/crater-agent-workspace/rustup-home:/opt/rustwide/rustup-home:ro,Z" "-e" "SOURCE_DIR=/opt/rustwide/workdir" "-e" "CARGO_TARGET_DIR=/opt/rustwide/target" "-e" "CARGO_INCREMENTAL=0" "-e" "RUST_BACKTRACE=full" "-e" "RUSTFLAGS=--cap-lints=warn" "-e" "RUSTDOCFLAGS=--cap-lints=warn" "-e" "CARGO_HOME=/opt/rustwide/cargo-home" "-e" "RUSTUP_HOME=/opt/rustwide/rustup-home" "-w" "/opt/rustwide/workdir" "-m" "1610612736" "--user" "0:0" "--network" "none" "ghcr.io/rust-lang/crates-build-env/linux@sha256:f3a9d4ad9d972b27faf3965f35b62e55ba32bbce8f20bc8fe909558a86702fde" "/opt/rustwide/cargo-home/bin/cargo" "+1.83.0" "test" "--frozen" "--no-run" "--message-format=json", kill_on_drop: false }`
[INFO] [stdout] 28fb2ec3733ab5abcd27f8d4cc4dc1e7e512f156a3074130a3785ae19ed8ac65
[INFO] running `Command { std: "docker" "start" "-a" "28fb2ec3733ab5abcd27f8d4cc4dc1e7e512f156a3074130a3785ae19ed8ac65", kill_on_drop: false }`
[INFO] [stderr]    Compiling tree-sitter-c2rust v0.24.3 (/opt/rustwide/workdir)
[INFO] [stdout] warning: private item shadows public glob re-export
[INFO] [stdout]   --> binding_rust/ffi.rs:10:15
[INFO] [stdout]    |
[INFO] [stdout] 10 |     Language, LookaheadIterator, Node, Parser, Query, QueryCursor, QueryError, Tree, TreeCursor,
[INFO] [stdout]    |               ^^^^^^^^^^^^^^^^^
[INFO] [stdout]    |
[INFO] [stdout] note: the name `LookaheadIterator` in the type namespace is supposed to be publicly re-exported here
[INFO] [stdout]   --> binding_rust/ffi.rs:5:9
[INFO] [stdout]    |
[INFO] [stdout] 5  | pub use crate::core_transpiled::*;
[INFO] [stdout]    |         ^^^^^^^^^^^^^^^^^^^^^^^^^
[INFO] [stdout] note: but the private item here shadows it
[INFO] [stdout]   --> binding_rust/ffi.rs:10:15
[INFO] [stdout]    |
[INFO] [stdout] 10 |     Language, LookaheadIterator, Node, Parser, Query, QueryCursor, QueryError, Tree, TreeCursor,
[INFO] [stdout]    |               ^^^^^^^^^^^^^^^^^
[INFO] [stdout]    = note: `#[warn(hidden_glob_reexports)]` on by default
[INFO] [stdout] 
[INFO] [stdout] 
[INFO] [stdout] warning: private item shadows public glob re-export
[INFO] [stdout]   --> binding_rust/ffi.rs:10:86
[INFO] [stdout]    |
[INFO] [stdout] 10 |     Language, LookaheadIterator, Node, Parser, Query, QueryCursor, QueryError, Tree, TreeCursor,
[INFO] [stdout]    |                                                                                      ^^^^^^^^^^
[INFO] [stdout]    |
[INFO] [stdout] note: the name `TreeCursor` in the type namespace is supposed to be publicly re-exported here
[INFO] [stdout]   --> binding_rust/ffi.rs:5:9
[INFO] [stdout]    |
[INFO] [stdout] 5  | pub use crate::core_transpiled::*;
[INFO] [stdout]    |         ^^^^^^^^^^^^^^^^^^^^^^^^^
[INFO] [stdout] note: but the private item here shadows it
[INFO] [stdout]   --> binding_rust/ffi.rs:10:86
[INFO] [stdout]    |
[INFO] [stdout] 10 |     Language, LookaheadIterator, Node, Parser, Query, QueryCursor, QueryError, Tree, TreeCursor,
[INFO] [stdout]    |                                                                                      ^^^^^^^^^^
[INFO] [stdout] 
[INFO] [stdout] 
[INFO] [stdout] warning: creating a shared reference to mutable static is discouraged
[INFO] [stdout]    --> binding_rust/core_wrapper/core/lexer.rs:623:18
[INFO] [stdout]     |
[INFO] [stdout] 623 |         ranges = &DEFAULT_RANGE;
[INFO] [stdout]     |                  ^^^^^^^^^^^^^^ shared reference to mutable static
[INFO] [stdout]     |
[INFO] [stdout]     = note: for more information, see <https://doc.rust-lang.org/nightly/edition-guide/rust-2024/static-mut-references.html>
[INFO] [stdout]     = note: shared references to mutable statics are dangerous; it's undefined behavior if the static is mutated or if a mutable reference is created for it while the shared reference lives
[INFO] [stdout]     = note: `#[warn(static_mut_refs)]` on by default
[INFO] [stdout] help: use `&raw const` instead to create a raw pointer
[INFO] [stdout]     |
[INFO] [stdout] 623 |         ranges = &raw const DEFAULT_RANGE;
[INFO] [stdout]     |                  ~~~~~~~~~~
[INFO] [stdout] 
[INFO] [stdout] 
[INFO] [stdout] warning: creating a shared reference to mutable static is discouraged
[INFO] [stdout]     --> binding_rust/core_wrapper/core/subtree.rs:2447:16
[INFO] [stdout]      |
[INFO] [stdout] 2447 |         return &empty_state;
[INFO] [stdout]      |                ^^^^^^^^^^^^ shared reference to mutable static
[INFO] [stdout]      |
[INFO] [stdout]      = note: for more information, see <https://doc.rust-lang.org/nightly/edition-guide/rust-2024/static-mut-references.html>
[INFO] [stdout]      = note: shared references to mutable statics are dangerous; it's undefined behavior if the static is mutated or if a mutable reference is created for it while the shared reference lives
[INFO] [stdout] help: use `&raw const` instead to create a raw pointer
[INFO] [stdout]      |
[INFO] [stdout] 2447 |         return &raw const empty_state;
[INFO] [stdout]      |                ~~~~~~~~~~
[INFO] [stdout] 
[INFO] [stdout] 
[INFO] [stdout] warning: private item shadows public glob re-export
[INFO] [stdout]   --> binding_rust/ffi.rs:10:15
[INFO] [stdout]    |
[INFO] [stdout] 10 |     Language, LookaheadIterator, Node, Parser, Query, QueryCursor, QueryError, Tree, TreeCursor,
[INFO] [stdout]    |               ^^^^^^^^^^^^^^^^^
[INFO] [stdout]    |
[INFO] [stdout] note: the name `LookaheadIterator` in the type namespace is supposed to be publicly re-exported here
[INFO] [stdout]   --> binding_rust/ffi.rs:5:9
[INFO] [stdout]    |
[INFO] [stdout] 5  | pub use crate::core_transpiled::*;
[INFO] [stdout]    |         ^^^^^^^^^^^^^^^^^^^^^^^^^
[INFO] [stdout] note: but the private item here shadows it
[INFO] [stdout]   --> binding_rust/ffi.rs:10:15
[INFO] [stdout]    |
[INFO] [stdout] 10 |     Language, LookaheadIterator, Node, Parser, Query, QueryCursor, QueryError, Tree, TreeCursor,
[INFO] [stdout]    |               ^^^^^^^^^^^^^^^^^
[INFO] [stdout]    = note: `#[warn(hidden_glob_reexports)]` on by default
[INFO] [stdout] 
[INFO] [stdout] 
[INFO] [stdout] warning: private item shadows public glob re-export
[INFO] [stdout]   --> binding_rust/ffi.rs:10:86
[INFO] [stdout]    |
[INFO] [stdout] 10 |     Language, LookaheadIterator, Node, Parser, Query, QueryCursor, QueryError, Tree, TreeCursor,
[INFO] [stdout]    |                                                                                      ^^^^^^^^^^
[INFO] [stdout]    |
[INFO] [stdout] note: the name `TreeCursor` in the type namespace is supposed to be publicly re-exported here
[INFO] [stdout]   --> binding_rust/ffi.rs:5:9
[INFO] [stdout]    |
[INFO] [stdout] 5  | pub use crate::core_transpiled::*;
[INFO] [stdout]    |         ^^^^^^^^^^^^^^^^^^^^^^^^^
[INFO] [stdout] note: but the private item here shadows it
[INFO] [stdout]   --> binding_rust/ffi.rs:10:86
[INFO] [stdout]    |
[INFO] [stdout] 10 |     Language, LookaheadIterator, Node, Parser, Query, QueryCursor, QueryError, Tree, TreeCursor,
[INFO] [stdout]    |                                                                                      ^^^^^^^^^^
[INFO] [stdout] 
[INFO] [stdout] 
[INFO] [stdout] warning: creating a shared reference to mutable static is discouraged
[INFO] [stdout]    --> binding_rust/core_wrapper/core/lexer.rs:623:18
[INFO] [stdout]     |
[INFO] [stdout] 623 |         ranges = &DEFAULT_RANGE;
[INFO] [stdout]     |                  ^^^^^^^^^^^^^^ shared reference to mutable static
[INFO] [stdout]     |
[INFO] [stdout]     = note: for more information, see <https://doc.rust-lang.org/nightly/edition-guide/rust-2024/static-mut-references.html>
[INFO] [stdout]     = note: shared references to mutable statics are dangerous; it's undefined behavior if the static is mutated or if a mutable reference is created for it while the shared reference lives
[INFO] [stdout]     = note: `#[warn(static_mut_refs)]` on by default
[INFO] [stdout] help: use `&raw const` instead to create a raw pointer
[INFO] [stdout]     |
[INFO] [stdout] 623 |         ranges = &raw const DEFAULT_RANGE;
[INFO] [stdout]     |                  ~~~~~~~~~~
[INFO] [stdout] 
[INFO] [stdout] 
[INFO] [stdout] warning: creating a shared reference to mutable static is discouraged
[INFO] [stdout]     --> binding_rust/core_wrapper/core/subtree.rs:2447:16
[INFO] [stdout]      |
[INFO] [stdout] 2447 |         return &empty_state;
[INFO] [stdout]      |                ^^^^^^^^^^^^ shared reference to mutable static
[INFO] [stdout]      |
[INFO] [stdout]      = note: for more information, see <https://doc.rust-lang.org/nightly/edition-guide/rust-2024/static-mut-references.html>
[INFO] [stdout]      = note: shared references to mutable statics are dangerous; it's undefined behavior if the static is mutated or if a mutable reference is created for it while the shared reference lives
[INFO] [stdout] help: use `&raw const` instead to create a raw pointer
[INFO] [stdout]      |
[INFO] [stdout] 2447 |         return &raw const empty_state;
[INFO] [stdout]      |                ~~~~~~~~~~
[INFO] [stdout] 
[INFO] [stdout] 
[INFO] [stderr]     Finished `test` profile [unoptimized + debuginfo] target(s) in 3.74s
[INFO] running `Command { std: "docker" "inspect" "28fb2ec3733ab5abcd27f8d4cc4dc1e7e512f156a3074130a3785ae19ed8ac65", kill_on_drop: false }`
[INFO] running `Command { std: "docker" "rm" "-f" "28fb2ec3733ab5abcd27f8d4cc4dc1e7e512f156a3074130a3785ae19ed8ac65", kill_on_drop: false }`
[INFO] [stdout] 28fb2ec3733ab5abcd27f8d4cc4dc1e7e512f156a3074130a3785ae19ed8ac65
[INFO] running `Command { std: "docker" "create" "-v" "/var/lib/crater-agent-workspace/builds/worker-2-tc1/target:/opt/rustwide/target:rw,Z" "-v" "/var/lib/crater-agent-workspace/builds/worker-2-tc1/source:/opt/rustwide/workdir:ro,Z" "-v" "/var/lib/crater-agent-workspace/cargo-home:/opt/rustwide/cargo-home:ro,Z" "-v" "/var/lib/crater-agent-workspace/rustup-home:/opt/rustwide/rustup-home:ro,Z" "-e" "SOURCE_DIR=/opt/rustwide/workdir" "-e" "CARGO_TARGET_DIR=/opt/rustwide/target" "-e" "CARGO_INCREMENTAL=0" "-e" "RUST_BACKTRACE=full" "-e" "RUSTFLAGS=--cap-lints=warn" "-e" "RUSTDOCFLAGS=--cap-lints=warn" "-e" "CARGO_HOME=/opt/rustwide/cargo-home" "-e" "RUSTUP_HOME=/opt/rustwide/rustup-home" "-w" "/opt/rustwide/workdir" "-m" "1610612736" "--user" "0:0" "--network" "none" "ghcr.io/rust-lang/crates-build-env/linux@sha256:f3a9d4ad9d972b27faf3965f35b62e55ba32bbce8f20bc8fe909558a86702fde" "/opt/rustwide/cargo-home/bin/cargo" "+1.83.0" "test" "--frozen", kill_on_drop: false }`
[INFO] [stdout] 1a013596d0087119d75f03643d2948daff2c43e87daadce34bcd7fd7c446171c
[INFO] running `Command { std: "docker" "start" "-a" "1a013596d0087119d75f03643d2948daff2c43e87daadce34bcd7fd7c446171c", kill_on_drop: false }`
[INFO] [stderr] warning: private item shadows public glob re-export
[INFO] [stderr]   --> binding_rust/ffi.rs:10:15
[INFO] [stderr]    |
[INFO] [stderr] 10 |     Language, LookaheadIterator, Node, Parser, Query, QueryCursor, QueryError, Tree, TreeCursor,
[INFO] [stderr]    |               ^^^^^^^^^^^^^^^^^
[INFO] [stderr]    |
[INFO] [stderr] note: the name `LookaheadIterator` in the type namespace is supposed to be publicly re-exported here
[INFO] [stderr]   --> binding_rust/ffi.rs:5:9
[INFO] [stderr]    |
[INFO] [stderr] 5  | pub use crate::core_transpiled::*;
[INFO] [stderr]    |         ^^^^^^^^^^^^^^^^^^^^^^^^^
[INFO] [stderr] note: but the private item here shadows it
[INFO] [stderr]   --> binding_rust/ffi.rs:10:15
[INFO] [stderr]    |
[INFO] [stderr] 10 |     Language, LookaheadIterator, Node, Parser, Query, QueryCursor, QueryError, Tree, TreeCursor,
[INFO] [stderr]    |               ^^^^^^^^^^^^^^^^^
[INFO] [stderr]    = note: `#[warn(hidden_glob_reexports)]` on by default
[INFO] [stderr] 
[INFO] [stderr] warning: private item shadows public glob re-export
[INFO] [stderr]   --> binding_rust/ffi.rs:10:86
[INFO] [stderr]    |
[INFO] [stderr] 10 |     Language, LookaheadIterator, Node, Parser, Query, QueryCursor, QueryError, Tree, TreeCursor,
[INFO] [stderr]    |                                                                                      ^^^^^^^^^^
[INFO] [stderr]    |
[INFO] [stderr] note: the name `TreeCursor` in the type namespace is supposed to be publicly re-exported here
[INFO] [stderr]   --> binding_rust/ffi.rs:5:9
[INFO] [stderr]    |
[INFO] [stderr] 5  | pub use crate::core_transpiled::*;
[INFO] [stderr]    |         ^^^^^^^^^^^^^^^^^^^^^^^^^
[INFO] [stderr] note: but the private item here shadows it
[INFO] [stderr]   --> binding_rust/ffi.rs:10:86
[INFO] [stderr]    |
[INFO] [stderr] 10 |     Language, LookaheadIterator, Node, Parser, Query, QueryCursor, QueryError, Tree, TreeCursor,
[INFO] [stderr]    |                                                                                      ^^^^^^^^^^
[INFO] [stderr] 
[INFO] [stderr] warning: creating a shared reference to mutable static is discouraged
[INFO] [stderr]    --> binding_rust/core_wrapper/core/lexer.rs:623:18
[INFO] [stderr]     |
[INFO] [stderr] 623 |         ranges = &DEFAULT_RANGE;
[INFO] [stderr]     |                  ^^^^^^^^^^^^^^ shared reference to mutable static
[INFO] [stderr]     |
[INFO] [stderr]     = note: for more information, see <https://doc.rust-lang.org/nightly/edition-guide/rust-2024/static-mut-references.html>
[INFO] [stderr]     = note: shared references to mutable statics are dangerous; it's undefined behavior if the static is mutated or if a mutable reference is created for it while the shared reference lives
[INFO] [stderr]     = note: `#[warn(static_mut_refs)]` on by default
[INFO] [stderr] help: use `&raw const` instead to create a raw pointer
[INFO] [stderr]     |
[INFO] [stderr] 623 |         ranges = &raw const DEFAULT_RANGE;
[INFO] [stderr]     |                  ~~~~~~~~~~
[INFO] [stderr] 
[INFO] [stderr] warning: creating a shared reference to mutable static is discouraged
[INFO] [stderr]     --> binding_rust/core_wrapper/core/subtree.rs:2447:16
[INFO] [stderr]      |
[INFO] [stderr] 2447 |         return &empty_state;
[INFO] [stderr]      |                ^^^^^^^^^^^^ shared reference to mutable static
[INFO] [stderr]      |
[INFO] [stderr]      = note: for more information, see <https://doc.rust-lang.org/nightly/edition-guide/rust-2024/static-mut-references.html>
[INFO] [stderr]      = note: shared references to mutable statics are dangerous; it's undefined behavior if the static is mutated or if a mutable reference is created for it while the shared reference lives
[INFO] [stderr] help: use `&raw const` instead to create a raw pointer
[INFO] [stderr]      |
[INFO] [stderr] 2447 |         return &raw const empty_state;
[INFO] [stderr]      |                ~~~~~~~~~~
[INFO] [stderr] 
[INFO] [stderr] warning: `tree-sitter-c2rust` (lib) generated 4 warnings
[INFO] [stderr] warning: `tree-sitter-c2rust` (lib test) generated 4 warnings (4 duplicates)
[INFO] [stderr]     Finished `test` profile [unoptimized + debuginfo] target(s) in 0.08s
[INFO] [stderr]      Running unittests binding_rust/lib.rs (/opt/rustwide/target/debug/deps/tree_sitter_c2rust-6eb997cbd6d66cd1)
[INFO] [stdout] 
[INFO] [stdout] running 0 tests
[INFO] [stdout] 
[INFO] [stderr]    Doc-tests tree_sitter_c2rust
[INFO] [stdout] test result: ok. 0 passed; 0 failed; 0 ignored; 0 measured; 0 filtered out; finished in 0.00s
[INFO] [stdout] 
[INFO] [stdout] 
[INFO] [stdout] running 6 tests
[INFO] [stdout] test binding_rust/./README.md - (line 14) ... FAILED
[INFO] [stdout] test binding_rust/./README.md - (line 78) ... FAILED
[INFO] [stdout] test binding_rust/lib.rs - Language::next_state (line 398) ... FAILED
[INFO] [stdout] test binding_rust/./README.md - (line 37) ... FAILED
[INFO] [stdout] test binding_rust/./README.md - (line 43) ... FAILED
[INFO] [stdout] test binding_rust/./README.md - (line 58) ... FAILED
[INFO] [stdout] 
[INFO] [stdout] failures:
[INFO] [stdout] 
[INFO] [stdout] ---- binding_rust/./README.md - (line 14) stdout ----
[INFO] [stdout] error[E0432]: unresolved import `tree_sitter`
[INFO] [stdout]  --> binding_rust/./README.md:15:5
[INFO] [stdout]   |
[INFO] [stdout] 3 | use tree_sitter::{InputEdit, Language, Parser, Point};
[INFO] [stdout]   |     ^^^^^^^^^^^ use of undeclared crate or module `tree_sitter`
[INFO] [stdout] 
[INFO] [stdout] error: aborting due to 1 previous error
[INFO] [stdout] 
[INFO] [stdout] For more information about this error, try `rustc --explain E0432`.
[INFO] [stdout] Couldn't compile the test.
[INFO] [stdout] ---- binding_rust/./README.md - (line 78) stdout ----
[INFO] [stdout] error[E0425]: cannot find value `parser` in this scope
[INFO] [stdout]   --> binding_rust/./README.md:88:12
[INFO] [stdout]    |
[INFO] [stdout] 12 | let tree = parser.parse_with(&mut |_byte: usize, position: Point| -> &[u8] {
[INFO] [stdout]    |            ^^^^^^ not found in this scope
[INFO] [stdout] 
[INFO] [stdout] error[E0412]: cannot find type `Point` in this scope
[INFO] [stdout]   --> binding_rust/./README.md:88:60
[INFO] [stdout]    |
[INFO] [stdout] 12 | let tree = parser.parse_with(&mut |_byte: usize, position: Point| -> &[u8] {
[INFO] [stdout]    |                                                            ^^^^^ not found in this scope
[INFO] [stdout]    |
[INFO] [stdout] help: consider importing this struct
[INFO] [stdout]    |
[INFO] [stdout] 3  + use tree_sitter_c2rust::Point;
[INFO] [stdout]    |
[INFO] [stdout] 
[INFO] [stdout] error: aborting due to 2 previous errors
[INFO] [stdout] 
[INFO] [stdout] Some errors have detailed explanations: E0412, E0425.
[INFO] [stdout] For more information about an error, try `rustc --explain E0412`.
[INFO] [stdout] Couldn't compile the test.
[INFO] [stdout] ---- binding_rust/lib.rs - Language::next_state (line 398) stdout ----
[INFO] [stdout] error[E0425]: cannot find value `language` in this scope
[INFO] [stdout]  --> binding_rust/lib.rs:399:13
[INFO] [stdout]   |
[INFO] [stdout] 3 | let state = language.next_state(node.parse_state(), node.grammar_id());
[INFO] [stdout]   |             ^^^^^^^^ not found in this scope
[INFO] [stdout] 
[INFO] [stdout] error[E0425]: cannot find value `node` in this scope
[INFO] [stdout]  --> binding_rust/lib.rs:399:33
[INFO] [stdout]   |
[INFO] [stdout] 3 | let state = language.next_state(node.parse_state(), node.grammar_id());
[INFO] [stdout]   |                                 ^^^^ not found in this scope
[INFO] [stdout] 
[INFO] [stdout] error[E0425]: cannot find value `node` in this scope
[INFO] [stdout]  --> binding_rust/lib.rs:399:53
[INFO] [stdout]   |
[INFO] [stdout] 3 | let state = language.next_state(node.parse_state(), node.grammar_id());
[INFO] [stdout]   |                                                     ^^^^ not found in this scope
[INFO] [stdout] 
[INFO] [stdout] error: aborting due to 3 previous errors
[INFO] [stdout] 
[INFO] [stdout] For more information about this error, try `rustc --explain E0425`.
[INFO] [stdout] Couldn't compile the test.
[INFO] [stdout] ---- binding_rust/./README.md - (line 37) stdout ----
[INFO] [stdout] error[E0425]: cannot find value `parser` in this scope
[INFO] [stdout]  --> binding_rust/./README.md:38:1
[INFO] [stdout]   |
[INFO] [stdout] 3 | parser.set_language(&tree_sitter_rust::language()).expect("Error loading Rust grammar");
[INFO] [stdout]   | ^^^^^^ not found in this scope
[INFO] [stdout] 
[INFO] [stdout] error[E0433]: failed to resolve: use of undeclared crate or module `tree_sitter_rust`
[INFO] [stdout]  --> binding_rust/./README.md:38:22
[INFO] [stdout]   |
[INFO] [stdout] 3 | parser.set_language(&tree_sitter_rust::language()).expect("Error loading Rust grammar");
[INFO] [stdout]   |                      ^^^^^^^^^^^^^^^^ use of undeclared crate or module `tree_sitter_rust`
[INFO] [stdout]   |
[INFO] [stdout] help: there is a crate or module with a similar name
[INFO] [stdout]   |
[INFO] [stdout] 3 | parser.set_language(&tree_sitter_c2rust::language()).expect("Error loading Rust grammar");
[INFO] [stdout]   |                      ~~~~~~~~~~~~~~~~~~
[INFO] [stdout] 
[INFO] [stdout] error: aborting due to 2 previous errors
[INFO] [stdout] 
[INFO] [stdout] Some errors have detailed explanations: E0425, E0433.
[INFO] [stdout] For more information about an error, try `rustc --explain E0425`.
[INFO] [stdout] Couldn't compile the test.
[INFO] [stdout] ---- binding_rust/./README.md - (line 43) stdout ----
[INFO] [stdout] error[E0425]: cannot find value `parser` in this scope
[INFO] [stdout]  --> binding_rust/./README.md:45:16
[INFO] [stdout]   |
[INFO] [stdout] 4 | let mut tree = parser.parse(source_code, None).unwrap();
[INFO] [stdout]   |                ^^^^^^ not found in this scope
[INFO] [stdout] 
[INFO] [stdout] error: aborting due to 1 previous error
[INFO] [stdout] 
[INFO] [stdout] For more information about this error, try `rustc --explain E0425`.
[INFO] [stdout] Couldn't compile the test.
[INFO] [stdout] ---- binding_rust/./README.md - (line 58) stdout ----
[INFO] [stdout] error[E0425]: cannot find value `tree` in this scope
[INFO] [stdout]  --> binding_rust/./README.md:61:1
[INFO] [stdout]   |
[INFO] [stdout] 5 | tree.edit(&InputEdit {
[INFO] [stdout]   | ^^^^ not found in this scope
[INFO] [stdout] 
[INFO] [stdout] error[E0422]: cannot find struct, variant or union type `InputEdit` in this scope
[INFO] [stdout]  --> binding_rust/./README.md:61:12
[INFO] [stdout]   |
[INFO] [stdout] 5 | tree.edit(&InputEdit {
[INFO] [stdout]   |            ^^^^^^^^^ not found in this scope
[INFO] [stdout]   |
[INFO] [stdout] help: consider importing this struct
[INFO] [stdout]   |
[INFO] [stdout] 2 + use tree_sitter_c2rust::InputEdit;
[INFO] [stdout]   |
[INFO] [stdout] 
[INFO] [stdout] error[E0433]: failed to resolve: use of undeclared type `Point`
[INFO] [stdout]  --> binding_rust/./README.md:65:19
[INFO] [stdout]   |
[INFO] [stdout] 9 |   start_position: Point::new(0, 8),
[INFO] [stdout]   |                   ^^^^^ use of undeclared type `Point`
[INFO] [stdout]   |
[INFO] [stdout] help: consider importing this struct
[INFO] [stdout]   |
[INFO] [stdout] 2 + use tree_sitter_c2rust::Point;
[INFO] [stdout]   |
[INFO] [stdout] 
[INFO] [stdout] error[E0433]: failed to resolve: use of undeclared type `Point`
[INFO] [stdout]   --> binding_rust/./README.md:66:21
[INFO] [stdout]    |
[INFO] [stdout] 10 |   old_end_position: Point::new(0, 8),
[INFO] [stdout]    |                     ^^^^^ use of undeclared type `Point`
[INFO] [stdout]    |
[INFO] [stdout] help: consider importing this struct
[INFO] [stdout]    |
[INFO] [stdout] 2  + use tree_sitter_c2rust::Point;
[INFO] [stdout]    |
[INFO] [stdout] 
[INFO] [stdout] error[E0433]: failed to resolve: use of undeclared type `Point`
[INFO] [stdout]   --> binding_rust/./README.md:67:21
[INFO] [stdout]    |
[INFO] [stdout] 11 |   new_end_position: Point::new(0, 14),
[INFO] [stdout]    |                     ^^^^^ use of undeclared type `Point`
[INFO] [stdout]    |
[INFO] [stdout] help: consider importing this struct
[INFO] [stdout]    |
[INFO] [stdout] 2  + use tree_sitter_c2rust::Point;
[INFO] [stdout]    |
[INFO] [stdout] 
[INFO] [stdout] error[E0425]: cannot find value `parser` in this scope
[INFO] [stdout]   --> binding_rust/./README.md:70:16
[INFO] [stdout]    |
[INFO] [stdout] 14 | let new_tree = parser.parse(new_source_code, Some(&tree));
[INFO] [stdout]    |                ^^^^^^ not found in this scope
[INFO] [stdout] 
[INFO] [stdout] error[E0425]: cannot find value `tree` in this scope
[INFO] [stdout]   --> binding_rust/./README.md:70:52
[INFO] [stdout]    |
[INFO] [stdout] 14 | let new_tree = parser.parse(new_source_code, Some(&tree));
[INFO] [stdout]    |                                                    ^^^^ not found in this scope
[INFO] [stdout] 
[INFO] [stdout] error: aborting due to 7 previous errors
[INFO] [stdout] 
[INFO] [stdout] Some errors have detailed explanations: E0422, E0425, E0433.
[INFO] [stdout] For more information about an error, try `rustc --explain E0422`.
[INFO] [stdout] Couldn't compile the test.
[INFO] [stdout] 
[INFO] [stdout] failures:
[INFO] [stdout]     binding_rust/./README.md - (line 14)
[INFO] [stdout]     binding_rust/./README.md - (line 37)
[INFO] [stdout]     binding_rust/./README.md - (line 43)
[INFO] [stdout]     binding_rust/./README.md - (line 58)
[INFO] [stdout]     binding_rust/./README.md - (line 78)
[INFO] [stdout]     binding_rust/lib.rs - Language::next_state (line 398)
[INFO] [stdout] 
[INFO] [stdout] test result: FAILED. 0 passed; 6 failed; 0 ignored; 0 measured; 0 filtered out; finished in 0.30s
[INFO] [stdout] 
[INFO] [stderr] error: doctest failed, to rerun pass `--doc`
[INFO] running `Command { std: "docker" "inspect" "1a013596d0087119d75f03643d2948daff2c43e87daadce34bcd7fd7c446171c", kill_on_drop: false }`
[INFO] running `Command { std: "docker" "rm" "-f" "1a013596d0087119d75f03643d2948daff2c43e87daadce34bcd7fd7c446171c", kill_on_drop: false }`
[INFO] [stdout] 1a013596d0087119d75f03643d2948daff2c43e87daadce34bcd7fd7c446171c
