[INFO] fetching crate tree-builder 0.0.3...
[INFO] testing tree-builder-0.0.3 against beta-2024-12-08 for beta-1.84.0-4-retry
[INFO] extracting crate tree-builder 0.0.3 into /workspace/builds/worker-1-tc2/source
[INFO] validating manifest of crates.io crate tree-builder 0.0.3 on toolchain beta-2024-12-08
[INFO] running `Command { std: CARGO_HOME="/workspace/cargo-home" RUSTUP_HOME="/workspace/rustup-home" "/workspace/cargo-home/bin/cargo" "+beta-2024-12-08" "metadata" "--manifest-path" "Cargo.toml" "--no-deps", kill_on_drop: false }`
[INFO] started tweaking crates.io crate tree-builder 0.0.3
[INFO] finished tweaking crates.io crate tree-builder 0.0.3
[INFO] tweaked toml for crates.io crate tree-builder 0.0.3 written to /workspace/builds/worker-1-tc2/source/Cargo.toml
[INFO] crate crates.io crate tree-builder 0.0.3 already has a lockfile, it will not be regenerated
[INFO] running `Command { std: CARGO_HOME="/workspace/cargo-home" RUSTUP_HOME="/workspace/rustup-home" "/workspace/cargo-home/bin/cargo" "+beta-2024-12-08" "fetch" "--manifest-path" "Cargo.toml", kill_on_drop: false }`
[INFO] [stderr] warning: only one of `license` or `license-file` is necessary
[INFO] [stderr] `license` should be used if the package license can be expressed with a standard SPDX expression.
[INFO] [stderr] `license-file` should be used if the package uses a non-standard license.
[INFO] [stderr] See https://doc.rust-lang.org/cargo/reference/manifest.html#the-license-and-license-file-fields for more information.
[INFO] running `Command { std: "docker" "create" "-v" "/var/lib/crater-agent-workspace/builds/worker-1-tc2/target:/opt/rustwide/target:rw,Z" "-v" "/var/lib/crater-agent-workspace/builds/worker-1-tc2/source:/opt/rustwide/workdir:ro,Z" "-v" "/var/lib/crater-agent-workspace/cargo-home:/opt/rustwide/cargo-home:ro,Z" "-v" "/var/lib/crater-agent-workspace/rustup-home:/opt/rustwide/rustup-home:ro,Z" "-e" "SOURCE_DIR=/opt/rustwide/workdir" "-e" "CARGO_TARGET_DIR=/opt/rustwide/target" "-e" "CARGO_HOME=/opt/rustwide/cargo-home" "-e" "RUSTUP_HOME=/opt/rustwide/rustup-home" "-w" "/opt/rustwide/workdir" "-m" "1610612736" "--user" "0:0" "--network" "none" "ghcr.io/rust-lang/crates-build-env/linux@sha256:f3a9d4ad9d972b27faf3965f35b62e55ba32bbce8f20bc8fe909558a86702fde" "/opt/rustwide/cargo-home/bin/cargo" "+beta-2024-12-08" "metadata" "--no-deps" "--format-version=1", kill_on_drop: false }`
[INFO] [stdout] 6dd2cb64c2faa38662ddfc3ed065ecda372878fcf904ecb5bb0aa770d9bdd7b2
[INFO] running `Command { std: "docker" "start" "-a" "6dd2cb64c2faa38662ddfc3ed065ecda372878fcf904ecb5bb0aa770d9bdd7b2", kill_on_drop: false }`
[INFO] running `Command { std: "docker" "inspect" "6dd2cb64c2faa38662ddfc3ed065ecda372878fcf904ecb5bb0aa770d9bdd7b2", kill_on_drop: false }`
[INFO] running `Command { std: "docker" "rm" "-f" "6dd2cb64c2faa38662ddfc3ed065ecda372878fcf904ecb5bb0aa770d9bdd7b2", kill_on_drop: false }`
[INFO] [stdout] 6dd2cb64c2faa38662ddfc3ed065ecda372878fcf904ecb5bb0aa770d9bdd7b2
[INFO] running `Command { std: "docker" "create" "-v" "/var/lib/crater-agent-workspace/builds/worker-1-tc2/target:/opt/rustwide/target:rw,Z" "-v" "/var/lib/crater-agent-workspace/builds/worker-1-tc2/source:/opt/rustwide/workdir:ro,Z" "-v" "/var/lib/crater-agent-workspace/cargo-home:/opt/rustwide/cargo-home:ro,Z" "-v" "/var/lib/crater-agent-workspace/rustup-home:/opt/rustwide/rustup-home:ro,Z" "-e" "SOURCE_DIR=/opt/rustwide/workdir" "-e" "CARGO_TARGET_DIR=/opt/rustwide/target" "-e" "CARGO_INCREMENTAL=0" "-e" "RUST_BACKTRACE=full" "-e" "RUSTFLAGS=--cap-lints=warn" "-e" "RUSTDOCFLAGS=--cap-lints=warn" "-e" "CARGO_HOME=/opt/rustwide/cargo-home" "-e" "RUSTUP_HOME=/opt/rustwide/rustup-home" "-w" "/opt/rustwide/workdir" "-m" "1610612736" "--user" "0:0" "--network" "none" "ghcr.io/rust-lang/crates-build-env/linux@sha256:f3a9d4ad9d972b27faf3965f35b62e55ba32bbce8f20bc8fe909558a86702fde" "/opt/rustwide/cargo-home/bin/cargo" "+beta-2024-12-08" "build" "--frozen" "--message-format=json", kill_on_drop: false }`
[INFO] [stdout] 711a96188d52de2ac716b9e0dee248fbe9c106e9ceea57d58929d47cabd7e9f3
[INFO] running `Command { std: "docker" "start" "-a" "711a96188d52de2ac716b9e0dee248fbe9c106e9ceea57d58929d47cabd7e9f3", kill_on_drop: false }`
[INFO] [stderr] warning: only one of `license` or `license-file` is necessary
[INFO] [stderr] `license` should be used if the package license can be expressed with a standard SPDX expression.
[INFO] [stderr] `license-file` should be used if the package uses a non-standard license.
[INFO] [stderr] See https://doc.rust-lang.org/cargo/reference/manifest.html#the-license-and-license-file-fields for more information.
[INFO] [stderr]    Compiling memchr v2.5.0
[INFO] [stderr]    Compiling proc-macro2 v1.0.59
[INFO] [stderr]    Compiling unicode-ident v1.0.8
[INFO] [stderr]    Compiling quote v1.0.28
[INFO] [stderr]    Compiling minimal-lexical v0.2.1
[INFO] [stderr]    Compiling regex-syntax v0.7.2
[INFO] [stderr]    Compiling aho-corasick v1.0.2
[INFO] [stderr]    Compiling nom v7.1.3
[INFO] [stderr]    Compiling syn v2.0.18
[INFO] [stderr]    Compiling regex v1.8.4
[INFO] [stderr]    Compiling tree-builder-macro v0.0.1
[INFO] [stderr]    Compiling tree-builder v0.0.3 (/opt/rustwide/workdir)
[INFO] [stderr]     Finished `dev` profile [unoptimized + debuginfo] target(s) in 8.42s
[INFO] running `Command { std: "docker" "inspect" "711a96188d52de2ac716b9e0dee248fbe9c106e9ceea57d58929d47cabd7e9f3", kill_on_drop: false }`
[INFO] running `Command { std: "docker" "rm" "-f" "711a96188d52de2ac716b9e0dee248fbe9c106e9ceea57d58929d47cabd7e9f3", kill_on_drop: false }`
[INFO] [stdout] 711a96188d52de2ac716b9e0dee248fbe9c106e9ceea57d58929d47cabd7e9f3
[INFO] running `Command { std: "docker" "create" "-v" "/var/lib/crater-agent-workspace/builds/worker-1-tc2/target:/opt/rustwide/target:rw,Z" "-v" "/var/lib/crater-agent-workspace/builds/worker-1-tc2/source:/opt/rustwide/workdir:ro,Z" "-v" "/var/lib/crater-agent-workspace/cargo-home:/opt/rustwide/cargo-home:ro,Z" "-v" "/var/lib/crater-agent-workspace/rustup-home:/opt/rustwide/rustup-home:ro,Z" "-e" "SOURCE_DIR=/opt/rustwide/workdir" "-e" "CARGO_TARGET_DIR=/opt/rustwide/target" "-e" "CARGO_INCREMENTAL=0" "-e" "RUST_BACKTRACE=full" "-e" "RUSTFLAGS=--cap-lints=warn" "-e" "RUSTDOCFLAGS=--cap-lints=warn" "-e" "CARGO_HOME=/opt/rustwide/cargo-home" "-e" "RUSTUP_HOME=/opt/rustwide/rustup-home" "-w" "/opt/rustwide/workdir" "-m" "1610612736" "--user" "0:0" "--network" "none" "ghcr.io/rust-lang/crates-build-env/linux@sha256:f3a9d4ad9d972b27faf3965f35b62e55ba32bbce8f20bc8fe909558a86702fde" "/opt/rustwide/cargo-home/bin/cargo" "+beta-2024-12-08" "test" "--frozen" "--no-run" "--message-format=json", kill_on_drop: false }`
[INFO] [stdout] 734c67870a459bf47841916658ee801e30931f992916f2619a93a26bd1432f36
[INFO] running `Command { std: "docker" "start" "-a" "734c67870a459bf47841916658ee801e30931f992916f2619a93a26bd1432f36", kill_on_drop: false }`
[INFO] [stderr] warning: only one of `license` or `license-file` is necessary
[INFO] [stderr] `license` should be used if the package license can be expressed with a standard SPDX expression.
[INFO] [stderr] `license-file` should be used if the package uses a non-standard license.
[INFO] [stderr] See https://doc.rust-lang.org/cargo/reference/manifest.html#the-license-and-license-file-fields for more information.
[INFO] [stderr]    Compiling serde v1.0.163
[INFO] [stderr]    Compiling serde_json v1.0.96
[INFO] [stderr]    Compiling itoa v1.0.6
[INFO] [stderr]    Compiling ryu v1.0.13
[INFO] [stderr]    Compiling trybuild v1.0.80
[INFO] [stderr]    Compiling termcolor v1.2.0
[INFO] [stderr]    Compiling dissimilar v1.0.6
[INFO] [stderr]    Compiling once_cell v1.17.1
[INFO] [stderr]    Compiling glob v0.3.1
[INFO] [stderr]    Compiling serde_derive v1.0.163
[INFO] [stderr]    Compiling basic-toml v0.1.2
[INFO] [stderr]    Compiling tree-builder v0.0.3 (/opt/rustwide/workdir)
[INFO] [stderr]     Finished `test` profile [unoptimized + debuginfo] target(s) in 10.30s
[INFO] running `Command { std: "docker" "inspect" "734c67870a459bf47841916658ee801e30931f992916f2619a93a26bd1432f36", kill_on_drop: false }`
[INFO] running `Command { std: "docker" "rm" "-f" "734c67870a459bf47841916658ee801e30931f992916f2619a93a26bd1432f36", kill_on_drop: false }`
[INFO] [stdout] 734c67870a459bf47841916658ee801e30931f992916f2619a93a26bd1432f36
[INFO] running `Command { std: "docker" "create" "-v" "/var/lib/crater-agent-workspace/builds/worker-1-tc2/target:/opt/rustwide/target:rw,Z" "-v" "/var/lib/crater-agent-workspace/builds/worker-1-tc2/source:/opt/rustwide/workdir:ro,Z" "-v" "/var/lib/crater-agent-workspace/cargo-home:/opt/rustwide/cargo-home:ro,Z" "-v" "/var/lib/crater-agent-workspace/rustup-home:/opt/rustwide/rustup-home:ro,Z" "-e" "SOURCE_DIR=/opt/rustwide/workdir" "-e" "CARGO_TARGET_DIR=/opt/rustwide/target" "-e" "CARGO_INCREMENTAL=0" "-e" "RUST_BACKTRACE=full" "-e" "RUSTFLAGS=--cap-lints=warn" "-e" "RUSTDOCFLAGS=--cap-lints=warn" "-e" "CARGO_HOME=/opt/rustwide/cargo-home" "-e" "RUSTUP_HOME=/opt/rustwide/rustup-home" "-w" "/opt/rustwide/workdir" "-m" "1610612736" "--user" "0:0" "--network" "none" "ghcr.io/rust-lang/crates-build-env/linux@sha256:f3a9d4ad9d972b27faf3965f35b62e55ba32bbce8f20bc8fe909558a86702fde" "/opt/rustwide/cargo-home/bin/cargo" "+beta-2024-12-08" "test" "--frozen", kill_on_drop: false }`
[INFO] [stdout] e1bce348bb38b1cba53fa11350cca4d883ca33482306c9d9dbfef6276fcb27d1
[INFO] running `Command { std: "docker" "start" "-a" "e1bce348bb38b1cba53fa11350cca4d883ca33482306c9d9dbfef6276fcb27d1", kill_on_drop: false }`
[INFO] [stderr] warning: only one of `license` or `license-file` is necessary
[INFO] [stderr] `license` should be used if the package license can be expressed with a standard SPDX expression.
[INFO] [stderr] `license-file` should be used if the package uses a non-standard license.
[INFO] [stderr] See https://doc.rust-lang.org/cargo/reference/manifest.html#the-license-and-license-file-fields for more information.
[INFO] [stderr]     Finished `test` profile [unoptimized + debuginfo] target(s) in 0.03s
[INFO] [stderr]      Running unittests src/lib.rs (/opt/rustwide/target/debug/deps/tree_builder-eb3b1cc9a60bb241)
[INFO] [stdout] 
[INFO] [stdout] running 1 test
[INFO] [stdout] test public_parsers::test::satisfy_one_test ... ok
[INFO] [stdout] 
[INFO] [stdout] test result: ok. 1 passed; 0 failed; 0 ignored; 0 measured; 0 filtered out; finished in 0.00s
[INFO] [stdout] 
[INFO] [stderr]      Running tests/compilation_tests.rs (/opt/rustwide/target/debug/deps/compilation_tests-b065957708570886)
[INFO] [stdout] 
[INFO] [stdout] running 4 tests
[INFO] [stderr] warning: /opt/rustwide/workdir/Cargo.toml: only one of `license` or `license-file` is necessary
[INFO] [stderr] `license` should be used if the package license can be expressed with a standard SPDX expression.
[INFO] [stderr] `license-file` should be used if the package uses a non-standard license.
[INFO] [stderr] See https://doc.rust-lang.org/cargo/reference/manifest.html#the-license-and-license-file-fields for more information.
[INFO] [stderr]    Compiling memchr v2.5.0
[INFO] [stderr]    Compiling proc-macro2 v1.0.59
[INFO] [stderr]    Compiling quote v1.0.28
[INFO] [stderr]    Compiling unicode-ident v1.0.8
[INFO] [stderr]    Compiling regex-syntax v0.7.2
[INFO] [stderr]    Compiling minimal-lexical v0.2.1
[INFO] [stderr]    Compiling nom v7.1.3
[INFO] [stderr]    Compiling aho-corasick v1.0.2
[INFO] [stderr]    Compiling syn v2.0.18
[INFO] [stderr]    Compiling regex v1.8.4
[INFO] [stderr]    Compiling tree-builder-macro v0.0.1
[INFO] [stderr]    Compiling tree-builder v0.0.3 (/opt/rustwide/workdir)
[INFO] [stderr]    Compiling tree-builder-tests v0.0.0 (/opt/rustwide/target/tests/trybuild/tree-builder)
[INFO] [stderr]     Finished `dev` profile [unoptimized + debuginfo] target(s) in 9.34s
[INFO] [stderr] 
[INFO] [stderr] 
[INFO] [stderr] test tests/test/regex_alternations.rs ... ok
[INFO] [stderr] test tests/test/regex_grouping.rs ... ok
[INFO] [stderr] test tests/test/regex_ident.rs ... ok
[INFO] [stderr] test tests/test/regex_metacher.rs ... ok
[INFO] [stderr] test tests/test/regex_terminal.rs ... ok
[INFO] [stderr] 
[INFO] [stderr] 
[INFO] [stdout] test regex_tests ... ok
[INFO] [stderr] warning: /opt/rustwide/workdir/Cargo.toml: only one of `license` or `license-file` is necessary
[INFO] [stderr] `license` should be used if the package license can be expressed with a standard SPDX expression.
[INFO] [stderr] `license-file` should be used if the package uses a non-standard license.
[INFO] [stderr] See https://doc.rust-lang.org/cargo/reference/manifest.html#the-license-and-license-file-fields for more information.
[INFO] [stderr]    Compiling tree-builder-tests v0.0.0 (/opt/rustwide/target/tests/trybuild/tree-builder)
[INFO] [stderr]     Finished `dev` profile [unoptimized + debuginfo] target(s) in 0.27s
[INFO] [stderr] 
[INFO] [stderr] 
[INFO] [stderr] test tests/test/math_expr_base_parser.rs ... ok
[INFO] [stderr] test tests/test/math_expr_with0more.rs ... ok
[INFO] [stderr] 
[INFO] [stderr] 
[INFO] [stdout] test math_expr_parser ... ok
[INFO] [stderr] warning: /opt/rustwide/workdir/Cargo.toml: only one of `license` or `license-file` is necessary
[INFO] [stderr] `license` should be used if the package license can be expressed with a standard SPDX expression.
[INFO] [stderr] `license-file` should be used if the package uses a non-standard license.
[INFO] [stderr] See https://doc.rust-lang.org/cargo/reference/manifest.html#the-license-and-license-file-fields for more information.
[INFO] [stderr]    Compiling tree-builder-tests v0.0.0 (/opt/rustwide/target/tests/trybuild/tree-builder)
[INFO] [stderr]     Finished `dev` profile [unoptimized + debuginfo] target(s) in 0.30s
[INFO] [stderr] 
[INFO] [stderr] 
[INFO] [stdout] test json_test ... ok
[INFO] [stderr] test examples/json.rs ... ok
[INFO] [stderr] 
[INFO] [stderr] 
[INFO] [stderr] warning: /opt/rustwide/workdir/Cargo.toml: only one of `license` or `license-file` is necessary
[INFO] [stderr] `license` should be used if the package license can be expressed with a standard SPDX expression.
[INFO] [stderr] `license-file` should be used if the package uses a non-standard license.
[INFO] [stderr] See https://doc.rust-lang.org/cargo/reference/manifest.html#the-license-and-license-file-fields for more information.
[INFO] [stderr]    Compiling tree-builder-tests v0.0.0 (/opt/rustwide/target/tests/trybuild/tree-builder)
[INFO] [stderr]     Finished `dev` profile [unoptimized + debuginfo] target(s) in 0.47s
[INFO] [stderr] 
[INFO] [stderr] 
[INFO] [stderr] test tests/test/struct_alternation.rs ... ok
[INFO] [stderr] test tests/test/struct_grouping.rs ... ok
[INFO] [stderr] test tests/test/struct_ident.rs ... ok
[INFO] [stderr] test tests/test/struct_include.rs ... ok
[INFO] [stderr] test tests/test/struct_metacharacter.rs ... ok
[INFO] [stderr] test tests/test/struct_terminal.rs ... ok
[INFO] [stderr] 
[INFO] [stderr] 
[INFO] [stdout] test struct_tests ... ok
[INFO] [stdout] 
[INFO] [stdout] test result: ok. 4 passed; 0 failed; 0 ignored; 0 measured; 0 filtered out; finished in 18.39s
[INFO] [stdout] 
[INFO] [stderr]    Doc-tests tree_builder
[INFO] [stdout] 
[INFO] [stdout] running 8 tests
[INFO] [stdout] test src/lib.rs - (line 75) ... FAILED
[INFO] [stdout] test src/lib.rs - (line 52) ... FAILED
[INFO] [stdout] test src/lib.rs - (line 63) ... FAILED
[INFO] [stdout] test src/lib.rs - (line 90) ... FAILED
[INFO] [stdout] test src/lib.rs - ast_parser_maker (line 196) ... ok
[INFO] [stdout] test src/lib.rs - build_tree (line 211) ... ok
[INFO] [stdout] test src/lib.rs - rule (line 224) ... ok
[INFO] [stdout] test src/lib.rs - (line 14) ... FAILED
[INFO] [stdout] 
[INFO] [stdout] failures:
[INFO] [stdout] 
[INFO] [stdout] ---- src/lib.rs - (line 75) stdout ----
[INFO] [stdout] error: cannot find macro `build_tree` in this scope
[INFO] [stdout]  --> src/lib.rs:76:1
[INFO] [stdout]   |
[INFO] [stdout] 3 | build_tree!{
[INFO] [stdout]   | ^^^^^^^^^^
[INFO] [stdout]   |
[INFO] [stdout] help: consider importing one of these macros
[INFO] [stdout]   |
[INFO] [stdout] 2 + use tree_builder::build_tree;
[INFO] [stdout]   |
[INFO] [stdout] 2 + use tree_builder_macro::build_tree;
[INFO] [stdout]   |
[INFO] [stdout] 
[INFO] [stdout] error: aborting due to 1 previous error
[INFO] [stdout] 
[INFO] [stdout] Couldn't compile the test.
[INFO] [stdout] ---- src/lib.rs - (line 52) stdout ----
[INFO] [stdout] error: cannot find macro `build_tree` in this scope
[INFO] [stdout]  --> src/lib.rs:53:1
[INFO] [stdout]   |
[INFO] [stdout] 3 | build_tree!{
[INFO] [stdout]   | ^^^^^^^^^^
[INFO] [stdout]   |
[INFO] [stdout] help: consider importing one of these macros
[INFO] [stdout]   |
[INFO] [stdout] 2 + use tree_builder::build_tree;
[INFO] [stdout]   |
[INFO] [stdout] 2 + use tree_builder_macro::build_tree;
[INFO] [stdout]   |
[INFO] [stdout] 
[INFO] [stdout] error: aborting due to 1 previous error
[INFO] [stdout] 
[INFO] [stdout] Couldn't compile the test.
[INFO] [stdout] ---- src/lib.rs - (line 63) stdout ----
[INFO] [stdout] error[E0412]: cannot find type `Optional` in this scope
[INFO] [stdout]  --> src/lib.rs:64:14
[INFO] [stdout]   |
[INFO] [stdout] 3 | struct Array(Optional<Box<ArrayElems>>);
[INFO] [stdout]   |              ^^^^^^^^ help: an enum with a similar name exists: `Option`
[INFO] [stdout]  --> /rustc/202008a1b8de96d2e5b6bc02d379db03a877d34d/library/core/src/option.rs:572:1
[INFO] [stdout]   |
[INFO] [stdout]   = note: similarly named enum `Option` defined here
[INFO] [stdout] 
[INFO] [stdout] error[E0412]: cannot find type `JValue` in this scope
[INFO] [stdout]  --> src/lib.rs:66:23
[INFO] [stdout]   |
[INFO] [stdout] 5 | struct ArrayElems(Box<JValue>, Vec<Box<JValue>>);
[INFO] [stdout]   |                       ^^^^^^ not found in this scope
[INFO] [stdout]   |
[INFO] [stdout] help: you might be missing a type parameter
[INFO] [stdout]   |
[INFO] [stdout] 5 | struct ArrayElems<JValue>(Box<JValue>, Vec<Box<JValue>>);
[INFO] [stdout]   |                  ++++++++
[INFO] [stdout] 
[INFO] [stdout] error[E0412]: cannot find type `JValue` in this scope
[INFO] [stdout]  --> src/lib.rs:66:40
[INFO] [stdout]   |
[INFO] [stdout] 5 | struct ArrayElems(Box<JValue>, Vec<Box<JValue>>);
[INFO] [stdout]   |                                        ^^^^^^ not found in this scope
[INFO] [stdout]   |
[INFO] [stdout] help: you might be missing a type parameter
[INFO] [stdout]   |
[INFO] [stdout] 5 | struct ArrayElems<JValue>(Box<JValue>, Vec<Box<JValue>>);
[INFO] [stdout]   |                  ++++++++
[INFO] [stdout] 
[INFO] [stdout] error: aborting due to 3 previous errors
[INFO] [stdout] 
[INFO] [stdout] For more information about this error, try `rustc --explain E0412`.
[INFO] [stdout] Couldn't compile the test.
[INFO] [stdout] ---- src/lib.rs - (line 90) stdout ----
[INFO] [stdout] error[E0412]: cannot find type `JString` in this scope
[INFO] [stdout]  --> src/lib.rs:92:17
[INFO] [stdout]   |
[INFO] [stdout] 4 |     JString(Box<JString>),
[INFO] [stdout]   |                 ^^^^^^^
[INFO] [stdout]  --> /rustc/202008a1b8de96d2e5b6bc02d379db03a877d34d/library/alloc/src/string.rs:362:1
[INFO] [stdout]   |
[INFO] [stdout]   = note: similarly named struct `String` defined here
[INFO] [stdout]   |
[INFO] [stdout] help: a struct with a similar name exists
[INFO] [stdout]   |
[INFO] [stdout] 4 |     JString(Box<String>),
[INFO] [stdout]   |                 ~~~~~~
[INFO] [stdout] help: you might be missing a type parameter
[INFO] [stdout]   |
[INFO] [stdout] 3 | enum JValue<JString> {
[INFO] [stdout]   |            +++++++++
[INFO] [stdout] 
[INFO] [stdout] error[E0412]: cannot find type `Number` in this scope
[INFO] [stdout]  --> src/lib.rs:93:16
[INFO] [stdout]   |
[INFO] [stdout] 5 |     Number(Box<Number>),
[INFO] [stdout]   |                ^^^^^^ not found in this scope
[INFO] [stdout] 
[INFO] [stdout] error[E0412]: cannot find type `Object` in this scope
[INFO] [stdout]  --> src/lib.rs:94:16
[INFO] [stdout]   |
[INFO] [stdout] 6 |     Object(Box<Object>),
[INFO] [stdout]   |                ^^^^^^ not found in this scope
[INFO] [stdout]   |
[INFO] [stdout] help: you might be missing a type parameter
[INFO] [stdout]   |
[INFO] [stdout] 3 | enum JValue<Object> {
[INFO] [stdout]   |            ++++++++
[INFO] [stdout] 
[INFO] [stdout] error[E0412]: cannot find type `Array` in this scope
[INFO] [stdout]  --> src/lib.rs:95:15
[INFO] [stdout]   |
[INFO] [stdout] 7 |     Array(Box<Array>),
[INFO] [stdout]   |               ^^^^^ not found in this scope
[INFO] [stdout]   |
[INFO] [stdout] help: you might be missing a type parameter
[INFO] [stdout]   |
[INFO] [stdout] 3 | enum JValue<Array> {
[INFO] [stdout]   |            +++++++
[INFO] [stdout] 
[INFO] [stdout] error: aborting due to 4 previous errors
[INFO] [stdout] 
[INFO] [stdout] For more information about this error, try `rustc --explain E0412`.
[INFO] [stdout] Couldn't compile the test.
[INFO] [stdout] ---- src/lib.rs - (line 14) stdout ----
[INFO] [stdout] Test executable failed (exit status: 101).
[INFO] [stdout] 
[INFO] [stdout] stderr:
[INFO] [stdout] thread 'main' panicked at src/lib.rs:21:34:
[INFO] [stdout] called `Result::unwrap()` on an `Err` value: Error(VerboseError { errors: [("whatever", Nom(Satisfy))] })
[INFO] [stdout] stack backtrace:
[INFO] [stdout]    0:     0x62f464a1b2aa - std::backtrace_rs::backtrace::libunwind::trace::h8810477743020387
[INFO] [stdout]                                at /rustc/202008a1b8de96d2e5b6bc02d379db03a877d34d/library/std/src/../../backtrace/src/backtrace/libunwind.rs:116:5
[INFO] [stdout]    1:     0x62f464a1b2aa - std::backtrace_rs::backtrace::trace_unsynchronized::h3aa55355dd6c54a6
[INFO] [stdout]                                at /rustc/202008a1b8de96d2e5b6bc02d379db03a877d34d/library/std/src/../../backtrace/src/backtrace/mod.rs:66:5
[INFO] [stdout]    2:     0x62f464a1b2aa - std::sys::backtrace::_print_fmt::h8588b0f62410823f
[INFO] [stdout]                                at /rustc/202008a1b8de96d2e5b6bc02d379db03a877d34d/library/std/src/sys/backtrace.rs:66:9
[INFO] [stdout]    3:     0x62f464a1b2aa - <std::sys::backtrace::BacktraceLock::print::DisplayBacktrace as core::fmt::Display>::fmt::h98c26ac25ffe89bb
[INFO] [stdout]                                at /rustc/202008a1b8de96d2e5b6bc02d379db03a877d34d/library/std/src/sys/backtrace.rs:39:26
[INFO] [stdout]    4:     0x62f464a36b63 - core::fmt::rt::Argument::fmt::hf95377f4aebd453b
[INFO] [stdout]                                at /rustc/202008a1b8de96d2e5b6bc02d379db03a877d34d/library/core/src/fmt/rt.rs:177:76
[INFO] [stdout]    5:     0x62f464a36b63 - core::fmt::write::h0dd5f6e2238c7982
[INFO] [stdout]                                at /rustc/202008a1b8de96d2e5b6bc02d379db03a877d34d/library/core/src/fmt/mod.rs:1189:21
[INFO] [stdout]    6:     0x62f464a19023 - std::io::Write::write_fmt::hc00bff0a88e08857
[INFO] [stdout]                                at /rustc/202008a1b8de96d2e5b6bc02d379db03a877d34d/library/std/src/io/mod.rs:1884:15
[INFO] [stdout]    7:     0x62f464a1b0f2 - std::sys::backtrace::BacktraceLock::print::h5c19c1c038ee186d
[INFO] [stdout]                                at /rustc/202008a1b8de96d2e5b6bc02d379db03a877d34d/library/std/src/sys/backtrace.rs:42:9
[INFO] [stdout]    8:     0x62f464a1c0bc - std::panicking::default_hook::{{closure}}::h77172f079a1fcb13
[INFO] [stdout]                                at /rustc/202008a1b8de96d2e5b6bc02d379db03a877d34d/library/std/src/panicking.rs:268:22
[INFO] [stdout]    9:     0x62f464a1bf02 - std::panicking::default_hook::he5f8e3b203ccddba
[INFO] [stdout]                                at /rustc/202008a1b8de96d2e5b6bc02d379db03a877d34d/library/std/src/panicking.rs:295:9
[INFO] [stdout]   10:     0x62f464a1c697 - std::panicking::rust_panic_with_hook::h53863d4e9018df39
[INFO] [stdout]                                at /rustc/202008a1b8de96d2e5b6bc02d379db03a877d34d/library/std/src/panicking.rs:801:13
[INFO] [stdout]   11:     0x62f464a1c52a - std::panicking::begin_panic_handler::{{closure}}::h67280e6fa0757873
[INFO] [stdout]                                at /rustc/202008a1b8de96d2e5b6bc02d379db03a877d34d/library/std/src/panicking.rs:674:13
[INFO] [stdout]   12:     0x62f464a1b789 - std::sys::backtrace::__rust_end_short_backtrace::h1dac3f54d6fbbeb2
[INFO] [stdout]                                at /rustc/202008a1b8de96d2e5b6bc02d379db03a877d34d/library/std/src/sys/backtrace.rs:170:18
[INFO] [stdout]   13:     0x62f464a1c1bc - rust_begin_unwind
[INFO] [stdout]                                at /rustc/202008a1b8de96d2e5b6bc02d379db03a877d34d/library/std/src/panicking.rs:665:5
[INFO] [stdout]   14:     0x62f4649ef0b0 - core::panicking::panic_fmt::h6792bd1b2bf01041
[INFO] [stdout]                                at /rustc/202008a1b8de96d2e5b6bc02d379db03a877d34d/library/core/src/panicking.rs:76:14
[INFO] [stdout]   15:     0x62f4649ef4c6 - core::result::unwrap_failed::h05e0602ed34287c5
[INFO] [stdout]                                at /rustc/202008a1b8de96d2e5b6bc02d379db03a877d34d/library/core/src/result.rs:1699:5
[INFO] [stdout]   16:     0x62f4649f84c9 - rust_out::main::h57eefffa92e38ed0
[INFO] [stdout]   17:     0x62f4649f0ea3 - core::ops::function::FnOnce::call_once::hcb3872443a25b5b7
[INFO] [stdout]   18:     0x62f4649f06b6 - std::sys::backtrace::__rust_begin_short_backtrace::hb8f53f53663d2e9e
[INFO] [stdout]   19:     0x62f4649f0699 - std::rt::lang_start::{{closure}}::h0d6bdb8cb611c7e9
[INFO] [stdout]   20:     0x62f464a17727 - core::ops::function::impls::<impl core::ops::function::FnOnce<A> for &F>::call_once::hba2470d01d3f5e41
[INFO] [stdout]                                at /rustc/202008a1b8de96d2e5b6bc02d379db03a877d34d/library/core/src/ops/function.rs:284:13
[INFO] [stdout]   21:     0x62f464a17727 - std::panicking::try::do_call::hc063fb73159aab72
[INFO] [stdout]                                at /rustc/202008a1b8de96d2e5b6bc02d379db03a877d34d/library/std/src/panicking.rs:557:40
[INFO] [stdout]   22:     0x62f464a17727 - std::panicking::try::h2767c6d245d3a3bb
[INFO] [stdout]                                at /rustc/202008a1b8de96d2e5b6bc02d379db03a877d34d/library/std/src/panicking.rs:520:19
[INFO] [stdout]   23:     0x62f464a17727 - std::panic::catch_unwind::h061c6ef75790da63
[INFO] [stdout]                                at /rustc/202008a1b8de96d2e5b6bc02d379db03a877d34d/library/std/src/panic.rs:358:14
[INFO] [stdout]   24:     0x62f464a17727 - std::rt::lang_start_internal::{{closure}}::h5c5e35b11a4b8c4e
[INFO] [stdout]                                at /rustc/202008a1b8de96d2e5b6bc02d379db03a877d34d/library/std/src/rt.rs:174:48
[INFO] [stdout]   25:     0x62f464a17727 - std::panicking::try::do_call::h705e99690a8109cc
[INFO] [stdout]                                at /rustc/202008a1b8de96d2e5b6bc02d379db03a877d34d/library/std/src/panicking.rs:557:40
[INFO] [stdout]   26:     0x62f464a17727 - std::panicking::try::he5f4452754ed9a34
[INFO] [stdout]                                at /rustc/202008a1b8de96d2e5b6bc02d379db03a877d34d/library/std/src/panicking.rs:520:19
[INFO] [stdout]   27:     0x62f464a17727 - std::panic::catch_unwind::h5db61b3bcbe883e5
[INFO] [stdout]                                at /rustc/202008a1b8de96d2e5b6bc02d379db03a877d34d/library/std/src/panic.rs:358:14
[INFO] [stdout]   28:     0x62f464a17727 - std::rt::lang_start_internal::h81da9b59bab665c6
[INFO] [stdout]                                at /rustc/202008a1b8de96d2e5b6bc02d379db03a877d34d/library/std/src/rt.rs:174:20
[INFO] [stdout]   29:     0x62f4649f0677 - std::rt::lang_start::h2798034e47ddebf9
[INFO] [stdout]   30:     0x62f4649f9cc5 - main
[INFO] [stdout]   31:     0x75f2da6a8d90 - <unknown>
[INFO] [stdout]   32:     0x75f2da6a8e40 - __libc_start_main
[INFO] [stdout]   33:     0x62f4649ef725 - _start
[INFO] [stdout]   34:                0x0 - <unknown>
[INFO] [stdout] 
[INFO] [stdout] 
[INFO] [stdout] 
[INFO] [stdout] failures:
[INFO] [stdout]     src/lib.rs - (line 14)
[INFO] [stdout]     src/lib.rs - (line 52)
[INFO] [stdout]     src/lib.rs - (line 63)
[INFO] [stdout]     src/lib.rs - (line 75)
[INFO] [stdout]     src/lib.rs - (line 90)
[INFO] [stdout] 
[INFO] [stdout] test result: FAILED. 3 passed; 5 failed; 0 ignored; 0 measured; 0 filtered out; finished in 0.76s
[INFO] [stdout] 
[INFO] [stderr] error: doctest failed, to rerun pass `--doc`
[INFO] running `Command { std: "docker" "inspect" "e1bce348bb38b1cba53fa11350cca4d883ca33482306c9d9dbfef6276fcb27d1", kill_on_drop: false }`
[INFO] running `Command { std: "docker" "rm" "-f" "e1bce348bb38b1cba53fa11350cca4d883ca33482306c9d9dbfef6276fcb27d1", kill_on_drop: false }`
[INFO] [stdout] e1bce348bb38b1cba53fa11350cca4d883ca33482306c9d9dbfef6276fcb27d1
