[INFO] fetching crate translation_api 0.1.0...
[INFO] testing translation_api-0.1.0 against beta-2024-12-08 for beta-1.84.0-4-retry
[INFO] extracting crate translation_api 0.1.0 into /workspace/builds/worker-0-tc2/source
[INFO] validating manifest of crates.io crate translation_api 0.1.0 on toolchain beta-2024-12-08
[INFO] running `Command { std: CARGO_HOME="/workspace/cargo-home" RUSTUP_HOME="/workspace/rustup-home" "/workspace/cargo-home/bin/cargo" "+beta-2024-12-08" "metadata" "--manifest-path" "Cargo.toml" "--no-deps", kill_on_drop: false }`
[INFO] started tweaking crates.io crate translation_api 0.1.0
[INFO] finished tweaking crates.io crate translation_api 0.1.0
[INFO] tweaked toml for crates.io crate translation_api 0.1.0 written to /workspace/builds/worker-0-tc2/source/Cargo.toml
[INFO] running `Command { std: CARGO_HOME="/workspace/cargo-home" RUSTUP_HOME="/workspace/rustup-home" "/workspace/cargo-home/bin/cargo" "+beta-2024-12-08" "generate-lockfile" "--manifest-path" "Cargo.toml", kill_on_drop: false }`
[INFO] [stderr]     Updating crates.io index
[INFO] [stderr]      Locking 185 packages to latest compatible versions
[INFO] [stderr]       Adding base64 v0.21.7 (available: v0.22.1)
[INFO] [stderr]       Adding rand_user_agent v0.1.0 (available: v0.2.1)
[INFO] [stderr]       Adding reqwest v0.11.27 (available: v0.12.9)
[INFO] [stderr]       Adding wasi v0.10.0+wasi-snapshot-preview1 (available: v0.10.2+wasi-snapshot-preview1)
[INFO] running `Command { std: CARGO_HOME="/workspace/cargo-home" RUSTUP_HOME="/workspace/rustup-home" "/workspace/cargo-home/bin/cargo" "+beta-2024-12-08" "fetch" "--manifest-path" "Cargo.toml", kill_on_drop: false }`
[INFO] running `Command { std: "docker" "create" "-v" "/var/lib/crater-agent-workspace/builds/worker-0-tc2/target:/opt/rustwide/target:rw,Z" "-v" "/var/lib/crater-agent-workspace/builds/worker-0-tc2/source:/opt/rustwide/workdir:ro,Z" "-v" "/var/lib/crater-agent-workspace/cargo-home:/opt/rustwide/cargo-home:ro,Z" "-v" "/var/lib/crater-agent-workspace/rustup-home:/opt/rustwide/rustup-home:ro,Z" "-e" "SOURCE_DIR=/opt/rustwide/workdir" "-e" "CARGO_TARGET_DIR=/opt/rustwide/target" "-e" "CARGO_HOME=/opt/rustwide/cargo-home" "-e" "RUSTUP_HOME=/opt/rustwide/rustup-home" "-w" "/opt/rustwide/workdir" "-m" "1610612736" "--user" "0:0" "--network" "none" "ghcr.io/rust-lang/crates-build-env/linux@sha256:f3a9d4ad9d972b27faf3965f35b62e55ba32bbce8f20bc8fe909558a86702fde" "/opt/rustwide/cargo-home/bin/cargo" "+beta-2024-12-08" "metadata" "--no-deps" "--format-version=1", kill_on_drop: false }`
[INFO] [stdout] b9e7888b66169a02f7dfe9c01e3779a1e1e10589f1cfc87210b5e41460609859
[INFO] running `Command { std: "docker" "start" "-a" "b9e7888b66169a02f7dfe9c01e3779a1e1e10589f1cfc87210b5e41460609859", kill_on_drop: false }`
[INFO] running `Command { std: "docker" "inspect" "b9e7888b66169a02f7dfe9c01e3779a1e1e10589f1cfc87210b5e41460609859", kill_on_drop: false }`
[INFO] running `Command { std: "docker" "rm" "-f" "b9e7888b66169a02f7dfe9c01e3779a1e1e10589f1cfc87210b5e41460609859", kill_on_drop: false }`
[INFO] [stdout] b9e7888b66169a02f7dfe9c01e3779a1e1e10589f1cfc87210b5e41460609859
[INFO] running `Command { std: "docker" "create" "-v" "/var/lib/crater-agent-workspace/builds/worker-0-tc2/target:/opt/rustwide/target:rw,Z" "-v" "/var/lib/crater-agent-workspace/builds/worker-0-tc2/source:/opt/rustwide/workdir:ro,Z" "-v" "/var/lib/crater-agent-workspace/cargo-home:/opt/rustwide/cargo-home:ro,Z" "-v" "/var/lib/crater-agent-workspace/rustup-home:/opt/rustwide/rustup-home:ro,Z" "-e" "SOURCE_DIR=/opt/rustwide/workdir" "-e" "CARGO_TARGET_DIR=/opt/rustwide/target" "-e" "CARGO_INCREMENTAL=0" "-e" "RUST_BACKTRACE=full" "-e" "RUSTFLAGS=--cap-lints=warn" "-e" "RUSTDOCFLAGS=--cap-lints=warn" "-e" "CARGO_HOME=/opt/rustwide/cargo-home" "-e" "RUSTUP_HOME=/opt/rustwide/rustup-home" "-w" "/opt/rustwide/workdir" "-m" "1610612736" "--user" "0:0" "--network" "none" "ghcr.io/rust-lang/crates-build-env/linux@sha256:f3a9d4ad9d972b27faf3965f35b62e55ba32bbce8f20bc8fe909558a86702fde" "/opt/rustwide/cargo-home/bin/cargo" "+beta-2024-12-08" "build" "--frozen" "--message-format=json", kill_on_drop: false }`
[INFO] [stdout] e2e2a3d7adc9c1874a7e0546ba4affeff2781d62745d64db1f2eb92326595cd6
[INFO] running `Command { std: "docker" "start" "-a" "e2e2a3d7adc9c1874a7e0546ba4affeff2781d62745d64db1f2eb92326595cd6", kill_on_drop: false }`
[INFO] [stderr]    Compiling proc-macro2 v1.0.92
[INFO] [stderr]    Compiling unicode-ident v1.0.14
[INFO] [stderr]    Compiling libc v0.2.168
[INFO] [stderr]    Compiling stable_deref_trait v1.2.0
[INFO] [stderr]    Compiling cfg-if v1.0.0
[INFO] [stderr]    Compiling shlex v1.3.0
[INFO] [stderr]    Compiling memchr v2.7.4
[INFO] [stderr]    Compiling pin-project-lite v0.2.15
[INFO] [stderr]    Compiling vcpkg v0.2.15
[INFO] [stderr]    Compiling pkg-config v0.3.31
[INFO] [stderr]    Compiling bytes v1.9.0
[INFO] [stderr]    Compiling typenum v1.17.0
[INFO] [stderr]    Compiling version_check v0.9.5
[INFO] [stderr]    Compiling once_cell v1.20.2
[INFO] [stderr]    Compiling writeable v0.5.5
[INFO] [stderr]    Compiling litemap v0.7.4
[INFO] [stderr]    Compiling autocfg v1.4.0
[INFO] [stderr]    Compiling itoa v1.0.14
[INFO] [stderr]    Compiling futures-core v0.3.31
[INFO] [stderr]    Compiling icu_locid_transform_data v1.5.0
[INFO] [stderr]    Compiling foreign-types-shared v0.1.1
[INFO] [stderr]    Compiling openssl v0.10.68
[INFO] [stderr]    Compiling fnv v1.0.7
[INFO] [stderr]    Compiling cc v1.2.4
[INFO] [stderr]    Compiling icu_properties_data v1.5.0
[INFO] [stderr]    Compiling foreign-types v0.3.2
[INFO] [stderr]    Compiling tracing-core v0.1.33
[INFO] [stderr]    Compiling utf8_iter v1.0.4
[INFO] [stderr]    Compiling write16 v1.0.0
[INFO] [stderr]    Compiling native-tls v0.2.12
[INFO] [stderr]    Compiling slab v0.4.9
[INFO] [stderr]    Compiling byteorder v1.5.0
[INFO] [stderr]    Compiling httparse v1.9.5
[INFO] [stderr]    Compiling equivalent v1.0.1
[INFO] [stderr]    Compiling hashbrown v0.15.2
[INFO] [stderr]    Compiling generic-array v0.14.7
[INFO] [stderr]    Compiling serde v1.0.216
[INFO] [stderr]    Compiling utf16_iter v1.0.5
[INFO] [stderr]    Compiling futures-sink v0.3.31
[INFO] [stderr]    Compiling bitflags v2.6.0
[INFO] [stderr]    Compiling futures-task v0.3.31
[INFO] [stderr]    Compiling futures-io v0.3.31
[INFO] [stderr]    Compiling smallvec v1.13.2
[INFO] [stderr]    Compiling icu_normalizer_data v1.5.0
[INFO] [stderr]    Compiling pin-utils v0.1.0
[INFO] [stderr]    Compiling indexmap v2.7.0
[INFO] [stderr]    Compiling tracing v0.1.41
[INFO] [stderr]    Compiling openssl-probe v0.1.5
[INFO] [stderr]    Compiling http v0.2.12
[INFO] [stderr]    Compiling try-lock v0.2.5
[INFO] [stderr]    Compiling log v0.4.22
[INFO] [stderr]    Compiling percent-encoding v2.3.1
[INFO] [stderr]    Compiling quote v1.0.37
[INFO] [stderr]    Compiling futures-util v0.3.31
[INFO] [stderr]    Compiling want v0.3.1
[INFO] [stderr]    Compiling form_urlencoded v1.2.1
[INFO] [stderr]    Compiling aho-corasick v1.1.3
[INFO] [stderr]    Compiling futures-channel v0.3.31
[INFO] [stderr]    Compiling ryu v1.0.18
[INFO] [stderr]    Compiling httpdate v1.0.3
[INFO] [stderr]    Compiling syn v2.0.90
[INFO] [stderr]    Compiling serde_json v1.0.133
[INFO] [stderr]    Compiling regex-syntax v0.8.5
[INFO] [stderr]    Compiling socket2 v0.5.8
[INFO] [stderr]    Compiling mio v1.0.3
[INFO] [stderr]    Compiling getrandom v0.2.15
[INFO] [stderr]    Compiling gcc v0.3.55
[INFO] [stderr]    Compiling tower-service v0.3.3
[INFO] [stderr]    Compiling rand v0.4.6
[INFO] [stderr]    Compiling base64 v0.21.7
[INFO] [stderr]    Compiling time v0.1.45
[INFO] [stderr]    Compiling encoding_rs v0.8.35
[INFO] [stderr]    Compiling rand_core v0.6.4
[INFO] [stderr]    Compiling tokio v1.42.0
[INFO] [stderr]    Compiling rustls-pemfile v1.0.4
[INFO] [stderr]    Compiling http-body v0.4.6
[INFO] [stderr]    Compiling rust-crypto v0.2.36
[INFO] [stderr]    Compiling cpufeatures v0.2.16
[INFO] [stderr]    Compiling ipnet v2.10.1
[INFO] [stderr]    Compiling sync_wrapper v0.1.2
[INFO] [stderr]    Compiling openssl-sys v0.9.104
[INFO] [stderr]    Compiling rand v0.3.23
[INFO] [stderr]    Compiling mime v0.3.17
[INFO] [stderr]    Compiling rustc-serialize v0.3.25
[INFO] [stderr]    Compiling block-padding v0.3.3
[INFO] [stderr]    Compiling crypto-common v0.1.6
[INFO] [stderr]    Compiling inout v0.1.3
[INFO] [stderr]    Compiling cipher v0.4.4
[INFO] [stderr]    Compiling aes v0.8.4
[INFO] [stderr]    Compiling ecb v0.1.2
[INFO] [stderr]    Compiling regex-automata v0.4.9
[INFO] [stderr]    Compiling tokio-util v0.7.13
[INFO] [stderr]    Compiling h2 v0.3.26
[INFO] [stderr]    Compiling synstructure v0.13.1
[INFO] [stderr]    Compiling regex v1.11.1
[INFO] [stderr]    Compiling zerovec-derive v0.10.3
[INFO] [stderr]    Compiling displaydoc v0.2.5
[INFO] [stderr]    Compiling icu_provider_macros v1.5.0
[INFO] [stderr]    Compiling zerocopy-derive v0.7.35
[INFO] [stderr]    Compiling openssl-macros v0.1.1
[INFO] [stderr]    Compiling serde_derive v1.0.216
[INFO] [stderr]    Compiling zerofrom-derive v0.1.5
[INFO] [stderr]    Compiling yoke-derive v0.7.5
[INFO] [stderr]    Compiling zerocopy v0.7.35
[INFO] [stderr]    Compiling zerofrom v0.1.5
[INFO] [stderr]    Compiling yoke v0.7.5
[INFO] [stderr]    Compiling ppv-lite86 v0.2.20
[INFO] [stderr]    Compiling zerovec v0.10.4
[INFO] [stderr]    Compiling rand_chacha v0.3.1
[INFO] [stderr]    Compiling rand v0.8.5
[INFO] [stderr]    Compiling hyper v0.14.31
[INFO] [stderr]    Compiling tinystr v0.7.6
[INFO] [stderr]    Compiling icu_collections v1.5.0
[INFO] [stderr]    Compiling rand_user_agent v0.1.0
[INFO] [stderr]    Compiling icu_locid v1.5.0
[INFO] [stderr]    Compiling icu_provider v1.5.0
[INFO] [stderr]    Compiling icu_locid_transform v1.5.0
[INFO] [stderr]    Compiling tokio-native-tls v0.3.1
[INFO] [stderr]    Compiling hyper-tls v0.5.0
[INFO] [stderr]    Compiling icu_properties v1.5.1
[INFO] [stderr]    Compiling serde_urlencoded v0.7.1
[INFO] [stderr]    Compiling icu_normalizer v1.5.0
[INFO] [stderr]    Compiling idna_adapter v1.2.0
[INFO] [stderr]    Compiling idna v1.0.3
[INFO] [stderr]    Compiling url v2.5.4
[INFO] [stderr]    Compiling reqwest v0.11.27
[INFO] [stderr]    Compiling translation_api v0.1.0 (/opt/rustwide/workdir)
[INFO] [stdout] warning: method `aes_ecb_pkcs7_words` is never used
[INFO] [stdout]    --> src/cnkis.rs:228:8
[INFO] [stdout]     |
[INFO] [stdout] 135 | impl<'a> CNKI<'a> {
[INFO] [stdout]     | ----------------- method in this implementation
[INFO] [stdout] ...
[INFO] [stdout] 228 |     fn aes_ecb_pkcs7_words(&mut self) {
[INFO] [stdout]     |        ^^^^^^^^^^^^^^^^^^^
[INFO] [stdout]     |
[INFO] [stdout]     = note: `#[warn(dead_code)]` on by default
[INFO] [stdout] 
[INFO] [stdout] 
[INFO] [stdout] warning: unused `std::result::Result` that must be used
[INFO] [stdout]   --> src/baidu.rs:29:13
[INFO] [stdout]    |
[INFO] [stdout] 29 |             write!(f, "{}", v.dst);
[INFO] [stdout]    |             ^^^^^^^^^^^^^^^^^^^^^^
[INFO] [stdout]    |
[INFO] [stdout]    = note: this `Result` may be an `Err` variant, which should be handled
[INFO] [stdout]    = note: `#[warn(unused_must_use)]` on by default
[INFO] [stdout]    = note: this warning originates in the macro `write` (in Nightly builds, run with -Z macro-backtrace for more info)
[INFO] [stdout] 
[INFO] [stdout] 
[INFO] [stdout] warning: structure field `mResult` should have a snake case name
[INFO] [stdout]   --> src/cnkis.rs:32:9
[INFO] [stdout]    |
[INFO] [stdout] 32 |     pub mResult: String,
[INFO] [stdout]    |         ^^^^^^^ help: convert the identifier to snake case: `m_result`
[INFO] [stdout]    |
[INFO] [stdout]    = note: `#[warn(non_snake_case)]` on by default
[INFO] [stdout] 
[INFO] [stdout] 
[INFO] [stdout] warning: structure field `Info` should have a snake case name
[INFO] [stdout]   --> src/err.rs:39:5
[INFO] [stdout]    |
[INFO] [stdout] 39 |     Info: HashMap<String, String>,
[INFO] [stdout]    |     ^^^^ help: convert the identifier to snake case (notice the capitalization): `info`
[INFO] [stdout] 
[INFO] [stdout] 
[INFO] [stderr]     Finished `dev` profile [unoptimized + debuginfo] target(s) in 1m 00s
[INFO] running `Command { std: "docker" "inspect" "e2e2a3d7adc9c1874a7e0546ba4affeff2781d62745d64db1f2eb92326595cd6", kill_on_drop: false }`
[INFO] running `Command { std: "docker" "rm" "-f" "e2e2a3d7adc9c1874a7e0546ba4affeff2781d62745d64db1f2eb92326595cd6", kill_on_drop: false }`
[INFO] [stdout] e2e2a3d7adc9c1874a7e0546ba4affeff2781d62745d64db1f2eb92326595cd6
[INFO] running `Command { std: "docker" "create" "-v" "/var/lib/crater-agent-workspace/builds/worker-0-tc2/target:/opt/rustwide/target:rw,Z" "-v" "/var/lib/crater-agent-workspace/builds/worker-0-tc2/source:/opt/rustwide/workdir:ro,Z" "-v" "/var/lib/crater-agent-workspace/cargo-home:/opt/rustwide/cargo-home:ro,Z" "-v" "/var/lib/crater-agent-workspace/rustup-home:/opt/rustwide/rustup-home:ro,Z" "-e" "SOURCE_DIR=/opt/rustwide/workdir" "-e" "CARGO_TARGET_DIR=/opt/rustwide/target" "-e" "CARGO_INCREMENTAL=0" "-e" "RUST_BACKTRACE=full" "-e" "RUSTFLAGS=--cap-lints=warn" "-e" "RUSTDOCFLAGS=--cap-lints=warn" "-e" "CARGO_HOME=/opt/rustwide/cargo-home" "-e" "RUSTUP_HOME=/opt/rustwide/rustup-home" "-w" "/opt/rustwide/workdir" "-m" "1610612736" "--user" "0:0" "--network" "none" "ghcr.io/rust-lang/crates-build-env/linux@sha256:f3a9d4ad9d972b27faf3965f35b62e55ba32bbce8f20bc8fe909558a86702fde" "/opt/rustwide/cargo-home/bin/cargo" "+beta-2024-12-08" "test" "--frozen" "--no-run" "--message-format=json", kill_on_drop: false }`
[INFO] [stdout] b955f16d9b73338f2a62941733de1bdae053e369ed048b064460f0e3f1d45507
[INFO] running `Command { std: "docker" "start" "-a" "b955f16d9b73338f2a62941733de1bdae053e369ed048b064460f0e3f1d45507", kill_on_drop: false }`
[INFO] [stderr]    Compiling translation_api v0.1.0 (/opt/rustwide/workdir)
[INFO] [stdout] warning: method `aes_ecb_pkcs7_words` is never used
[INFO] [stdout]    --> src/cnkis.rs:228:8
[INFO] [stdout]     |
[INFO] [stdout] 135 | impl<'a> CNKI<'a> {
[INFO] [stdout]     | ----------------- method in this implementation
[INFO] [stdout] ...
[INFO] [stdout] 228 |     fn aes_ecb_pkcs7_words(&mut self) {
[INFO] [stdout]     |        ^^^^^^^^^^^^^^^^^^^
[INFO] [stdout]     |
[INFO] [stdout]     = note: `#[warn(dead_code)]` on by default
[INFO] [stdout] 
[INFO] [stdout] 
[INFO] [stdout] warning: unused `std::result::Result` that must be used
[INFO] [stdout]   --> src/baidu.rs:29:13
[INFO] [stdout]    |
[INFO] [stdout] 29 |             write!(f, "{}", v.dst);
[INFO] [stdout]    |             ^^^^^^^^^^^^^^^^^^^^^^
[INFO] [stdout]    |
[INFO] [stdout]    = note: this `Result` may be an `Err` variant, which should be handled
[INFO] [stdout]    = note: `#[warn(unused_must_use)]` on by default
[INFO] [stdout]    = note: this warning originates in the macro `write` (in Nightly builds, run with -Z macro-backtrace for more info)
[INFO] [stdout] 
[INFO] [stdout] 
[INFO] [stdout] warning: structure field `mResult` should have a snake case name
[INFO] [stdout]   --> src/cnkis.rs:32:9
[INFO] [stdout]    |
[INFO] [stdout] 32 |     pub mResult: String,
[INFO] [stdout]    |         ^^^^^^^ help: convert the identifier to snake case: `m_result`
[INFO] [stdout]    |
[INFO] [stdout]    = note: `#[warn(non_snake_case)]` on by default
[INFO] [stdout] 
[INFO] [stdout] 
[INFO] [stdout] warning: structure field `Info` should have a snake case name
[INFO] [stdout]   --> src/err.rs:39:5
[INFO] [stdout]    |
[INFO] [stdout] 39 |     Info: HashMap<String, String>,
[INFO] [stdout]    |     ^^^^ help: convert the identifier to snake case (notice the capitalization): `info`
[INFO] [stdout] 
[INFO] [stdout] 
[INFO] [stdout] warning: method `aes_ecb_pkcs7_words` is never used
[INFO] [stdout]    --> src/cnkis.rs:228:8
[INFO] [stdout]     |
[INFO] [stdout] 135 | impl<'a> CNKI<'a> {
[INFO] [stdout]     | ----------------- method in this implementation
[INFO] [stdout] ...
[INFO] [stdout] 228 |     fn aes_ecb_pkcs7_words(&mut self) {
[INFO] [stdout]     |        ^^^^^^^^^^^^^^^^^^^
[INFO] [stdout]     |
[INFO] [stdout]     = note: `#[warn(dead_code)]` on by default
[INFO] [stdout] 
[INFO] [stdout] 
[INFO] [stdout] warning: unused `std::result::Result` that must be used
[INFO] [stdout]   --> src/baidu.rs:29:13
[INFO] [stdout]    |
[INFO] [stdout] 29 |             write!(f, "{}", v.dst);
[INFO] [stdout]    |             ^^^^^^^^^^^^^^^^^^^^^^
[INFO] [stdout]    |
[INFO] [stdout]    = note: this `Result` may be an `Err` variant, which should be handled
[INFO] [stdout]    = note: `#[warn(unused_must_use)]` on by default
[INFO] [stdout]    = note: this warning originates in the macro `write` (in Nightly builds, run with -Z macro-backtrace for more info)
[INFO] [stdout] 
[INFO] [stdout] 
[INFO] [stdout] warning: structure field `mResult` should have a snake case name
[INFO] [stdout]   --> src/cnkis.rs:32:9
[INFO] [stdout]    |
[INFO] [stdout] 32 |     pub mResult: String,
[INFO] [stdout]    |         ^^^^^^^ help: convert the identifier to snake case: `m_result`
[INFO] [stdout]    |
[INFO] [stdout]    = note: `#[warn(non_snake_case)]` on by default
[INFO] [stdout] 
[INFO] [stdout] 
[INFO] [stdout] warning: structure field `Info` should have a snake case name
[INFO] [stdout]   --> src/err.rs:39:5
[INFO] [stdout]    |
[INFO] [stdout] 39 |     Info: HashMap<String, String>,
[INFO] [stdout]    |     ^^^^ help: convert the identifier to snake case (notice the capitalization): `info`
[INFO] [stdout] 
[INFO] [stdout] 
[INFO] [stderr]     Finished `test` profile [unoptimized + debuginfo] target(s) in 0.98s
[INFO] running `Command { std: "docker" "inspect" "b955f16d9b73338f2a62941733de1bdae053e369ed048b064460f0e3f1d45507", kill_on_drop: false }`
[INFO] running `Command { std: "docker" "rm" "-f" "b955f16d9b73338f2a62941733de1bdae053e369ed048b064460f0e3f1d45507", kill_on_drop: false }`
[INFO] [stdout] b955f16d9b73338f2a62941733de1bdae053e369ed048b064460f0e3f1d45507
[INFO] running `Command { std: "docker" "create" "-v" "/var/lib/crater-agent-workspace/builds/worker-0-tc2/target:/opt/rustwide/target:rw,Z" "-v" "/var/lib/crater-agent-workspace/builds/worker-0-tc2/source:/opt/rustwide/workdir:ro,Z" "-v" "/var/lib/crater-agent-workspace/cargo-home:/opt/rustwide/cargo-home:ro,Z" "-v" "/var/lib/crater-agent-workspace/rustup-home:/opt/rustwide/rustup-home:ro,Z" "-e" "SOURCE_DIR=/opt/rustwide/workdir" "-e" "CARGO_TARGET_DIR=/opt/rustwide/target" "-e" "CARGO_INCREMENTAL=0" "-e" "RUST_BACKTRACE=full" "-e" "RUSTFLAGS=--cap-lints=warn" "-e" "RUSTDOCFLAGS=--cap-lints=warn" "-e" "CARGO_HOME=/opt/rustwide/cargo-home" "-e" "RUSTUP_HOME=/opt/rustwide/rustup-home" "-w" "/opt/rustwide/workdir" "-m" "1610612736" "--user" "0:0" "--network" "none" "ghcr.io/rust-lang/crates-build-env/linux@sha256:f3a9d4ad9d972b27faf3965f35b62e55ba32bbce8f20bc8fe909558a86702fde" "/opt/rustwide/cargo-home/bin/cargo" "+beta-2024-12-08" "test" "--frozen", kill_on_drop: false }`
[INFO] [stdout] e5e7c65642ad23c35464f904056fbfd4ed528c0fabb04f9a9bcd961d9e672918
[INFO] running `Command { std: "docker" "start" "-a" "e5e7c65642ad23c35464f904056fbfd4ed528c0fabb04f9a9bcd961d9e672918", kill_on_drop: false }`
[INFO] [stderr] warning: method `aes_ecb_pkcs7_words` is never used
[INFO] [stderr]    --> src/cnkis.rs:228:8
[INFO] [stderr]     |
[INFO] [stderr] 135 | impl<'a> CNKI<'a> {
[INFO] [stderr]     | ----------------- method in this implementation
[INFO] [stderr] ...
[INFO] [stderr] 228 |     fn aes_ecb_pkcs7_words(&mut self) {
[INFO] [stderr]     |        ^^^^^^^^^^^^^^^^^^^
[INFO] [stderr]     |
[INFO] [stderr]     = note: `#[warn(dead_code)]` on by default
[INFO] [stderr] 
[INFO] [stderr] warning: unused `std::result::Result` that must be used
[INFO] [stderr]   --> src/baidu.rs:29:13
[INFO] [stderr]    |
[INFO] [stderr] 29 |             write!(f, "{}", v.dst);
[INFO] [stderr]    |             ^^^^^^^^^^^^^^^^^^^^^^
[INFO] [stderr]    |
[INFO] [stderr]    = note: this `Result` may be an `Err` variant, which should be handled
[INFO] [stderr]    = note: `#[warn(unused_must_use)]` on by default
[INFO] [stderr]    = note: this warning originates in the macro `write` (in Nightly builds, run with -Z macro-backtrace for more info)
[INFO] [stderr] 
[INFO] [stderr] warning: structure field `mResult` should have a snake case name
[INFO] [stderr]   --> src/cnkis.rs:32:9
[INFO] [stderr]    |
[INFO] [stderr] 32 |     pub mResult: String,
[INFO] [stderr]    |         ^^^^^^^ help: convert the identifier to snake case: `m_result`
[INFO] [stderr]    |
[INFO] [stderr]    = note: `#[warn(non_snake_case)]` on by default
[INFO] [stderr] 
[INFO] [stderr] warning: structure field `Info` should have a snake case name
[INFO] [stderr]   --> src/err.rs:39:5
[INFO] [stderr]    |
[INFO] [stderr] 39 |     Info: HashMap<String, String>,
[INFO] [stderr]    |     ^^^^ help: convert the identifier to snake case (notice the capitalization): `info`
[INFO] [stderr] 
[INFO] [stderr] warning: `translation_api` (lib) generated 4 warnings
[INFO] [stderr] warning: `translation_api` (lib test) generated 4 warnings (4 duplicates)
[INFO] [stderr]     Finished `test` profile [unoptimized + debuginfo] target(s) in 0.19s
[INFO] [stderr]      Running unittests src/lib.rs (/opt/rustwide/target/debug/deps/translation_api-47f90351b13aff12)
[INFO] [stdout] 
[INFO] [stdout] running 0 tests
[INFO] [stderr]    Doc-tests translation_api
[INFO] [stdout] 
[INFO] [stdout] test result: ok. 0 passed; 0 failed; 0 ignored; 0 measured; 0 filtered out; finished in 0.00s
[INFO] [stdout] 
[INFO] [stdout] 
[INFO] [stdout] running 3 tests
[INFO] [stdout] test src/lib.rs - (line 54) - compile ... FAILED
[INFO] [stdout] test src/lib.rs - (line 80) - compile ... FAILED
[INFO] [stdout] test src/lib.rs - (line 9) - compile ... FAILED
[INFO] [stdout] 
[INFO] [stdout] failures:
[INFO] [stdout] 
[INFO] [stdout] ---- src/lib.rs - (line 54) stdout ----
[INFO] [stdout] error[E0433]: failed to resolve: use of undeclared type `Translate`
[INFO] [stdout]  --> src/lib.rs:58:17
[INFO] [stdout]   |
[INFO] [stdout] 6 | let mut baidu = Translate::Baidu.create();
[INFO] [stdout]   |                 ^^^^^^^^^ use of undeclared type `Translate`
[INFO] [stdout]   |
[INFO] [stdout] help: consider importing this enum
[INFO] [stdout]   |
[INFO] [stdout] 2 + use translation_api::Translate;
[INFO] [stdout]   |
[INFO] [stdout] 
[INFO] [stdout] error[E0433]: failed to resolve: use of undeclared type `Language`
[INFO] [stdout]   --> src/lib.rs:62:16
[INFO] [stdout]    |
[INFO] [stdout] 10 | baidu.set_from(Language::Auto); // default:Language::Auto
[INFO] [stdout]    |                ^^^^^^^^ use of undeclared type `Language`
[INFO] [stdout]    |
[INFO] [stdout] help: consider importing this enum
[INFO] [stdout]    |
[INFO] [stdout] 2  + use translation_api::Language;
[INFO] [stdout]    |
[INFO] [stdout] 
[INFO] [stdout] error[E0433]: failed to resolve: use of undeclared type `Language`
[INFO] [stdout]   --> src/lib.rs:63:14
[INFO] [stdout]    |
[INFO] [stdout] 11 | baidu.set_to(Language::Zh); // default:Language::Zh
[INFO] [stdout]    |              ^^^^^^^^ use of undeclared type `Language`
[INFO] [stdout]    |
[INFO] [stdout] help: consider importing this enum
[INFO] [stdout]    |
[INFO] [stdout] 2  + use translation_api::Language;
[INFO] [stdout]    |
[INFO] [stdout] 
[INFO] [stdout] error[E0433]: failed to resolve: use of undeclared type `DomainType`
[INFO] [stdout]   --> src/lib.rs:64:18
[INFO] [stdout]    |
[INFO] [stdout] 12 | baidu.set_domain(DomainType::Medicine); // default:DomainType::Medicine
[INFO] [stdout]    |                  ^^^^^^^^^^ use of undeclared type `DomainType`
[INFO] [stdout]    |
[INFO] [stdout] help: consider importing this enum
[INFO] [stdout]    |
[INFO] [stdout] 2  + use translation_api::DomainType;
[INFO] [stdout]    |
[INFO] [stdout] 
[INFO] [stdout] error: aborting due to 4 previous errors
[INFO] [stdout] 
[INFO] [stdout] For more information about this error, try `rustc --explain E0433`.
[INFO] [stdout] Couldn't compile the test.
[INFO] [stdout] ---- src/lib.rs - (line 80) stdout ----
[INFO] [stdout] error[E0433]: failed to resolve: use of undeclared type `Translate`
[INFO] [stdout]  --> src/lib.rs:86:17
[INFO] [stdout]   |
[INFO] [stdout] 8 | let mut baidu = Translate::Baidu.create();
[INFO] [stdout]   |                 ^^^^^^^^^ use of undeclared type `Translate`
[INFO] [stdout]   |
[INFO] [stdout] help: consider importing this enum
[INFO] [stdout]   |
[INFO] [stdout] 2 + use translation_api::Translate;
[INFO] [stdout]   |
[INFO] [stdout] 
[INFO] [stdout] error[E0433]: failed to resolve: use of undeclared type `Language`
[INFO] [stdout]   --> src/lib.rs:89:16
[INFO] [stdout]    |
[INFO] [stdout] 11 | baidu.set_from(Language::En);
[INFO] [stdout]    |                ^^^^^^^^ use of undeclared type `Language`
[INFO] [stdout]    |
[INFO] [stdout] help: consider importing this enum
[INFO] [stdout]    |
[INFO] [stdout] 2  + use translation_api::Language;
[INFO] [stdout]    |
[INFO] [stdout] 
[INFO] [stdout] error[E0433]: failed to resolve: use of undeclared type `Language`
[INFO] [stdout]   --> src/lib.rs:90:14
[INFO] [stdout]    |
[INFO] [stdout] 12 | baidu.set_to(Language::Zh);
[INFO] [stdout]    |              ^^^^^^^^ use of undeclared type `Language`
[INFO] [stdout]    |
[INFO] [stdout] help: consider importing this enum
[INFO] [stdout]    |
[INFO] [stdout] 2  + use translation_api::Language;
[INFO] [stdout]    |
[INFO] [stdout] 
[INFO] [stdout] error[E0433]: failed to resolve: use of undeclared type `DomainType`
[INFO] [stdout]   --> src/lib.rs:91:18
[INFO] [stdout]    |
[INFO] [stdout] 13 | baidu.set_domain(DomainType::Medicine);
[INFO] [stdout]    |                  ^^^^^^^^^^ use of undeclared type `DomainType`
[INFO] [stdout]    |
[INFO] [stdout] help: consider importing this enum
[INFO] [stdout]    |
[INFO] [stdout] 2  + use translation_api::DomainType;
[INFO] [stdout]    |
[INFO] [stdout] 
[INFO] [stdout] error: aborting due to 4 previous errors
[INFO] [stdout] 
[INFO] [stdout] For more information about this error, try `rustc --explain E0433`.
[INFO] [stdout] Couldn't compile the test.
[INFO] [stdout] ---- src/lib.rs - (line 9) stdout ----
[INFO] [stdout] error[E0433]: failed to resolve: use of undeclared type `Translate`
[INFO] [stdout]  --> src/lib.rs:13:16
[INFO] [stdout]   |
[INFO] [stdout] 6 | let mut cnki = Translate::Cnki.create();
[INFO] [stdout]   |                ^^^^^^^^^ use of undeclared type `Translate`
[INFO] [stdout]   |
[INFO] [stdout] help: consider importing this enum
[INFO] [stdout]   |
[INFO] [stdout] 2 + use translation_api::Translate;
[INFO] [stdout]   |
[INFO] [stdout] 
[INFO] [stdout] error: aborting due to 1 previous error
[INFO] [stdout] 
[INFO] [stdout] For more information about this error, try `rustc --explain E0433`.
[INFO] [stdout] Couldn't compile the test.
[INFO] [stdout] 
[INFO] [stdout] failures:
[INFO] [stdout]     src/lib.rs - (line 54)
[INFO] [stdout]     src/lib.rs - (line 80)
[INFO] [stdout]     src/lib.rs - (line 9)
[INFO] [stdout] 
[INFO] [stdout] test result: FAILED. 0 passed; 3 failed; 0 ignored; 0 measured; 0 filtered out; finished in 0.14s
[INFO] [stdout] 
[INFO] [stderr] error: doctest failed, to rerun pass `--doc`
[INFO] running `Command { std: "docker" "inspect" "e5e7c65642ad23c35464f904056fbfd4ed528c0fabb04f9a9bcd961d9e672918", kill_on_drop: false }`
[INFO] running `Command { std: "docker" "rm" "-f" "e5e7c65642ad23c35464f904056fbfd4ed528c0fabb04f9a9bcd961d9e672918", kill_on_drop: false }`
[INFO] [stdout] e5e7c65642ad23c35464f904056fbfd4ed528c0fabb04f9a9bcd961d9e672918
