[INFO] fetching crate transient-derive 0.4.1...
[INFO] testing transient-derive-0.4.1 against 1.83.0 for beta-1.84.0-4-retry
[INFO] extracting crate transient-derive 0.4.1 into /workspace/builds/worker-4-tc1/source
[INFO] validating manifest of crates.io crate transient-derive 0.4.1 on toolchain 1.83.0
[INFO] running `Command { std: CARGO_HOME="/workspace/cargo-home" RUSTUP_HOME="/workspace/rustup-home" "/workspace/cargo-home/bin/cargo" "+1.83.0" "metadata" "--manifest-path" "Cargo.toml" "--no-deps", kill_on_drop: false }`
[INFO] started tweaking crates.io crate transient-derive 0.4.1
[INFO] removed 0 missing tests
[INFO] finished tweaking crates.io crate transient-derive 0.4.1
[INFO] tweaked toml for crates.io crate transient-derive 0.4.1 written to /workspace/builds/worker-4-tc1/source/Cargo.toml
[INFO] running `Command { std: CARGO_HOME="/workspace/cargo-home" RUSTUP_HOME="/workspace/rustup-home" "/workspace/cargo-home/bin/cargo" "+1.83.0" "generate-lockfile" "--manifest-path" "Cargo.toml", kill_on_drop: false }`
[INFO] [stderr]     Updating crates.io index
[INFO] [stderr]      Locking 40 packages to latest compatible versions
[INFO] [stderr]       Adding thiserror v1.0.69 (available: v2.0.7)
[INFO] running `Command { std: CARGO_HOME="/workspace/cargo-home" RUSTUP_HOME="/workspace/rustup-home" "/workspace/cargo-home/bin/cargo" "+1.83.0" "fetch" "--manifest-path" "Cargo.toml", kill_on_drop: false }`
[INFO] running `Command { std: "docker" "create" "-v" "/var/lib/crater-agent-workspace/builds/worker-4-tc1/target:/opt/rustwide/target:rw,Z" "-v" "/var/lib/crater-agent-workspace/builds/worker-4-tc1/source:/opt/rustwide/workdir:ro,Z" "-v" "/var/lib/crater-agent-workspace/cargo-home:/opt/rustwide/cargo-home:ro,Z" "-v" "/var/lib/crater-agent-workspace/rustup-home:/opt/rustwide/rustup-home:ro,Z" "-e" "SOURCE_DIR=/opt/rustwide/workdir" "-e" "CARGO_TARGET_DIR=/opt/rustwide/target" "-e" "CARGO_HOME=/opt/rustwide/cargo-home" "-e" "RUSTUP_HOME=/opt/rustwide/rustup-home" "-w" "/opt/rustwide/workdir" "-m" "1610612736" "--user" "0:0" "--network" "none" "ghcr.io/rust-lang/crates-build-env/linux@sha256:f3a9d4ad9d972b27faf3965f35b62e55ba32bbce8f20bc8fe909558a86702fde" "/opt/rustwide/cargo-home/bin/cargo" "+1.83.0" "metadata" "--no-deps" "--format-version=1", kill_on_drop: false }`
[INFO] [stdout] 12454ad3e1ce8a70db102054a94dfea3170a1abb2b336c12d8a4c9262ba2cb6e
[INFO] running `Command { std: "docker" "start" "-a" "12454ad3e1ce8a70db102054a94dfea3170a1abb2b336c12d8a4c9262ba2cb6e", kill_on_drop: false }`
[INFO] running `Command { std: "docker" "inspect" "12454ad3e1ce8a70db102054a94dfea3170a1abb2b336c12d8a4c9262ba2cb6e", kill_on_drop: false }`
[INFO] running `Command { std: "docker" "rm" "-f" "12454ad3e1ce8a70db102054a94dfea3170a1abb2b336c12d8a4c9262ba2cb6e", kill_on_drop: false }`
[INFO] [stdout] 12454ad3e1ce8a70db102054a94dfea3170a1abb2b336c12d8a4c9262ba2cb6e
[INFO] running `Command { std: "docker" "create" "-v" "/var/lib/crater-agent-workspace/builds/worker-4-tc1/target:/opt/rustwide/target:rw,Z" "-v" "/var/lib/crater-agent-workspace/builds/worker-4-tc1/source:/opt/rustwide/workdir:ro,Z" "-v" "/var/lib/crater-agent-workspace/cargo-home:/opt/rustwide/cargo-home:ro,Z" "-v" "/var/lib/crater-agent-workspace/rustup-home:/opt/rustwide/rustup-home:ro,Z" "-e" "SOURCE_DIR=/opt/rustwide/workdir" "-e" "CARGO_TARGET_DIR=/opt/rustwide/target" "-e" "CARGO_INCREMENTAL=0" "-e" "RUST_BACKTRACE=full" "-e" "RUSTFLAGS=--cap-lints=warn" "-e" "RUSTDOCFLAGS=--cap-lints=warn" "-e" "CARGO_HOME=/opt/rustwide/cargo-home" "-e" "RUSTUP_HOME=/opt/rustwide/rustup-home" "-w" "/opt/rustwide/workdir" "-m" "1610612736" "--user" "0:0" "--network" "none" "ghcr.io/rust-lang/crates-build-env/linux@sha256:f3a9d4ad9d972b27faf3965f35b62e55ba32bbce8f20bc8fe909558a86702fde" "/opt/rustwide/cargo-home/bin/cargo" "+1.83.0" "build" "--frozen" "--message-format=json", kill_on_drop: false }`
[INFO] [stdout] 55de03703e82093af761f11983f09752e98f2c7574618e19cf8d17b7099a5e42
[INFO] running `Command { std: "docker" "start" "-a" "55de03703e82093af761f11983f09752e98f2c7574618e19cf8d17b7099a5e42", kill_on_drop: false }`
[INFO] [stderr]    Compiling proc-macro2 v1.0.92
[INFO] [stderr]    Compiling unicode-ident v1.0.14
[INFO] [stderr]    Compiling thiserror v1.0.69
[INFO] [stderr]    Compiling quote v1.0.37
[INFO] [stderr]    Compiling syn v2.0.90
[INFO] [stderr]    Compiling thiserror-impl v1.0.69
[INFO] [stderr]    Compiling transient-derive v0.4.1 (/opt/rustwide/workdir)
[INFO] [stderr]     Finished `dev` profile [unoptimized + debuginfo] target(s) in 9.80s
[INFO] running `Command { std: "docker" "inspect" "55de03703e82093af761f11983f09752e98f2c7574618e19cf8d17b7099a5e42", kill_on_drop: false }`
[INFO] running `Command { std: "docker" "rm" "-f" "55de03703e82093af761f11983f09752e98f2c7574618e19cf8d17b7099a5e42", kill_on_drop: false }`
[INFO] [stdout] 55de03703e82093af761f11983f09752e98f2c7574618e19cf8d17b7099a5e42
[INFO] running `Command { std: "docker" "create" "-v" "/var/lib/crater-agent-workspace/builds/worker-4-tc1/target:/opt/rustwide/target:rw,Z" "-v" "/var/lib/crater-agent-workspace/builds/worker-4-tc1/source:/opt/rustwide/workdir:ro,Z" "-v" "/var/lib/crater-agent-workspace/cargo-home:/opt/rustwide/cargo-home:ro,Z" "-v" "/var/lib/crater-agent-workspace/rustup-home:/opt/rustwide/rustup-home:ro,Z" "-e" "SOURCE_DIR=/opt/rustwide/workdir" "-e" "CARGO_TARGET_DIR=/opt/rustwide/target" "-e" "CARGO_INCREMENTAL=0" "-e" "RUST_BACKTRACE=full" "-e" "RUSTFLAGS=--cap-lints=warn" "-e" "RUSTDOCFLAGS=--cap-lints=warn" "-e" "CARGO_HOME=/opt/rustwide/cargo-home" "-e" "RUSTUP_HOME=/opt/rustwide/rustup-home" "-w" "/opt/rustwide/workdir" "-m" "1610612736" "--user" "0:0" "--network" "none" "ghcr.io/rust-lang/crates-build-env/linux@sha256:f3a9d4ad9d972b27faf3965f35b62e55ba32bbce8f20bc8fe909558a86702fde" "/opt/rustwide/cargo-home/bin/cargo" "+1.83.0" "test" "--frozen" "--no-run" "--message-format=json", kill_on_drop: false }`
[INFO] [stdout] 3f8702e4d4f7247615b5c06bd06882e633395bf28a774d55538617c70fb25c0e
[INFO] running `Command { std: "docker" "start" "-a" "3f8702e4d4f7247615b5c06bd06882e633395bf28a774d55538617c70fb25c0e", kill_on_drop: false }`
[INFO] [stderr]    Compiling unicode-ident v1.0.14
[INFO] [stderr]    Compiling serde v1.0.216
[INFO] [stderr]    Compiling prettyplease v0.2.25
[INFO] [stderr]    Compiling serde_json v1.0.133
[INFO] [stderr]    Compiling proc-macro2 v1.0.92
[INFO] [stderr]    Compiling memchr v2.7.4
[INFO] [stderr]    Compiling hashbrown v0.15.2
[INFO] [stderr]    Compiling itoa v1.0.14
[INFO] [stderr]    Compiling ryu v1.0.18
[INFO] [stderr]    Compiling equivalent v1.0.1
[INFO] [stderr]    Compiling glob v0.3.1
[INFO] [stderr]    Compiling target-triple v0.1.3
[INFO] [stderr]    Compiling winnow v0.6.20
[INFO] [stderr]    Compiling diff v0.1.13
[INFO] [stderr]    Compiling thiserror v1.0.69
[INFO] [stderr]    Compiling termcolor v1.4.1
[INFO] [stderr]    Compiling dissimilar v1.0.9
[INFO] [stderr]    Compiling quote v1.0.37
[INFO] [stderr]    Compiling indexmap v2.7.0
[INFO] [stderr]    Compiling syn v2.0.90
[INFO] [stderr]    Compiling toml_datetime v0.6.8
[INFO] [stderr]    Compiling serde_spanned v0.6.8
[INFO] [stderr]    Compiling basic-toml v0.1.9
[INFO] [stderr]    Compiling toml_edit v0.22.22
[INFO] [stderr]    Compiling serde_derive v1.0.216
[INFO] [stderr]    Compiling thiserror-impl v1.0.69
[INFO] [stderr]    Compiling toml v0.8.19
[INFO] [stderr]    Compiling transient-derive v0.4.1 (/opt/rustwide/workdir)
[INFO] [stderr]    Compiling trybuild v1.0.101
[INFO] [stderr]    Compiling macrotest v1.0.13
[INFO] [stderr]     Finished `test` profile [unoptimized + debuginfo] target(s) in 31.83s
[INFO] running `Command { std: "docker" "inspect" "3f8702e4d4f7247615b5c06bd06882e633395bf28a774d55538617c70fb25c0e", kill_on_drop: false }`
[INFO] running `Command { std: "docker" "rm" "-f" "3f8702e4d4f7247615b5c06bd06882e633395bf28a774d55538617c70fb25c0e", kill_on_drop: false }`
[INFO] [stdout] 3f8702e4d4f7247615b5c06bd06882e633395bf28a774d55538617c70fb25c0e
[INFO] running `Command { std: "docker" "create" "-v" "/var/lib/crater-agent-workspace/builds/worker-4-tc1/target:/opt/rustwide/target:rw,Z" "-v" "/var/lib/crater-agent-workspace/builds/worker-4-tc1/source:/opt/rustwide/workdir:ro,Z" "-v" "/var/lib/crater-agent-workspace/cargo-home:/opt/rustwide/cargo-home:ro,Z" "-v" "/var/lib/crater-agent-workspace/rustup-home:/opt/rustwide/rustup-home:ro,Z" "-e" "SOURCE_DIR=/opt/rustwide/workdir" "-e" "CARGO_TARGET_DIR=/opt/rustwide/target" "-e" "CARGO_INCREMENTAL=0" "-e" "RUST_BACKTRACE=full" "-e" "RUSTFLAGS=--cap-lints=warn" "-e" "RUSTDOCFLAGS=--cap-lints=warn" "-e" "CARGO_HOME=/opt/rustwide/cargo-home" "-e" "RUSTUP_HOME=/opt/rustwide/rustup-home" "-w" "/opt/rustwide/workdir" "-m" "1610612736" "--user" "0:0" "--network" "none" "ghcr.io/rust-lang/crates-build-env/linux@sha256:f3a9d4ad9d972b27faf3965f35b62e55ba32bbce8f20bc8fe909558a86702fde" "/opt/rustwide/cargo-home/bin/cargo" "+1.83.0" "test" "--frozen", kill_on_drop: false }`
[INFO] [stdout] f2bceceffd2748b3ad0304d3b2f20c65bd45f19b597990dae5da0ef479a01469
[INFO] running `Command { std: "docker" "start" "-a" "f2bceceffd2748b3ad0304d3b2f20c65bd45f19b597990dae5da0ef479a01469", kill_on_drop: false }`
[INFO] [stderr]     Finished `test` profile [unoptimized + debuginfo] target(s) in 0.05s
[INFO] [stderr]      Running unittests src/lib.rs (/opt/rustwide/target/debug/deps/transient_derive-cdbb70353f16175c)
[INFO] [stdout] 
[INFO] [stdout] running 0 tests
[INFO] [stdout] 
[INFO] [stdout] test result: ok. 0 passed; 0 failed; 0 ignored; 0 measured; 0 filtered out; finished in 0.00s
[INFO] [stdout] 
[INFO] [stderr]      Running tests/test_derive.rs (/opt/rustwide/target/debug/deps/tests-faaa638006b72948)
[INFO] [stdout] 
[INFO] [stdout] running 3 tests
[INFO] [stderr] error: no such command: `expand`
[INFO] [stderr] 
[INFO] [stderr] 	View all installed commands with `cargo --list`
[INFO] [stderr] 	Find a package to install `expand` with `cargo search cargo-expand`
[INFO] [stderr]    Compiling proc-macro2 v1.0.92
[INFO] [stderr]    Compiling unicode-ident v1.0.14
[INFO] [stderr]    Compiling thiserror v1.0.69
[INFO] [stderr]    Compiling serde v1.0.216
[INFO] [stderr]    Compiling prettyplease v0.2.25
[INFO] [stderr]    Compiling serde_json v1.0.133
[INFO] [stderr]    Compiling itoa v1.0.14
[INFO] [stderr]    Compiling ryu v1.0.18
[INFO] [stderr]    Compiling memchr v2.7.4
[INFO] [stderr]    Compiling glob v0.3.1
[INFO] [stderr]    Compiling diff v0.1.13
[INFO] [stdout] test test_expand ... FAILED
[INFO] [stderr]    Compiling quote v1.0.37
[INFO] [stderr]    Compiling syn v2.0.90
[INFO] [stderr]    Compiling basic-toml v0.1.9
[INFO] [stderr]    Compiling thiserror-impl v1.0.69
[INFO] [stderr]    Compiling serde_derive v1.0.216
[INFO] [stderr]    Compiling transient-derive v0.4.1 (/opt/rustwide/workdir)
[INFO] [stderr]    Compiling macrotest v1.0.13
[INFO] [stderr]    Compiling transient-derive-tests v0.0.0 (/opt/rustwide/target/tests/trybuild/transient-derive)
[INFO] [stderr]     Finished `dev` profile [unoptimized + debuginfo] target(s) in 19.61s
[INFO] [stderr] 
[INFO] [stderr] 
[INFO] [stderr] test tests/pass/01-no-type-params.rs ... error
[INFO] [stderr] ┈┈┈┈┈┈┈┈┈┈┈┈┈┈┈┈┈┈┈┈┈┈┈┈┈┈┈┈┈┈┈┈┈┈┈┈┈┈┈┈┈┈┈┈┈┈┈┈┈┈┈┈┈┈┈┈┈┈┈┈
[INFO] [stderr] error[E0432]: unresolved import `transient`
[INFO] [stderr]  --> tests/pass/01-no-type-params.rs:2:5
[INFO] [stderr]   |
[INFO] [stderr] 2 | use transient::{Transient, Downcast};
[INFO] [stderr]   |     ^^^^^^^^^ use of undeclared crate or module `transient`
[INFO] [stderr] 
[INFO] [stderr] error[E0599]: no method named `erase` found for struct `Box<SS<'_>>` in the current scope
[INFO] [stderr]   --> tests/pass/01-no-type-params.rs:13:49
[INFO] [stderr]    |
[INFO] [stderr] 13 |         let erased = Box::new(original.clone()).erase();
[INFO] [stderr]    |                                                 ^^^^^ method not found in `Box<SS<'_>>`
[INFO] [stderr] 
[INFO] [stderr] error[E0599]: no method named `erase_ref` found for struct `SS` in the current scope
[INFO] [stderr]   --> tests/pass/01-no-type-params.rs:19:31
[INFO] [stderr]    |
[INFO] [stderr] 5  | struct SS<'a> {
[INFO] [stderr]    | ------------- method `erase_ref` not found for this struct
[INFO] [stderr] ...
[INFO] [stderr] 19 |         let erased = original.erase_ref();
[INFO] [stderr]    |                               ^^^^^^^^^ method not found in `SS<'_>`
[INFO] [stderr] 
[INFO] [stderr] error[E0599]: no method named `erase_mut` found for struct `SS` in the current scope
[INFO] [stderr]   --> tests/pass/01-no-type-params.rs:25:31
[INFO] [stderr]    |
[INFO] [stderr] 5  | struct SS<'a> {
[INFO] [stderr]    | ------------- method `erase_mut` not found for this struct
[INFO] [stderr] ...
[INFO] [stderr] 25 |         let erased = original.erase_mut();
[INFO] [stderr]    |                               ^^^^^^^^^ method not found in `SS<'_>`
[INFO] [stderr] ┈┈┈┈┈┈┈┈┈┈┈┈┈┈┈┈┈┈┈┈┈┈┈┈┈┈┈┈┈┈┈┈┈┈┈┈┈┈┈┈┈┈┈┈┈┈┈┈┈┈┈┈┈┈┈┈┈┈┈┈
[INFO] [stderr] 
[INFO] [stderr] test tests/pass/02-one-type-param.rs ... error
[INFO] [stderr] ┈┈┈┈┈┈┈┈┈┈┈┈┈┈┈┈┈┈┈┈┈┈┈┈┈┈┈┈┈┈┈┈┈┈┈┈┈┈┈┈┈┈┈┈┈┈┈┈┈┈┈┈┈┈┈┈┈┈┈┈
[INFO] [stderr] error[E0432]: unresolved import `transient`
[INFO] [stderr]  --> tests/pass/02-one-type-param.rs:2:5
[INFO] [stderr]   |
[INFO] [stderr] 2 | use transient::{Transient, Downcast};
[INFO] [stderr]   |     ^^^^^^^^^ use of undeclared crate or module `transient`
[INFO] [stderr] 
[INFO] [stderr] error[E0599]: no method named `erase` found for struct `Box<S<'_, String>>` in the current scope
[INFO] [stderr]   --> tests/pass/02-one-type-param.rs:15:49
[INFO] [stderr]    |
[INFO] [stderr] 15 |         let erased = Box::new(original.clone()).erase();
[INFO] [stderr]    |                                                 ^^^^^ method not found in `Box<S<'_, String>>`
[INFO] [stderr] 
[INFO] [stderr] error[E0599]: no method named `erase_ref` found for struct `S` in the current scope
[INFO] [stderr]   --> tests/pass/02-one-type-param.rs:21:31
[INFO] [stderr]    |
[INFO] [stderr] 5  | struct S<'a, T> {
[INFO] [stderr]    | --------------- method `erase_ref` not found for this struct
[INFO] [stderr] ...
[INFO] [stderr] 21 |         let erased = original.erase_ref();
[INFO] [stderr]    |                               ^^^^^^^^^ method not found in `S<'_, String>`
[INFO] [stderr] 
[INFO] [stderr] error[E0599]: no method named `erase_mut` found for struct `S` in the current scope
[INFO] [stderr]   --> tests/pass/02-one-type-param.rs:28:29
[INFO] [stderr]    |
[INFO] [stderr] 5  | struct S<'a, T> {
[INFO] [stderr]    | --------------- method `erase_mut` not found for this struct
[INFO] [stderr] ...
[INFO] [stderr] 28 |         let erased = cloned.erase_mut();
[INFO] [stderr]    |                             ^^^^^^^^^ method not found in `S<'_, String>`
[INFO] [stderr] ┈┈┈┈┈┈┈┈┈┈┈┈┈┈┈┈┈┈┈┈┈┈┈┈┈┈┈┈┈┈┈┈┈┈┈┈┈┈┈┈┈┈┈┈┈┈┈┈┈┈┈┈┈┈┈┈┈┈┈┈
[INFO] [stderr] 
[INFO] [stderr] test tests/pass/03-two-type-params.rs ... error
[INFO] [stderr] ┈┈┈┈┈┈┈┈┈┈┈┈┈┈┈┈┈┈┈┈┈┈┈┈┈┈┈┈┈┈┈┈┈┈┈┈┈┈┈┈┈┈┈┈┈┈┈┈┈┈┈┈┈┈┈┈┈┈┈┈
[INFO] [stderr] error[E0432]: unresolved import `transient`
[INFO] [stderr]  --> tests/pass/03-two-type-params.rs:2:5
[INFO] [stderr]   |
[INFO] [stderr] 2 | use transient::{Transient, Downcast};
[INFO] [stderr]   |     ^^^^^^^^^ use of undeclared crate or module `transient`
[INFO] [stderr] 
[INFO] [stderr] error[E0599]: no method named `erase` found for struct `Box<S<'_, String, usize>>` in the current scope
[INFO] [stderr]   --> tests/pass/03-two-type-params.rs:16:49
[INFO] [stderr]    |
[INFO] [stderr] 16 |         let erased = Box::new(original.clone()).erase();
[INFO] [stderr]    |                                                 ^^^^^ method not found in `Box<S<'_, String, usize>>`
[INFO] [stderr] 
[INFO] [stderr] error[E0599]: no method named `erase_ref` found for struct `S` in the current scope
[INFO] [stderr]   --> tests/pass/03-two-type-params.rs:22:31
[INFO] [stderr]    |
[INFO] [stderr] 5  | struct S<'a, T1, T2> {
[INFO] [stderr]    | -------------------- method `erase_ref` not found for this struct
[INFO] [stderr] ...
[INFO] [stderr] 22 |         let erased = original.erase_ref();
[INFO] [stderr]    |                               ^^^^^^^^^ method not found in `S<'_, String, usize>`
[INFO] [stderr] 
[INFO] [stderr] error[E0599]: no method named `erase_mut` found for struct `S` in the current scope
[INFO] [stderr]   --> tests/pass/03-two-type-params.rs:29:29
[INFO] [stderr]    |
[INFO] [stderr] 5  | struct S<'a, T1, T2> {
[INFO] [stderr]    | -------------------- method `erase_mut` not found for this struct
[INFO] [stderr] ...
[INFO] [stderr] 29 |         let erased = cloned.erase_mut();
[INFO] [stderr]    |                             ^^^^^^^^^ method not found in `S<'_, String, usize>`
[INFO] [stderr] ┈┈┈┈┈┈┈┈┈┈┈┈┈┈┈┈┈┈┈┈┈┈┈┈┈┈┈┈┈┈┈┈┈┈┈┈┈┈┈┈┈┈┈┈┈┈┈┈┈┈┈┈┈┈┈┈┈┈┈┈
[INFO] [stderr] 
[INFO] [stderr] test tests/pass/04-no-lifetime.rs ... error
[INFO] [stderr] ┈┈┈┈┈┈┈┈┈┈┈┈┈┈┈┈┈┈┈┈┈┈┈┈┈┈┈┈┈┈┈┈┈┈┈┈┈┈┈┈┈┈┈┈┈┈┈┈┈┈┈┈┈┈┈┈┈┈┈┈
[INFO] [stderr] error[E0432]: unresolved import `transient`
[INFO] [stderr]  --> tests/pass/04-no-lifetime.rs:2:5
[INFO] [stderr]   |
[INFO] [stderr] 2 | use transient::{Transient, Downcast};
[INFO] [stderr]   |     ^^^^^^^^^ use of undeclared crate or module `transient`
[INFO] [stderr] 
[INFO] [stderr] error[E0599]: no method named `erase` found for struct `Box<S<String>>` in the current scope
[INFO] [stderr]   --> tests/pass/04-no-lifetime.rs:14:49
[INFO] [stderr]    |
[INFO] [stderr] 14 |         let erased = Box::new(original.clone()).erase();
[INFO] [stderr]    |                                                 ^^^^^ method not found in `Box<S<String>>`
[INFO] [stderr] 
[INFO] [stderr] error[E0599]: no method named `erase_ref` found for struct `S` in the current scope
[INFO] [stderr]   --> tests/pass/04-no-lifetime.rs:20:31
[INFO] [stderr]    |
[INFO] [stderr] 5  | struct S<T> {
[INFO] [stderr]    | ----------- method `erase_ref` not found for this struct
[INFO] [stderr] ...
[INFO] [stderr] 20 |         let erased = original.erase_ref();
[INFO] [stderr]    |                               ^^^^^^^^^ method not found in `S<String>`
[INFO] [stderr] 
[INFO] [stderr] error[E0599]: no method named `erase_mut` found for struct `S` in the current scope
[INFO] [stderr]   --> tests/pass/04-no-lifetime.rs:27:29
[INFO] [stderr]    |
[INFO] [stderr] 5  | struct S<T> {
[INFO] [stderr]    | ----------- method `erase_mut` not found for this struct
[INFO] [stderr] ...
[INFO] [stderr] 27 |         let erased = cloned.erase_mut();
[INFO] [stderr]    |                             ^^^^^^^^^ method not found in `S<String>`
[INFO] [stderr] ┈┈┈┈┈┈┈┈┈┈┈┈┈┈┈┈┈┈┈┈┈┈┈┈┈┈┈┈┈┈┈┈┈┈┈┈┈┈┈┈┈┈┈┈┈┈┈┈┈┈┈┈┈┈┈┈┈┈┈┈
[INFO] [stderr] 
[INFO] [stderr] test tests/pass/05-covariant.rs ... error
[INFO] [stderr] ┈┈┈┈┈┈┈┈┈┈┈┈┈┈┈┈┈┈┈┈┈┈┈┈┈┈┈┈┈┈┈┈┈┈┈┈┈┈┈┈┈┈┈┈┈┈┈┈┈┈┈┈┈┈┈┈┈┈┈┈
[INFO] [stderr] error[E0432]: unresolved import `transient`
[INFO] [stderr]  --> tests/pass/05-covariant.rs:2:5
[INFO] [stderr]   |
[INFO] [stderr] 2 | use transient::{Any, Co, Downcast, Inv, Transient};
[INFO] [stderr]   |     ^^^^^^^^^ use of undeclared crate or module `transient`
[INFO] [stderr] 
[INFO] [stderr] error: cannot find attribute `covariant` in this scope
[INFO] [stderr]  --> tests/pass/05-covariant.rs:5:3
[INFO] [stderr]   |
[INFO] [stderr] 5 | #[covariant(a)]
[INFO] [stderr]   |   ^^^^^^^^^
[INFO] [stderr] 
[INFO] [stderr] error: cannot find attribute `covariant` in this scope
[INFO] [stderr]   --> tests/pass/05-covariant.rs:11:3
[INFO] [stderr]    |
[INFO] [stderr] 11 | #[covariant(a)]
[INFO] [stderr]    |   ^^^^^^^^^
[INFO] [stderr] ┈┈┈┈┈┈┈┈┈┈┈┈┈┈┈┈┈┈┈┈┈┈┈┈┈┈┈┈┈┈┈┈┈┈┈┈┈┈┈┈┈┈┈┈┈┈┈┈┈┈┈┈┈┈┈┈┈┈┈┈
[INFO] [stderr] 
[INFO] [stderr] test tests/pass/06-contravariant.rs ... error
[INFO] [stderr] ┈┈┈┈┈┈┈┈┈┈┈┈┈┈┈┈┈┈┈┈┈┈┈┈┈┈┈┈┈┈┈┈┈┈┈┈┈┈┈┈┈┈┈┈┈┈┈┈┈┈┈┈┈┈┈┈┈┈┈┈
[INFO] [stderr] error[E0432]: unresolved import `transient`
[INFO] [stderr]  --> tests/pass/06-contravariant.rs:2:5
[INFO] [stderr]   |
[INFO] [stderr] 2 | use transient::{Any, Contra, Downcast, Inv, Transient};
[INFO] [stderr]   |     ^^^^^^^^^ use of undeclared crate or module `transient`
[INFO] [stderr] 
[INFO] [stderr] error: cannot find attribute `contravariant` in this scope
[INFO] [stderr]   --> tests/pass/06-contravariant.rs:11:3
[INFO] [stderr]    |
[INFO] [stderr] 11 | #[contravariant(a)]
[INFO] [stderr]    |   ^^^^^^^^^^^^^
[INFO] [stderr] 
[INFO] [stderr] error: cannot find attribute `contravariant` in this scope
[INFO] [stderr]  --> tests/pass/06-contravariant.rs:5:3
[INFO] [stderr]   |
[INFO] [stderr] 5 | #[contravariant(a)]
[INFO] [stderr]   |   ^^^^^^^^^^^^^
[INFO] [stderr] ┈┈┈┈┈┈┈┈┈┈┈┈┈┈┈┈┈┈┈┈┈┈┈┈┈┈┈┈┈┈┈┈┈┈┈┈┈┈┈┈┈┈┈┈┈┈┈┈┈┈┈┈┈┈┈┈┈┈┈┈
[INFO] [stderr] 
[INFO] [stdout] test test_pass ... FAILED
[INFO] [stderr] test tests/pass/07-alternate-crate.rs ... error
[INFO] [stderr] ┈┈┈┈┈┈┈┈┈┈┈┈┈┈┈┈┈┈┈┈┈┈┈┈┈┈┈┈┈┈┈┈┈┈┈┈┈┈┈┈┈┈┈┈┈┈┈┈┈┈┈┈┈┈┈┈┈┈┈┈
[INFO] [stderr] error[E0432]: unresolved import `transient`
[INFO] [stderr]  --> tests/pass/07-alternate-crate.rs:5:13
[INFO] [stderr]   |
[INFO] [stderr] 5 |     pub use transient;
[INFO] [stderr]   |             ^^^^^^^^^ no external crate `transient`
[INFO] [stderr] ┈┈┈┈┈┈┈┈┈┈┈┈┈┈┈┈┈┈┈┈┈┈┈┈┈┈┈┈┈┈┈┈┈┈┈┈┈┈┈┈┈┈┈┈┈┈┈┈┈┈┈┈┈┈┈┈┈┈┈┈
[INFO] [stderr] 
[INFO] [stderr] 
[INFO] [stderr] 
[INFO] [stderr]     Checking unicode-ident v1.0.14
[INFO] [stderr]     Checking itoa v1.0.14
[INFO] [stderr]     Checking ryu v1.0.18
[INFO] [stderr]     Checking memchr v2.7.4
[INFO] [stderr]     Checking glob v0.3.1
[INFO] [stderr]     Checking diff v0.1.13
[INFO] [stderr]     Checking serde v1.0.216
[INFO] [stderr]     Checking thiserror v1.0.69
[INFO] [stderr]     Checking proc-macro2 v1.0.92
[INFO] [stderr]     Checking quote v1.0.37
[INFO] [stderr]     Checking syn v2.0.90
[INFO] [stderr]     Checking basic-toml v0.1.9
[INFO] [stderr]     Checking serde_json v1.0.133
[INFO] [stderr]     Checking prettyplease v0.2.25
[INFO] [stderr]     Checking macrotest v1.0.13
[INFO] [stderr]     Checking transient-derive-tests v0.0.0 (/opt/rustwide/target/tests/trybuild/transient-derive)
[INFO] [stderr]     Finished `dev` profile [unoptimized + debuginfo] target(s) in 4.92s
[INFO] [stderr] 
[INFO] [stderr] 
[INFO] [stderr] test tests/fail/01-too-many-lifetimes.rs ... mismatch
[INFO] [stderr] 
[INFO] [stderr] EXPECTED:
[INFO] [stderr] ┈┈┈┈┈┈┈┈┈┈┈┈┈┈┈┈┈┈┈┈┈┈┈┈┈┈┈┈┈┈┈┈┈┈┈┈┈┈┈┈┈┈┈┈┈┈┈┈┈┈┈┈┈┈┈┈┈┈┈┈
[INFO] [stderr] error: At most 5 lifetime parameters are allowed!
[INFO] [stderr]  --> tests/fail/01-too-many-lifetimes.rs:5:30
[INFO] [stderr]   |
[INFO] [stderr] 5 | struct S<'a, 'b, 'c, 'd, 'e, 'f, T> {
[INFO] [stderr]   |                              ^^
[INFO] [stderr] ┈┈┈┈┈┈┈┈┈┈┈┈┈┈┈┈┈┈┈┈┈┈┈┈┈┈┈┈┈┈┈┈┈┈┈┈┈┈┈┈┈┈┈┈┈┈┈┈┈┈┈┈┈┈┈┈┈┈┈┈
[INFO] [stderr] 
[INFO] [stderr] ACTUAL OUTPUT:
[INFO] [stderr] ┈┈┈┈┈┈┈┈┈┈┈┈┈┈┈┈┈┈┈┈┈┈┈┈┈┈┈┈┈┈┈┈┈┈┈┈┈┈┈┈┈┈┈┈┈┈┈┈┈┈┈┈┈┈┈┈┈┈┈┈
[INFO] [stderr] error[E0432]: unresolved import `transient`
[INFO] [stderr]  --> tests/fail/01-too-many-lifetimes.rs:2:5
[INFO] [stderr]   |
[INFO] [stderr] 2 | use transient::Transient;
[INFO] [stderr]   |     ^^^^^^^^^ use of undeclared crate or module `transient`
[INFO] [stderr] ┈┈┈┈┈┈┈┈┈┈┈┈┈┈┈┈┈┈┈┈┈┈┈┈┈┈┈┈┈┈┈┈┈┈┈┈┈┈┈┈┈┈┈┈┈┈┈┈┈┈┈┈┈┈┈┈┈┈┈┈
[INFO] [stderr] note: If the actual output is the correct output you can bless it by rerunning
[INFO] [stderr]       your test with the environment variable TRYBUILD=overwrite
[INFO] [stderr] 
[INFO] [stderr] test tests/fail/02-unrecognized-lifetime.rs ... mismatch
[INFO] [stderr] 
[INFO] [stderr] EXPECTED:
[INFO] [stderr] ┈┈┈┈┈┈┈┈┈┈┈┈┈┈┈┈┈┈┈┈┈┈┈┈┈┈┈┈┈┈┈┈┈┈┈┈┈┈┈┈┈┈┈┈┈┈┈┈┈┈┈┈┈┈┈┈┈┈┈┈
[INFO] [stderr] error: Variance declared for an invalid lifetime `'a`!
[INFO] [stderr]  --> tests/fail/02-unrecognized-lifetime.rs:5:13
[INFO] [stderr]   |
[INFO] [stderr] 5 | #[covariant(a)]
[INFO] [stderr]   |             ^
[INFO] [stderr] ┈┈┈┈┈┈┈┈┈┈┈┈┈┈┈┈┈┈┈┈┈┈┈┈┈┈┈┈┈┈┈┈┈┈┈┈┈┈┈┈┈┈┈┈┈┈┈┈┈┈┈┈┈┈┈┈┈┈┈┈
[INFO] [stderr] 
[INFO] [stderr] ACTUAL OUTPUT:
[INFO] [stderr] ┈┈┈┈┈┈┈┈┈┈┈┈┈┈┈┈┈┈┈┈┈┈┈┈┈┈┈┈┈┈┈┈┈┈┈┈┈┈┈┈┈┈┈┈┈┈┈┈┈┈┈┈┈┈┈┈┈┈┈┈
[INFO] [stderr] error[E0432]: unresolved import `transient`
[INFO] [stderr]  --> tests/fail/02-unrecognized-lifetime.rs:2:5
[INFO] [stderr]   |
[INFO] [stderr] 2 | use transient::Transient;
[INFO] [stderr]   |     ^^^^^^^^^ use of undeclared crate or module `transient`
[INFO] [stderr] 
[INFO] [stderr] error: cannot find attribute `covariant` in this scope
[INFO] [stderr]  --> tests/fail/02-unrecognized-lifetime.rs:5:3
[INFO] [stderr]   |
[INFO] [stderr] 5 | #[covariant(a)]
[INFO] [stderr]   |   ^^^^^^^^^
[INFO] [stderr] ┈┈┈┈┈┈┈┈┈┈┈┈┈┈┈┈┈┈┈┈┈┈┈┈┈┈┈┈┈┈┈┈┈┈┈┈┈┈┈┈┈┈┈┈┈┈┈┈┈┈┈┈┈┈┈┈┈┈┈┈
[INFO] [stderr] note: If the actual output is the correct output you can bless it by rerunning
[INFO] [stderr]       your test with the environment variable TRYBUILD=overwrite
[INFO] [stderr] 
[INFO] [stderr] test tests/fail/03-contra-declared-co.rs ... mismatch
[INFO] [stderr] 
[INFO] [stderr] EXPECTED:
[INFO] [stderr] ┈┈┈┈┈┈┈┈┈┈┈┈┈┈┈┈┈┈┈┈┈┈┈┈┈┈┈┈┈┈┈┈┈┈┈┈┈┈┈┈┈┈┈┈┈┈┈┈┈┈┈┈┈┈┈┈┈┈┈┈
[INFO] [stderr] error: lifetime may not live long enough
[INFO] [stderr]  --> tests/fail/03-contra-declared-co.rs:3:10
[INFO] [stderr]   |
[INFO] [stderr] 3 | #[derive(Transient)]
[INFO] [stderr]   |          ^^^^^^^^^ function was supposed to return data with lifetime `'__long` but it is returning data with lifetime `'a`
[INFO] [stderr] 4 | #[covariant(a)]
[INFO] [stderr]   |   --------- lifetime `'__long` defined here
[INFO] [stderr] 5 | struct ContravariantType<'a, T> {
[INFO] [stderr]   |                          -- lifetime `'a` defined here
[INFO] [stderr]   |
[INFO] [stderr]   = help: consider adding the following bound: `'a: '__long`
[INFO] [stderr]   = note: this error originates in the derive macro `Transient` (in Nightly builds, run with -Z macro-backtrace for more info)
[INFO] [stderr] ┈┈┈┈┈┈┈┈┈┈┈┈┈┈┈┈┈┈┈┈┈┈┈┈┈┈┈┈┈┈┈┈┈┈┈┈┈┈┈┈┈┈┈┈┈┈┈┈┈┈┈┈┈┈┈┈┈┈┈┈
[INFO] [stderr] 
[INFO] [stderr] ACTUAL OUTPUT:
[INFO] [stderr] ┈┈┈┈┈┈┈┈┈┈┈┈┈┈┈┈┈┈┈┈┈┈┈┈┈┈┈┈┈┈┈┈┈┈┈┈┈┈┈┈┈┈┈┈┈┈┈┈┈┈┈┈┈┈┈┈┈┈┈┈
[INFO] [stderr] error[E0432]: unresolved import `transient`
[INFO] [stderr]  --> tests/fail/03-contra-declared-co.rs:1:5
[INFO] [stderr]   |
[INFO] [stderr] 1 | use transient::Transient;
[INFO] [stderr]   |     ^^^^^^^^^ use of undeclared crate or module `transient`
[INFO] [stderr] 
[INFO] [stderr] error: cannot find attribute `covariant` in this scope
[INFO] [stderr]  --> tests/fail/03-contra-declared-co.rs:4:3
[INFO] [stderr]   |
[INFO] [stderr] 4 | #[covariant(a)]
[INFO] [stderr]   |   ^^^^^^^^^
[INFO] [stderr] ┈┈┈┈┈┈┈┈┈┈┈┈┈┈┈┈┈┈┈┈┈┈┈┈┈┈┈┈┈┈┈┈┈┈┈┈┈┈┈┈┈┈┈┈┈┈┈┈┈┈┈┈┈┈┈┈┈┈┈┈
[INFO] [stderr] note: If the actual output is the correct output you can bless it by rerunning
[INFO] [stderr]       your test with the environment variable TRYBUILD=overwrite
[INFO] [stderr] 
[INFO] [stderr] test tests/fail/04-inv-declared-co.rs ... mismatch
[INFO] [stderr] 
[INFO] [stderr] EXPECTED:
[INFO] [stderr] ┈┈┈┈┈┈┈┈┈┈┈┈┈┈┈┈┈┈┈┈┈┈┈┈┈┈┈┈┈┈┈┈┈┈┈┈┈┈┈┈┈┈┈┈┈┈┈┈┈┈┈┈┈┈┈┈┈┈┈┈
[INFO] [stderr] error: lifetime may not live long enough
[INFO] [stderr]  --> tests/fail/04-inv-declared-co.rs:3:10
[INFO] [stderr]   |
[INFO] [stderr] 3 | #[derive(Transient)]
[INFO] [stderr]   |          ^^^^^^^^^ function was supposed to return data with lifetime `'__long` but it is returning data with lifetime `'a`
[INFO] [stderr] 4 | #[covariant(a)]
[INFO] [stderr]   |   --------- lifetime `'__long` defined here
[INFO] [stderr] 5 | struct InvariantType<'a, T> {
[INFO] [stderr]   |                      -- lifetime `'a` defined here
[INFO] [stderr]   |
[INFO] [stderr]   = help: consider adding the following bound: `'a: '__long`
[INFO] [stderr]   = note: requirement occurs because of the type `InvariantType<'_, T>`, which makes the generic argument `'_` invariant
[INFO] [stderr]   = note: the struct `InvariantType<'a, T>` is invariant over the parameter `'a`
[INFO] [stderr]   = help: see <https://doc.rust-lang.org/nomicon/subtyping.html> for more information about variance
[INFO] [stderr]   = note: this error originates in the derive macro `Transient` (in Nightly builds, run with -Z macro-backtrace for more info)
[INFO] [stderr] ┈┈┈┈┈┈┈┈┈┈┈┈┈┈┈┈┈┈┈┈┈┈┈┈┈┈┈┈┈┈┈┈┈┈┈┈┈┈┈┈┈┈┈┈┈┈┈┈┈┈┈┈┈┈┈┈┈┈┈┈
[INFO] [stderr] 
[INFO] [stderr] ACTUAL OUTPUT:
[INFO] [stderr] ┈┈┈┈┈┈┈┈┈┈┈┈┈┈┈┈┈┈┈┈┈┈┈┈┈┈┈┈┈┈┈┈┈┈┈┈┈┈┈┈┈┈┈┈┈┈┈┈┈┈┈┈┈┈┈┈┈┈┈┈
[INFO] [stderr] error[E0432]: unresolved import `transient`
[INFO] [stderr]  --> tests/fail/04-inv-declared-co.rs:1:5
[INFO] [stderr]   |
[INFO] [stderr] 1 | use transient::Transient;
[INFO] [stderr]   |     ^^^^^^^^^ use of undeclared crate or module `transient`
[INFO] [stderr] 
[INFO] [stderr] error: cannot find attribute `covariant` in this scope
[INFO] [stderr]  --> tests/fail/04-inv-declared-co.rs:4:3
[INFO] [stderr]   |
[INFO] [stderr] 4 | #[covariant(a)]
[INFO] [stderr]   |   ^^^^^^^^^
[INFO] [stderr] ┈┈┈┈┈┈┈┈┈┈┈┈┈┈┈┈┈┈┈┈┈┈┈┈┈┈┈┈┈┈┈┈┈┈┈┈┈┈┈┈┈┈┈┈┈┈┈┈┈┈┈┈┈┈┈┈┈┈┈┈
[INFO] [stderr] note: If the actual output is the correct output you can bless it by rerunning
[INFO] [stderr]       your test with the environment variable TRYBUILD=overwrite
[INFO] [stderr] 
[INFO] [stderr] test tests/fail/05-co-declared-contra.rs ... mismatch
[INFO] [stderr] 
[INFO] [stderr] EXPECTED:
[INFO] [stderr] ┈┈┈┈┈┈┈┈┈┈┈┈┈┈┈┈┈┈┈┈┈┈┈┈┈┈┈┈┈┈┈┈┈┈┈┈┈┈┈┈┈┈┈┈┈┈┈┈┈┈┈┈┈┈┈┈┈┈┈┈
[INFO] [stderr] error: lifetime may not live long enough
[INFO] [stderr]  --> tests/fail/05-co-declared-contra.rs:3:10
[INFO] [stderr]   |
[INFO] [stderr] 3 | #[derive(Transient)]
[INFO] [stderr]   |          ^^^^^^^^^ function was supposed to return data with lifetime `'a` but it is returning data with lifetime `'__short`
[INFO] [stderr] 4 | #[contravariant(a)]
[INFO] [stderr]   |   ------------- lifetime `'__short` defined here
[INFO] [stderr] 5 | struct CovariantType<'a, T> {
[INFO] [stderr]   |                      -- lifetime `'a` defined here
[INFO] [stderr]   |
[INFO] [stderr]   = help: consider adding the following bound: `'__short: 'a`
[INFO] [stderr]   = note: this error originates in the derive macro `Transient` (in Nightly builds, run with -Z macro-backtrace for more info)
[INFO] [stderr] ┈┈┈┈┈┈┈┈┈┈┈┈┈┈┈┈┈┈┈┈┈┈┈┈┈┈┈┈┈┈┈┈┈┈┈┈┈┈┈┈┈┈┈┈┈┈┈┈┈┈┈┈┈┈┈┈┈┈┈┈
[INFO] [stderr] 
[INFO] [stderr] ACTUAL OUTPUT:
[INFO] [stderr] ┈┈┈┈┈┈┈┈┈┈┈┈┈┈┈┈┈┈┈┈┈┈┈┈┈┈┈┈┈┈┈┈┈┈┈┈┈┈┈┈┈┈┈┈┈┈┈┈┈┈┈┈┈┈┈┈┈┈┈┈
[INFO] [stderr] error[E0432]: unresolved import `transient`
[INFO] [stderr]  --> tests/fail/05-co-declared-contra.rs:1:5
[INFO] [stderr]   |
[INFO] [stderr] 1 | use transient::Transient;
[INFO] [stderr]   |     ^^^^^^^^^ use of undeclared crate or module `transient`
[INFO] [stderr] 
[INFO] [stderr] error: cannot find attribute `contravariant` in this scope
[INFO] [stderr]  --> tests/fail/05-co-declared-contra.rs:4:3
[INFO] [stderr]   |
[INFO] [stderr] 4 | #[contravariant(a)]
[INFO] [stderr]   |   ^^^^^^^^^^^^^
[INFO] [stderr] ┈┈┈┈┈┈┈┈┈┈┈┈┈┈┈┈┈┈┈┈┈┈┈┈┈┈┈┈┈┈┈┈┈┈┈┈┈┈┈┈┈┈┈┈┈┈┈┈┈┈┈┈┈┈┈┈┈┈┈┈
[INFO] [stderr] note: If the actual output is the correct output you can bless it by rerunning
[INFO] [stderr]       your test with the environment variable TRYBUILD=overwrite
[INFO] [stderr] 
[INFO] [stderr] test tests/fail/06-inv-declared-contra.rs ... mismatch
[INFO] [stderr] 
[INFO] [stderr] EXPECTED:
[INFO] [stderr] ┈┈┈┈┈┈┈┈┈┈┈┈┈┈┈┈┈┈┈┈┈┈┈┈┈┈┈┈┈┈┈┈┈┈┈┈┈┈┈┈┈┈┈┈┈┈┈┈┈┈┈┈┈┈┈┈┈┈┈┈
[INFO] [stderr] error: lifetime may not live long enough
[INFO] [stderr]  --> tests/fail/06-inv-declared-contra.rs:3:10
[INFO] [stderr]   |
[INFO] [stderr] 3 | #[derive(Transient)]
[INFO] [stderr]   |          ^^^^^^^^^ function was supposed to return data with lifetime `'a` but it is returning data with lifetime `'__short`
[INFO] [stderr] 4 | #[contravariant(a)]
[INFO] [stderr]   |   ------------- lifetime `'__short` defined here
[INFO] [stderr] 5 | struct InvariantType<'a, T> {
[INFO] [stderr]   |                      -- lifetime `'a` defined here
[INFO] [stderr]   |
[INFO] [stderr]   = help: consider adding the following bound: `'__short: 'a`
[INFO] [stderr]   = note: requirement occurs because of the type `InvariantType<'_, T>`, which makes the generic argument `'_` invariant
[INFO] [stderr]   = note: the struct `InvariantType<'a, T>` is invariant over the parameter `'a`
[INFO] [stderr]   = help: see <https://doc.rust-lang.org/nomicon/subtyping.html> for more information about variance
[INFO] [stderr]   = note: this error originates in the derive macro `Transient` (in Nightly builds, run with -Z macro-backtrace for more info)
[INFO] [stderr] ┈┈┈┈┈┈┈┈┈┈┈┈┈┈┈┈┈┈┈┈┈┈┈┈┈┈┈┈┈┈┈┈┈┈┈┈┈┈┈┈┈┈┈┈┈┈┈┈┈┈┈┈┈┈┈┈┈┈┈┈
[INFO] [stderr] 
[INFO] [stderr] ACTUAL OUTPUT:
[INFO] [stderr] ┈┈┈┈┈┈┈┈┈┈┈┈┈┈┈┈┈┈┈┈┈┈┈┈┈┈┈┈┈┈┈┈┈┈┈┈┈┈┈┈┈┈┈┈┈┈┈┈┈┈┈┈┈┈┈┈┈┈┈┈
[INFO] [stderr] error[E0432]: unresolved import `transient`
[INFO] [stderr]  --> tests/fail/06-inv-declared-contra.rs:1:5
[INFO] [stderr]   |
[INFO] [stderr] 1 | use transient::Transient;
[INFO] [stderr]   |     ^^^^^^^^^ use of undeclared crate or module `transient`
[INFO] [stderr] 
[INFO] [stderr] error: cannot find attribute `contravariant` in this scope
[INFO] [stderr]  --> tests/fail/06-inv-declared-contra.rs:4:3
[INFO] [stderr]   |
[INFO] [stderr] 4 | #[contravariant(a)]
[INFO] [stderr]   |   ^^^^^^^^^^^^^
[INFO] [stderr] ┈┈┈┈┈┈┈┈┈┈┈┈┈┈┈┈┈┈┈┈┈┈┈┈┈┈┈┈┈┈┈┈┈┈┈┈┈┈┈┈┈┈┈┈┈┈┈┈┈┈┈┈┈┈┈┈┈┈┈┈
[INFO] [stderr] note: If the actual output is the correct output you can bless it by rerunning
[INFO] [stderr]       your test with the environment variable TRYBUILD=overwrite
[INFO] [stderr] 
[INFO] [stderr] test tests/fail/07-duplicate-variances.rs ... mismatch
[INFO] [stderr] 
[INFO] [stderr] EXPECTED:
[INFO] [stderr] ┈┈┈┈┈┈┈┈┈┈┈┈┈┈┈┈┈┈┈┈┈┈┈┈┈┈┈┈┈┈┈┈┈┈┈┈┈┈┈┈┈┈┈┈┈┈┈┈┈┈┈┈┈┈┈┈┈┈┈┈
[INFO] [stderr] error: Duplicate variance specification! 'covariant' replaced by 'contravariant'
[INFO] [stderr]  --> tests/fail/07-duplicate-variances.rs:5:3
[INFO] [stderr]   |
[INFO] [stderr] 5 | #[contravariant(a)]
[INFO] [stderr]   |   ^^^^^^^^^^^^^
[INFO] [stderr] 
[INFO] [stderr] error: Duplicate variance specification! 'covariant' replaced by 'contravariant'
[INFO] [stderr]   --> tests/fail/07-duplicate-variances.rs:12:3
[INFO] [stderr]    |
[INFO] [stderr] 12 | #[contravariant(a)]
[INFO] [stderr]    |   ^^^^^^^^^^^^^
[INFO] [stderr] 
[INFO] [stderr] error: Duplicate variance specification! 'covariant' replaced by 'covariant'
[INFO] [stderr]   --> tests/fail/07-duplicate-variances.rs:18:3
[INFO] [stderr]    |
[INFO] [stderr] 18 | #[covariant(a, a)]
[INFO] [stderr]    |   ^^^^^^^^^
[INFO] [stderr] ┈┈┈┈┈┈┈┈┈┈┈┈┈┈┈┈┈┈┈┈┈┈┈┈┈┈┈┈┈┈┈┈┈┈┈┈┈┈┈┈┈┈┈┈┈┈┈┈┈┈┈┈┈┈┈┈┈┈┈┈
[INFO] [stderr] 
[INFO] [stderr] ACTUAL OUTPUT:
[INFO] [stderr] ┈┈┈┈┈┈┈┈┈┈┈┈┈┈┈┈┈┈┈┈┈┈┈┈┈┈┈┈┈┈┈┈┈┈┈┈┈┈┈┈┈┈┈┈┈┈┈┈┈┈┈┈┈┈┈┈┈┈┈┈
[INFO] [stderr] error[E0432]: unresolved import `transient`
[INFO] [stderr]  --> tests/fail/07-duplicate-variances.rs:1:5
[INFO] [stderr]   |
[INFO] [stderr] 1 | use transient::Transient;
[INFO] [stderr]   |     ^^^^^^^^^ use of undeclared crate or module `transient`
[INFO] [stderr] 
[INFO] [stderr] error: cannot find attribute `covariant` in this scope
[INFO] [stderr]   --> tests/fail/07-duplicate-variances.rs:18:3
[INFO] [stderr]    |
[INFO] [stderr] 18 | #[covariant(a, a)]
[INFO] [stderr]    |   ^^^^^^^^^
[INFO] [stderr] 
[INFO] [stderr] error: cannot find attribute `covariant` in this scope
[INFO] [stderr]   --> tests/fail/07-duplicate-variances.rs:11:3
[INFO] [stderr]    |
[INFO] [stderr] 11 | #[covariant]
[INFO] [stderr]    |   ^^^^^^^^^
[INFO] [stderr] 
[INFO] [stderr] error: cannot find attribute `contravariant` in this scope
[INFO] [stderr]   --> tests/fail/07-duplicate-variances.rs:12:3
[INFO] [stderr]    |
[INFO] [stderr] 12 | #[contravariant(a)]
[INFO] [stderr]    |   ^^^^^^^^^^^^^
[INFO] [stderr] 
[INFO] [stderr] error: cannot find attribute `covariant` in this scope
[INFO] [stderr]  --> tests/fail/07-duplicate-variances.rs:4:3
[INFO] [stderr]   |
[INFO] [stderr] 4 | #[covariant(a)]
[INFO] [stderr]   |   ^^^^^^^^^
[INFO] [stderr] 
[INFO] [stderr] error: cannot find attribute `contravariant` in this scope
[INFO] [stderr]  --> tests/fail/07-duplicate-variances.rs:5:3
[INFO] [stderr]   |
[INFO] [stderr] 5 | #[contravariant(a)]
[INFO] [stderr]   |   ^^^^^^^^^^^^^
[INFO] [stderr] ┈┈┈┈┈┈┈┈┈┈┈┈┈┈┈┈┈┈┈┈┈┈┈┈┈┈┈┈┈┈┈┈┈┈┈┈┈┈┈┈┈┈┈┈┈┈┈┈┈┈┈┈┈┈┈┈┈┈┈┈
[INFO] [stderr] note: If the actual output is the correct output you can bless it by rerunning
[INFO] [stderr]       your test with the environment variable TRYBUILD=overwrite
[INFO] [stderr] 
[INFO] [stderr] 
[INFO] [stderr] 
[INFO] [stdout] test test_fail ... FAILED
[INFO] [stdout] 
[INFO] [stdout] failures:
[INFO] [stdout] 
[INFO] [stdout] ---- test_expand stdout ----
[INFO] [stdout] Running 5 macro expansion tests
[INFO] [stdout] Expansion error:
[INFO] [stdout] error: no such command: `expand`
[INFO] [stdout] 
[INFO] [stdout] 	View all installed commands with `cargo --list`
[INFO] [stdout] 	Find a package to install `expand` with `cargo search cargo-expand`
[INFO] [stdout] 
[INFO] [stdout] Expansion error:
[INFO] [stdout] error: no such command: `expand`
[INFO] [stdout] 
[INFO] [stdout] 	View all installed commands with `cargo --list`
[INFO] [stdout] 	Find a package to install `expand` with `cargo search cargo-expand`
[INFO] [stdout] 
[INFO] [stdout] Expansion error:
[INFO] [stdout] error: no such command: `expand`
[INFO] [stdout] 
[INFO] [stdout] 	View all installed commands with `cargo --list`
[INFO] [stdout] 	Find a package to install `expand` with `cargo search cargo-expand`
[INFO] [stdout] 
[INFO] [stdout] Expansion error:
[INFO] [stdout] error: no such command: `expand`
[INFO] [stdout] 
[INFO] [stdout] 	View all installed commands with `cargo --list`
[INFO] [stdout] 	Find a package to install `expand` with `cargo search cargo-expand`
[INFO] [stdout] 
[INFO] [stdout] Expansion error:
[INFO] [stdout] error: no such command: `expand`
[INFO] [stdout] 
[INFO] [stdout] 	View all installed commands with `cargo --list`
[INFO] [stdout] 	Find a package to install `expand` with `cargo search cargo-expand`
[INFO] [stdout] 
[INFO] [stdout] 
[INFO] [stdout] 
[INFO] [stdout] 
[INFO] [stdout] thread 'test_expand' panicked at /opt/rustwide/cargo-home/registry/src/index.crates.io-6f17d22bba15001f/macrotest-1.0.13/src/expand.rs:174:9:
[INFO] [stdout] 5 of 5 tests failed
[INFO] [stdout] stack backtrace:
[INFO] [stdout]    0:     0x5aff647184aa - std::backtrace_rs::backtrace::libunwind::trace::h5a5b8284f2d0c266
[INFO] [stdout]                                at /rustc/90b35a6239c3d8bdabc530a6a0816f7ff89a0aaf/library/std/src/../../backtrace/src/backtrace/libunwind.rs:116:5
[INFO] [stdout]    1:     0x5aff647184aa - std::backtrace_rs::backtrace::trace_unsynchronized::h76d4f1c9b0b875e3
[INFO] [stdout]                                at /rustc/90b35a6239c3d8bdabc530a6a0816f7ff89a0aaf/library/std/src/../../backtrace/src/backtrace/mod.rs:66:5
[INFO] [stdout]    2:     0x5aff647184aa - std::sys::backtrace::_print_fmt::hc4546b8364a537c6
[INFO] [stdout]                                at /rustc/90b35a6239c3d8bdabc530a6a0816f7ff89a0aaf/library/std/src/sys/backtrace.rs:66:9
[INFO] [stdout]    3:     0x5aff647184aa - <std::sys::backtrace::BacktraceLock::print::DisplayBacktrace as core::fmt::Display>::fmt::h5b6bd5631a6d1f6b
[INFO] [stdout]                                at /rustc/90b35a6239c3d8bdabc530a6a0816f7ff89a0aaf/library/std/src/sys/backtrace.rs:39:26
[INFO] [stdout]    4:     0x5aff64741c03 - core::fmt::rt::Argument::fmt::h270f6602a2b96f62
[INFO] [stdout]                                at /rustc/90b35a6239c3d8bdabc530a6a0816f7ff89a0aaf/library/core/src/fmt/rt.rs:177:76
[INFO] [stdout]    5:     0x5aff64741c03 - core::fmt::write::h7550c97b06c86515
[INFO] [stdout]                                at /rustc/90b35a6239c3d8bdabc530a6a0816f7ff89a0aaf/library/core/src/fmt/mod.rs:1186:21
[INFO] [stdout]    6:     0x5aff647149d3 - std::io::Write::write_fmt::h509ff860e5956e5e
[INFO] [stdout]                                at /rustc/90b35a6239c3d8bdabc530a6a0816f7ff89a0aaf/library/std/src/io/mod.rs:1839:15
[INFO] [stdout]    7:     0x5aff647182f2 - std::sys::backtrace::BacktraceLock::print::h2395ccd2c84ba3aa
[INFO] [stdout]                                at /rustc/90b35a6239c3d8bdabc530a6a0816f7ff89a0aaf/library/std/src/sys/backtrace.rs:42:9
[INFO] [stdout]    8:     0x5aff64719f0a - std::panicking::default_hook::{{closure}}::he19d4c7230e07961
[INFO] [stdout]                                at /rustc/90b35a6239c3d8bdabc530a6a0816f7ff89a0aaf/library/std/src/panicking.rs:268:22
[INFO] [stdout]    9:     0x5aff64719d14 - std::panicking::default_hook::hf614597d3c67bbdb
[INFO] [stdout]                                at /rustc/90b35a6239c3d8bdabc530a6a0816f7ff89a0aaf/library/std/src/panicking.rs:292:9
[INFO] [stdout]   10:     0x5aff646e1f79 - <alloc::boxed::Box<F,A> as core::ops::function::Fn<Args>>::call::h39b51ce4599c23d1
[INFO] [stdout]                                at /rustc/90b35a6239c3d8bdabc530a6a0816f7ff89a0aaf/library/alloc/src/boxed.rs:2468:9
[INFO] [stdout]   11:     0x5aff646e1f79 - test::test_main::{{closure}}::he977ae839a582784
[INFO] [stdout]                                at /rustc/90b35a6239c3d8bdabc530a6a0816f7ff89a0aaf/library/test/src/lib.rs:133:21
[INFO] [stdout]   12:     0x5aff6471a5a8 - <alloc::boxed::Box<F,A> as core::ops::function::Fn<Args>>::call::h9455091b6b06f9fb
[INFO] [stdout]                                at /rustc/90b35a6239c3d8bdabc530a6a0816f7ff89a0aaf/library/alloc/src/boxed.rs:2468:9
[INFO] [stdout]   13:     0x5aff6471a5a8 - std::panicking::rust_panic_with_hook::h8942133a8b252070
[INFO] [stdout]                                at /rustc/90b35a6239c3d8bdabc530a6a0816f7ff89a0aaf/library/std/src/panicking.rs:809:13
[INFO] [stdout]   14:     0x5aff6471a36a - std::panicking::begin_panic_handler::{{closure}}::hb5f5963570096b29
[INFO] [stdout]                                at /rustc/90b35a6239c3d8bdabc530a6a0816f7ff89a0aaf/library/std/src/panicking.rs:674:13
[INFO] [stdout]   15:     0x5aff64718989 - std::sys::backtrace::__rust_end_short_backtrace::h6208cedc1922feda
[INFO] [stdout]                                at /rustc/90b35a6239c3d8bdabc530a6a0816f7ff89a0aaf/library/std/src/sys/backtrace.rs:170:18
[INFO] [stdout]   16:     0x5aff64719ffc - rust_begin_unwind
[INFO] [stdout]                                at /rustc/90b35a6239c3d8bdabc530a6a0816f7ff89a0aaf/library/std/src/panicking.rs:665:5
[INFO] [stdout]   17:     0x5aff64169eb0 - core::panicking::panic_fmt::h0c3082644d1bf418
[INFO] [stdout]                                at /rustc/90b35a6239c3d8bdabc530a6a0816f7ff89a0aaf/library/core/src/panicking.rs:74:14
[INFO] [stdout]   18:     0x5aff641715ab - macrotest::expand::run_tests::he1fb7e276c97c368
[INFO] [stdout]                                at /opt/rustwide/cargo-home/registry/src/index.crates.io-6f17d22bba15001f/macrotest-1.0.13/src/expand.rs:174:9
[INFO] [stdout]   19:     0x5aff64171015 - macrotest::expand::expand::h337eb0489202b016
[INFO] [stdout]                                at /opt/rustwide/cargo-home/registry/src/index.crates.io-6f17d22bba15001f/macrotest-1.0.13/src/expand.rs:58:5
[INFO] [stdout]   20:     0x5aff64172522 - tests::test_expand::h35e17bf5e4938c2c
[INFO] [stdout]                                at /opt/rustwide/workdir/tests/test_derive.rs:15:5
[INFO] [stdout]   21:     0x5aff641724f7 - tests::test_expand::{{closure}}::h8e44a8f97df4afbd
[INFO] [stdout]                                at /opt/rustwide/workdir/tests/test_derive.rs:14:17
[INFO] [stdout]   22:     0x5aff6416bd06 - core::ops::function::FnOnce::call_once::he4555151dcf92522
[INFO] [stdout]                                at /rustc/90b35a6239c3d8bdabc530a6a0816f7ff89a0aaf/library/core/src/ops/function.rs:250:5
[INFO] [stdout]   23:     0x5aff646e693b - core::ops::function::FnOnce::call_once::h109cf8051a59b34e
[INFO] [stdout]                                at /rustc/90b35a6239c3d8bdabc530a6a0816f7ff89a0aaf/library/core/src/ops/function.rs:250:5
[INFO] [stdout]   24:     0x5aff646e693b - test::__rust_begin_short_backtrace::hf4fff89d377446ba
[INFO] [stdout]                                at /rustc/90b35a6239c3d8bdabc530a6a0816f7ff89a0aaf/library/test/src/lib.rs:621:18
[INFO] [stdout]   25:     0x5aff646e6177 - test::run_test_in_process::{{closure}}::h0e39181dd7ee5a43
[INFO] [stdout]                                at /rustc/90b35a6239c3d8bdabc530a6a0816f7ff89a0aaf/library/test/src/lib.rs:644:60
[INFO] [stdout]   26:     0x5aff646e6177 - <core::panic::unwind_safe::AssertUnwindSafe<F> as core::ops::function::FnOnce<()>>::call_once::hc5a66a30f0bdfd1f
[INFO] [stdout]                                at /rustc/90b35a6239c3d8bdabc530a6a0816f7ff89a0aaf/library/core/src/panic/unwind_safe.rs:272:9
[INFO] [stdout]   27:     0x5aff646e6177 - std::panicking::try::do_call::h873b7cf639554a5e
[INFO] [stdout]                                at /rustc/90b35a6239c3d8bdabc530a6a0816f7ff89a0aaf/library/std/src/panicking.rs:557:40
[INFO] [stdout]   28:     0x5aff646e6177 - std::panicking::try::hdb19862fad9c8bd1
[INFO] [stdout]                                at /rustc/90b35a6239c3d8bdabc530a6a0816f7ff89a0aaf/library/std/src/panicking.rs:520:19
[INFO] [stdout]   29:     0x5aff646e6177 - std::panic::catch_unwind::h281fe732d236d260
[INFO] [stdout]                                at /rustc/90b35a6239c3d8bdabc530a6a0816f7ff89a0aaf/library/std/src/panic.rs:358:14
[INFO] [stdout]   30:     0x5aff646e6177 - test::run_test_in_process::h949b6df8457ed338
[INFO] [stdout]                                at /rustc/90b35a6239c3d8bdabc530a6a0816f7ff89a0aaf/library/test/src/lib.rs:644:27
[INFO] [stdout]   31:     0x5aff646e6177 - test::run_test::{{closure}}::h52c556a6d4740e10
[INFO] [stdout]                                at /rustc/90b35a6239c3d8bdabc530a6a0816f7ff89a0aaf/library/test/src/lib.rs:565:43
[INFO] [stdout]   32:     0x5aff646ab454 - test::run_test::{{closure}}::h4237f6381c45ccb9
[INFO] [stdout]                                at /rustc/90b35a6239c3d8bdabc530a6a0816f7ff89a0aaf/library/test/src/lib.rs:595:41
[INFO] [stdout]   33:     0x5aff646ab454 - std::sys::backtrace::__rust_begin_short_backtrace::h505c97a579eca628
[INFO] [stdout]                                at /rustc/90b35a6239c3d8bdabc530a6a0816f7ff89a0aaf/library/std/src/sys/backtrace.rs:154:18
[INFO] [stdout]   34:     0x5aff646aeb1e - std::thread::Builder::spawn_unchecked_::{{closure}}::{{closure}}::h9e86b2e2bc107ea3
[INFO] [stdout]                                at /rustc/90b35a6239c3d8bdabc530a6a0816f7ff89a0aaf/library/std/src/thread/mod.rs:538:17
[INFO] [stdout]   35:     0x5aff646aeb1e - <core::panic::unwind_safe::AssertUnwindSafe<F> as core::ops::function::FnOnce<()>>::call_once::h8b06ddb275ff4a25
[INFO] [stdout]                                at /rustc/90b35a6239c3d8bdabc530a6a0816f7ff89a0aaf/library/core/src/panic/unwind_safe.rs:272:9
[INFO] [stderr] error: test failed, to rerun pass `--test tests`
[INFO] [stdout]   36:     0x5aff646aeb1e - std::panicking::try::do_call::hb26ecd7cd9a9355d
[INFO] [stdout]                                at /rustc/90b35a6239c3d8bdabc530a6a0816f7ff89a0aaf/library/std/src/panicking.rs:557:40
[INFO] [stdout]   37:     0x5aff646aeb1e - std::panicking::try::h8ddeca9d705f9069
[INFO] [stdout]                                at /rustc/90b35a6239c3d8bdabc530a6a0816f7ff89a0aaf/library/std/src/panicking.rs:520:19
[INFO] [stdout]   38:     0x5aff646aeb1e - std::panic::catch_unwind::h49e1c33078844c46
[INFO] [stdout]                                at /rustc/90b35a6239c3d8bdabc530a6a0816f7ff89a0aaf/library/std/src/panic.rs:358:14
[INFO] [stdout]   39:     0x5aff646aeb1e - std::thread::Builder::spawn_unchecked_::{{closure}}::h6073db6ff56ad35d
[INFO] [stdout]                                at /rustc/90b35a6239c3d8bdabc530a6a0816f7ff89a0aaf/library/std/src/thread/mod.rs:537:30
[INFO] [stdout]   40:     0x5aff646aeb1e - core::ops::function::FnOnce::call_once{{vtable.shim}}::h2c5a5f3779c774f1
[INFO] [stdout]                                at /rustc/90b35a6239c3d8bdabc530a6a0816f7ff89a0aaf/library/core/src/ops/function.rs:250:5
[INFO] [stdout]   41:     0x5aff6471faeb - <alloc::boxed::Box<F,A> as core::ops::function::FnOnce<Args>>::call_once::hf75717d9f28faebf
[INFO] [stdout]                                at /rustc/90b35a6239c3d8bdabc530a6a0816f7ff89a0aaf/library/alloc/src/boxed.rs:2454:9
[INFO] [stdout]   42:     0x5aff6471faeb - <alloc::boxed::Box<F,A> as core::ops::function::FnOnce<Args>>::call_once::h7bd883a5f3c5f3c1
[INFO] [stdout]                                at /rustc/90b35a6239c3d8bdabc530a6a0816f7ff89a0aaf/library/alloc/src/boxed.rs:2454:9
[INFO] [stdout]   43:     0x5aff6471faeb - std::sys::pal::unix::thread::Thread::new::thread_start::hcc78f3943333fa94
[INFO] [stdout]                                at /rustc/90b35a6239c3d8bdabc530a6a0816f7ff89a0aaf/library/std/src/sys/pal/unix/thread.rs:105:17
[INFO] [stdout]   44:     0x7b926cd45ac3 - <unknown>
[INFO] [stdout]   45:     0x7b926cdd6a04 - clone
[INFO] [stdout]   46:                0x0 - <unknown>
[INFO] [stdout] 
[INFO] [stdout] ---- test_pass stdout ----
[INFO] [stdout] thread 'test_pass' panicked at /opt/rustwide/cargo-home/registry/src/index.crates.io-6f17d22bba15001f/trybuild-1.0.101/src/run.rs:101:13:
[INFO] [stdout] 7 of 7 tests failed
[INFO] [stdout] stack backtrace:
[INFO] [stdout]    0:     0x5aff647184aa - std::backtrace_rs::backtrace::libunwind::trace::h5a5b8284f2d0c266
[INFO] [stdout]                                at /rustc/90b35a6239c3d8bdabc530a6a0816f7ff89a0aaf/library/std/src/../../backtrace/src/backtrace/libunwind.rs:116:5
[INFO] [stdout]    1:     0x5aff647184aa - std::backtrace_rs::backtrace::trace_unsynchronized::h76d4f1c9b0b875e3
[INFO] [stdout]                                at /rustc/90b35a6239c3d8bdabc530a6a0816f7ff89a0aaf/library/std/src/../../backtrace/src/backtrace/mod.rs:66:5
[INFO] [stdout]    2:     0x5aff647184aa - std::sys::backtrace::_print_fmt::hc4546b8364a537c6
[INFO] [stdout]                                at /rustc/90b35a6239c3d8bdabc530a6a0816f7ff89a0aaf/library/std/src/sys/backtrace.rs:66:9
[INFO] [stdout]    3:     0x5aff647184aa - <std::sys::backtrace::BacktraceLock::print::DisplayBacktrace as core::fmt::Display>::fmt::h5b6bd5631a6d1f6b
[INFO] [stdout]                                at /rustc/90b35a6239c3d8bdabc530a6a0816f7ff89a0aaf/library/std/src/sys/backtrace.rs:39:26
[INFO] [stdout]    4:     0x5aff64741c03 - core::fmt::rt::Argument::fmt::h270f6602a2b96f62
[INFO] [stdout]                                at /rustc/90b35a6239c3d8bdabc530a6a0816f7ff89a0aaf/library/core/src/fmt/rt.rs:177:76
[INFO] [stdout]    5:     0x5aff64741c03 - core::fmt::write::h7550c97b06c86515
[INFO] [stdout]                                at /rustc/90b35a6239c3d8bdabc530a6a0816f7ff89a0aaf/library/core/src/fmt/mod.rs:1186:21
[INFO] [stdout]    6:     0x5aff647149d3 - std::io::Write::write_fmt::h509ff860e5956e5e
[INFO] [stdout]                                at /rustc/90b35a6239c3d8bdabc530a6a0816f7ff89a0aaf/library/std/src/io/mod.rs:1839:15
[INFO] [stdout]    7:     0x5aff647182f2 - std::sys::backtrace::BacktraceLock::print::h2395ccd2c84ba3aa
[INFO] [stdout]                                at /rustc/90b35a6239c3d8bdabc530a6a0816f7ff89a0aaf/library/std/src/sys/backtrace.rs:42:9
[INFO] [stdout]    8:     0x5aff64719f0a - std::panicking::default_hook::{{closure}}::he19d4c7230e07961
[INFO] [stdout]                                at /rustc/90b35a6239c3d8bdabc530a6a0816f7ff89a0aaf/library/std/src/panicking.rs:268:22
[INFO] [stdout]    9:     0x5aff64719d14 - std::panicking::default_hook::hf614597d3c67bbdb
[INFO] [stdout]                                at /rustc/90b35a6239c3d8bdabc530a6a0816f7ff89a0aaf/library/std/src/panicking.rs:292:9
[INFO] [stdout]   10:     0x5aff646e1f79 - <alloc::boxed::Box<F,A> as core::ops::function::Fn<Args>>::call::h39b51ce4599c23d1
[INFO] [stdout]                                at /rustc/90b35a6239c3d8bdabc530a6a0816f7ff89a0aaf/library/alloc/src/boxed.rs:2468:9
[INFO] [stdout]   11:     0x5aff646e1f79 - test::test_main::{{closure}}::he977ae839a582784
[INFO] [stdout]                                at /rustc/90b35a6239c3d8bdabc530a6a0816f7ff89a0aaf/library/test/src/lib.rs:133:21
[INFO] [stdout]   12:     0x5aff6471a5a8 - <alloc::boxed::Box<F,A> as core::ops::function::Fn<Args>>::call::h9455091b6b06f9fb
[INFO] [stdout]                                at /rustc/90b35a6239c3d8bdabc530a6a0816f7ff89a0aaf/library/alloc/src/boxed.rs:2468:9
[INFO] [stdout]   13:     0x5aff6471a5a8 - std::panicking::rust_panic_with_hook::h8942133a8b252070
[INFO] [stdout]                                at /rustc/90b35a6239c3d8bdabc530a6a0816f7ff89a0aaf/library/std/src/panicking.rs:809:13
[INFO] [stdout]   14:     0x5aff6471a36a - std::panicking::begin_panic_handler::{{closure}}::hb5f5963570096b29
[INFO] [stdout]                                at /rustc/90b35a6239c3d8bdabc530a6a0816f7ff89a0aaf/library/std/src/panicking.rs:674:13
[INFO] [stdout]   15:     0x5aff64718989 - std::sys::backtrace::__rust_end_short_backtrace::h6208cedc1922feda
[INFO] [stdout]                                at /rustc/90b35a6239c3d8bdabc530a6a0816f7ff89a0aaf/library/std/src/sys/backtrace.rs:170:18
[INFO] [stdout]   16:     0x5aff64719ffc - rust_begin_unwind
[INFO] [stdout]                                at /rustc/90b35a6239c3d8bdabc530a6a0816f7ff89a0aaf/library/std/src/panicking.rs:665:5
[INFO] [stdout]   17:     0x5aff64169eb0 - core::panicking::panic_fmt::h0c3082644d1bf418
[INFO] [stdout]                                at /rustc/90b35a6239c3d8bdabc530a6a0816f7ff89a0aaf/library/core/src/panicking.rs:74:14
[INFO] [stdout]   18:     0x5aff6445a5bf - trybuild::run::<impl trybuild::Runner>::run::h892b272a946d9cec
[INFO] [stdout]                                at /opt/rustwide/cargo-home/registry/src/index.crates.io-6f17d22bba15001f/trybuild-1.0.101/src/run.rs:101:13
[INFO] [stdout]   19:     0x5aff6445fac8 - <trybuild::TestCases as core::ops::drop::Drop>::drop::hb64d9713176e7fe8
[INFO] [stdout]                                at /opt/rustwide/cargo-home/registry/src/index.crates.io-6f17d22bba15001f/trybuild-1.0.101/src/lib.rs:340:13
[INFO] [stdout]   20:     0x5aff6416bdd7 - core::ptr::drop_in_place<trybuild::TestCases>::he17e2dad90f8c9be
[INFO] [stdout]                                at /rustc/90b35a6239c3d8bdabc530a6a0816f7ff89a0aaf/library/core/src/ptr/mod.rs:574:1
[INFO] [stdout]   21:     0x5aff64172423 - tests::test_pass::hcf0019ad6d32fe77
[INFO] [stdout]                                at /opt/rustwide/workdir/tests/test_derive.rs:5:1
[INFO] [stdout]   22:     0x5aff641723b7 - tests::test_pass::{{closure}}::hbc3cc908ab8e06e0
[INFO] [stdout]                                at /opt/rustwide/workdir/tests/test_derive.rs:2:15
[INFO] [stdout]   23:     0x5aff6416bd46 - core::ops::function::FnOnce::call_once::hed1687b41da3878a
[INFO] [stdout]                                at /rustc/90b35a6239c3d8bdabc530a6a0816f7ff89a0aaf/library/core/src/ops/function.rs:250:5
[INFO] [stdout]   24:     0x5aff646e693b - core::ops::function::FnOnce::call_once::h109cf8051a59b34e
[INFO] [stdout]                                at /rustc/90b35a6239c3d8bdabc530a6a0816f7ff89a0aaf/library/core/src/ops/function.rs:250:5
[INFO] [stdout]   25:     0x5aff646e693b - test::__rust_begin_short_backtrace::hf4fff89d377446ba
[INFO] [stdout]                                at /rustc/90b35a6239c3d8bdabc530a6a0816f7ff89a0aaf/library/test/src/lib.rs:621:18
[INFO] [stdout]   26:     0x5aff646e6177 - test::run_test_in_process::{{closure}}::h0e39181dd7ee5a43
[INFO] [stdout]                                at /rustc/90b35a6239c3d8bdabc530a6a0816f7ff89a0aaf/library/test/src/lib.rs:644:60
[INFO] [stdout]   27:     0x5aff646e6177 - <core::panic::unwind_safe::AssertUnwindSafe<F> as core::ops::function::FnOnce<()>>::call_once::hc5a66a30f0bdfd1f
[INFO] [stdout]                                at /rustc/90b35a6239c3d8bdabc530a6a0816f7ff89a0aaf/library/core/src/panic/unwind_safe.rs:272:9
[INFO] [stdout]   28:     0x5aff646e6177 - std::panicking::try::do_call::h873b7cf639554a5e
[INFO] [stdout]                                at /rustc/90b35a6239c3d8bdabc530a6a0816f7ff89a0aaf/library/std/src/panicking.rs:557:40
[INFO] [stdout]   29:     0x5aff646e6177 - std::panicking::try::hdb19862fad9c8bd1
[INFO] [stdout]                                at /rustc/90b35a6239c3d8bdabc530a6a0816f7ff89a0aaf/library/std/src/panicking.rs:520:19
[INFO] [stdout]   30:     0x5aff646e6177 - std::panic::catch_unwind::h281fe732d236d260
[INFO] [stdout]                                at /rustc/90b35a6239c3d8bdabc530a6a0816f7ff89a0aaf/library/std/src/panic.rs:358:14
[INFO] [stdout]   31:     0x5aff646e6177 - test::run_test_in_process::h949b6df8457ed338
[INFO] [stdout]                                at /rustc/90b35a6239c3d8bdabc530a6a0816f7ff89a0aaf/library/test/src/lib.rs:644:27
[INFO] [stdout]   32:     0x5aff646e6177 - test::run_test::{{closure}}::h52c556a6d4740e10
[INFO] [stdout]                                at /rustc/90b35a6239c3d8bdabc530a6a0816f7ff89a0aaf/library/test/src/lib.rs:565:43
[INFO] [stdout]   33:     0x5aff646ab454 - test::run_test::{{closure}}::h4237f6381c45ccb9
[INFO] [stdout]                                at /rustc/90b35a6239c3d8bdabc530a6a0816f7ff89a0aaf/library/test/src/lib.rs:595:41
[INFO] [stdout]   34:     0x5aff646ab454 - std::sys::backtrace::__rust_begin_short_backtrace::h505c97a579eca628
[INFO] [stdout]                                at /rustc/90b35a6239c3d8bdabc530a6a0816f7ff89a0aaf/library/std/src/sys/backtrace.rs:154:18
[INFO] [stdout]   35:     0x5aff646aeb1e - std::thread::Builder::spawn_unchecked_::{{closure}}::{{closure}}::h9e86b2e2bc107ea3
[INFO] [stdout]                                at /rustc/90b35a6239c3d8bdabc530a6a0816f7ff89a0aaf/library/std/src/thread/mod.rs:538:17
[INFO] [stdout]   36:     0x5aff646aeb1e - <core::panic::unwind_safe::AssertUnwindSafe<F> as core::ops::function::FnOnce<()>>::call_once::h8b06ddb275ff4a25
[INFO] [stdout]                                at /rustc/90b35a6239c3d8bdabc530a6a0816f7ff89a0aaf/library/core/src/panic/unwind_safe.rs:272:9
[INFO] [stdout]   37:     0x5aff646aeb1e - std::panicking::try::do_call::hb26ecd7cd9a9355d
[INFO] [stdout]                                at /rustc/90b35a6239c3d8bdabc530a6a0816f7ff89a0aaf/library/std/src/panicking.rs:557:40
[INFO] [stdout]   38:     0x5aff646aeb1e - std::panicking::try::h8ddeca9d705f9069
[INFO] [stdout]                                at /rustc/90b35a6239c3d8bdabc530a6a0816f7ff89a0aaf/library/std/src/panicking.rs:520:19
[INFO] [stdout]   39:     0x5aff646aeb1e - std::panic::catch_unwind::h49e1c33078844c46
[INFO] [stdout]                                at /rustc/90b35a6239c3d8bdabc530a6a0816f7ff89a0aaf/library/std/src/panic.rs:358:14
[INFO] [stdout]   40:     0x5aff646aeb1e - std::thread::Builder::spawn_unchecked_::{{closure}}::h6073db6ff56ad35d
[INFO] [stdout]                                at /rustc/90b35a6239c3d8bdabc530a6a0816f7ff89a0aaf/library/std/src/thread/mod.rs:537:30
[INFO] [stdout]   41:     0x5aff646aeb1e - core::ops::function::FnOnce::call_once{{vtable.shim}}::h2c5a5f3779c774f1
[INFO] [stdout]                                at /rustc/90b35a6239c3d8bdabc530a6a0816f7ff89a0aaf/library/core/src/ops/function.rs:250:5
[INFO] [stdout]   42:     0x5aff6471faeb - <alloc::boxed::Box<F,A> as core::ops::function::FnOnce<Args>>::call_once::hf75717d9f28faebf
[INFO] [stdout]                                at /rustc/90b35a6239c3d8bdabc530a6a0816f7ff89a0aaf/library/alloc/src/boxed.rs:2454:9
[INFO] [stdout]   43:     0x5aff6471faeb - <alloc::boxed::Box<F,A> as core::ops::function::FnOnce<Args>>::call_once::h7bd883a5f3c5f3c1
[INFO] [stdout]                                at /rustc/90b35a6239c3d8bdabc530a6a0816f7ff89a0aaf/library/alloc/src/boxed.rs:2454:9
[INFO] [stdout]   44:     0x5aff6471faeb - std::sys::pal::unix::thread::Thread::new::thread_start::hcc78f3943333fa94
[INFO] [stdout]                                at /rustc/90b35a6239c3d8bdabc530a6a0816f7ff89a0aaf/library/std/src/sys/pal/unix/thread.rs:105:17
[INFO] [stdout]   45:     0x7b926cd45ac3 - <unknown>
[INFO] [stdout]   46:     0x7b926cdd6a04 - clone
[INFO] [stdout]   47:                0x0 - <unknown>
[INFO] [stdout] 
[INFO] [stdout] ---- test_fail stdout ----
[INFO] [stdout] thread 'test_fail' panicked at /opt/rustwide/cargo-home/registry/src/index.crates.io-6f17d22bba15001f/trybuild-1.0.101/src/run.rs:101:13:
[INFO] [stdout] 7 of 7 tests failed
[INFO] [stdout] stack backtrace:
[INFO] [stdout]    0:     0x5aff647184aa - std::backtrace_rs::backtrace::libunwind::trace::h5a5b8284f2d0c266
[INFO] [stdout]                                at /rustc/90b35a6239c3d8bdabc530a6a0816f7ff89a0aaf/library/std/src/../../backtrace/src/backtrace/libunwind.rs:116:5
[INFO] [stdout]    1:     0x5aff647184aa - std::backtrace_rs::backtrace::trace_unsynchronized::h76d4f1c9b0b875e3
[INFO] [stdout]                                at /rustc/90b35a6239c3d8bdabc530a6a0816f7ff89a0aaf/library/std/src/../../backtrace/src/backtrace/mod.rs:66:5
[INFO] [stdout]    2:     0x5aff647184aa - std::sys::backtrace::_print_fmt::hc4546b8364a537c6
[INFO] [stdout]                                at /rustc/90b35a6239c3d8bdabc530a6a0816f7ff89a0aaf/library/std/src/sys/backtrace.rs:66:9
[INFO] [stdout]    3:     0x5aff647184aa - <std::sys::backtrace::BacktraceLock::print::DisplayBacktrace as core::fmt::Display>::fmt::h5b6bd5631a6d1f6b
[INFO] [stdout]                                at /rustc/90b35a6239c3d8bdabc530a6a0816f7ff89a0aaf/library/std/src/sys/backtrace.rs:39:26
[INFO] [stdout]    4:     0x5aff64741c03 - core::fmt::rt::Argument::fmt::h270f6602a2b96f62
[INFO] [stdout]                                at /rustc/90b35a6239c3d8bdabc530a6a0816f7ff89a0aaf/library/core/src/fmt/rt.rs:177:76
[INFO] [stdout]    5:     0x5aff64741c03 - core::fmt::write::h7550c97b06c86515
[INFO] [stdout]                                at /rustc/90b35a6239c3d8bdabc530a6a0816f7ff89a0aaf/library/core/src/fmt/mod.rs:1186:21
[INFO] [stdout]    6:     0x5aff647149d3 - std::io::Write::write_fmt::h509ff860e5956e5e
[INFO] [stdout]                                at /rustc/90b35a6239c3d8bdabc530a6a0816f7ff89a0aaf/library/std/src/io/mod.rs:1839:15
[INFO] [stdout]    7:     0x5aff647182f2 - std::sys::backtrace::BacktraceLock::print::h2395ccd2c84ba3aa
[INFO] [stdout]                                at /rustc/90b35a6239c3d8bdabc530a6a0816f7ff89a0aaf/library/std/src/sys/backtrace.rs:42:9
[INFO] [stdout]    8:     0x5aff64719f0a - std::panicking::default_hook::{{closure}}::he19d4c7230e07961
[INFO] [stdout]                                at /rustc/90b35a6239c3d8bdabc530a6a0816f7ff89a0aaf/library/std/src/panicking.rs:268:22
[INFO] [stdout]    9:     0x5aff64719d14 - std::panicking::default_hook::hf614597d3c67bbdb
[INFO] [stdout]                                at /rustc/90b35a6239c3d8bdabc530a6a0816f7ff89a0aaf/library/std/src/panicking.rs:292:9
[INFO] [stdout]   10:     0x5aff646e1f79 - <alloc::boxed::Box<F,A> as core::ops::function::Fn<Args>>::call::h39b51ce4599c23d1
[INFO] [stdout]                                at /rustc/90b35a6239c3d8bdabc530a6a0816f7ff89a0aaf/library/alloc/src/boxed.rs:2468:9
[INFO] [stdout]   11:     0x5aff646e1f79 - test::test_main::{{closure}}::he977ae839a582784
[INFO] [stdout]                                at /rustc/90b35a6239c3d8bdabc530a6a0816f7ff89a0aaf/library/test/src/lib.rs:133:21
[INFO] [stdout]   12:     0x5aff6471a5a8 - <alloc::boxed::Box<F,A> as core::ops::function::Fn<Args>>::call::h9455091b6b06f9fb
[INFO] [stdout]                                at /rustc/90b35a6239c3d8bdabc530a6a0816f7ff89a0aaf/library/alloc/src/boxed.rs:2468:9
[INFO] [stdout]   13:     0x5aff6471a5a8 - std::panicking::rust_panic_with_hook::h8942133a8b252070
[INFO] [stdout]                                at /rustc/90b35a6239c3d8bdabc530a6a0816f7ff89a0aaf/library/std/src/panicking.rs:809:13
[INFO] [stdout]   14:     0x5aff6471a36a - std::panicking::begin_panic_handler::{{closure}}::hb5f5963570096b29
[INFO] [stdout]                                at /rustc/90b35a6239c3d8bdabc530a6a0816f7ff89a0aaf/library/std/src/panicking.rs:674:13
[INFO] [stdout]   15:     0x5aff64718989 - std::sys::backtrace::__rust_end_short_backtrace::h6208cedc1922feda
[INFO] [stdout]                                at /rustc/90b35a6239c3d8bdabc530a6a0816f7ff89a0aaf/library/std/src/sys/backtrace.rs:170:18
[INFO] [stdout]   16:     0x5aff64719ffc - rust_begin_unwind
[INFO] [stdout]                                at /rustc/90b35a6239c3d8bdabc530a6a0816f7ff89a0aaf/library/std/src/panicking.rs:665:5
[INFO] [stdout]   17:     0x5aff64169eb0 - core::panicking::panic_fmt::h0c3082644d1bf418
[INFO] [stdout]                                at /rustc/90b35a6239c3d8bdabc530a6a0816f7ff89a0aaf/library/core/src/panicking.rs:74:14
[INFO] [stdout]   18:     0x5aff6445a5bf - trybuild::run::<impl trybuild::Runner>::run::h892b272a946d9cec
[INFO] [stdout]                                at /opt/rustwide/cargo-home/registry/src/index.crates.io-6f17d22bba15001f/trybuild-1.0.101/src/run.rs:101:13
[INFO] [stdout]   19:     0x5aff6445fac8 - <trybuild::TestCases as core::ops::drop::Drop>::drop::hb64d9713176e7fe8
[INFO] [stdout]                                at /opt/rustwide/cargo-home/registry/src/index.crates.io-6f17d22bba15001f/trybuild-1.0.101/src/lib.rs:340:13
[INFO] [stdout]   20:     0x5aff6416bdd7 - core::ptr::drop_in_place<trybuild::TestCases>::he17e2dad90f8c9be
[INFO] [stdout]                                at /rustc/90b35a6239c3d8bdabc530a6a0816f7ff89a0aaf/library/core/src/ptr/mod.rs:574:1
[INFO] [stdout]   21:     0x5aff641724c3 - tests::test_fail::h238e2a55bc1d2061
[INFO] [stdout]                                at /opt/rustwide/workdir/tests/test_derive.rs:11:1
[INFO] [stdout]   22:     0x5aff64172457 - tests::test_fail::{{closure}}::hfc4000c11886849e
[INFO] [stdout]                                at /opt/rustwide/workdir/tests/test_derive.rs:8:15
[INFO] [stdout]   23:     0x5aff6416bc76 - core::ops::function::FnOnce::call_once::h14e6144299734e9f
[INFO] [stdout]                                at /rustc/90b35a6239c3d8bdabc530a6a0816f7ff89a0aaf/library/core/src/ops/function.rs:250:5
[INFO] [stdout]   24:     0x5aff646e693b - core::ops::function::FnOnce::call_once::h109cf8051a59b34e
[INFO] [stdout]                                at /rustc/90b35a6239c3d8bdabc530a6a0816f7ff89a0aaf/library/core/src/ops/function.rs:250:5
[INFO] [stdout]   25:     0x5aff646e693b - test::__rust_begin_short_backtrace::hf4fff89d377446ba
[INFO] [stdout]                                at /rustc/90b35a6239c3d8bdabc530a6a0816f7ff89a0aaf/library/test/src/lib.rs:621:18
[INFO] [stdout]   26:     0x5aff646e6177 - test::run_test_in_process::{{closure}}::h0e39181dd7ee5a43
[INFO] [stdout]                                at /rustc/90b35a6239c3d8bdabc530a6a0816f7ff89a0aaf/library/test/src/lib.rs:644:60
[INFO] [stdout]   27:     0x5aff646e6177 - <core::panic::unwind_safe::AssertUnwindSafe<F> as core::ops::function::FnOnce<()>>::call_once::hc5a66a30f0bdfd1f
[INFO] [stdout]                                at /rustc/90b35a6239c3d8bdabc530a6a0816f7ff89a0aaf/library/core/src/panic/unwind_safe.rs:272:9
[INFO] [stdout]   28:     0x5aff646e6177 - std::panicking::try::do_call::h873b7cf639554a5e
[INFO] [stdout]                                at /rustc/90b35a6239c3d8bdabc530a6a0816f7ff89a0aaf/library/std/src/panicking.rs:557:40
[INFO] [stdout]   29:     0x5aff646e6177 - std::panicking::try::hdb19862fad9c8bd1
[INFO] [stdout]                                at /rustc/90b35a6239c3d8bdabc530a6a0816f7ff89a0aaf/library/std/src/panicking.rs:520:19
[INFO] [stdout]   30:     0x5aff646e6177 - std::panic::catch_unwind::h281fe732d236d260
[INFO] [stdout]                                at /rustc/90b35a6239c3d8bdabc530a6a0816f7ff89a0aaf/library/std/src/panic.rs:358:14
[INFO] [stdout]   31:     0x5aff646e6177 - test::run_test_in_process::h949b6df8457ed338
[INFO] [stdout]                                at /rustc/90b35a6239c3d8bdabc530a6a0816f7ff89a0aaf/library/test/src/lib.rs:644:27
[INFO] [stdout]   32:     0x5aff646e6177 - test::run_test::{{closure}}::h52c556a6d4740e10
[INFO] [stdout]                                at /rustc/90b35a6239c3d8bdabc530a6a0816f7ff89a0aaf/library/test/src/lib.rs:565:43
[INFO] [stdout]   33:     0x5aff646ab454 - test::run_test::{{closure}}::h4237f6381c45ccb9
[INFO] [stdout]                                at /rustc/90b35a6239c3d8bdabc530a6a0816f7ff89a0aaf/library/test/src/lib.rs:595:41
[INFO] [stdout]   34:     0x5aff646ab454 - std::sys::backtrace::__rust_begin_short_backtrace::h505c97a579eca628
[INFO] [stdout]                                at /rustc/90b35a6239c3d8bdabc530a6a0816f7ff89a0aaf/library/std/src/sys/backtrace.rs:154:18
[INFO] [stdout]   35:     0x5aff646aeb1e - std::thread::Builder::spawn_unchecked_::{{closure}}::{{closure}}::h9e86b2e2bc107ea3
[INFO] [stdout]                                at /rustc/90b35a6239c3d8bdabc530a6a0816f7ff89a0aaf/library/std/src/thread/mod.rs:538:17
[INFO] [stdout]   36:     0x5aff646aeb1e - <core::panic::unwind_safe::AssertUnwindSafe<F> as core::ops::function::FnOnce<()>>::call_once::h8b06ddb275ff4a25
[INFO] [stdout]                                at /rustc/90b35a6239c3d8bdabc530a6a0816f7ff89a0aaf/library/core/src/panic/unwind_safe.rs:272:9
[INFO] [stdout]   37:     0x5aff646aeb1e - std::panicking::try::do_call::hb26ecd7cd9a9355d
[INFO] [stdout]                                at /rustc/90b35a6239c3d8bdabc530a6a0816f7ff89a0aaf/library/std/src/panicking.rs:557:40
[INFO] [stdout]   38:     0x5aff646aeb1e - std::panicking::try::h8ddeca9d705f9069
[INFO] [stdout]                                at /rustc/90b35a6239c3d8bdabc530a6a0816f7ff89a0aaf/library/std/src/panicking.rs:520:19
[INFO] [stdout]   39:     0x5aff646aeb1e - std::panic::catch_unwind::h49e1c33078844c46
[INFO] [stdout]                                at /rustc/90b35a6239c3d8bdabc530a6a0816f7ff89a0aaf/library/std/src/panic.rs:358:14
[INFO] [stdout]   40:     0x5aff646aeb1e - std::thread::Builder::spawn_unchecked_::{{closure}}::h6073db6ff56ad35d
[INFO] [stdout]                                at /rustc/90b35a6239c3d8bdabc530a6a0816f7ff89a0aaf/library/std/src/thread/mod.rs:537:30
[INFO] [stdout]   41:     0x5aff646aeb1e - core::ops::function::FnOnce::call_once{{vtable.shim}}::h2c5a5f3779c774f1
[INFO] [stdout]                                at /rustc/90b35a6239c3d8bdabc530a6a0816f7ff89a0aaf/library/core/src/ops/function.rs:250:5
[INFO] [stdout]   42:     0x5aff6471faeb - <alloc::boxed::Box<F,A> as core::ops::function::FnOnce<Args>>::call_once::hf75717d9f28faebf
[INFO] [stdout]                                at /rustc/90b35a6239c3d8bdabc530a6a0816f7ff89a0aaf/library/alloc/src/boxed.rs:2454:9
[INFO] [stdout]   43:     0x5aff6471faeb - <alloc::boxed::Box<F,A> as core::ops::function::FnOnce<Args>>::call_once::h7bd883a5f3c5f3c1
[INFO] [stdout]                                at /rustc/90b35a6239c3d8bdabc530a6a0816f7ff89a0aaf/library/alloc/src/boxed.rs:2454:9
[INFO] [stdout]   44:     0x5aff6471faeb - std::sys::pal::unix::thread::Thread::new::thread_start::hcc78f3943333fa94
[INFO] [stdout]                                at /rustc/90b35a6239c3d8bdabc530a6a0816f7ff89a0aaf/library/std/src/sys/pal/unix/thread.rs:105:17
[INFO] [stdout]   45:     0x7b926cd45ac3 - <unknown>
[INFO] [stdout]   46:     0x7b926cdd6a04 - clone
[INFO] [stdout]   47:                0x0 - <unknown>
[INFO] [stdout] 
[INFO] [stdout] 
[INFO] [stdout] failures:
[INFO] [stdout]     test_expand
[INFO] [stdout]     test_fail
[INFO] [stdout]     test_pass
[INFO] [stdout] 
[INFO] [stdout] test result: FAILED. 0 passed; 3 failed; 0 ignored; 0 measured; 0 filtered out; finished in 26.90s
[INFO] [stdout] 
[INFO] running `Command { std: "docker" "inspect" "f2bceceffd2748b3ad0304d3b2f20c65bd45f19b597990dae5da0ef479a01469", kill_on_drop: false }`
[INFO] running `Command { std: "docker" "rm" "-f" "f2bceceffd2748b3ad0304d3b2f20c65bd45f19b597990dae5da0ef479a01469", kill_on_drop: false }`
[INFO] [stdout] f2bceceffd2748b3ad0304d3b2f20c65bd45f19b597990dae5da0ef479a01469
