[INFO] fetching crate trans2quik 1.0.1...
[INFO] testing trans2quik-1.0.1 against beta-2024-12-08 for beta-1.84.0-4-retry
[INFO] extracting crate trans2quik 1.0.1 into /workspace/builds/worker-6-tc2/source
[INFO] validating manifest of crates.io crate trans2quik 1.0.1 on toolchain beta-2024-12-08
[INFO] running `Command { std: CARGO_HOME="/workspace/cargo-home" RUSTUP_HOME="/workspace/rustup-home" "/workspace/cargo-home/bin/cargo" "+beta-2024-12-08" "metadata" "--manifest-path" "Cargo.toml" "--no-deps", kill_on_drop: false }`
[INFO] started tweaking crates.io crate trans2quik 1.0.1
[INFO] finished tweaking crates.io crate trans2quik 1.0.1
[INFO] tweaked toml for crates.io crate trans2quik 1.0.1 written to /workspace/builds/worker-6-tc2/source/Cargo.toml
[INFO] running `Command { std: CARGO_HOME="/workspace/cargo-home" RUSTUP_HOME="/workspace/rustup-home" "/workspace/cargo-home/bin/cargo" "+beta-2024-12-08" "generate-lockfile" "--manifest-path" "Cargo.toml", kill_on_drop: false }`
[INFO] [stderr]     Updating crates.io index
[INFO] [stderr]      Locking 23 packages to latest compatible versions
[INFO] running `Command { std: CARGO_HOME="/workspace/cargo-home" RUSTUP_HOME="/workspace/rustup-home" "/workspace/cargo-home/bin/cargo" "+beta-2024-12-08" "fetch" "--manifest-path" "Cargo.toml", kill_on_drop: false }`
[INFO] running `Command { std: "docker" "create" "-v" "/var/lib/crater-agent-workspace/builds/worker-6-tc2/target:/opt/rustwide/target:rw,Z" "-v" "/var/lib/crater-agent-workspace/builds/worker-6-tc2/source:/opt/rustwide/workdir:ro,Z" "-v" "/var/lib/crater-agent-workspace/cargo-home:/opt/rustwide/cargo-home:ro,Z" "-v" "/var/lib/crater-agent-workspace/rustup-home:/opt/rustwide/rustup-home:ro,Z" "-e" "SOURCE_DIR=/opt/rustwide/workdir" "-e" "CARGO_TARGET_DIR=/opt/rustwide/target" "-e" "CARGO_HOME=/opt/rustwide/cargo-home" "-e" "RUSTUP_HOME=/opt/rustwide/rustup-home" "-w" "/opt/rustwide/workdir" "-m" "1610612736" "--user" "0:0" "--network" "none" "ghcr.io/rust-lang/crates-build-env/linux@sha256:f3a9d4ad9d972b27faf3965f35b62e55ba32bbce8f20bc8fe909558a86702fde" "/opt/rustwide/cargo-home/bin/cargo" "+beta-2024-12-08" "metadata" "--no-deps" "--format-version=1", kill_on_drop: false }`
[INFO] [stdout] 179626d19b263b24cda3cd26577ce6333da6a4e8d14e208f7f3fb6d305ed1b08
[INFO] running `Command { std: "docker" "start" "-a" "179626d19b263b24cda3cd26577ce6333da6a4e8d14e208f7f3fb6d305ed1b08", kill_on_drop: false }`
[INFO] running `Command { std: "docker" "inspect" "179626d19b263b24cda3cd26577ce6333da6a4e8d14e208f7f3fb6d305ed1b08", kill_on_drop: false }`
[INFO] running `Command { std: "docker" "rm" "-f" "179626d19b263b24cda3cd26577ce6333da6a4e8d14e208f7f3fb6d305ed1b08", kill_on_drop: false }`
[INFO] [stdout] 179626d19b263b24cda3cd26577ce6333da6a4e8d14e208f7f3fb6d305ed1b08
[INFO] running `Command { std: "docker" "create" "-v" "/var/lib/crater-agent-workspace/builds/worker-6-tc2/target:/opt/rustwide/target:rw,Z" "-v" "/var/lib/crater-agent-workspace/builds/worker-6-tc2/source:/opt/rustwide/workdir:ro,Z" "-v" "/var/lib/crater-agent-workspace/cargo-home:/opt/rustwide/cargo-home:ro,Z" "-v" "/var/lib/crater-agent-workspace/rustup-home:/opt/rustwide/rustup-home:ro,Z" "-e" "SOURCE_DIR=/opt/rustwide/workdir" "-e" "CARGO_TARGET_DIR=/opt/rustwide/target" "-e" "CARGO_INCREMENTAL=0" "-e" "RUST_BACKTRACE=full" "-e" "RUSTFLAGS=--cap-lints=warn" "-e" "RUSTDOCFLAGS=--cap-lints=warn" "-e" "CARGO_HOME=/opt/rustwide/cargo-home" "-e" "RUSTUP_HOME=/opt/rustwide/rustup-home" "-w" "/opt/rustwide/workdir" "-m" "1610612736" "--user" "0:0" "--network" "none" "ghcr.io/rust-lang/crates-build-env/linux@sha256:f3a9d4ad9d972b27faf3965f35b62e55ba32bbce8f20bc8fe909558a86702fde" "/opt/rustwide/cargo-home/bin/cargo" "+beta-2024-12-08" "build" "--frozen" "--message-format=json", kill_on_drop: false }`
[INFO] [stdout] 9c3bc4d47ad4d904aa08b29c858ca031445cbb5056b2ffe15405495ebdd8a3fa
[INFO] running `Command { std: "docker" "start" "-a" "9c3bc4d47ad4d904aa08b29c858ca031445cbb5056b2ffe15405495ebdd8a3fa", kill_on_drop: false }`
[INFO] [stderr]    Compiling syn v2.0.90
[INFO] [stderr]    Compiling tracing-core v0.1.33
[INFO] [stderr]    Compiling encoding_rs v0.8.35
[INFO] [stderr]    Compiling libloading v0.8.6
[INFO] [stderr]    Compiling tracing-attributes v0.1.28
[INFO] [stderr]    Compiling tracing v0.1.41
[INFO] [stderr]    Compiling trans2quik v1.0.1 (/opt/rustwide/workdir)
[INFO] [stderr]     Finished `dev` profile [unoptimized + debuginfo] target(s) in 9.06s
[INFO] running `Command { std: "docker" "inspect" "9c3bc4d47ad4d904aa08b29c858ca031445cbb5056b2ffe15405495ebdd8a3fa", kill_on_drop: false }`
[INFO] running `Command { std: "docker" "rm" "-f" "9c3bc4d47ad4d904aa08b29c858ca031445cbb5056b2ffe15405495ebdd8a3fa", kill_on_drop: false }`
[INFO] [stdout] 9c3bc4d47ad4d904aa08b29c858ca031445cbb5056b2ffe15405495ebdd8a3fa
[INFO] running `Command { std: "docker" "create" "-v" "/var/lib/crater-agent-workspace/builds/worker-6-tc2/target:/opt/rustwide/target:rw,Z" "-v" "/var/lib/crater-agent-workspace/builds/worker-6-tc2/source:/opt/rustwide/workdir:ro,Z" "-v" "/var/lib/crater-agent-workspace/cargo-home:/opt/rustwide/cargo-home:ro,Z" "-v" "/var/lib/crater-agent-workspace/rustup-home:/opt/rustwide/rustup-home:ro,Z" "-e" "SOURCE_DIR=/opt/rustwide/workdir" "-e" "CARGO_TARGET_DIR=/opt/rustwide/target" "-e" "CARGO_INCREMENTAL=0" "-e" "RUST_BACKTRACE=full" "-e" "RUSTFLAGS=--cap-lints=warn" "-e" "RUSTDOCFLAGS=--cap-lints=warn" "-e" "CARGO_HOME=/opt/rustwide/cargo-home" "-e" "RUSTUP_HOME=/opt/rustwide/rustup-home" "-w" "/opt/rustwide/workdir" "-m" "1610612736" "--user" "0:0" "--network" "none" "ghcr.io/rust-lang/crates-build-env/linux@sha256:f3a9d4ad9d972b27faf3965f35b62e55ba32bbce8f20bc8fe909558a86702fde" "/opt/rustwide/cargo-home/bin/cargo" "+beta-2024-12-08" "test" "--frozen" "--no-run" "--message-format=json", kill_on_drop: false }`
[INFO] [stdout] a5b406a9905f67b16e147e48f0d9afc420fa7b87054a8e34ece2f22fbbc7b711
[INFO] running `Command { std: "docker" "start" "-a" "a5b406a9905f67b16e147e48f0d9afc420fa7b87054a8e34ece2f22fbbc7b711", kill_on_drop: false }`
[INFO] [stderr]    Compiling trans2quik v1.0.1 (/opt/rustwide/workdir)
[INFO] [stderr]     Finished `test` profile [unoptimized + debuginfo] target(s) in 0.68s
[INFO] running `Command { std: "docker" "inspect" "a5b406a9905f67b16e147e48f0d9afc420fa7b87054a8e34ece2f22fbbc7b711", kill_on_drop: false }`
[INFO] running `Command { std: "docker" "rm" "-f" "a5b406a9905f67b16e147e48f0d9afc420fa7b87054a8e34ece2f22fbbc7b711", kill_on_drop: false }`
[INFO] [stdout] a5b406a9905f67b16e147e48f0d9afc420fa7b87054a8e34ece2f22fbbc7b711
[INFO] running `Command { std: "docker" "create" "-v" "/var/lib/crater-agent-workspace/builds/worker-6-tc2/target:/opt/rustwide/target:rw,Z" "-v" "/var/lib/crater-agent-workspace/builds/worker-6-tc2/source:/opt/rustwide/workdir:ro,Z" "-v" "/var/lib/crater-agent-workspace/cargo-home:/opt/rustwide/cargo-home:ro,Z" "-v" "/var/lib/crater-agent-workspace/rustup-home:/opt/rustwide/rustup-home:ro,Z" "-e" "SOURCE_DIR=/opt/rustwide/workdir" "-e" "CARGO_TARGET_DIR=/opt/rustwide/target" "-e" "CARGO_INCREMENTAL=0" "-e" "RUST_BACKTRACE=full" "-e" "RUSTFLAGS=--cap-lints=warn" "-e" "RUSTDOCFLAGS=--cap-lints=warn" "-e" "CARGO_HOME=/opt/rustwide/cargo-home" "-e" "RUSTUP_HOME=/opt/rustwide/rustup-home" "-w" "/opt/rustwide/workdir" "-m" "1610612736" "--user" "0:0" "--network" "none" "ghcr.io/rust-lang/crates-build-env/linux@sha256:f3a9d4ad9d972b27faf3965f35b62e55ba32bbce8f20bc8fe909558a86702fde" "/opt/rustwide/cargo-home/bin/cargo" "+beta-2024-12-08" "test" "--frozen", kill_on_drop: false }`
[INFO] [stdout] 9e63336bc5939d293f39735512a57d8efda0b2bbd20f95f27c7b19185e8d94b1
[INFO] running `Command { std: "docker" "start" "-a" "9e63336bc5939d293f39735512a57d8efda0b2bbd20f95f27c7b19185e8d94b1", kill_on_drop: false }`
[INFO] [stderr]     Finished `test` profile [unoptimized + debuginfo] target(s) in 0.03s
[INFO] [stderr]      Running unittests src/lib.rs (/opt/rustwide/target/debug/deps/trans2quik-3e41ab8013de03e6)
[INFO] [stdout] 
[INFO] [stdout] running 4 tests
[INFO] [stdout] test tests::test_trans2quik_result_conversion ... ok
[INFO] [stdout] test tests::test_trans2quikerror_from_nulerror ... ok
[INFO] [stdout] test tests::test_display_for_trans2quikerror ... ok
[INFO] [stderr]    Doc-tests trans2quik
[INFO] [stdout] test tests::test_trans2quikerror_from_libloadingerror ... ok
[INFO] [stdout] 
[INFO] [stdout] test result: ok. 4 passed; 0 failed; 0 ignored; 0 measured; 0 filtered out; finished in 0.00s
[INFO] [stdout] 
[INFO] [stdout] 
[INFO] [stdout] running 3 tests
[INFO] [stdout] test src/lib.rs - Trans2QuikResult (line 183) ... FAILED
[INFO] [stdout] test src/lib.rs - Terminal (line 278) ... FAILED
[INFO] [stdout] test src/lib.rs - Terminal (line 285) ... FAILED
[INFO] [stdout] 
[INFO] [stdout] failures:
[INFO] [stdout] 
[INFO] [stdout] ---- src/lib.rs - Trans2QuikResult (line 183) stdout ----
[INFO] [stdout] error: expected one of `!`, `.`, `::`, `;`, `?`, `{`, `}`, or an operator, found `0`
[INFO] [stdout]  --> src/lib.rs:184:20
[INFO] [stdout]   |
[INFO] [stdout] 3 | TRANS2QUIK_SUCCESS 0
[INFO] [stdout]   |                    ^ expected one of 8 possible tokens
[INFO] [stdout] 
[INFO] [stdout] error: aborting due to 1 previous error
[INFO] [stdout] 
[INFO] [stdout] Couldn't compile the test.
[INFO] [stdout] ---- src/lib.rs - Terminal (line 278) stdout ----
[INFO] [stdout] error: expected `;`, found `tracing`
[INFO] [stdout]  --> src/lib.rs:280:21
[INFO] [stdout]   |
[INFO] [stdout] 5 | trans2quik = "1.0.0"
[INFO] [stdout]   |                     ^ help: add `;` here
[INFO] [stdout] 6 | tracing = "0.1.40"
[INFO] [stdout]   | ------- unexpected token
[INFO] [stdout] 
[INFO] [stdout] error: expected `;`, found `tracing`
[INFO] [stdout]  --> src/lib.rs:281:19
[INFO] [stdout]   |
[INFO] [stdout] 6 | tracing = "0.1.40"
[INFO] [stdout]   |                   ^ help: add `;` here
[INFO] [stdout] 7 | tracing-subscriber = "0.3.18"
[INFO] [stdout]   | ------- unexpected token
[INFO] [stdout] 
[INFO] [stdout] error: expected `;`, found `lazy_static`
[INFO] [stdout]  --> src/lib.rs:282:30
[INFO] [stdout]   |
[INFO] [stdout] 7 | tracing-subscriber = "0.3.18"
[INFO] [stdout]   |                              ^ help: add `;` here
[INFO] [stdout] 8 | lazy_static = "1.5.0"
[INFO] [stdout]   | ----------- unexpected token
[INFO] [stdout] 
[INFO] [stdout] error[E0423]: expected value, found crate `lazy_static`
[INFO] [stdout]  --> src/lib.rs:283:1
[INFO] [stdout]   |
[INFO] [stdout] 8 | lazy_static = "1.5.0"
[INFO] [stdout]   | ^^^^^^^^^^^
[INFO] [stdout]   |
[INFO] [stdout] help: you might have meant to introduce a new binding
[INFO] [stdout]   |
[INFO] [stdout] 8 | let lazy_static = "1.5.0"
[INFO] [stdout]   | +++
[INFO] [stdout] 
[INFO] [stdout] error: aborting due to 4 previous errors
[INFO] [stdout] 
[INFO] [stdout] For more information about this error, try `rustc --explain E0423`.
[INFO] [stdout] Couldn't compile the test.
[INFO] [stdout] ---- src/lib.rs - Terminal (line 285) stdout ----
[INFO] [stdout] error[E0254]: the name `trans2quik` is defined multiple times
[INFO] [stdout]   --> src/lib.rs:293:5
[INFO] [stdout]    |
[INFO] [stdout] 3  | extern crate r#trans2quik;
[INFO] [stdout]    | -------------------------- previous import of the extern crate `trans2quik` here
[INFO] [stdout] ...
[INFO] [stdout] 10 | use trans2quik;
[INFO] [stdout]    |     ^^^^^^^^^^ `trans2quik` reimported here
[INFO] [stdout]    |
[INFO] [stdout]    = note: `trans2quik` must be defined only once in the type namespace of this module
[INFO] [stdout] 
[INFO] [stdout] error[E0432]: unresolved import `tracing_subscriber`
[INFO] [stdout]  --> src/lib.rs:288:5
[INFO] [stdout]   |
[INFO] [stdout] 5 | use tracing_subscriber;
[INFO] [stdout]   |     ^^^^^^^^^^^^^^^^^^ no external crate `tracing_subscriber`
[INFO] [stdout] 
[INFO] [stdout] error: aborting due to 2 previous errors
[INFO] [stdout] 
[INFO] [stdout] Some errors have detailed explanations: E0254, E0432.
[INFO] [stdout] For more information about an error, try `rustc --explain E0254`.
[INFO] [stdout] Couldn't compile the test.
[INFO] [stdout] 
[INFO] [stdout] failures:
[INFO] [stdout]     src/lib.rs - Terminal (line 278)
[INFO] [stdout]     src/lib.rs - Terminal (line 285)
[INFO] [stdout]     src/lib.rs - Trans2QuikResult (line 183)
[INFO] [stdout] 
[INFO] [stdout] test result: FAILED. 0 passed; 3 failed; 0 ignored; 0 measured; 0 filtered out; finished in 0.17s
[INFO] [stdout] 
[INFO] [stderr] error: doctest failed, to rerun pass `--doc`
[INFO] running `Command { std: "docker" "inspect" "9e63336bc5939d293f39735512a57d8efda0b2bbd20f95f27c7b19185e8d94b1", kill_on_drop: false }`
[INFO] running `Command { std: "docker" "rm" "-f" "9e63336bc5939d293f39735512a57d8efda0b2bbd20f95f27c7b19185e8d94b1", kill_on_drop: false }`
[INFO] [stdout] 9e63336bc5939d293f39735512a57d8efda0b2bbd20f95f27c7b19185e8d94b1
