[INFO] fetching crate traitreg-macros 0.3.0...
[INFO] testing traitreg-macros-0.3.0 against beta-2024-12-08 for beta-1.84.0-4-retry
[INFO] extracting crate traitreg-macros 0.3.0 into /workspace/builds/worker-0-tc2/source
[INFO] validating manifest of crates.io crate traitreg-macros 0.3.0 on toolchain beta-2024-12-08
[INFO] running `Command { std: CARGO_HOME="/workspace/cargo-home" RUSTUP_HOME="/workspace/rustup-home" "/workspace/cargo-home/bin/cargo" "+beta-2024-12-08" "metadata" "--manifest-path" "Cargo.toml" "--no-deps", kill_on_drop: false }`
[INFO] started tweaking crates.io crate traitreg-macros 0.3.0
[INFO] finished tweaking crates.io crate traitreg-macros 0.3.0
[INFO] tweaked toml for crates.io crate traitreg-macros 0.3.0 written to /workspace/builds/worker-0-tc2/source/Cargo.toml
[INFO] running `Command { std: CARGO_HOME="/workspace/cargo-home" RUSTUP_HOME="/workspace/rustup-home" "/workspace/cargo-home/bin/cargo" "+beta-2024-12-08" "generate-lockfile" "--manifest-path" "Cargo.toml", kill_on_drop: false }`
[INFO] [stderr]     Updating crates.io index
[INFO] [stderr]      Locking 4 packages to latest compatible versions
[INFO] running `Command { std: CARGO_HOME="/workspace/cargo-home" RUSTUP_HOME="/workspace/rustup-home" "/workspace/cargo-home/bin/cargo" "+beta-2024-12-08" "fetch" "--manifest-path" "Cargo.toml", kill_on_drop: false }`
[INFO] running `Command { std: "docker" "create" "-v" "/var/lib/crater-agent-workspace/builds/worker-0-tc2/target:/opt/rustwide/target:rw,Z" "-v" "/var/lib/crater-agent-workspace/builds/worker-0-tc2/source:/opt/rustwide/workdir:ro,Z" "-v" "/var/lib/crater-agent-workspace/cargo-home:/opt/rustwide/cargo-home:ro,Z" "-v" "/var/lib/crater-agent-workspace/rustup-home:/opt/rustwide/rustup-home:ro,Z" "-e" "SOURCE_DIR=/opt/rustwide/workdir" "-e" "CARGO_TARGET_DIR=/opt/rustwide/target" "-e" "CARGO_HOME=/opt/rustwide/cargo-home" "-e" "RUSTUP_HOME=/opt/rustwide/rustup-home" "-w" "/opt/rustwide/workdir" "-m" "1610612736" "--user" "0:0" "--network" "none" "ghcr.io/rust-lang/crates-build-env/linux@sha256:f3a9d4ad9d972b27faf3965f35b62e55ba32bbce8f20bc8fe909558a86702fde" "/opt/rustwide/cargo-home/bin/cargo" "+beta-2024-12-08" "metadata" "--no-deps" "--format-version=1", kill_on_drop: false }`
[INFO] [stdout] d49b67c432fd74be0e58b976e170f30db3158a4073a5814af4f3277ba7ff5722
[INFO] running `Command { std: "docker" "start" "-a" "d49b67c432fd74be0e58b976e170f30db3158a4073a5814af4f3277ba7ff5722", kill_on_drop: false }`
[INFO] running `Command { std: "docker" "inspect" "d49b67c432fd74be0e58b976e170f30db3158a4073a5814af4f3277ba7ff5722", kill_on_drop: false }`
[INFO] running `Command { std: "docker" "rm" "-f" "d49b67c432fd74be0e58b976e170f30db3158a4073a5814af4f3277ba7ff5722", kill_on_drop: false }`
[INFO] [stdout] d49b67c432fd74be0e58b976e170f30db3158a4073a5814af4f3277ba7ff5722
[INFO] running `Command { std: "docker" "create" "-v" "/var/lib/crater-agent-workspace/builds/worker-0-tc2/target:/opt/rustwide/target:rw,Z" "-v" "/var/lib/crater-agent-workspace/builds/worker-0-tc2/source:/opt/rustwide/workdir:ro,Z" "-v" "/var/lib/crater-agent-workspace/cargo-home:/opt/rustwide/cargo-home:ro,Z" "-v" "/var/lib/crater-agent-workspace/rustup-home:/opt/rustwide/rustup-home:ro,Z" "-e" "SOURCE_DIR=/opt/rustwide/workdir" "-e" "CARGO_TARGET_DIR=/opt/rustwide/target" "-e" "CARGO_INCREMENTAL=0" "-e" "RUST_BACKTRACE=full" "-e" "RUSTFLAGS=--cap-lints=warn" "-e" "RUSTDOCFLAGS=--cap-lints=warn" "-e" "CARGO_HOME=/opt/rustwide/cargo-home" "-e" "RUSTUP_HOME=/opt/rustwide/rustup-home" "-w" "/opt/rustwide/workdir" "-m" "1610612736" "--user" "0:0" "--network" "none" "ghcr.io/rust-lang/crates-build-env/linux@sha256:f3a9d4ad9d972b27faf3965f35b62e55ba32bbce8f20bc8fe909558a86702fde" "/opt/rustwide/cargo-home/bin/cargo" "+beta-2024-12-08" "build" "--frozen" "--message-format=json", kill_on_drop: false }`
[INFO] [stdout] 7fff1db0aca6ae671f36babe0598c2273852a4ea92a3de3042943498399dad7f
[INFO] running `Command { std: "docker" "start" "-a" "7fff1db0aca6ae671f36babe0598c2273852a4ea92a3de3042943498399dad7f", kill_on_drop: false }`
[INFO] [stderr]    Compiling proc-macro2 v1.0.92
[INFO] [stderr]    Compiling unicode-ident v1.0.14
[INFO] [stderr]    Compiling quote v1.0.37
[INFO] [stderr]    Compiling syn v2.0.90
[INFO] [stderr]    Compiling traitreg-macros v0.3.0 (/opt/rustwide/workdir)
[INFO] [stderr]     Finished `dev` profile [unoptimized + debuginfo] target(s) in 4.36s
[INFO] running `Command { std: "docker" "inspect" "7fff1db0aca6ae671f36babe0598c2273852a4ea92a3de3042943498399dad7f", kill_on_drop: false }`
[INFO] running `Command { std: "docker" "rm" "-f" "7fff1db0aca6ae671f36babe0598c2273852a4ea92a3de3042943498399dad7f", kill_on_drop: false }`
[INFO] [stdout] 7fff1db0aca6ae671f36babe0598c2273852a4ea92a3de3042943498399dad7f
[INFO] running `Command { std: "docker" "create" "-v" "/var/lib/crater-agent-workspace/builds/worker-0-tc2/target:/opt/rustwide/target:rw,Z" "-v" "/var/lib/crater-agent-workspace/builds/worker-0-tc2/source:/opt/rustwide/workdir:ro,Z" "-v" "/var/lib/crater-agent-workspace/cargo-home:/opt/rustwide/cargo-home:ro,Z" "-v" "/var/lib/crater-agent-workspace/rustup-home:/opt/rustwide/rustup-home:ro,Z" "-e" "SOURCE_DIR=/opt/rustwide/workdir" "-e" "CARGO_TARGET_DIR=/opt/rustwide/target" "-e" "CARGO_INCREMENTAL=0" "-e" "RUST_BACKTRACE=full" "-e" "RUSTFLAGS=--cap-lints=warn" "-e" "RUSTDOCFLAGS=--cap-lints=warn" "-e" "CARGO_HOME=/opt/rustwide/cargo-home" "-e" "RUSTUP_HOME=/opt/rustwide/rustup-home" "-w" "/opt/rustwide/workdir" "-m" "1610612736" "--user" "0:0" "--network" "none" "ghcr.io/rust-lang/crates-build-env/linux@sha256:f3a9d4ad9d972b27faf3965f35b62e55ba32bbce8f20bc8fe909558a86702fde" "/opt/rustwide/cargo-home/bin/cargo" "+beta-2024-12-08" "test" "--frozen" "--no-run" "--message-format=json", kill_on_drop: false }`
[INFO] [stdout] 105f8c93ebcfbe9e8a8dedd555808780052ad31777ef822b623e10b379be7174
[INFO] running `Command { std: "docker" "start" "-a" "105f8c93ebcfbe9e8a8dedd555808780052ad31777ef822b623e10b379be7174", kill_on_drop: false }`
[INFO] [stderr]    Compiling traitreg-macros v0.3.0 (/opt/rustwide/workdir)
[INFO] [stderr]     Finished `test` profile [unoptimized + debuginfo] target(s) in 0.51s
[INFO] running `Command { std: "docker" "inspect" "105f8c93ebcfbe9e8a8dedd555808780052ad31777ef822b623e10b379be7174", kill_on_drop: false }`
[INFO] running `Command { std: "docker" "rm" "-f" "105f8c93ebcfbe9e8a8dedd555808780052ad31777ef822b623e10b379be7174", kill_on_drop: false }`
[INFO] [stdout] 105f8c93ebcfbe9e8a8dedd555808780052ad31777ef822b623e10b379be7174
[INFO] running `Command { std: "docker" "create" "-v" "/var/lib/crater-agent-workspace/builds/worker-0-tc2/target:/opt/rustwide/target:rw,Z" "-v" "/var/lib/crater-agent-workspace/builds/worker-0-tc2/source:/opt/rustwide/workdir:ro,Z" "-v" "/var/lib/crater-agent-workspace/cargo-home:/opt/rustwide/cargo-home:ro,Z" "-v" "/var/lib/crater-agent-workspace/rustup-home:/opt/rustwide/rustup-home:ro,Z" "-e" "SOURCE_DIR=/opt/rustwide/workdir" "-e" "CARGO_TARGET_DIR=/opt/rustwide/target" "-e" "CARGO_INCREMENTAL=0" "-e" "RUST_BACKTRACE=full" "-e" "RUSTFLAGS=--cap-lints=warn" "-e" "RUSTDOCFLAGS=--cap-lints=warn" "-e" "CARGO_HOME=/opt/rustwide/cargo-home" "-e" "RUSTUP_HOME=/opt/rustwide/rustup-home" "-w" "/opt/rustwide/workdir" "-m" "1610612736" "--user" "0:0" "--network" "none" "ghcr.io/rust-lang/crates-build-env/linux@sha256:f3a9d4ad9d972b27faf3965f35b62e55ba32bbce8f20bc8fe909558a86702fde" "/opt/rustwide/cargo-home/bin/cargo" "+beta-2024-12-08" "test" "--frozen", kill_on_drop: false }`
[INFO] [stdout] 9e5c31862a53eb19fb13b4384e5e22ea83e900a5778abdcd1bbb4138010fe210
[INFO] running `Command { std: "docker" "start" "-a" "9e5c31862a53eb19fb13b4384e5e22ea83e900a5778abdcd1bbb4138010fe210", kill_on_drop: false }`
[INFO] [stderr]     Finished `test` profile [unoptimized + debuginfo] target(s) in 0.01s
[INFO] [stderr]      Running unittests src/lib.rs (/opt/rustwide/target/debug/deps/traitreg_macros-867e60a009ab1fc1)
[INFO] [stdout] 
[INFO] [stdout] running 0 tests
[INFO] [stdout] 
[INFO] [stdout] test result: ok. 0 passed; 0 failed; 0 ignored; 0 measured; 0 filtered out; finished in 0.00s
[INFO] [stdout] 
[INFO] [stderr]    Doc-tests traitreg_macros
[INFO] [stdout] 
[INFO] [stdout] running 3 tests
[INFO] [stdout] test src/lib.rs - register (line 7) ... FAILED
[INFO] [stdout] test src/lib.rs - registry (line 129) ... FAILED
[INFO] [stdout] test src/lib.rs - register (line 18) ... FAILED
[INFO] [stdout] 
[INFO] [stdout] failures:
[INFO] [stdout] 
[INFO] [stdout] ---- src/lib.rs - register (line 7) stdout ----
[INFO] [stdout] error[E0433]: failed to resolve: use of undeclared crate or module `traitreg`
[INFO] [stdout]  --> src/lib.rs:11:3
[INFO] [stdout]   |
[INFO] [stdout] 6 | #[traitreg::register]
[INFO] [stdout]   |   ^^^^^^^^ use of undeclared crate or module `traitreg`
[INFO] [stdout] 
[INFO] [stdout] error: aborting due to 1 previous error
[INFO] [stdout] 
[INFO] [stdout] For more information about this error, try `rustc --explain E0433`.
[INFO] [stdout] Couldn't compile the test.
[INFO] [stdout] ---- src/lib.rs - registry (line 129) stdout ----
[INFO] [stdout] error[E0433]: failed to resolve: use of undeclared crate or module `traitreg`
[INFO] [stdout]  --> src/lib.rs:132:3
[INFO] [stdout]   |
[INFO] [stdout] 5 | #[traitreg::registry(MyTrait)]
[INFO] [stdout]   |   ^^^^^^^^ use of undeclared crate or module `traitreg`
[INFO] [stdout] 
[INFO] [stdout] error: aborting due to 1 previous error
[INFO] [stdout] 
[INFO] [stdout] For more information about this error, try `rustc --explain E0433`.
[INFO] [stdout] Couldn't compile the test.
[INFO] [stdout] ---- src/lib.rs - register (line 18) stdout ----
[INFO] [stdout] error[E0433]: failed to resolve: use of undeclared crate or module `traitreg`
[INFO] [stdout]  --> src/lib.rs:24:3
[INFO] [stdout]   |
[INFO] [stdout] 8 | #[traitreg::register(default)]
[INFO] [stdout]   |   ^^^^^^^^ use of undeclared crate or module `traitreg`
[INFO] [stdout] 
[INFO] [stdout] error[E0433]: failed to resolve: use of undeclared crate or module `traitreg`
[INFO] [stdout]   --> src/lib.rs:32:3
[INFO] [stdout]    |
[INFO] [stdout] 16 | #[traitreg::register(new)]
[INFO] [stdout]    |   ^^^^^^^^ use of undeclared crate or module `traitreg`
[INFO] [stdout] 
[INFO] [stdout] error: aborting due to 2 previous errors
[INFO] [stdout] 
[INFO] [stdout] For more information about this error, try `rustc --explain E0433`.
[INFO] [stdout] Couldn't compile the test.
[INFO] [stdout] 
[INFO] [stdout] failures:
[INFO] [stdout]     src/lib.rs - register (line 18)
[INFO] [stdout]     src/lib.rs - register (line 7)
[INFO] [stdout]     src/lib.rs - registry (line 129)
[INFO] [stdout] 
[INFO] [stdout] test result: FAILED. 0 passed; 3 failed; 0 ignored; 0 measured; 0 filtered out; finished in 0.03s
[INFO] [stdout] 
[INFO] [stderr] error: doctest failed, to rerun pass `--doc`
[INFO] running `Command { std: "docker" "inspect" "9e5c31862a53eb19fb13b4384e5e22ea83e900a5778abdcd1bbb4138010fe210", kill_on_drop: false }`
[INFO] running `Command { std: "docker" "rm" "-f" "9e5c31862a53eb19fb13b4384e5e22ea83e900a5778abdcd1bbb4138010fe210", kill_on_drop: false }`
[INFO] [stdout] 9e5c31862a53eb19fb13b4384e5e22ea83e900a5778abdcd1bbb4138010fe210
