[INFO] fetching crate trait_info 0.1.0...
[INFO] testing trait_info-0.1.0 against beta-2024-12-08 for beta-1.84.0-4-retry
[INFO] extracting crate trait_info 0.1.0 into /workspace/builds/worker-3-tc2/source
[INFO] validating manifest of crates.io crate trait_info 0.1.0 on toolchain beta-2024-12-08
[INFO] running `Command { std: CARGO_HOME="/workspace/cargo-home" RUSTUP_HOME="/workspace/rustup-home" "/workspace/cargo-home/bin/cargo" "+beta-2024-12-08" "metadata" "--manifest-path" "Cargo.toml" "--no-deps", kill_on_drop: false }`
[INFO] started tweaking crates.io crate trait_info 0.1.0
[INFO] finished tweaking crates.io crate trait_info 0.1.0
[INFO] tweaked toml for crates.io crate trait_info 0.1.0 written to /workspace/builds/worker-3-tc2/source/Cargo.toml
[INFO] running `Command { std: CARGO_HOME="/workspace/cargo-home" RUSTUP_HOME="/workspace/rustup-home" "/workspace/cargo-home/bin/cargo" "+beta-2024-12-08" "generate-lockfile" "--manifest-path" "Cargo.toml", kill_on_drop: false }`
[INFO] [stderr]     Updating crates.io index
[INFO] [stderr]      Locking 16 packages to latest compatible versions
[INFO] running `Command { std: CARGO_HOME="/workspace/cargo-home" RUSTUP_HOME="/workspace/rustup-home" "/workspace/cargo-home/bin/cargo" "+beta-2024-12-08" "fetch" "--manifest-path" "Cargo.toml", kill_on_drop: false }`
[INFO] running `Command { std: "docker" "create" "-v" "/var/lib/crater-agent-workspace/builds/worker-3-tc2/target:/opt/rustwide/target:rw,Z" "-v" "/var/lib/crater-agent-workspace/builds/worker-3-tc2/source:/opt/rustwide/workdir:ro,Z" "-v" "/var/lib/crater-agent-workspace/cargo-home:/opt/rustwide/cargo-home:ro,Z" "-v" "/var/lib/crater-agent-workspace/rustup-home:/opt/rustwide/rustup-home:ro,Z" "-e" "SOURCE_DIR=/opt/rustwide/workdir" "-e" "CARGO_TARGET_DIR=/opt/rustwide/target" "-e" "CARGO_HOME=/opt/rustwide/cargo-home" "-e" "RUSTUP_HOME=/opt/rustwide/rustup-home" "-w" "/opt/rustwide/workdir" "-m" "1610612736" "--user" "0:0" "--network" "none" "ghcr.io/rust-lang/crates-build-env/linux@sha256:f3a9d4ad9d972b27faf3965f35b62e55ba32bbce8f20bc8fe909558a86702fde" "/opt/rustwide/cargo-home/bin/cargo" "+beta-2024-12-08" "metadata" "--no-deps" "--format-version=1", kill_on_drop: false }`
[INFO] [stdout] 34010ba96e10d17d846ec72e34a496ef23c9632598fb4c51601658a3cca98fc9
[INFO] running `Command { std: "docker" "start" "-a" "34010ba96e10d17d846ec72e34a496ef23c9632598fb4c51601658a3cca98fc9", kill_on_drop: false }`
[INFO] running `Command { std: "docker" "inspect" "34010ba96e10d17d846ec72e34a496ef23c9632598fb4c51601658a3cca98fc9", kill_on_drop: false }`
[INFO] running `Command { std: "docker" "rm" "-f" "34010ba96e10d17d846ec72e34a496ef23c9632598fb4c51601658a3cca98fc9", kill_on_drop: false }`
[INFO] [stdout] 34010ba96e10d17d846ec72e34a496ef23c9632598fb4c51601658a3cca98fc9
[INFO] running `Command { std: "docker" "create" "-v" "/var/lib/crater-agent-workspace/builds/worker-3-tc2/target:/opt/rustwide/target:rw,Z" "-v" "/var/lib/crater-agent-workspace/builds/worker-3-tc2/source:/opt/rustwide/workdir:ro,Z" "-v" "/var/lib/crater-agent-workspace/cargo-home:/opt/rustwide/cargo-home:ro,Z" "-v" "/var/lib/crater-agent-workspace/rustup-home:/opt/rustwide/rustup-home:ro,Z" "-e" "SOURCE_DIR=/opt/rustwide/workdir" "-e" "CARGO_TARGET_DIR=/opt/rustwide/target" "-e" "CARGO_INCREMENTAL=0" "-e" "RUST_BACKTRACE=full" "-e" "RUSTFLAGS=--cap-lints=warn" "-e" "RUSTDOCFLAGS=--cap-lints=warn" "-e" "CARGO_HOME=/opt/rustwide/cargo-home" "-e" "RUSTUP_HOME=/opt/rustwide/rustup-home" "-w" "/opt/rustwide/workdir" "-m" "1610612736" "--user" "0:0" "--network" "none" "ghcr.io/rust-lang/crates-build-env/linux@sha256:f3a9d4ad9d972b27faf3965f35b62e55ba32bbce8f20bc8fe909558a86702fde" "/opt/rustwide/cargo-home/bin/cargo" "+beta-2024-12-08" "build" "--frozen" "--message-format=json", kill_on_drop: false }`
[INFO] [stdout] 1ad621b7d59c59d165f22c662184617dd7b9a117a97fe20977bed7e2fa293a8d
[INFO] running `Command { std: "docker" "start" "-a" "1ad621b7d59c59d165f22c662184617dd7b9a117a97fe20977bed7e2fa293a8d", kill_on_drop: false }`
[INFO] [stderr]    Compiling typenum v1.17.0
[INFO] [stderr]    Compiling version_check v0.9.5
[INFO] [stderr]    Compiling proc-macro2 v1.0.92
[INFO] [stderr]    Compiling unicode-ident v1.0.14
[INFO] [stderr]    Compiling keccak v0.1.5
[INFO] [stderr]    Compiling base32ct v0.2.1
[INFO] [stderr]    Compiling generic-array v0.14.7
[INFO] [stderr]    Compiling quote v1.0.37
[INFO] [stderr]    Compiling syn v2.0.90
[INFO] [stderr]    Compiling block-buffer v0.10.4
[INFO] [stderr]    Compiling crypto-common v0.1.6
[INFO] [stderr]    Compiling digest v0.10.7
[INFO] [stderr]    Compiling sha3 v0.10.8
[INFO] [stderr]    Compiling trait_info_gen v0.1.0
[INFO] [stderr]    Compiling trait_info v0.1.0 (/opt/rustwide/workdir)
[INFO] [stderr]     Finished `dev` profile [unoptimized + debuginfo] target(s) in 9.40s
[INFO] running `Command { std: "docker" "inspect" "1ad621b7d59c59d165f22c662184617dd7b9a117a97fe20977bed7e2fa293a8d", kill_on_drop: false }`
[INFO] running `Command { std: "docker" "rm" "-f" "1ad621b7d59c59d165f22c662184617dd7b9a117a97fe20977bed7e2fa293a8d", kill_on_drop: false }`
[INFO] [stdout] 1ad621b7d59c59d165f22c662184617dd7b9a117a97fe20977bed7e2fa293a8d
[INFO] running `Command { std: "docker" "create" "-v" "/var/lib/crater-agent-workspace/builds/worker-3-tc2/target:/opt/rustwide/target:rw,Z" "-v" "/var/lib/crater-agent-workspace/builds/worker-3-tc2/source:/opt/rustwide/workdir:ro,Z" "-v" "/var/lib/crater-agent-workspace/cargo-home:/opt/rustwide/cargo-home:ro,Z" "-v" "/var/lib/crater-agent-workspace/rustup-home:/opt/rustwide/rustup-home:ro,Z" "-e" "SOURCE_DIR=/opt/rustwide/workdir" "-e" "CARGO_TARGET_DIR=/opt/rustwide/target" "-e" "CARGO_INCREMENTAL=0" "-e" "RUST_BACKTRACE=full" "-e" "RUSTFLAGS=--cap-lints=warn" "-e" "RUSTDOCFLAGS=--cap-lints=warn" "-e" "CARGO_HOME=/opt/rustwide/cargo-home" "-e" "RUSTUP_HOME=/opt/rustwide/rustup-home" "-w" "/opt/rustwide/workdir" "-m" "1610612736" "--user" "0:0" "--network" "none" "ghcr.io/rust-lang/crates-build-env/linux@sha256:f3a9d4ad9d972b27faf3965f35b62e55ba32bbce8f20bc8fe909558a86702fde" "/opt/rustwide/cargo-home/bin/cargo" "+beta-2024-12-08" "test" "--frozen" "--no-run" "--message-format=json", kill_on_drop: false }`
[INFO] [stdout] 58d4d045260e4edd4337d5d9251345af6c39d4f322f0674d00fc9d1f7edf6fca
[INFO] running `Command { std: "docker" "start" "-a" "58d4d045260e4edd4337d5d9251345af6c39d4f322f0674d00fc9d1f7edf6fca", kill_on_drop: false }`
[INFO] [stderr]    Compiling trait_info v0.1.0 (/opt/rustwide/workdir)
[INFO] [stderr]     Finished `test` profile [unoptimized + debuginfo] target(s) in 0.80s
[INFO] running `Command { std: "docker" "inspect" "58d4d045260e4edd4337d5d9251345af6c39d4f322f0674d00fc9d1f7edf6fca", kill_on_drop: false }`
[INFO] running `Command { std: "docker" "rm" "-f" "58d4d045260e4edd4337d5d9251345af6c39d4f322f0674d00fc9d1f7edf6fca", kill_on_drop: false }`
[INFO] [stdout] 58d4d045260e4edd4337d5d9251345af6c39d4f322f0674d00fc9d1f7edf6fca
[INFO] running `Command { std: "docker" "create" "-v" "/var/lib/crater-agent-workspace/builds/worker-3-tc2/target:/opt/rustwide/target:rw,Z" "-v" "/var/lib/crater-agent-workspace/builds/worker-3-tc2/source:/opt/rustwide/workdir:ro,Z" "-v" "/var/lib/crater-agent-workspace/cargo-home:/opt/rustwide/cargo-home:ro,Z" "-v" "/var/lib/crater-agent-workspace/rustup-home:/opt/rustwide/rustup-home:ro,Z" "-e" "SOURCE_DIR=/opt/rustwide/workdir" "-e" "CARGO_TARGET_DIR=/opt/rustwide/target" "-e" "CARGO_INCREMENTAL=0" "-e" "RUST_BACKTRACE=full" "-e" "RUSTFLAGS=--cap-lints=warn" "-e" "RUSTDOCFLAGS=--cap-lints=warn" "-e" "CARGO_HOME=/opt/rustwide/cargo-home" "-e" "RUSTUP_HOME=/opt/rustwide/rustup-home" "-w" "/opt/rustwide/workdir" "-m" "1610612736" "--user" "0:0" "--network" "none" "ghcr.io/rust-lang/crates-build-env/linux@sha256:f3a9d4ad9d972b27faf3965f35b62e55ba32bbce8f20bc8fe909558a86702fde" "/opt/rustwide/cargo-home/bin/cargo" "+beta-2024-12-08" "test" "--frozen", kill_on_drop: false }`
[INFO] [stdout] 61dd8cea12a4b094077520af4952a6ac62a86aa07247d1a7eb55972aa06177c7
[INFO] running `Command { std: "docker" "start" "-a" "61dd8cea12a4b094077520af4952a6ac62a86aa07247d1a7eb55972aa06177c7", kill_on_drop: false }`
[INFO] [stderr]     Finished `test` profile [unoptimized + debuginfo] target(s) in 0.02s
[INFO] [stderr]      Running unittests src/lib.rs (/opt/rustwide/target/debug/deps/trait_info-2d31894c59e04089)
[INFO] [stdout] 
[INFO] [stdout] running 0 tests
[INFO] [stdout] 
[INFO] [stdout] test result: ok. 0 passed; 0 failed; 0 ignored; 0 measured; 0 filtered out; finished in 0.00s
[INFO] [stdout] 
[INFO] [stderr]    Doc-tests trait_info
[INFO] [stdout] 
[INFO] [stdout] running 2 tests
[INFO] [stdout] test src/lib.rs - trait_info (line 13) ... FAILED
[INFO] [stdout] test src/lib.rs - trait_info (line 26) ... FAILED
[INFO] [stdout] 
[INFO] [stdout] failures:
[INFO] [stdout] 
[INFO] [stdout] ---- src/lib.rs - trait_info (line 13) stdout ----
[INFO] [stdout] error[E0428]: the name `method1` is defined multiple times
[INFO] [stdout]   --> src/lib.rs:20:5
[INFO] [stdout]    |
[INFO] [stdout] 9  |     fn method1(&self, num:u32) -> String;
[INFO] [stdout]    |     ------------------------------------- previous definition of the value `method1` here
[INFO] [stdout] 10 |     fn method1(&mut self, num:u32, arr:&[u8]) -> String;
[INFO] [stdout]    |     ^^^^^^^^^^^^^^^^^^^^^^^^^^^^^^^^^^^^^^^^^^^^^^^^^^^^ `method1` redefined here
[INFO] [stdout]    |
[INFO] [stdout]    = note: `method1` must be defined only once in the value namespace of this trait
[INFO] [stdout] 
[INFO] [stdout] error: cannot find attribute `trait_info` in this scope
[INFO] [stdout]  --> src/lib.rs:15:3
[INFO] [stdout]   |
[INFO] [stdout] 5 | #[trait_info]
[INFO] [stdout]   |   ^^^^^^^^^^
[INFO] [stdout]   |
[INFO] [stdout] note: `trait_info` is imported here, but it is a crate, not an attribute
[INFO] [stdout]  --> src/lib.rs:13:1
[INFO] [stdout]   |
[INFO] [stdout] 3 | extern crate r#trait_info;
[INFO] [stdout]   | ^^^^^^^^^^^^^^^^^^^^^^^^^^
[INFO] [stdout] help: consider importing this attribute macro
[INFO] [stdout]   |
[INFO] [stdout] 2 + use trait_info::trait_info;
[INFO] [stdout]   |
[INFO] [stdout] 
[INFO] [stdout] error[E0658]: associated type defaults are unstable
[INFO] [stdout]  --> src/lib.rs:18:5
[INFO] [stdout]   |
[INFO] [stdout] 8 |     type MyTyp = AnotherClass::Typ;
[INFO] [stdout]   |     ^^^^^^^^^^^^^^^^^^^^^^^^^^^^^^^
[INFO] [stdout]   |
[INFO] [stdout]   = note: see issue #29661 <https://github.com/rust-lang/rust/issues/29661> for more information
[INFO] [stdout] 
[INFO] [stdout] error[E0433]: failed to resolve: use of undeclared type `AnotherClass`
[INFO] [stdout]  --> src/lib.rs:18:18
[INFO] [stdout]   |
[INFO] [stdout] 8 |     type MyTyp = AnotherClass::Typ;
[INFO] [stdout]   |                  ^^^^^^^^^^^^ use of undeclared type `AnotherClass`
[INFO] [stdout] 
[INFO] [stdout] error: aborting due to 4 previous errors
[INFO] [stdout] 
[INFO] [stdout] Some errors have detailed explanations: E0428, E0433, E0658.
[INFO] [stdout] For more information about an error, try `rustc --explain E0428`.
[INFO] [stdout] Couldn't compile the test.
[INFO] [stdout] ---- src/lib.rs - trait_info (line 26) stdout ----
[INFO] [stdout] error: expected one of `(`, `[`, or `{`, found `TraitInfo_MyTrait`
[INFO] [stdout]   --> src/lib.rs:38:13
[INFO] [stdout]    |
[INFO] [stdout] 14 | macrorules! TraitInfo_MyTrait
[INFO] [stdout]    |             ^^^^^^^^^^^^^^^^^ expected one of `(`, `[`, or `{`
[INFO] [stdout] 
[INFO] [stdout] error[E0428]: the name `method1` is defined multiple times
[INFO] [stdout]  --> src/lib.rs:32:5
[INFO] [stdout]   |
[INFO] [stdout] 7 |     fn method1(&self, num:u32) -> String;
[INFO] [stdout]   |     ------------------------------------- previous definition of the value `method1` here
[INFO] [stdout] 8 |     fn method1(&mut self, num:u32, arr:&[u8]) -> String;
[INFO] [stdout]   |     ^^^^^^^^^^^^^^^^^^^^^^^^^^^^^^^^^^^^^^^^^^^^^^^^^^^^ `method1` redefined here
[INFO] [stdout]   |
[INFO] [stdout]   = note: `method1` must be defined only once in the value namespace of this trait
[INFO] [stdout] 
[INFO] [stdout] error[E0658]: associated type defaults are unstable
[INFO] [stdout]  --> src/lib.rs:30:5
[INFO] [stdout]   |
[INFO] [stdout] 6 |     type MyTyp = AnotherClass::Typ;
[INFO] [stdout]   |     ^^^^^^^^^^^^^^^^^^^^^^^^^^^^^^^
[INFO] [stdout]   |
[INFO] [stdout]   = note: see issue #29661 <https://github.com/rust-lang/rust/issues/29661> for more information
[INFO] [stdout] 
[INFO] [stdout] error[E0433]: failed to resolve: use of undeclared type `AnotherClass`
[INFO] [stdout]  --> src/lib.rs:30:18
[INFO] [stdout]   |
[INFO] [stdout] 6 |     type MyTyp = AnotherClass::Typ;
[INFO] [stdout]   |                  ^^^^^^^^^^^^ use of undeclared type `AnotherClass`
[INFO] [stdout] 
[INFO] [stdout] error: aborting due to 4 previous errors
[INFO] [stdout] 
[INFO] [stdout] Some errors have detailed explanations: E0428, E0433, E0658.
[INFO] [stdout] For more information about an error, try `rustc --explain E0428`.
[INFO] [stdout] Couldn't compile the test.
[INFO] [stdout] 
[INFO] [stdout] failures:
[INFO] [stdout]     src/lib.rs - trait_info (line 13)
[INFO] [stdout]     src/lib.rs - trait_info (line 26)
[INFO] [stdout] 
[INFO] [stdout] test result: FAILED. 0 passed; 2 failed; 0 ignored; 0 measured; 0 filtered out; finished in 0.12s
[INFO] [stdout] 
[INFO] [stderr] error: doctest failed, to rerun pass `--doc`
[INFO] running `Command { std: "docker" "inspect" "61dd8cea12a4b094077520af4952a6ac62a86aa07247d1a7eb55972aa06177c7", kill_on_drop: false }`
[INFO] running `Command { std: "docker" "rm" "-f" "61dd8cea12a4b094077520af4952a6ac62a86aa07247d1a7eb55972aa06177c7", kill_on_drop: false }`
[INFO] [stdout] 61dd8cea12a4b094077520af4952a6ac62a86aa07247d1a7eb55972aa06177c7
