[INFO] fetching crate tracing-bunyan-formatter-with-utc-offset 0.3.6...
[INFO] testing tracing-bunyan-formatter-with-utc-offset-0.3.6 against 1.83.0 for beta-1.84.0-4-retry
[INFO] extracting crate tracing-bunyan-formatter-with-utc-offset 0.3.6 into /workspace/builds/worker-4-tc1/source
[INFO] validating manifest of crates.io crate tracing-bunyan-formatter-with-utc-offset 0.3.6 on toolchain 1.83.0
[INFO] running `Command { std: CARGO_HOME="/workspace/cargo-home" RUSTUP_HOME="/workspace/rustup-home" "/workspace/cargo-home/bin/cargo" "+1.83.0" "metadata" "--manifest-path" "Cargo.toml" "--no-deps", kill_on_drop: false }`
[INFO] started tweaking crates.io crate tracing-bunyan-formatter-with-utc-offset 0.3.6
[INFO] finished tweaking crates.io crate tracing-bunyan-formatter-with-utc-offset 0.3.6
[INFO] tweaked toml for crates.io crate tracing-bunyan-formatter-with-utc-offset 0.3.6 written to /workspace/builds/worker-4-tc1/source/Cargo.toml
[INFO] running `Command { std: CARGO_HOME="/workspace/cargo-home" RUSTUP_HOME="/workspace/rustup-home" "/workspace/cargo-home/bin/cargo" "+1.83.0" "generate-lockfile" "--manifest-path" "Cargo.toml", kill_on_drop: false }`
[INFO] [stderr]     Updating crates.io index
[INFO] [stderr]      Locking 43 packages to latest compatible versions
[INFO] [stderr]       Adding claims v0.6.0 (available: v0.8.0)
[INFO] [stderr]       Adding gethostname v0.2.3 (available: v0.5.0)
[INFO] [stderr]       Adding tracing-log v0.1.4 (available: v0.2.0)
[INFO] running `Command { std: CARGO_HOME="/workspace/cargo-home" RUSTUP_HOME="/workspace/rustup-home" "/workspace/cargo-home/bin/cargo" "+1.83.0" "fetch" "--manifest-path" "Cargo.toml", kill_on_drop: false }`
[INFO] [stderr]  Downloading crates ...
[INFO] [stderr]   Downloaded claims v0.6.0
[INFO] running `Command { std: "docker" "create" "-v" "/var/lib/crater-agent-workspace/builds/worker-4-tc1/target:/opt/rustwide/target:rw,Z" "-v" "/var/lib/crater-agent-workspace/builds/worker-4-tc1/source:/opt/rustwide/workdir:ro,Z" "-v" "/var/lib/crater-agent-workspace/cargo-home:/opt/rustwide/cargo-home:ro,Z" "-v" "/var/lib/crater-agent-workspace/rustup-home:/opt/rustwide/rustup-home:ro,Z" "-e" "SOURCE_DIR=/opt/rustwide/workdir" "-e" "CARGO_TARGET_DIR=/opt/rustwide/target" "-e" "CARGO_HOME=/opt/rustwide/cargo-home" "-e" "RUSTUP_HOME=/opt/rustwide/rustup-home" "-w" "/opt/rustwide/workdir" "-m" "1610612736" "--user" "0:0" "--network" "none" "ghcr.io/rust-lang/crates-build-env/linux@sha256:f3a9d4ad9d972b27faf3965f35b62e55ba32bbce8f20bc8fe909558a86702fde" "/opt/rustwide/cargo-home/bin/cargo" "+1.83.0" "metadata" "--no-deps" "--format-version=1", kill_on_drop: false }`
[INFO] [stdout] 4c7c6c6cc64dd94f31fb589f740311e4005ac18dcc910c82d501e70a447eff75
[INFO] running `Command { std: "docker" "start" "-a" "4c7c6c6cc64dd94f31fb589f740311e4005ac18dcc910c82d501e70a447eff75", kill_on_drop: false }`
[INFO] running `Command { std: "docker" "inspect" "4c7c6c6cc64dd94f31fb589f740311e4005ac18dcc910c82d501e70a447eff75", kill_on_drop: false }`
[INFO] running `Command { std: "docker" "rm" "-f" "4c7c6c6cc64dd94f31fb589f740311e4005ac18dcc910c82d501e70a447eff75", kill_on_drop: false }`
[INFO] [stdout] 4c7c6c6cc64dd94f31fb589f740311e4005ac18dcc910c82d501e70a447eff75
[INFO] running `Command { std: "docker" "create" "-v" "/var/lib/crater-agent-workspace/builds/worker-4-tc1/target:/opt/rustwide/target:rw,Z" "-v" "/var/lib/crater-agent-workspace/builds/worker-4-tc1/source:/opt/rustwide/workdir:ro,Z" "-v" "/var/lib/crater-agent-workspace/cargo-home:/opt/rustwide/cargo-home:ro,Z" "-v" "/var/lib/crater-agent-workspace/rustup-home:/opt/rustwide/rustup-home:ro,Z" "-e" "SOURCE_DIR=/opt/rustwide/workdir" "-e" "CARGO_TARGET_DIR=/opt/rustwide/target" "-e" "CARGO_INCREMENTAL=0" "-e" "RUST_BACKTRACE=full" "-e" "RUSTFLAGS=--cap-lints=warn" "-e" "RUSTDOCFLAGS=--cap-lints=warn" "-e" "CARGO_HOME=/opt/rustwide/cargo-home" "-e" "RUSTUP_HOME=/opt/rustwide/rustup-home" "-w" "/opt/rustwide/workdir" "-m" "1610612736" "--user" "0:0" "--network" "none" "ghcr.io/rust-lang/crates-build-env/linux@sha256:f3a9d4ad9d972b27faf3965f35b62e55ba32bbce8f20bc8fe909558a86702fde" "/opt/rustwide/cargo-home/bin/cargo" "+1.83.0" "build" "--frozen" "--message-format=json", kill_on_drop: false }`
[INFO] [stdout] 79a88e3e89f35fb403e8e98dd9b764369abfb1885738d83c0f049485b1f266c7
[INFO] running `Command { std: "docker" "start" "-a" "79a88e3e89f35fb403e8e98dd9b764369abfb1885738d83c0f049485b1f266c7", kill_on_drop: false }`
[INFO] [stderr]    Compiling once_cell v1.20.2
[INFO] [stderr]    Compiling libc v0.2.168
[INFO] [stderr]    Compiling proc-macro2 v1.0.92
[INFO] [stderr]    Compiling unicode-ident v1.0.14
[INFO] [stderr]    Compiling cfg-if v1.0.0
[INFO] [stderr]    Compiling serde v1.0.216
[INFO] [stderr]    Compiling version_check v0.9.5
[INFO] [stderr]    Compiling powerfmt v0.2.0
[INFO] [stderr]    Compiling itoa v1.0.14
[INFO] [stderr]    Compiling serde_json v1.0.133
[INFO] [stderr]    Compiling lazy_static v1.5.0
[INFO] [stderr]    Compiling tracing-core v0.1.33
[INFO] [stderr]    Compiling log v0.4.22
[INFO] [stderr]    Compiling sharded-slab v0.1.7
[INFO] [stderr]    Compiling thread_local v1.1.8
[INFO] [stderr]    Compiling ahash v0.8.11
[INFO] [stderr]    Compiling deranged v0.3.11
[INFO] [stderr]    Compiling zerocopy v0.7.35
[INFO] [stderr]    Compiling time-core v0.1.2
[INFO] [stderr]    Compiling ryu v1.0.18
[INFO] [stderr]    Compiling pin-project-lite v0.2.15
[INFO] [stderr]    Compiling memchr v2.7.4
[INFO] [stderr]    Compiling num-conv v0.1.0
[INFO] [stderr]    Compiling num_threads v0.1.7
[INFO] [stderr]    Compiling getrandom v0.2.15
[INFO] [stderr]    Compiling tracing-subscriber v0.3.19
[INFO] [stderr]    Compiling gethostname v0.2.3
[INFO] [stderr]    Compiling tracing-log v0.1.4
[INFO] [stderr]    Compiling quote v1.0.37
[INFO] [stderr]    Compiling syn v2.0.90
[INFO] [stderr]    Compiling time v0.3.37
[INFO] [stderr]    Compiling tracing-attributes v0.1.28
[INFO] [stderr]    Compiling tracing v0.1.41
[INFO] [stderr]    Compiling tracing-bunyan-formatter-with-utc-offset v0.3.6 (/opt/rustwide/workdir)
[INFO] [stderr]     Finished `dev` profile [unoptimized + debuginfo] target(s) in 22.02s
[INFO] running `Command { std: "docker" "inspect" "79a88e3e89f35fb403e8e98dd9b764369abfb1885738d83c0f049485b1f266c7", kill_on_drop: false }`
[INFO] running `Command { std: "docker" "rm" "-f" "79a88e3e89f35fb403e8e98dd9b764369abfb1885738d83c0f049485b1f266c7", kill_on_drop: false }`
[INFO] [stdout] 79a88e3e89f35fb403e8e98dd9b764369abfb1885738d83c0f049485b1f266c7
[INFO] running `Command { std: "docker" "create" "-v" "/var/lib/crater-agent-workspace/builds/worker-4-tc1/target:/opt/rustwide/target:rw,Z" "-v" "/var/lib/crater-agent-workspace/builds/worker-4-tc1/source:/opt/rustwide/workdir:ro,Z" "-v" "/var/lib/crater-agent-workspace/cargo-home:/opt/rustwide/cargo-home:ro,Z" "-v" "/var/lib/crater-agent-workspace/rustup-home:/opt/rustwide/rustup-home:ro,Z" "-e" "SOURCE_DIR=/opt/rustwide/workdir" "-e" "CARGO_TARGET_DIR=/opt/rustwide/target" "-e" "CARGO_INCREMENTAL=0" "-e" "RUST_BACKTRACE=full" "-e" "RUSTFLAGS=--cap-lints=warn" "-e" "RUSTDOCFLAGS=--cap-lints=warn" "-e" "CARGO_HOME=/opt/rustwide/cargo-home" "-e" "RUSTUP_HOME=/opt/rustwide/rustup-home" "-w" "/opt/rustwide/workdir" "-m" "1610612736" "--user" "0:0" "--network" "none" "ghcr.io/rust-lang/crates-build-env/linux@sha256:f3a9d4ad9d972b27faf3965f35b62e55ba32bbce8f20bc8fe909558a86702fde" "/opt/rustwide/cargo-home/bin/cargo" "+1.83.0" "test" "--frozen" "--no-run" "--message-format=json", kill_on_drop: false }`
[INFO] [stdout] 91e9daaef3a60e5cecb7c773087e62982dc81d18f0030a624e7a5178f3325123
[INFO] running `Command { std: "docker" "start" "-a" "91e9daaef3a60e5cecb7c773087e62982dc81d18f0030a624e7a5178f3325123", kill_on_drop: false }`
[INFO] [stderr]    Compiling autocfg v1.4.0
[INFO] [stderr]    Compiling claims v0.6.0
[INFO] [stderr]    Compiling tracing-bunyan-formatter-with-utc-offset v0.3.6 (/opt/rustwide/workdir)
[INFO] [stderr]     Finished `test` profile [unoptimized + debuginfo] target(s) in 4.36s
[INFO] running `Command { std: "docker" "inspect" "91e9daaef3a60e5cecb7c773087e62982dc81d18f0030a624e7a5178f3325123", kill_on_drop: false }`
[INFO] running `Command { std: "docker" "rm" "-f" "91e9daaef3a60e5cecb7c773087e62982dc81d18f0030a624e7a5178f3325123", kill_on_drop: false }`
[INFO] [stdout] 91e9daaef3a60e5cecb7c773087e62982dc81d18f0030a624e7a5178f3325123
[INFO] running `Command { std: "docker" "create" "-v" "/var/lib/crater-agent-workspace/builds/worker-4-tc1/target:/opt/rustwide/target:rw,Z" "-v" "/var/lib/crater-agent-workspace/builds/worker-4-tc1/source:/opt/rustwide/workdir:ro,Z" "-v" "/var/lib/crater-agent-workspace/cargo-home:/opt/rustwide/cargo-home:ro,Z" "-v" "/var/lib/crater-agent-workspace/rustup-home:/opt/rustwide/rustup-home:ro,Z" "-e" "SOURCE_DIR=/opt/rustwide/workdir" "-e" "CARGO_TARGET_DIR=/opt/rustwide/target" "-e" "CARGO_INCREMENTAL=0" "-e" "RUST_BACKTRACE=full" "-e" "RUSTFLAGS=--cap-lints=warn" "-e" "RUSTDOCFLAGS=--cap-lints=warn" "-e" "CARGO_HOME=/opt/rustwide/cargo-home" "-e" "RUSTUP_HOME=/opt/rustwide/rustup-home" "-w" "/opt/rustwide/workdir" "-m" "1610612736" "--user" "0:0" "--network" "none" "ghcr.io/rust-lang/crates-build-env/linux@sha256:f3a9d4ad9d972b27faf3965f35b62e55ba32bbce8f20bc8fe909558a86702fde" "/opt/rustwide/cargo-home/bin/cargo" "+1.83.0" "test" "--frozen", kill_on_drop: false }`
[INFO] [stdout] db129dd05f6cb0b4bca5b356151faa0bde7aa39b90bba8f5e72ccdad6dd86532
[INFO] running `Command { std: "docker" "start" "-a" "db129dd05f6cb0b4bca5b356151faa0bde7aa39b90bba8f5e72ccdad6dd86532", kill_on_drop: false }`
[INFO] [stderr]     Finished `test` profile [unoptimized + debuginfo] target(s) in 0.06s
[INFO] [stderr]      Running unittests src/lib.rs (/opt/rustwide/target/debug/deps/tracing_bunyan_formatter_with_utc_offset-cbda502b68a2b21a)
[INFO] [stdout] 
[INFO] [stdout] running 0 tests
[INFO] [stdout] 
[INFO] [stdout] test result: ok. 0 passed; 0 failed; 0 ignored; 0 measured; 0 filtered out; finished in 0.00s
[INFO] [stdout] 
[INFO] [stderr]      Running tests/e2e.rs (/opt/rustwide/target/debug/deps/e2e-0e79dd25253042ba)
[INFO] [stdout] 
[INFO] [stdout] running 9 tests
[INFO] [stdout] test each_line_is_valid_json ... ok
[INFO] [stdout] test each_line_has_the_mandatory_bunyan_fields ... ok
[INFO] [stdout] test elapsed_milliseconds_are_present_on_exit_span ... ok
[INFO] [stdout] test parent_properties_are_propagated ... ok
[INFO] [stdout] test encode_f64_as_numbers ... ok
[INFO] [stdout] test skipping_core_fields_is_not_allowed ... ok
[INFO] [stdout] test time_is_formatted_according_to_rfc_3339 ... ok
[INFO] [stdout] test skip_fields ... ok
[INFO] [stdout] test time_is_formatted_with_utc_offset ... ok
[INFO] [stdout] 
[INFO] [stdout] test result: ok. 9 passed; 0 failed; 0 ignored; 0 measured; 0 filtered out; finished in 0.01s
[INFO] [stdout] 
[INFO] [stderr]      Running tests/mock_writer.rs (/opt/rustwide/target/debug/deps/mock_writer-d530286658050f3b)
[INFO] [stdout] 
[INFO] [stdout] running 0 tests
[INFO] [stdout] 
[INFO] [stdout] test result: ok. 0 passed; 0 failed; 0 ignored; 0 measured; 0 filtered out; finished in 0.00s
[INFO] [stdout] 
[INFO] [stderr]    Doc-tests tracing_bunyan_formatter_with_utc_offset
[INFO] [stdout] 
[INFO] [stdout] running 5 tests
[INFO] [stdout] test src/formatting_layer.rs - formatting_layer::BunyanFormattingLayer<W>::new (line 88) ... FAILED
[INFO] [stdout] test src/formatting_layer.rs - formatting_layer::BunyanFormattingLayer<W>::new (line 96) ... FAILED
[INFO] [stdout] test src/formatting_layer.rs - formatting_layer::BunyanFormattingLayer<W>::skip_fields (line 151) ... FAILED
[INFO] [stdout] test src/formatting_layer.rs - formatting_layer::BunyanFormattingLayer<W>::with_default_fields (line 111) ... FAILED
[INFO] [stdout] test src/lib.rs - (line 16) ... FAILED
[INFO] [stdout] 
[INFO] [stdout] failures:
[INFO] [stdout] 
[INFO] [stdout] ---- src/formatting_layer.rs - formatting_layer::BunyanFormattingLayer<W>::new (line 88) stdout ----
[INFO] [stdout] error[E0432]: unresolved import `tracing_bunyan_formatter`
[INFO] [stdout]  --> src/formatting_layer.rs:89:5
[INFO] [stdout]   |
[INFO] [stdout] 3 | use tracing_bunyan_formatter::BunyanFormattingLayer;
[INFO] [stdout]   |     ^^^^^^^^^^^^^^^^^^^^^^^^ use of undeclared crate or module `tracing_bunyan_formatter`
[INFO] [stdout] 
[INFO] [stdout] error: aborting due to 1 previous error
[INFO] [stdout] 
[INFO] [stdout] For more information about this error, try `rustc --explain E0432`.
[INFO] [stdout] Couldn't compile the test.
[INFO] [stdout] ---- src/formatting_layer.rs - formatting_layer::BunyanFormattingLayer<W>::new (line 96) stdout ----
[INFO] [stdout] error[E0432]: unresolved import `tracing_bunyan_formatter`
[INFO] [stdout]  --> src/formatting_layer.rs:97:5
[INFO] [stdout]   |
[INFO] [stdout] 3 | use tracing_bunyan_formatter::BunyanFormattingLayer;
[INFO] [stdout]   |     ^^^^^^^^^^^^^^^^^^^^^^^^ use of undeclared crate or module `tracing_bunyan_formatter`
[INFO] [stdout] 
[INFO] [stdout] error: aborting due to 1 previous error
[INFO] [stdout] 
[INFO] [stdout] For more information about this error, try `rustc --explain E0432`.
[INFO] [stdout] Couldn't compile the test.
[INFO] [stdout] ---- src/formatting_layer.rs - formatting_layer::BunyanFormattingLayer<W>::skip_fields (line 151) stdout ----
[INFO] [stdout] error[E0432]: unresolved import `tracing_bunyan_formatter`
[INFO] [stdout]  --> src/formatting_layer.rs:152:5
[INFO] [stdout]   |
[INFO] [stdout] 3 | use tracing_bunyan_formatter::BunyanFormattingLayer;
[INFO] [stdout]   |     ^^^^^^^^^^^^^^^^^^^^^^^^ use of undeclared crate or module `tracing_bunyan_formatter`
[INFO] [stdout] 
[INFO] [stdout] error: aborting due to 1 previous error
[INFO] [stdout] 
[INFO] [stdout] For more information about this error, try `rustc --explain E0432`.
[INFO] [stdout] Couldn't compile the test.
[INFO] [stdout] ---- src/formatting_layer.rs - formatting_layer::BunyanFormattingLayer<W>::with_default_fields (line 111) stdout ----
[INFO] [stdout] error[E0432]: unresolved import `tracing_bunyan_formatter`
[INFO] [stdout]  --> src/formatting_layer.rs:114:5
[INFO] [stdout]   |
[INFO] [stdout] 5 | use tracing_bunyan_formatter::BunyanFormattingLayer;
[INFO] [stdout]   |     ^^^^^^^^^^^^^^^^^^^^^^^^ use of undeclared crate or module `tracing_bunyan_formatter`
[INFO] [stdout] 
[INFO] [stdout] error: aborting due to 1 previous error
[INFO] [stdout] 
[INFO] [stdout] For more information about this error, try `rustc --explain E0432`.
[INFO] [stdout] Couldn't compile the test.
[INFO] [stdout] ---- src/lib.rs - (line 16) stdout ----
[INFO] [stdout] error[E0432]: unresolved import `tracing_bunyan_formatter`
[INFO] [stdout]  --> src/lib.rs:17:5
[INFO] [stdout]   |
[INFO] [stdout] 2 | use tracing_bunyan_formatter::{BunyanFormattingLayer, JsonStorageLayer, Config};
[INFO] [stdout]   |     ^^^^^^^^^^^^^^^^^^^^^^^^ use of undeclared crate or module `tracing_bunyan_formatter`
[INFO] [stdout] 
[INFO] [stdout] error: aborting due to 1 previous error
[INFO] [stdout] 
[INFO] [stdout] For more information about this error, try `rustc --explain E0432`.
[INFO] [stdout] Couldn't compile the test.
[INFO] [stdout] 
[INFO] [stdout] failures:
[INFO] [stdout]     src/formatting_layer.rs - formatting_layer::BunyanFormattingLayer<W>::new (line 88)
[INFO] [stdout]     src/formatting_layer.rs - formatting_layer::BunyanFormattingLayer<W>::new (line 96)
[INFO] [stdout]     src/formatting_layer.rs - formatting_layer::BunyanFormattingLayer<W>::skip_fields (line 151)
[INFO] [stdout]     src/formatting_layer.rs - formatting_layer::BunyanFormattingLayer<W>::with_default_fields (line 111)
[INFO] [stdout]     src/lib.rs - (line 16)
[INFO] [stdout] 
[INFO] [stdout] test result: FAILED. 0 passed; 5 failed; 0 ignored; 0 measured; 0 filtered out; finished in 0.30s
[INFO] [stdout] 
[INFO] [stderr] error: doctest failed, to rerun pass `--doc`
[INFO] running `Command { std: "docker" "inspect" "db129dd05f6cb0b4bca5b356151faa0bde7aa39b90bba8f5e72ccdad6dd86532", kill_on_drop: false }`
[INFO] running `Command { std: "docker" "rm" "-f" "db129dd05f6cb0b4bca5b356151faa0bde7aa39b90bba8f5e72ccdad6dd86532", kill_on_drop: false }`
[INFO] [stdout] db129dd05f6cb0b4bca5b356151faa0bde7aa39b90bba8f5e72ccdad6dd86532
