[INFO] fetching crate tracelite 0.1.15...
[INFO] testing tracelite-0.1.15 against 1.83.0 for beta-1.84.0-4-retry
[INFO] extracting crate tracelite 0.1.15 into /workspace/builds/worker-1-tc1/source
[INFO] validating manifest of crates.io crate tracelite 0.1.15 on toolchain 1.83.0
[INFO] running `Command { std: CARGO_HOME="/workspace/cargo-home" RUSTUP_HOME="/workspace/rustup-home" "/workspace/cargo-home/bin/cargo" "+1.83.0" "metadata" "--manifest-path" "Cargo.toml" "--no-deps", kill_on_drop: false }`
[INFO] started tweaking crates.io crate tracelite 0.1.15
[INFO] removed 0 missing examples
[INFO] finished tweaking crates.io crate tracelite 0.1.15
[INFO] tweaked toml for crates.io crate tracelite 0.1.15 written to /workspace/builds/worker-1-tc1/source/Cargo.toml
[INFO] crate crates.io crate tracelite 0.1.15 already has a lockfile, it will not be regenerated
[INFO] running `Command { std: CARGO_HOME="/workspace/cargo-home" RUSTUP_HOME="/workspace/rustup-home" "/workspace/cargo-home/bin/cargo" "+1.83.0" "fetch" "--manifest-path" "Cargo.toml", kill_on_drop: false }`
[INFO] [stderr]     Blocking waiting for file lock on package cache
[INFO] [stderr]     Updating crates.io index
[INFO] [stderr]     Blocking waiting for file lock on package cache
[INFO] [stderr]  Downloading crates ...
[INFO] [stderr]   Downloaded tracelite_macro v0.1.5
[INFO] [stderr]   Downloaded micropb v0.1.0
[INFO] [stderr]   Downloaded opentelemetry-micropb v0.1.1
[INFO] running `Command { std: "docker" "create" "-v" "/var/lib/crater-agent-workspace/builds/worker-1-tc1/target:/opt/rustwide/target:rw,Z" "-v" "/var/lib/crater-agent-workspace/builds/worker-1-tc1/source:/opt/rustwide/workdir:ro,Z" "-v" "/var/lib/crater-agent-workspace/cargo-home:/opt/rustwide/cargo-home:ro,Z" "-v" "/var/lib/crater-agent-workspace/rustup-home:/opt/rustwide/rustup-home:ro,Z" "-e" "SOURCE_DIR=/opt/rustwide/workdir" "-e" "CARGO_TARGET_DIR=/opt/rustwide/target" "-e" "CARGO_HOME=/opt/rustwide/cargo-home" "-e" "RUSTUP_HOME=/opt/rustwide/rustup-home" "-w" "/opt/rustwide/workdir" "-m" "1610612736" "--user" "0:0" "--network" "none" "ghcr.io/rust-lang/crates-build-env/linux@sha256:f3a9d4ad9d972b27faf3965f35b62e55ba32bbce8f20bc8fe909558a86702fde" "/opt/rustwide/cargo-home/bin/cargo" "+1.83.0" "metadata" "--no-deps" "--format-version=1", kill_on_drop: false }`
[INFO] [stdout] bf0eda2b527b68dd13eaa7c4367a65d62b4f788ce0ba764620064204005f3a50
[INFO] running `Command { std: "docker" "start" "-a" "bf0eda2b527b68dd13eaa7c4367a65d62b4f788ce0ba764620064204005f3a50", kill_on_drop: false }`
[INFO] running `Command { std: "docker" "inspect" "bf0eda2b527b68dd13eaa7c4367a65d62b4f788ce0ba764620064204005f3a50", kill_on_drop: false }`
[INFO] running `Command { std: "docker" "rm" "-f" "bf0eda2b527b68dd13eaa7c4367a65d62b4f788ce0ba764620064204005f3a50", kill_on_drop: false }`
[INFO] [stdout] bf0eda2b527b68dd13eaa7c4367a65d62b4f788ce0ba764620064204005f3a50
[INFO] running `Command { std: "docker" "create" "-v" "/var/lib/crater-agent-workspace/builds/worker-1-tc1/target:/opt/rustwide/target:rw,Z" "-v" "/var/lib/crater-agent-workspace/builds/worker-1-tc1/source:/opt/rustwide/workdir:ro,Z" "-v" "/var/lib/crater-agent-workspace/cargo-home:/opt/rustwide/cargo-home:ro,Z" "-v" "/var/lib/crater-agent-workspace/rustup-home:/opt/rustwide/rustup-home:ro,Z" "-e" "SOURCE_DIR=/opt/rustwide/workdir" "-e" "CARGO_TARGET_DIR=/opt/rustwide/target" "-e" "CARGO_INCREMENTAL=0" "-e" "RUST_BACKTRACE=full" "-e" "RUSTFLAGS=--cap-lints=warn" "-e" "RUSTDOCFLAGS=--cap-lints=warn" "-e" "CARGO_HOME=/opt/rustwide/cargo-home" "-e" "RUSTUP_HOME=/opt/rustwide/rustup-home" "-w" "/opt/rustwide/workdir" "-m" "1610612736" "--user" "0:0" "--network" "none" "ghcr.io/rust-lang/crates-build-env/linux@sha256:f3a9d4ad9d972b27faf3965f35b62e55ba32bbce8f20bc8fe909558a86702fde" "/opt/rustwide/cargo-home/bin/cargo" "+1.83.0" "build" "--frozen" "--message-format=json", kill_on_drop: false }`
[INFO] [stdout] 1e686a43ddf9ee0d47eb8b333ed5f49bc98de36bac94803b9e9f5f820dff7386
[INFO] running `Command { std: "docker" "start" "-a" "1e686a43ddf9ee0d47eb8b333ed5f49bc98de36bac94803b9e9f5f820dff7386", kill_on_drop: false }`
[INFO] [stderr]    Compiling proc-macro2 v1.0.92
[INFO] [stderr]    Compiling unicode-ident v1.0.14
[INFO] [stderr]    Compiling autocfg v1.4.0
[INFO] [stderr]    Compiling libc v0.2.167
[INFO] [stderr]    Compiling version_check v0.9.5
[INFO] [stderr]    Compiling bytes v1.9.0
[INFO] [stderr]    Compiling pin-project-lite v0.2.15
[INFO] [stderr]    Compiling serde v1.0.215
[INFO] [stderr]    Compiling syn v1.0.109
[INFO] [stderr]    Compiling itoa v1.0.14
[INFO] [stderr]    Compiling typeid v1.0.2
[INFO] [stderr]    Compiling once_cell v1.20.2
[INFO] [stderr]    Compiling futures-sink v0.3.31
[INFO] [stderr]    Compiling hashbrown v0.15.2
[INFO] [stderr]    Compiling serde_json v1.0.133
[INFO] [stderr]    Compiling equivalent v1.0.1
[INFO] [stderr]    Compiling futures-core v0.3.31
[INFO] [stderr]    Compiling fnv v1.0.7
[INFO] [stderr]    Compiling never v0.1.0
[INFO] [stderr]    Compiling ryu v1.0.18
[INFO] [stderr]    Compiling bumpalo v3.16.0
[INFO] [stderr]    Compiling tracing-core v0.1.33
[INFO] [stderr]    Compiling atomic-waker v1.1.2
[INFO] [stderr]    Compiling memchr v2.7.4
[INFO] [stderr]    Compiling fastrand v2.2.0
[INFO] [stderr]    Compiling proc-macro-error-attr v1.0.4
[INFO] [stderr]    Compiling proc-macro-error v1.0.4
[INFO] [stderr]    Compiling num-traits v0.2.19
[INFO] [stderr]    Compiling slab v0.4.9
[INFO] [stderr]    Compiling http v1.2.0
[INFO] [stderr]    Compiling tracing v0.1.41
[INFO] [stderr]    Compiling indexmap v2.7.0
[INFO] [stderr]    Compiling quote v1.0.37
[INFO] [stderr]    Compiling socket2 v0.5.8
[INFO] [stderr]    Compiling mio v1.0.3
[INFO] [stderr]    Compiling syn v2.0.90
[INFO] [stderr]    Compiling micropb v0.1.0
[INFO] [stderr]    Compiling opentelemetry-micropb v0.1.1
[INFO] [stderr]    Compiling erased-serde v0.4.5
[INFO] [stderr]    Compiling tokio-macros v2.4.0
[INFO] [stderr]    Compiling tokio v1.42.0
[INFO] [stderr]    Compiling tracelite_macro v0.1.5
[INFO] [stderr]    Compiling tokio-util v0.7.12
[INFO] [stderr]    Compiling h2 v0.4.7
[INFO] [stderr]    Compiling tracelite v0.1.15 (/opt/rustwide/workdir)
[INFO] [stderr]     Finished `dev` profile [unoptimized + debuginfo] target(s) in 21.09s
[INFO] running `Command { std: "docker" "inspect" "1e686a43ddf9ee0d47eb8b333ed5f49bc98de36bac94803b9e9f5f820dff7386", kill_on_drop: false }`
[INFO] running `Command { std: "docker" "rm" "-f" "1e686a43ddf9ee0d47eb8b333ed5f49bc98de36bac94803b9e9f5f820dff7386", kill_on_drop: false }`
[INFO] [stdout] 1e686a43ddf9ee0d47eb8b333ed5f49bc98de36bac94803b9e9f5f820dff7386
[INFO] running `Command { std: "docker" "create" "-v" "/var/lib/crater-agent-workspace/builds/worker-1-tc1/target:/opt/rustwide/target:rw,Z" "-v" "/var/lib/crater-agent-workspace/builds/worker-1-tc1/source:/opt/rustwide/workdir:ro,Z" "-v" "/var/lib/crater-agent-workspace/cargo-home:/opt/rustwide/cargo-home:ro,Z" "-v" "/var/lib/crater-agent-workspace/rustup-home:/opt/rustwide/rustup-home:ro,Z" "-e" "SOURCE_DIR=/opt/rustwide/workdir" "-e" "CARGO_TARGET_DIR=/opt/rustwide/target" "-e" "CARGO_INCREMENTAL=0" "-e" "RUST_BACKTRACE=full" "-e" "RUSTFLAGS=--cap-lints=warn" "-e" "RUSTDOCFLAGS=--cap-lints=warn" "-e" "CARGO_HOME=/opt/rustwide/cargo-home" "-e" "RUSTUP_HOME=/opt/rustwide/rustup-home" "-w" "/opt/rustwide/workdir" "-m" "1610612736" "--user" "0:0" "--network" "none" "ghcr.io/rust-lang/crates-build-env/linux@sha256:f3a9d4ad9d972b27faf3965f35b62e55ba32bbce8f20bc8fe909558a86702fde" "/opt/rustwide/cargo-home/bin/cargo" "+1.83.0" "test" "--frozen" "--no-run" "--message-format=json", kill_on_drop: false }`
[INFO] [stdout] 42b4edc09e886f32cd69be4dfa8055fdb9ffd5696b0dbed676653dd6a2df0b5d
[INFO] running `Command { std: "docker" "start" "-a" "42b4edc09e886f32cd69be4dfa8055fdb9ffd5696b0dbed676653dd6a2df0b5d", kill_on_drop: false }`
[INFO] [stderr]    Compiling tracelite v0.1.15 (/opt/rustwide/workdir)
[INFO] [stderr]     Finished `test` profile [unoptimized + debuginfo] target(s) in 3.05s
[INFO] running `Command { std: "docker" "inspect" "42b4edc09e886f32cd69be4dfa8055fdb9ffd5696b0dbed676653dd6a2df0b5d", kill_on_drop: false }`
[INFO] running `Command { std: "docker" "rm" "-f" "42b4edc09e886f32cd69be4dfa8055fdb9ffd5696b0dbed676653dd6a2df0b5d", kill_on_drop: false }`
[INFO] [stdout] 42b4edc09e886f32cd69be4dfa8055fdb9ffd5696b0dbed676653dd6a2df0b5d
[INFO] running `Command { std: "docker" "create" "-v" "/var/lib/crater-agent-workspace/builds/worker-1-tc1/target:/opt/rustwide/target:rw,Z" "-v" "/var/lib/crater-agent-workspace/builds/worker-1-tc1/source:/opt/rustwide/workdir:ro,Z" "-v" "/var/lib/crater-agent-workspace/cargo-home:/opt/rustwide/cargo-home:ro,Z" "-v" "/var/lib/crater-agent-workspace/rustup-home:/opt/rustwide/rustup-home:ro,Z" "-e" "SOURCE_DIR=/opt/rustwide/workdir" "-e" "CARGO_TARGET_DIR=/opt/rustwide/target" "-e" "CARGO_INCREMENTAL=0" "-e" "RUST_BACKTRACE=full" "-e" "RUSTFLAGS=--cap-lints=warn" "-e" "RUSTDOCFLAGS=--cap-lints=warn" "-e" "CARGO_HOME=/opt/rustwide/cargo-home" "-e" "RUSTUP_HOME=/opt/rustwide/rustup-home" "-w" "/opt/rustwide/workdir" "-m" "1610612736" "--user" "0:0" "--network" "none" "ghcr.io/rust-lang/crates-build-env/linux@sha256:f3a9d4ad9d972b27faf3965f35b62e55ba32bbce8f20bc8fe909558a86702fde" "/opt/rustwide/cargo-home/bin/cargo" "+1.83.0" "test" "--frozen", kill_on_drop: false }`
[INFO] [stdout] 44e57a3acc238e259d3cd6194fdec1d19a388ae824de8a604afa2f623f5e7524
[INFO] running `Command { std: "docker" "start" "-a" "44e57a3acc238e259d3cd6194fdec1d19a388ae824de8a604afa2f623f5e7524", kill_on_drop: false }`
[INFO] [stderr]     Finished `test` profile [unoptimized + debuginfo] target(s) in 0.07s
[INFO] [stderr]      Running unittests src/lib.rs (/opt/rustwide/target/debug/deps/tracelite-5dd5592da60513a5)
[INFO] [stdout] 
[INFO] [stdout] running 2 tests
[INFO] [stdout] test macros::test_macro_expansion ... ok
[INFO] [stdout] test macros::test_expand_span_attributes ... ok
[INFO] [stdout] 
[INFO] [stdout] test result: ok. 2 passed; 0 failed; 0 ignored; 0 measured; 0 filtered out; finished in 0.00s
[INFO] [stdout] 
[INFO] [stderr]    Doc-tests tracelite
[INFO] [stdout] 
[INFO] [stdout] running 4 tests
[INFO] [stdout] test src/spinlock.rs - spinlock (line 41) ... FAILED
[INFO] [stdout] test src/spinlock.rs - spinlock::Spinlock<T>::lock (line 148) ... FAILED
[INFO] [stdout] test src/spinlock.rs - spinlock (line 19) ... FAILED
[INFO] [stdout] test src/spinlock.rs - spinlock::Spinlock<T> (line 100) ... FAILED
[INFO] [stdout] 
[INFO] [stdout] failures:
[INFO] [stdout] 
[INFO] [stdout] ---- src/spinlock.rs - spinlock (line 41) stdout ----
[INFO] [stdout] error[E0432]: unresolved import `spinlock`
[INFO] [stdout]  --> src/spinlock.rs:42:5
[INFO] [stdout]   |
[INFO] [stdout] 3 | use spinlock::Spinlock;
[INFO] [stdout]   |     ^^^^^^^^ use of undeclared crate or module `spinlock`
[INFO] [stdout] 
[INFO] [stdout] error: aborting due to 1 previous error
[INFO] [stdout] 
[INFO] [stdout] For more information about this error, try `rustc --explain E0432`.
[INFO] [stdout] Couldn't compile the test.
[INFO] [stdout] ---- src/spinlock.rs - spinlock::Spinlock<T>::lock (line 148) stdout ----
[INFO] [stdout] error[E0433]: failed to resolve: use of undeclared crate or module `spinlock`
[INFO] [stdout]  --> src/spinlock.rs:149:14
[INFO] [stdout]   |
[INFO] [stdout] 3 | let mylock = spinlock::Spinlock::new(0);
[INFO] [stdout]   |              ^^^^^^^^ use of undeclared crate or module `spinlock`
[INFO] [stdout] 
[INFO] [stdout] error: aborting due to 1 previous error
[INFO] [stdout] 
[INFO] [stdout] For more information about this error, try `rustc --explain E0433`.
[INFO] [stdout] Couldn't compile the test.
[INFO] [stdout] ---- src/spinlock.rs - spinlock (line 19) stdout ----
[INFO] [stdout] error[E0432]: unresolved import `spinlock`
[INFO] [stdout]  --> src/spinlock.rs:20:5
[INFO] [stdout]   |
[INFO] [stdout] 3 | use spinlock::Spinlock;
[INFO] [stdout]   |     ^^^^^^^^ use of undeclared crate or module `spinlock`
[INFO] [stdout] 
[INFO] [stdout] error: aborting due to 1 previous error
[INFO] [stdout] 
[INFO] [stdout] For more information about this error, try `rustc --explain E0432`.
[INFO] [stdout] Couldn't compile the test.
[INFO] [stdout] ---- src/spinlock.rs - spinlock::Spinlock<T> (line 100) stdout ----
[INFO] [stdout] error[E0432]: unresolved import `spinlock`
[INFO] [stdout]  --> src/spinlock.rs:101:5
[INFO] [stdout]   |
[INFO] [stdout] 3 | use spinlock::{StaticSpinlock, STATIC_SPINLOCK_INIT};
[INFO] [stdout]   |     ^^^^^^^^ use of undeclared crate or module `spinlock`
[INFO] [stdout] 
[INFO] [stdout] error: aborting due to 1 previous error
[INFO] [stdout] 
[INFO] [stdout] For more information about this error, try `rustc --explain E0432`.
[INFO] [stdout] Couldn't compile the test.
[INFO] [stdout] 
[INFO] [stdout] failures:
[INFO] [stdout]     src/spinlock.rs - spinlock (line 19)
[INFO] [stdout]     src/spinlock.rs - spinlock (line 41)
[INFO] [stdout]     src/spinlock.rs - spinlock::Spinlock<T> (line 100)
[INFO] [stdout]     src/spinlock.rs - spinlock::Spinlock<T>::lock (line 148)
[INFO] [stdout] 
[INFO] [stdout] test result: FAILED. 0 passed; 4 failed; 0 ignored; 0 measured; 0 filtered out; finished in 0.18s
[INFO] [stdout] 
[INFO] [stderr] error: doctest failed, to rerun pass `--doc`
[INFO] running `Command { std: "docker" "inspect" "44e57a3acc238e259d3cd6194fdec1d19a388ae824de8a604afa2f623f5e7524", kill_on_drop: false }`
[INFO] running `Command { std: "docker" "rm" "-f" "44e57a3acc238e259d3cd6194fdec1d19a388ae824de8a604afa2f623f5e7524", kill_on_drop: false }`
[INFO] [stdout] 44e57a3acc238e259d3cd6194fdec1d19a388ae824de8a604afa2f623f5e7524
