[INFO] fetching crate tower-layer 0.3.3...
[INFO] testing tower-layer-0.3.3 against beta-2024-12-08 for beta-1.84.0-4-retry
[INFO] extracting crate tower-layer 0.3.3 into /workspace/builds/worker-5-tc2/source
[INFO] validating manifest of crates.io crate tower-layer 0.3.3 on toolchain beta-2024-12-08
[INFO] running `Command { std: CARGO_HOME="/workspace/cargo-home" RUSTUP_HOME="/workspace/rustup-home" "/workspace/cargo-home/bin/cargo" "+beta-2024-12-08" "metadata" "--manifest-path" "Cargo.toml" "--no-deps", kill_on_drop: false }`
[INFO] started tweaking crates.io crate tower-layer 0.3.3
[INFO] finished tweaking crates.io crate tower-layer 0.3.3
[INFO] tweaked toml for crates.io crate tower-layer 0.3.3 written to /workspace/builds/worker-5-tc2/source/Cargo.toml
[INFO] running `Command { std: CARGO_HOME="/workspace/cargo-home" RUSTUP_HOME="/workspace/rustup-home" "/workspace/cargo-home/bin/cargo" "+beta-2024-12-08" "generate-lockfile" "--manifest-path" "Cargo.toml", kill_on_drop: false }`
[INFO] running `Command { std: CARGO_HOME="/workspace/cargo-home" RUSTUP_HOME="/workspace/rustup-home" "/workspace/cargo-home/bin/cargo" "+beta-2024-12-08" "fetch" "--manifest-path" "Cargo.toml", kill_on_drop: false }`
[INFO] running `Command { std: "docker" "create" "-v" "/var/lib/crater-agent-workspace/builds/worker-5-tc2/target:/opt/rustwide/target:rw,Z" "-v" "/var/lib/crater-agent-workspace/builds/worker-5-tc2/source:/opt/rustwide/workdir:ro,Z" "-v" "/var/lib/crater-agent-workspace/cargo-home:/opt/rustwide/cargo-home:ro,Z" "-v" "/var/lib/crater-agent-workspace/rustup-home:/opt/rustwide/rustup-home:ro,Z" "-e" "SOURCE_DIR=/opt/rustwide/workdir" "-e" "CARGO_TARGET_DIR=/opt/rustwide/target" "-e" "CARGO_HOME=/opt/rustwide/cargo-home" "-e" "RUSTUP_HOME=/opt/rustwide/rustup-home" "-w" "/opt/rustwide/workdir" "-m" "1610612736" "--user" "0:0" "--network" "none" "ghcr.io/rust-lang/crates-build-env/linux@sha256:f3a9d4ad9d972b27faf3965f35b62e55ba32bbce8f20bc8fe909558a86702fde" "/opt/rustwide/cargo-home/bin/cargo" "+beta-2024-12-08" "metadata" "--no-deps" "--format-version=1", kill_on_drop: false }`
[INFO] [stdout] e94dceb428be7358acaf5dc1bd6288a375789090e6f7bfd6f60f6da94ce1e3f3
[INFO] running `Command { std: "docker" "start" "-a" "e94dceb428be7358acaf5dc1bd6288a375789090e6f7bfd6f60f6da94ce1e3f3", kill_on_drop: false }`
[INFO] running `Command { std: "docker" "inspect" "e94dceb428be7358acaf5dc1bd6288a375789090e6f7bfd6f60f6da94ce1e3f3", kill_on_drop: false }`
[INFO] running `Command { std: "docker" "rm" "-f" "e94dceb428be7358acaf5dc1bd6288a375789090e6f7bfd6f60f6da94ce1e3f3", kill_on_drop: false }`
[INFO] [stdout] e94dceb428be7358acaf5dc1bd6288a375789090e6f7bfd6f60f6da94ce1e3f3
[INFO] running `Command { std: "docker" "create" "-v" "/var/lib/crater-agent-workspace/builds/worker-5-tc2/target:/opt/rustwide/target:rw,Z" "-v" "/var/lib/crater-agent-workspace/builds/worker-5-tc2/source:/opt/rustwide/workdir:ro,Z" "-v" "/var/lib/crater-agent-workspace/cargo-home:/opt/rustwide/cargo-home:ro,Z" "-v" "/var/lib/crater-agent-workspace/rustup-home:/opt/rustwide/rustup-home:ro,Z" "-e" "SOURCE_DIR=/opt/rustwide/workdir" "-e" "CARGO_TARGET_DIR=/opt/rustwide/target" "-e" "CARGO_INCREMENTAL=0" "-e" "RUST_BACKTRACE=full" "-e" "RUSTFLAGS=--cap-lints=warn" "-e" "RUSTDOCFLAGS=--cap-lints=warn" "-e" "CARGO_HOME=/opt/rustwide/cargo-home" "-e" "RUSTUP_HOME=/opt/rustwide/rustup-home" "-w" "/opt/rustwide/workdir" "-m" "1610612736" "--user" "0:0" "--network" "none" "ghcr.io/rust-lang/crates-build-env/linux@sha256:f3a9d4ad9d972b27faf3965f35b62e55ba32bbce8f20bc8fe909558a86702fde" "/opt/rustwide/cargo-home/bin/cargo" "+beta-2024-12-08" "build" "--frozen" "--message-format=json", kill_on_drop: false }`
[INFO] [stdout] cd7effdba04221d6d6f918084066b2387dde4fc860a42228b05367e10b2c0342
[INFO] running `Command { std: "docker" "start" "-a" "cd7effdba04221d6d6f918084066b2387dde4fc860a42228b05367e10b2c0342", kill_on_drop: false }`
[INFO] [stderr]    Compiling tower-layer v0.3.3 (/opt/rustwide/workdir)
[INFO] [stderr]     Finished `dev` profile [unoptimized + debuginfo] target(s) in 0.22s
[INFO] running `Command { std: "docker" "inspect" "cd7effdba04221d6d6f918084066b2387dde4fc860a42228b05367e10b2c0342", kill_on_drop: false }`
[INFO] running `Command { std: "docker" "rm" "-f" "cd7effdba04221d6d6f918084066b2387dde4fc860a42228b05367e10b2c0342", kill_on_drop: false }`
[INFO] [stdout] cd7effdba04221d6d6f918084066b2387dde4fc860a42228b05367e10b2c0342
[INFO] running `Command { std: "docker" "create" "-v" "/var/lib/crater-agent-workspace/builds/worker-5-tc2/target:/opt/rustwide/target:rw,Z" "-v" "/var/lib/crater-agent-workspace/builds/worker-5-tc2/source:/opt/rustwide/workdir:ro,Z" "-v" "/var/lib/crater-agent-workspace/cargo-home:/opt/rustwide/cargo-home:ro,Z" "-v" "/var/lib/crater-agent-workspace/rustup-home:/opt/rustwide/rustup-home:ro,Z" "-e" "SOURCE_DIR=/opt/rustwide/workdir" "-e" "CARGO_TARGET_DIR=/opt/rustwide/target" "-e" "CARGO_INCREMENTAL=0" "-e" "RUST_BACKTRACE=full" "-e" "RUSTFLAGS=--cap-lints=warn" "-e" "RUSTDOCFLAGS=--cap-lints=warn" "-e" "CARGO_HOME=/opt/rustwide/cargo-home" "-e" "RUSTUP_HOME=/opt/rustwide/rustup-home" "-w" "/opt/rustwide/workdir" "-m" "1610612736" "--user" "0:0" "--network" "none" "ghcr.io/rust-lang/crates-build-env/linux@sha256:f3a9d4ad9d972b27faf3965f35b62e55ba32bbce8f20bc8fe909558a86702fde" "/opt/rustwide/cargo-home/bin/cargo" "+beta-2024-12-08" "test" "--frozen" "--no-run" "--message-format=json", kill_on_drop: false }`
[INFO] [stdout] 716983dcd143acc3a2451e04b5fae01e2d996d8728772f0d9244fe928bca511f
[INFO] running `Command { std: "docker" "start" "-a" "716983dcd143acc3a2451e04b5fae01e2d996d8728772f0d9244fe928bca511f", kill_on_drop: false }`
[INFO] [stderr]    Compiling tower-layer v0.3.3 (/opt/rustwide/workdir)
[INFO] [stderr]     Finished `test` profile [unoptimized + debuginfo] target(s) in 0.46s
[INFO] running `Command { std: "docker" "inspect" "716983dcd143acc3a2451e04b5fae01e2d996d8728772f0d9244fe928bca511f", kill_on_drop: false }`
[INFO] running `Command { std: "docker" "rm" "-f" "716983dcd143acc3a2451e04b5fae01e2d996d8728772f0d9244fe928bca511f", kill_on_drop: false }`
[INFO] [stdout] 716983dcd143acc3a2451e04b5fae01e2d996d8728772f0d9244fe928bca511f
[INFO] running `Command { std: "docker" "create" "-v" "/var/lib/crater-agent-workspace/builds/worker-5-tc2/target:/opt/rustwide/target:rw,Z" "-v" "/var/lib/crater-agent-workspace/builds/worker-5-tc2/source:/opt/rustwide/workdir:ro,Z" "-v" "/var/lib/crater-agent-workspace/cargo-home:/opt/rustwide/cargo-home:ro,Z" "-v" "/var/lib/crater-agent-workspace/rustup-home:/opt/rustwide/rustup-home:ro,Z" "-e" "SOURCE_DIR=/opt/rustwide/workdir" "-e" "CARGO_TARGET_DIR=/opt/rustwide/target" "-e" "CARGO_INCREMENTAL=0" "-e" "RUST_BACKTRACE=full" "-e" "RUSTFLAGS=--cap-lints=warn" "-e" "RUSTDOCFLAGS=--cap-lints=warn" "-e" "CARGO_HOME=/opt/rustwide/cargo-home" "-e" "RUSTUP_HOME=/opt/rustwide/rustup-home" "-w" "/opt/rustwide/workdir" "-m" "1610612736" "--user" "0:0" "--network" "none" "ghcr.io/rust-lang/crates-build-env/linux@sha256:f3a9d4ad9d972b27faf3965f35b62e55ba32bbce8f20bc8fe909558a86702fde" "/opt/rustwide/cargo-home/bin/cargo" "+beta-2024-12-08" "test" "--frozen", kill_on_drop: false }`
[INFO] [stdout] d5705f7913bf66bfb40561b89ec7e4b13b59e033572870016f01684a455e92ca
[INFO] running `Command { std: "docker" "start" "-a" "d5705f7913bf66bfb40561b89ec7e4b13b59e033572870016f01684a455e92ca", kill_on_drop: false }`
[INFO] [stderr]     Finished `test` profile [unoptimized + debuginfo] target(s) in 0.01s
[INFO] [stderr]      Running unittests src/lib.rs (/opt/rustwide/target/debug/deps/tower_layer-217224b3b1fb1ec9)
[INFO] [stdout] 
[INFO] [stdout] running 1 test
[INFO] [stdout] test layer_fn::tests::layer_fn_has_useful_debug_impl ... ok
[INFO] [stderr]    Doc-tests tower_layer
[INFO] [stdout] 
[INFO] [stdout] test result: ok. 1 passed; 0 failed; 0 ignored; 0 measured; 0 filtered out; finished in 0.00s
[INFO] [stdout] 
[INFO] [stdout] 
[INFO] [stdout] running 2 tests
[INFO] [stdout] test src/layer_fn.rs - layer_fn::layer_fn (line 14) ... FAILED
[INFO] [stdout] test src/lib.rs - Layer (line 42) ... FAILED
[INFO] [stdout] 
[INFO] [stdout] failures:
[INFO] [stdout] 
[INFO] [stdout] ---- src/layer_fn.rs - layer_fn::layer_fn (line 14) stdout ----
[INFO] [stdout] error[E0432]: unresolved import `tower`
[INFO] [stdout]  --> src/layer_fn.rs:16:5
[INFO] [stdout]   |
[INFO] [stdout] 5 | use tower::Service;
[INFO] [stdout]   |     ^^^^^ use of undeclared crate or module `tower`
[INFO] [stdout] 
[INFO] [stdout] error[E0223]: ambiguous associated type
[INFO] [stdout]   --> src/layer_fn.rs:37:71
[INFO] [stdout]    |
[INFO] [stdout] 26 |     fn poll_ready(&mut self, cx: &mut Context<'_>) -> Poll<Result<(), Self::Error>> {
[INFO] [stdout]    |                                                                       ^^^^^^^^^^^
[INFO] [stdout]    |
[INFO] [stdout] help: use fully-qualified syntax
[INFO] [stdout]    |
[INFO] [stdout] 26 |     fn poll_ready(&mut self, cx: &mut Context<'_>) -> Poll<Result<(), <LogService<S> as TryFrom>::Error>> {
[INFO] [stdout]    |                                                                       ~~~~~~~~~~~~~~~~~~~~~~~~~~~~~~~~~
[INFO] [stdout] 26 |     fn poll_ready(&mut self, cx: &mut Context<'_>) -> Poll<Result<(), <LogService<S> as TryInto>::Error>> {
[INFO] [stdout]    |                                                                       ~~~~~~~~~~~~~~~~~~~~~~~~~~~~~~~~~
[INFO] [stdout] 
[INFO] [stdout] error[E0223]: ambiguous associated type
[INFO] [stdout]   --> src/layer_fn.rs:41:45
[INFO] [stdout]    |
[INFO] [stdout] 30 |     fn call(&mut self, request: Request) -> Self::Future {
[INFO] [stdout]    |                                             ^^^^^^^^^^^^
[INFO] [stdout]    |
[INFO] [stdout] help: if there were a trait named `Example` with associated type `Future` implemented for `LogService<S>`, you could use the fully-qualified path
[INFO] [stdout]    |
[INFO] [stdout] 30 |     fn call(&mut self, request: Request) -> <LogService<S> as Example>::Future {
[INFO] [stdout]    |                                             ~~~~~~~~~~~~~~~~~~~~~~~~~~~~~~~~~~
[INFO] [stdout] 
[INFO] [stdout] error[E0433]: failed to resolve: use of undeclared crate or module `tower`
[INFO] [stdout]   --> src/layer_fn.rs:58:25
[INFO] [stdout]    |
[INFO] [stdout] 47 | let uppercase_service = tower::service_fn(|request: String| async move {
[INFO] [stdout]    |                         ^^^^^ use of undeclared crate or module `tower`
[INFO] [stdout] 
[INFO] [stdout] error: aborting due to 4 previous errors
[INFO] [stdout] 
[INFO] [stdout] Some errors have detailed explanations: E0223, E0432, E0433.
[INFO] [stdout] For more information about an error, try `rustc --explain E0223`.
[INFO] [stdout] Couldn't compile the test.
[INFO] [stdout] ---- src/lib.rs - Layer (line 42) stdout ----
[INFO] [stdout] error[E0432]: unresolved import `tower_service`
[INFO] [stdout]  --> src/lib.rs:44:5
[INFO] [stdout]   |
[INFO] [stdout] 5 | use tower_service::Service;
[INFO] [stdout]   |     ^^^^^^^^^^^^^ use of undeclared crate or module `tower_service`
[INFO] [stdout] 
[INFO] [stdout] error[E0223]: ambiguous associated type
[INFO] [stdout]   --> src/lib.rs:79:71
[INFO] [stdout]    |
[INFO] [stdout] 40 |     fn poll_ready(&mut self, cx: &mut Context<'_>) -> Poll<Result<(), Self::Error>> {
[INFO] [stdout]    |                                                                       ^^^^^^^^^^^
[INFO] [stdout]    |
[INFO] [stdout] help: use fully-qualified syntax
[INFO] [stdout]    |
[INFO] [stdout] 40 |     fn poll_ready(&mut self, cx: &mut Context<'_>) -> Poll<Result<(), <LogService<S> as TryFrom>::Error>> {
[INFO] [stdout]    |                                                                       ~~~~~~~~~~~~~~~~~~~~~~~~~~~~~~~~~
[INFO] [stdout] 40 |     fn poll_ready(&mut self, cx: &mut Context<'_>) -> Poll<Result<(), <LogService<S> as TryInto>::Error>> {
[INFO] [stdout]    |                                                                       ~~~~~~~~~~~~~~~~~~~~~~~~~~~~~~~~~
[INFO] [stdout] 
[INFO] [stdout] error[E0223]: ambiguous associated type
[INFO] [stdout]   --> src/lib.rs:83:45
[INFO] [stdout]    |
[INFO] [stdout] 44 |     fn call(&mut self, request: Request) -> Self::Future {
[INFO] [stdout]    |                                             ^^^^^^^^^^^^
[INFO] [stdout]    |
[INFO] [stdout] help: if there were a trait named `Example` with associated type `Future` implemented for `LogService<S>`, you could use the fully-qualified path
[INFO] [stdout]    |
[INFO] [stdout] 44 |     fn call(&mut self, request: Request) -> <LogService<S> as Example>::Future {
[INFO] [stdout]    |                                             ~~~~~~~~~~~~~~~~~~~~~~~~~~~~~~~~~~
[INFO] [stdout] 
[INFO] [stdout] error: aborting due to 3 previous errors
[INFO] [stdout] 
[INFO] [stdout] Some errors have detailed explanations: E0223, E0432.
[INFO] [stdout] For more information about an error, try `rustc --explain E0223`.
[INFO] [stdout] Couldn't compile the test.
[INFO] [stdout] 
[INFO] [stdout] failures:
[INFO] [stdout]     src/layer_fn.rs - layer_fn::layer_fn (line 14)
[INFO] [stdout]     src/lib.rs - Layer (line 42)
[INFO] [stdout] 
[INFO] [stdout] test result: FAILED. 0 passed; 2 failed; 0 ignored; 0 measured; 0 filtered out; finished in 0.10s
[INFO] [stdout] 
[INFO] [stderr] error: doctest failed, to rerun pass `--doc`
[INFO] running `Command { std: "docker" "inspect" "d5705f7913bf66bfb40561b89ec7e4b13b59e033572870016f01684a455e92ca", kill_on_drop: false }`
[INFO] running `Command { std: "docker" "rm" "-f" "d5705f7913bf66bfb40561b89ec7e4b13b59e033572870016f01684a455e92ca", kill_on_drop: false }`
[INFO] [stdout] d5705f7913bf66bfb40561b89ec7e4b13b59e033572870016f01684a455e92ca
