[INFO] fetching crate tower-async-layer 0.2.0...
[INFO] testing tower-async-layer-0.2.0 against beta-2024-12-08 for beta-1.84.0-4-retry
[INFO] extracting crate tower-async-layer 0.2.0 into /workspace/builds/worker-1-tc2/source
[INFO] validating manifest of crates.io crate tower-async-layer 0.2.0 on toolchain beta-2024-12-08
[INFO] running `Command { std: CARGO_HOME="/workspace/cargo-home" RUSTUP_HOME="/workspace/rustup-home" "/workspace/cargo-home/bin/cargo" "+beta-2024-12-08" "metadata" "--manifest-path" "Cargo.toml" "--no-deps", kill_on_drop: false }`
[INFO] started tweaking crates.io crate tower-async-layer 0.2.0
[INFO] finished tweaking crates.io crate tower-async-layer 0.2.0
[INFO] tweaked toml for crates.io crate tower-async-layer 0.2.0 written to /workspace/builds/worker-1-tc2/source/Cargo.toml
[INFO] running `Command { std: CARGO_HOME="/workspace/cargo-home" RUSTUP_HOME="/workspace/rustup-home" "/workspace/cargo-home/bin/cargo" "+beta-2024-12-08" "generate-lockfile" "--manifest-path" "Cargo.toml", kill_on_drop: false }`
[INFO] running `Command { std: CARGO_HOME="/workspace/cargo-home" RUSTUP_HOME="/workspace/rustup-home" "/workspace/cargo-home/bin/cargo" "+beta-2024-12-08" "fetch" "--manifest-path" "Cargo.toml", kill_on_drop: false }`
[INFO] running `Command { std: "docker" "create" "-v" "/var/lib/crater-agent-workspace/builds/worker-1-tc2/target:/opt/rustwide/target:rw,Z" "-v" "/var/lib/crater-agent-workspace/builds/worker-1-tc2/source:/opt/rustwide/workdir:ro,Z" "-v" "/var/lib/crater-agent-workspace/cargo-home:/opt/rustwide/cargo-home:ro,Z" "-v" "/var/lib/crater-agent-workspace/rustup-home:/opt/rustwide/rustup-home:ro,Z" "-e" "SOURCE_DIR=/opt/rustwide/workdir" "-e" "CARGO_TARGET_DIR=/opt/rustwide/target" "-e" "CARGO_HOME=/opt/rustwide/cargo-home" "-e" "RUSTUP_HOME=/opt/rustwide/rustup-home" "-w" "/opt/rustwide/workdir" "-m" "1610612736" "--user" "0:0" "--network" "none" "ghcr.io/rust-lang/crates-build-env/linux@sha256:f3a9d4ad9d972b27faf3965f35b62e55ba32bbce8f20bc8fe909558a86702fde" "/opt/rustwide/cargo-home/bin/cargo" "+beta-2024-12-08" "metadata" "--no-deps" "--format-version=1", kill_on_drop: false }`
[INFO] [stdout] 5807ed6a69f465f580397e8b382b1f54b4b47cc3871a4cad1d2c01bf16e4d830
[INFO] running `Command { std: "docker" "start" "-a" "5807ed6a69f465f580397e8b382b1f54b4b47cc3871a4cad1d2c01bf16e4d830", kill_on_drop: false }`
[INFO] running `Command { std: "docker" "inspect" "5807ed6a69f465f580397e8b382b1f54b4b47cc3871a4cad1d2c01bf16e4d830", kill_on_drop: false }`
[INFO] running `Command { std: "docker" "rm" "-f" "5807ed6a69f465f580397e8b382b1f54b4b47cc3871a4cad1d2c01bf16e4d830", kill_on_drop: false }`
[INFO] [stdout] 5807ed6a69f465f580397e8b382b1f54b4b47cc3871a4cad1d2c01bf16e4d830
[INFO] running `Command { std: "docker" "create" "-v" "/var/lib/crater-agent-workspace/builds/worker-1-tc2/target:/opt/rustwide/target:rw,Z" "-v" "/var/lib/crater-agent-workspace/builds/worker-1-tc2/source:/opt/rustwide/workdir:ro,Z" "-v" "/var/lib/crater-agent-workspace/cargo-home:/opt/rustwide/cargo-home:ro,Z" "-v" "/var/lib/crater-agent-workspace/rustup-home:/opt/rustwide/rustup-home:ro,Z" "-e" "SOURCE_DIR=/opt/rustwide/workdir" "-e" "CARGO_TARGET_DIR=/opt/rustwide/target" "-e" "CARGO_INCREMENTAL=0" "-e" "RUST_BACKTRACE=full" "-e" "RUSTFLAGS=--cap-lints=warn" "-e" "RUSTDOCFLAGS=--cap-lints=warn" "-e" "CARGO_HOME=/opt/rustwide/cargo-home" "-e" "RUSTUP_HOME=/opt/rustwide/rustup-home" "-w" "/opt/rustwide/workdir" "-m" "1610612736" "--user" "0:0" "--network" "none" "ghcr.io/rust-lang/crates-build-env/linux@sha256:f3a9d4ad9d972b27faf3965f35b62e55ba32bbce8f20bc8fe909558a86702fde" "/opt/rustwide/cargo-home/bin/cargo" "+beta-2024-12-08" "build" "--frozen" "--message-format=json", kill_on_drop: false }`
[INFO] [stdout] 2fba88fd7799a4ba21e5ce3ebab27a2007917b0555364de10a20eed1caa82122
[INFO] running `Command { std: "docker" "start" "-a" "2fba88fd7799a4ba21e5ce3ebab27a2007917b0555364de10a20eed1caa82122", kill_on_drop: false }`
[INFO] [stderr]    Compiling tower-async-layer v0.2.0 (/opt/rustwide/workdir)
[INFO] [stderr]     Finished `dev` profile [unoptimized + debuginfo] target(s) in 0.27s
[INFO] running `Command { std: "docker" "inspect" "2fba88fd7799a4ba21e5ce3ebab27a2007917b0555364de10a20eed1caa82122", kill_on_drop: false }`
[INFO] running `Command { std: "docker" "rm" "-f" "2fba88fd7799a4ba21e5ce3ebab27a2007917b0555364de10a20eed1caa82122", kill_on_drop: false }`
[INFO] [stdout] 2fba88fd7799a4ba21e5ce3ebab27a2007917b0555364de10a20eed1caa82122
[INFO] running `Command { std: "docker" "create" "-v" "/var/lib/crater-agent-workspace/builds/worker-1-tc2/target:/opt/rustwide/target:rw,Z" "-v" "/var/lib/crater-agent-workspace/builds/worker-1-tc2/source:/opt/rustwide/workdir:ro,Z" "-v" "/var/lib/crater-agent-workspace/cargo-home:/opt/rustwide/cargo-home:ro,Z" "-v" "/var/lib/crater-agent-workspace/rustup-home:/opt/rustwide/rustup-home:ro,Z" "-e" "SOURCE_DIR=/opt/rustwide/workdir" "-e" "CARGO_TARGET_DIR=/opt/rustwide/target" "-e" "CARGO_INCREMENTAL=0" "-e" "RUST_BACKTRACE=full" "-e" "RUSTFLAGS=--cap-lints=warn" "-e" "RUSTDOCFLAGS=--cap-lints=warn" "-e" "CARGO_HOME=/opt/rustwide/cargo-home" "-e" "RUSTUP_HOME=/opt/rustwide/rustup-home" "-w" "/opt/rustwide/workdir" "-m" "1610612736" "--user" "0:0" "--network" "none" "ghcr.io/rust-lang/crates-build-env/linux@sha256:f3a9d4ad9d972b27faf3965f35b62e55ba32bbce8f20bc8fe909558a86702fde" "/opt/rustwide/cargo-home/bin/cargo" "+beta-2024-12-08" "test" "--frozen" "--no-run" "--message-format=json", kill_on_drop: false }`
[INFO] [stdout] 30651e925148d6af065f233d2fe248025760c433a666d4e91d3f94481a47f393
[INFO] running `Command { std: "docker" "start" "-a" "30651e925148d6af065f233d2fe248025760c433a666d4e91d3f94481a47f393", kill_on_drop: false }`
[INFO] [stderr]    Compiling tower-async-layer v0.2.0 (/opt/rustwide/workdir)
[INFO] [stderr]     Finished `test` profile [unoptimized + debuginfo] target(s) in 0.39s
[INFO] running `Command { std: "docker" "inspect" "30651e925148d6af065f233d2fe248025760c433a666d4e91d3f94481a47f393", kill_on_drop: false }`
[INFO] running `Command { std: "docker" "rm" "-f" "30651e925148d6af065f233d2fe248025760c433a666d4e91d3f94481a47f393", kill_on_drop: false }`
[INFO] [stdout] 30651e925148d6af065f233d2fe248025760c433a666d4e91d3f94481a47f393
[INFO] running `Command { std: "docker" "create" "-v" "/var/lib/crater-agent-workspace/builds/worker-1-tc2/target:/opt/rustwide/target:rw,Z" "-v" "/var/lib/crater-agent-workspace/builds/worker-1-tc2/source:/opt/rustwide/workdir:ro,Z" "-v" "/var/lib/crater-agent-workspace/cargo-home:/opt/rustwide/cargo-home:ro,Z" "-v" "/var/lib/crater-agent-workspace/rustup-home:/opt/rustwide/rustup-home:ro,Z" "-e" "SOURCE_DIR=/opt/rustwide/workdir" "-e" "CARGO_TARGET_DIR=/opt/rustwide/target" "-e" "CARGO_INCREMENTAL=0" "-e" "RUST_BACKTRACE=full" "-e" "RUSTFLAGS=--cap-lints=warn" "-e" "RUSTDOCFLAGS=--cap-lints=warn" "-e" "CARGO_HOME=/opt/rustwide/cargo-home" "-e" "RUSTUP_HOME=/opt/rustwide/rustup-home" "-w" "/opt/rustwide/workdir" "-m" "1610612736" "--user" "0:0" "--network" "none" "ghcr.io/rust-lang/crates-build-env/linux@sha256:f3a9d4ad9d972b27faf3965f35b62e55ba32bbce8f20bc8fe909558a86702fde" "/opt/rustwide/cargo-home/bin/cargo" "+beta-2024-12-08" "test" "--frozen", kill_on_drop: false }`
[INFO] [stdout] 02b2a433181326ffb25a59b61c14d9ae0a88e88799edec919ef920032b248f18
[INFO] running `Command { std: "docker" "start" "-a" "02b2a433181326ffb25a59b61c14d9ae0a88e88799edec919ef920032b248f18", kill_on_drop: false }`
[INFO] [stderr]     Finished `test` profile [unoptimized + debuginfo] target(s) in 0.01s
[INFO] [stderr]      Running unittests src/lib.rs (/opt/rustwide/target/debug/deps/tower_async_layer-8928e81f7eb4a10d)
[INFO] [stdout] 
[INFO] [stdout] running 1 test
[INFO] [stdout] test layer_fn::tests::layer_fn_has_useful_debug_impl ... ok
[INFO] [stdout] 
[INFO] [stdout] test result: ok. 1 passed; 0 failed; 0 ignored; 0 measured; 0 filtered out; finished in 0.00s
[INFO] [stdout] 
[INFO] [stderr]    Doc-tests tower_async_layer
[INFO] [stdout] 
[INFO] [stdout] running 2 tests
[INFO] [stdout] test src/lib.rs - Layer (line 42) ... FAILED
[INFO] [stdout] test src/layer_fn.rs - layer_fn::layer_fn (line 14) ... FAILED
[INFO] [stdout] 
[INFO] [stdout] failures:
[INFO] [stdout] 
[INFO] [stdout] ---- src/lib.rs - Layer (line 42) stdout ----
[INFO] [stdout] error[E0432]: unresolved import `tower_async_service`
[INFO] [stdout]  --> src/lib.rs:44:5
[INFO] [stdout]   |
[INFO] [stdout] 5 | use tower_async_service::Service;
[INFO] [stdout]   |     ^^^^^^^^^^^^^^^^^^^ use of undeclared crate or module `tower_async_service`
[INFO] [stdout] 
[INFO] [stdout] error: aborting due to 1 previous error
[INFO] [stdout] 
[INFO] [stdout] For more information about this error, try `rustc --explain E0432`.
[INFO] [stdout] Couldn't compile the test.
[INFO] [stdout] ---- src/layer_fn.rs - layer_fn::layer_fn (line 14) stdout ----
[INFO] [stdout] error[E0432]: unresolved import `tower_async`
[INFO] [stdout]  --> src/layer_fn.rs:16:5
[INFO] [stdout]   |
[INFO] [stdout] 5 | use tower_async::Service;
[INFO] [stdout]   |     ^^^^^^^^^^^ use of undeclared crate or module `tower_async`
[INFO] [stdout] 
[INFO] [stdout] error[E0433]: failed to resolve: use of undeclared crate or module `tower_async`
[INFO] [stdout]   --> src/layer_fn.rs:53:25
[INFO] [stdout]    |
[INFO] [stdout] 42 | let uppercase_service = tower_async::service_fn(|request: String| async move {
[INFO] [stdout]    |                         ^^^^^^^^^^^ use of undeclared crate or module `tower_async`
[INFO] [stdout] 
[INFO] [stdout] error: aborting due to 2 previous errors
[INFO] [stdout] 
[INFO] [stdout] Some errors have detailed explanations: E0432, E0433.
[INFO] [stdout] For more information about an error, try `rustc --explain E0432`.
[INFO] [stdout] Couldn't compile the test.
[INFO] [stdout] 
[INFO] [stdout] failures:
[INFO] [stdout]     src/layer_fn.rs - layer_fn::layer_fn (line 14)
[INFO] [stdout]     src/lib.rs - Layer (line 42)
[INFO] [stdout] 
[INFO] [stdout] test result: FAILED. 0 passed; 2 failed; 0 ignored; 0 measured; 0 filtered out; finished in 0.05s
[INFO] [stdout] 
[INFO] [stderr] error: doctest failed, to rerun pass `--doc`
[INFO] running `Command { std: "docker" "inspect" "02b2a433181326ffb25a59b61c14d9ae0a88e88799edec919ef920032b248f18", kill_on_drop: false }`
[INFO] running `Command { std: "docker" "rm" "-f" "02b2a433181326ffb25a59b61c14d9ae0a88e88799edec919ef920032b248f18", kill_on_drop: false }`
[INFO] [stdout] 02b2a433181326ffb25a59b61c14d9ae0a88e88799edec919ef920032b248f18
