[INFO] fetching crate torrust-tracker-contrib-bencode 3.0.0...
[INFO] testing torrust-tracker-contrib-bencode-3.0.0 against 1.83.0 for beta-1.84.0-4-retry
[INFO] extracting crate torrust-tracker-contrib-bencode 3.0.0 into /workspace/builds/worker-3-tc1/source
[INFO] validating manifest of crates.io crate torrust-tracker-contrib-bencode 3.0.0 on toolchain 1.83.0
[INFO] running `Command { std: CARGO_HOME="/workspace/cargo-home" RUSTUP_HOME="/workspace/rustup-home" "/workspace/cargo-home/bin/cargo" "+1.83.0" "metadata" "--manifest-path" "Cargo.toml" "--no-deps", kill_on_drop: false }`
[INFO] started tweaking crates.io crate torrust-tracker-contrib-bencode 3.0.0
[INFO] removed 0 missing tests
[INFO] finished tweaking crates.io crate torrust-tracker-contrib-bencode 3.0.0
[INFO] tweaked toml for crates.io crate torrust-tracker-contrib-bencode 3.0.0 written to /workspace/builds/worker-3-tc1/source/Cargo.toml
[INFO] running `Command { std: CARGO_HOME="/workspace/cargo-home" RUSTUP_HOME="/workspace/rustup-home" "/workspace/cargo-home/bin/cargo" "+1.83.0" "generate-lockfile" "--manifest-path" "Cargo.toml", kill_on_drop: false }`
[INFO] [stderr]     Updating crates.io index
[INFO] [stderr]      Locking 71 packages to latest compatible versions
[INFO] [stderr]       Adding thiserror v1.0.69 (available: v2.0.7)
[INFO] running `Command { std: CARGO_HOME="/workspace/cargo-home" RUSTUP_HOME="/workspace/rustup-home" "/workspace/cargo-home/bin/cargo" "+1.83.0" "fetch" "--manifest-path" "Cargo.toml", kill_on_drop: false }`
[INFO] running `Command { std: "docker" "create" "-v" "/var/lib/crater-agent-workspace/builds/worker-3-tc1/target:/opt/rustwide/target:rw,Z" "-v" "/var/lib/crater-agent-workspace/builds/worker-3-tc1/source:/opt/rustwide/workdir:ro,Z" "-v" "/var/lib/crater-agent-workspace/cargo-home:/opt/rustwide/cargo-home:ro,Z" "-v" "/var/lib/crater-agent-workspace/rustup-home:/opt/rustwide/rustup-home:ro,Z" "-e" "SOURCE_DIR=/opt/rustwide/workdir" "-e" "CARGO_TARGET_DIR=/opt/rustwide/target" "-e" "CARGO_HOME=/opt/rustwide/cargo-home" "-e" "RUSTUP_HOME=/opt/rustwide/rustup-home" "-w" "/opt/rustwide/workdir" "-m" "1610612736" "--user" "0:0" "--network" "none" "ghcr.io/rust-lang/crates-build-env/linux@sha256:f3a9d4ad9d972b27faf3965f35b62e55ba32bbce8f20bc8fe909558a86702fde" "/opt/rustwide/cargo-home/bin/cargo" "+1.83.0" "metadata" "--no-deps" "--format-version=1", kill_on_drop: false }`
[INFO] [stdout] 462bfd986beca5f42d19a716281fa01857a14fc5d871d5158b79a835719db19b
[INFO] running `Command { std: "docker" "start" "-a" "462bfd986beca5f42d19a716281fa01857a14fc5d871d5158b79a835719db19b", kill_on_drop: false }`
[INFO] running `Command { std: "docker" "inspect" "462bfd986beca5f42d19a716281fa01857a14fc5d871d5158b79a835719db19b", kill_on_drop: false }`
[INFO] running `Command { std: "docker" "rm" "-f" "462bfd986beca5f42d19a716281fa01857a14fc5d871d5158b79a835719db19b", kill_on_drop: false }`
[INFO] [stdout] 462bfd986beca5f42d19a716281fa01857a14fc5d871d5158b79a835719db19b
[INFO] running `Command { std: "docker" "create" "-v" "/var/lib/crater-agent-workspace/builds/worker-3-tc1/target:/opt/rustwide/target:rw,Z" "-v" "/var/lib/crater-agent-workspace/builds/worker-3-tc1/source:/opt/rustwide/workdir:ro,Z" "-v" "/var/lib/crater-agent-workspace/cargo-home:/opt/rustwide/cargo-home:ro,Z" "-v" "/var/lib/crater-agent-workspace/rustup-home:/opt/rustwide/rustup-home:ro,Z" "-e" "SOURCE_DIR=/opt/rustwide/workdir" "-e" "CARGO_TARGET_DIR=/opt/rustwide/target" "-e" "CARGO_INCREMENTAL=0" "-e" "RUST_BACKTRACE=full" "-e" "RUSTFLAGS=--cap-lints=warn" "-e" "RUSTDOCFLAGS=--cap-lints=warn" "-e" "CARGO_HOME=/opt/rustwide/cargo-home" "-e" "RUSTUP_HOME=/opt/rustwide/rustup-home" "-w" "/opt/rustwide/workdir" "-m" "1610612736" "--user" "0:0" "--network" "none" "ghcr.io/rust-lang/crates-build-env/linux@sha256:f3a9d4ad9d972b27faf3965f35b62e55ba32bbce8f20bc8fe909558a86702fde" "/opt/rustwide/cargo-home/bin/cargo" "+1.83.0" "build" "--frozen" "--message-format=json", kill_on_drop: false }`
[INFO] [stdout] 320887bb9e5b0d2edd7fa9f2d1c440cfb118aa40bdc61de453ce7509ebe4c72e
[INFO] running `Command { std: "docker" "start" "-a" "320887bb9e5b0d2edd7fa9f2d1c440cfb118aa40bdc61de453ce7509ebe4c72e", kill_on_drop: false }`
[INFO] [stderr]    Compiling thiserror v1.0.69
[INFO] [stderr]    Compiling syn v2.0.90
[INFO] [stderr]    Compiling thiserror-impl v1.0.69
[INFO] [stderr]    Compiling torrust-tracker-contrib-bencode v3.0.0 (/opt/rustwide/workdir)
[INFO] [stderr]     Finished `dev` profile [unoptimized + debuginfo] target(s) in 4.86s
[INFO] running `Command { std: "docker" "inspect" "320887bb9e5b0d2edd7fa9f2d1c440cfb118aa40bdc61de453ce7509ebe4c72e", kill_on_drop: false }`
[INFO] running `Command { std: "docker" "rm" "-f" "320887bb9e5b0d2edd7fa9f2d1c440cfb118aa40bdc61de453ce7509ebe4c72e", kill_on_drop: false }`
[INFO] [stdout] 320887bb9e5b0d2edd7fa9f2d1c440cfb118aa40bdc61de453ce7509ebe4c72e
[INFO] running `Command { std: "docker" "create" "-v" "/var/lib/crater-agent-workspace/builds/worker-3-tc1/target:/opt/rustwide/target:rw,Z" "-v" "/var/lib/crater-agent-workspace/builds/worker-3-tc1/source:/opt/rustwide/workdir:ro,Z" "-v" "/var/lib/crater-agent-workspace/cargo-home:/opt/rustwide/cargo-home:ro,Z" "-v" "/var/lib/crater-agent-workspace/rustup-home:/opt/rustwide/rustup-home:ro,Z" "-e" "SOURCE_DIR=/opt/rustwide/workdir" "-e" "CARGO_TARGET_DIR=/opt/rustwide/target" "-e" "CARGO_INCREMENTAL=0" "-e" "RUST_BACKTRACE=full" "-e" "RUSTFLAGS=--cap-lints=warn" "-e" "RUSTDOCFLAGS=--cap-lints=warn" "-e" "CARGO_HOME=/opt/rustwide/cargo-home" "-e" "RUSTUP_HOME=/opt/rustwide/rustup-home" "-w" "/opt/rustwide/workdir" "-m" "1610612736" "--user" "0:0" "--network" "none" "ghcr.io/rust-lang/crates-build-env/linux@sha256:f3a9d4ad9d972b27faf3965f35b62e55ba32bbce8f20bc8fe909558a86702fde" "/opt/rustwide/cargo-home/bin/cargo" "+1.83.0" "test" "--frozen" "--no-run" "--message-format=json", kill_on_drop: false }`
[INFO] [stdout] f5c9b0cd041ffaa564dd367acad64f301d7b001533f1bd8565a78166ff11aa48
[INFO] running `Command { std: "docker" "start" "-a" "f5c9b0cd041ffaa564dd367acad64f301d7b001533f1bd8565a78166ff11aa48", kill_on_drop: false }`
[INFO] [stderr]    Compiling crossbeam-utils v0.8.20
[INFO] [stderr]    Compiling serde v1.0.216
[INFO] [stderr]    Compiling serde_json v1.0.133
[INFO] [stderr]    Compiling cfg-if v1.0.0
[INFO] [stderr]    Compiling rayon-core v1.12.1
[INFO] [stderr]    Compiling either v1.13.0
[INFO] [stderr]    Compiling clap_lex v0.7.4
[INFO] [stderr]    Compiling ryu v1.0.18
[INFO] [stderr]    Compiling memchr v2.7.4
[INFO] [stderr]    Compiling regex-syntax v0.8.5
[INFO] [stderr]    Compiling ciborium-io v0.2.2
[INFO] [stderr]    Compiling anstyle v1.0.10
[INFO] [stderr]    Compiling num-traits v0.2.19
[INFO] [stderr]    Compiling itoa v1.0.14
[INFO] [stderr]    Compiling plotters-backend v0.3.7
[INFO] [stderr]    Compiling serde_derive v1.0.216
[INFO] [stderr]    Compiling half v2.4.1
[INFO] [stderr]    Compiling same-file v1.0.6
[INFO] [stderr]    Compiling cast v0.3.0
[INFO] [stderr]    Compiling walkdir v2.5.0
[INFO] [stderr]    Compiling is-terminal v0.4.13
[INFO] [stderr]    Compiling plotters-svg v0.3.7
[INFO] [stderr]    Compiling itertools v0.10.5
[INFO] [stderr]    Compiling clap_builder v4.5.23
[INFO] [stderr]    Compiling ciborium-ll v0.2.2
[INFO] [stderr]    Compiling anes v0.1.6
[INFO] [stderr]    Compiling once_cell v1.20.2
[INFO] [stderr]    Compiling oorandom v11.1.4
[INFO] [stderr]    Compiling crossbeam-epoch v0.9.18
[INFO] [stderr]    Compiling regex-automata v0.4.9
[INFO] [stderr]    Compiling plotters v0.3.7
[INFO] [stderr]    Compiling crossbeam-deque v0.8.5
[INFO] [stderr]    Compiling criterion-plot v0.5.0
[INFO] [stderr]    Compiling rayon v1.10.0
[INFO] [stderr]    Compiling clap v4.5.23
[INFO] [stderr]    Compiling regex v1.11.1
[INFO] [stderr]    Compiling ciborium v0.2.2
[INFO] [stderr]    Compiling tinytemplate v1.2.1
[INFO] [stderr]    Compiling criterion v0.5.1
[INFO] [stderr]    Compiling torrust-tracker-contrib-bencode v3.0.0 (/opt/rustwide/workdir)
[INFO] [stderr]     Finished `test` profile [unoptimized + debuginfo] target(s) in 22.64s
[INFO] running `Command { std: "docker" "inspect" "f5c9b0cd041ffaa564dd367acad64f301d7b001533f1bd8565a78166ff11aa48", kill_on_drop: false }`
[INFO] running `Command { std: "docker" "rm" "-f" "f5c9b0cd041ffaa564dd367acad64f301d7b001533f1bd8565a78166ff11aa48", kill_on_drop: false }`
[INFO] [stdout] f5c9b0cd041ffaa564dd367acad64f301d7b001533f1bd8565a78166ff11aa48
[INFO] running `Command { std: "docker" "create" "-v" "/var/lib/crater-agent-workspace/builds/worker-3-tc1/target:/opt/rustwide/target:rw,Z" "-v" "/var/lib/crater-agent-workspace/builds/worker-3-tc1/source:/opt/rustwide/workdir:ro,Z" "-v" "/var/lib/crater-agent-workspace/cargo-home:/opt/rustwide/cargo-home:ro,Z" "-v" "/var/lib/crater-agent-workspace/rustup-home:/opt/rustwide/rustup-home:ro,Z" "-e" "SOURCE_DIR=/opt/rustwide/workdir" "-e" "CARGO_TARGET_DIR=/opt/rustwide/target" "-e" "CARGO_INCREMENTAL=0" "-e" "RUST_BACKTRACE=full" "-e" "RUSTFLAGS=--cap-lints=warn" "-e" "RUSTDOCFLAGS=--cap-lints=warn" "-e" "CARGO_HOME=/opt/rustwide/cargo-home" "-e" "RUSTUP_HOME=/opt/rustwide/rustup-home" "-w" "/opt/rustwide/workdir" "-m" "1610612736" "--user" "0:0" "--network" "none" "ghcr.io/rust-lang/crates-build-env/linux@sha256:f3a9d4ad9d972b27faf3965f35b62e55ba32bbce8f20bc8fe909558a86702fde" "/opt/rustwide/cargo-home/bin/cargo" "+1.83.0" "test" "--frozen", kill_on_drop: false }`
[INFO] [stdout] 04a9a5b6199b7d4ff7ae93d21bcffe4e997e9f24811bf608a671e9c5c67833d6
[INFO] running `Command { std: "docker" "start" "-a" "04a9a5b6199b7d4ff7ae93d21bcffe4e997e9f24811bf608a671e9c5c67833d6", kill_on_drop: false }`
[INFO] [stderr]     Finished `test` profile [unoptimized + debuginfo] target(s) in 0.08s
[INFO] [stderr]      Running unittests src/lib.rs (/opt/rustwide/target/debug/deps/torrust_tracker_contrib_bencode-052e2e3585b5db79)
[INFO] [stdout] 
[INFO] [stdout] running 41 tests
[INFO] [stdout] test mutable::bencode_mut::test::positive_empty_dict_encode ... ok
[INFO] [stdout] test mutable::bencode_mut::test::positive_empty_list_encode ... ok
[INFO] [stdout] test mutable::bencode_mut::test::positive_nonempty_list_encode ... ok
[INFO] [stdout] test mutable::bencode_mut::test::positive_bytes_encode ... ok
[INFO] [stdout] test reference::bencode_ref::tests::positive_bytes_buffer ... ok
[INFO] [stdout] test reference::bencode_ref::tests::positive_dict_buffer ... ok
[INFO] [stdout] test mutable::bencode_mut::test::positive_nonempty_dict_encode ... ok
[INFO] [stdout] test mutable::bencode_mut::test::positive_int_encode ... ok
[INFO] [stdout] test reference::bencode_ref::tests::positive_dict_nested_dict_buffer ... ok
[INFO] [stdout] test reference::bencode_ref::tests::positive_dict_nested_bytes_buffer ... ok
[INFO] [stdout] test reference::bencode_ref::tests::positive_dict_nested_int_buffer ... ok
[INFO] [stdout] test reference::bencode_ref::tests::positive_dict_nested_list_buffer ... ok
[INFO] [stdout] test reference::bencode_ref::tests::positive_int_buffer ... ok
[INFO] [stdout] test reference::bencode_ref::tests::positive_list_buffer ... ok
[INFO] [stdout] test reference::bencode_ref::tests::positive_list_nested_bytes_buffer ... ok
[INFO] [stdout] test reference::bencode_ref::tests::positive_list_nested_dict_buffer ... ok
[INFO] [stdout] test reference::bencode_ref::tests::positive_list_nested_int_buffer ... ok
[INFO] [stdout] test reference::bencode_ref::tests::positive_list_nested_list_buffer ... ok
[INFO] [stdout] test reference::decode::tests::negative_decode_bytes_not_utf8 ... ok
[INFO] [stdout] test reference::decode::tests::positive_decode_general ... ok
[INFO] [stdout] test reference::decode::tests::positive_decode_int ... ok
[INFO] [stdout] test reference::decode::tests::positive_decode_int_negative ... ok
[INFO] [stdout] test reference::decode::tests::positive_decode_bytes ... ok
[INFO] [stdout] test reference::decode::tests::positive_decode_bytes_utf8 ... ok
[INFO] [stdout] test reference::decode::tests::positive_decode_bytes_zero_len ... ok
[INFO] [stdout] test reference::decode::tests::positive_decode_dict ... ok
[INFO] [stdout] test reference::decode::tests::positive_decode_dict_unordered_keys ... ok
[INFO] [stdout] test reference::decode::tests::positive_decode_int_zero ... ok
[INFO] [stdout] test reference::decode::tests::positive_decode_list ... ok
[INFO] [stdout] test reference::decode::tests::positive_decode_partial ... ok
[INFO] [stdout] test reference::decode::tests::positive_decode_recursion ... ok
[INFO] [stdout] test reference::decode::tests::negative_decode_bytes_extra - should panic ... ok
[INFO] [stdout] test reference::decode::tests::negative_decode_bytes_neg_len - should panic ... ok
[INFO] [stdout] test reference::decode::tests::negative_decode_int_double_negative - should panic ... ok
[INFO] [stdout] test reference::decode::tests::negative_decode_int_double_zero - should panic ... ok
[INFO] [stdout] test reference::decode::tests::negative_decode_int_nan - should panic ... ok
[INFO] [stdout] test reference::decode::tests::negative_decode_int_negative_zero - should panic ... ok
[INFO] [stdout] test reference::decode::tests::negative_decode_dict_dup_keys_same_data - should panic ... ok
[INFO] [stdout] test reference::decode::tests::negative_decode_int_leading_zero - should panic ... ok
[INFO] [stdout] test reference::decode::tests::negative_decode_dict_unordered_keys - should panic ... ok
[INFO] [stdout] test reference::decode::tests::negative_decode_dict_dup_keys_diff_data - should panic ... ok
[INFO] [stdout] 
[INFO] [stdout] test result: ok. 41 passed; 0 failed; 0 ignored; 0 measured; 0 filtered out; finished in 0.04s
[INFO] [stdout] 
[INFO] [stderr]      Running tests/mod.rs (/opt/rustwide/target/debug/deps/mod-59b1b5eee09e0797)
[INFO] [stderr]    Doc-tests torrust_tracker_contrib_bencode
[INFO] [stdout] 
[INFO] [stdout] running 2 tests
[INFO] [stdout] test positive_ben_list_macro ... ok
[INFO] [stdout] test positive_ben_map_macro ... ok
[INFO] [stdout] 
[INFO] [stdout] test result: ok. 2 passed; 0 failed; 0 ignored; 0 measured; 0 filtered out; finished in 0.00s
[INFO] [stdout] 
[INFO] [stdout] 
[INFO] [stdout] running 2 tests
[INFO] [stdout] test src/lib.rs - (line 7) ... FAILED
[INFO] [stdout] test src/lib.rs - (line 23) ... FAILED
[INFO] [stdout] 
[INFO] [stdout] failures:
[INFO] [stdout] 
[INFO] [stdout] ---- src/lib.rs - (line 7) stdout ----
[INFO] [stdout] error[E0463]: can't find crate for `bencode`
[INFO] [stdout]  --> src/lib.rs:8:5
[INFO] [stdout]   |
[INFO] [stdout] 2 |     extern crate bencode;
[INFO] [stdout]   |     ^^^^^^^^^^^^^^^^^^^^^ can't find crate
[INFO] [stdout] 
[INFO] [stdout] error: aborting due to 1 previous error
[INFO] [stdout] 
[INFO] [stdout] For more information about this error, try `rustc --explain E0463`.
[INFO] [stdout] Couldn't compile the test.
[INFO] [stdout] ---- src/lib.rs - (line 23) stdout ----
[INFO] [stdout] error[E0463]: can't find crate for `bencode`
[INFO] [stdout]  --> src/lib.rs:25:5
[INFO] [stdout]   |
[INFO] [stdout] 3 |     extern crate bencode;
[INFO] [stdout]   |     ^^^^^^^^^^^^^^^^^^^^^ can't find crate
[INFO] [stdout] 
[INFO] [stdout] error: cannot find macro `ben_map` in this scope
[INFO] [stdout]  --> src/lib.rs:28:24
[INFO] [stdout]   |
[INFO] [stdout] 6 |         let message = (ben_map!{
[INFO] [stdout]   |                        ^^^^^^^
[INFO] [stdout]   |
[INFO] [stdout] help: consider importing this macro
[INFO] [stdout]   |
[INFO] [stdout] 2 + use torrust_tracker_contrib_bencode::ben_map;
[INFO] [stdout]   |
[INFO] [stdout] 
[INFO] [stdout] error: aborting due to 2 previous errors
[INFO] [stdout] 
[INFO] [stdout] For more information about this error, try `rustc --explain E0463`.
[INFO] [stdout] Couldn't compile the test.
[INFO] [stdout] 
[INFO] [stdout] failures:
[INFO] [stdout]     src/lib.rs - (line 23)
[INFO] [stdout]     src/lib.rs - (line 7)
[INFO] [stdout] 
[INFO] [stdout] test result: FAILED. 0 passed; 2 failed; 0 ignored; 0 measured; 0 filtered out; finished in 0.11s
[INFO] [stdout] 
[INFO] [stderr] error: doctest failed, to rerun pass `--doc`
[INFO] running `Command { std: "docker" "inspect" "04a9a5b6199b7d4ff7ae93d21bcffe4e997e9f24811bf608a671e9c5c67833d6", kill_on_drop: false }`
[INFO] running `Command { std: "docker" "rm" "-f" "04a9a5b6199b7d4ff7ae93d21bcffe4e997e9f24811bf608a671e9c5c67833d6", kill_on_drop: false }`
[INFO] [stdout] 04a9a5b6199b7d4ff7ae93d21bcffe4e997e9f24811bf608a671e9c5c67833d6
