[INFO] fetching crate tora 0.1.8...
[INFO] testing tora-0.1.8 against 1.83.0 for beta-1.84.0-4-retry
[INFO] extracting crate tora 0.1.8 into /workspace/builds/worker-7-tc1/source
[INFO] validating manifest of crates.io crate tora 0.1.8 on toolchain 1.83.0
[INFO] running `Command { std: CARGO_HOME="/workspace/cargo-home" RUSTUP_HOME="/workspace/rustup-home" "/workspace/cargo-home/bin/cargo" "+1.83.0" "metadata" "--manifest-path" "Cargo.toml" "--no-deps", kill_on_drop: false }`
[INFO] started tweaking crates.io crate tora 0.1.8
[INFO] finished tweaking crates.io crate tora 0.1.8
[INFO] tweaked toml for crates.io crate tora 0.1.8 written to /workspace/builds/worker-7-tc1/source/Cargo.toml
[INFO] running `Command { std: CARGO_HOME="/workspace/cargo-home" RUSTUP_HOME="/workspace/rustup-home" "/workspace/cargo-home/bin/cargo" "+1.83.0" "generate-lockfile" "--manifest-path" "Cargo.toml", kill_on_drop: false }`
[INFO] [stderr]     Updating crates.io index
[INFO] [stderr]      Locking 5 packages to latest compatible versions
[INFO] running `Command { std: CARGO_HOME="/workspace/cargo-home" RUSTUP_HOME="/workspace/rustup-home" "/workspace/cargo-home/bin/cargo" "+1.83.0" "fetch" "--manifest-path" "Cargo.toml", kill_on_drop: false }`
[INFO] [stderr]  Downloading crates ...
[INFO] [stderr]   Downloaded tora_derive v0.1.6
[INFO] running `Command { std: "docker" "create" "-v" "/var/lib/crater-agent-workspace/builds/worker-7-tc1/target:/opt/rustwide/target:rw,Z" "-v" "/var/lib/crater-agent-workspace/builds/worker-7-tc1/source:/opt/rustwide/workdir:ro,Z" "-v" "/var/lib/crater-agent-workspace/cargo-home:/opt/rustwide/cargo-home:ro,Z" "-v" "/var/lib/crater-agent-workspace/rustup-home:/opt/rustwide/rustup-home:ro,Z" "-e" "SOURCE_DIR=/opt/rustwide/workdir" "-e" "CARGO_TARGET_DIR=/opt/rustwide/target" "-e" "CARGO_HOME=/opt/rustwide/cargo-home" "-e" "RUSTUP_HOME=/opt/rustwide/rustup-home" "-w" "/opt/rustwide/workdir" "-m" "1610612736" "--user" "0:0" "--network" "none" "ghcr.io/rust-lang/crates-build-env/linux@sha256:f3a9d4ad9d972b27faf3965f35b62e55ba32bbce8f20bc8fe909558a86702fde" "/opt/rustwide/cargo-home/bin/cargo" "+1.83.0" "metadata" "--no-deps" "--format-version=1", kill_on_drop: false }`
[INFO] [stdout] b365baa8e1c39e8b7421b01f0e68956b2c4f85d8e0a4be19cafd7187d1e34c99
[INFO] running `Command { std: "docker" "start" "-a" "b365baa8e1c39e8b7421b01f0e68956b2c4f85d8e0a4be19cafd7187d1e34c99", kill_on_drop: false }`
[INFO] running `Command { std: "docker" "inspect" "b365baa8e1c39e8b7421b01f0e68956b2c4f85d8e0a4be19cafd7187d1e34c99", kill_on_drop: false }`
[INFO] running `Command { std: "docker" "rm" "-f" "b365baa8e1c39e8b7421b01f0e68956b2c4f85d8e0a4be19cafd7187d1e34c99", kill_on_drop: false }`
[INFO] [stdout] b365baa8e1c39e8b7421b01f0e68956b2c4f85d8e0a4be19cafd7187d1e34c99
[INFO] running `Command { std: "docker" "create" "-v" "/var/lib/crater-agent-workspace/builds/worker-7-tc1/target:/opt/rustwide/target:rw,Z" "-v" "/var/lib/crater-agent-workspace/builds/worker-7-tc1/source:/opt/rustwide/workdir:ro,Z" "-v" "/var/lib/crater-agent-workspace/cargo-home:/opt/rustwide/cargo-home:ro,Z" "-v" "/var/lib/crater-agent-workspace/rustup-home:/opt/rustwide/rustup-home:ro,Z" "-e" "SOURCE_DIR=/opt/rustwide/workdir" "-e" "CARGO_TARGET_DIR=/opt/rustwide/target" "-e" "CARGO_INCREMENTAL=0" "-e" "RUST_BACKTRACE=full" "-e" "RUSTFLAGS=--cap-lints=warn" "-e" "RUSTDOCFLAGS=--cap-lints=warn" "-e" "CARGO_HOME=/opt/rustwide/cargo-home" "-e" "RUSTUP_HOME=/opt/rustwide/rustup-home" "-w" "/opt/rustwide/workdir" "-m" "1610612736" "--user" "0:0" "--network" "none" "ghcr.io/rust-lang/crates-build-env/linux@sha256:f3a9d4ad9d972b27faf3965f35b62e55ba32bbce8f20bc8fe909558a86702fde" "/opt/rustwide/cargo-home/bin/cargo" "+1.83.0" "build" "--frozen" "--message-format=json", kill_on_drop: false }`
[INFO] [stdout] 86bb8249925fa3272e648a8914fdd305118e22ae1820202a5463df10f2498630
[INFO] running `Command { std: "docker" "start" "-a" "86bb8249925fa3272e648a8914fdd305118e22ae1820202a5463df10f2498630", kill_on_drop: false }`
[INFO] [stderr]    Compiling proc-macro2 v1.0.92
[INFO] [stderr]    Compiling unicode-ident v1.0.14
[INFO] [stderr]    Compiling quote v1.0.37
[INFO] [stderr]    Compiling syn v2.0.90
[INFO] [stderr]    Compiling tora_derive v0.1.6
[INFO] [stderr]    Compiling tora v0.1.8 (/opt/rustwide/workdir)
[INFO] [stderr]     Finished `dev` profile [unoptimized + debuginfo] target(s) in 5.78s
[INFO] running `Command { std: "docker" "inspect" "86bb8249925fa3272e648a8914fdd305118e22ae1820202a5463df10f2498630", kill_on_drop: false }`
[INFO] running `Command { std: "docker" "rm" "-f" "86bb8249925fa3272e648a8914fdd305118e22ae1820202a5463df10f2498630", kill_on_drop: false }`
[INFO] [stdout] 86bb8249925fa3272e648a8914fdd305118e22ae1820202a5463df10f2498630
[INFO] running `Command { std: "docker" "create" "-v" "/var/lib/crater-agent-workspace/builds/worker-7-tc1/target:/opt/rustwide/target:rw,Z" "-v" "/var/lib/crater-agent-workspace/builds/worker-7-tc1/source:/opt/rustwide/workdir:ro,Z" "-v" "/var/lib/crater-agent-workspace/cargo-home:/opt/rustwide/cargo-home:ro,Z" "-v" "/var/lib/crater-agent-workspace/rustup-home:/opt/rustwide/rustup-home:ro,Z" "-e" "SOURCE_DIR=/opt/rustwide/workdir" "-e" "CARGO_TARGET_DIR=/opt/rustwide/target" "-e" "CARGO_INCREMENTAL=0" "-e" "RUST_BACKTRACE=full" "-e" "RUSTFLAGS=--cap-lints=warn" "-e" "RUSTDOCFLAGS=--cap-lints=warn" "-e" "CARGO_HOME=/opt/rustwide/cargo-home" "-e" "RUSTUP_HOME=/opt/rustwide/rustup-home" "-w" "/opt/rustwide/workdir" "-m" "1610612736" "--user" "0:0" "--network" "none" "ghcr.io/rust-lang/crates-build-env/linux@sha256:f3a9d4ad9d972b27faf3965f35b62e55ba32bbce8f20bc8fe909558a86702fde" "/opt/rustwide/cargo-home/bin/cargo" "+1.83.0" "test" "--frozen" "--no-run" "--message-format=json", kill_on_drop: false }`
[INFO] [stdout] c714cd6602e20286b1c464f2ce32419c856fbbee9188930e5ecb625cc518aff9
[INFO] running `Command { std: "docker" "start" "-a" "c714cd6602e20286b1c464f2ce32419c856fbbee9188930e5ecb625cc518aff9", kill_on_drop: false }`
[INFO] [stderr]    Compiling tora v0.1.8 (/opt/rustwide/workdir)
[INFO] [stderr]     Finished `test` profile [unoptimized + debuginfo] target(s) in 0.56s
[INFO] running `Command { std: "docker" "inspect" "c714cd6602e20286b1c464f2ce32419c856fbbee9188930e5ecb625cc518aff9", kill_on_drop: false }`
[INFO] running `Command { std: "docker" "rm" "-f" "c714cd6602e20286b1c464f2ce32419c856fbbee9188930e5ecb625cc518aff9", kill_on_drop: false }`
[INFO] [stdout] c714cd6602e20286b1c464f2ce32419c856fbbee9188930e5ecb625cc518aff9
[INFO] running `Command { std: "docker" "create" "-v" "/var/lib/crater-agent-workspace/builds/worker-7-tc1/target:/opt/rustwide/target:rw,Z" "-v" "/var/lib/crater-agent-workspace/builds/worker-7-tc1/source:/opt/rustwide/workdir:ro,Z" "-v" "/var/lib/crater-agent-workspace/cargo-home:/opt/rustwide/cargo-home:ro,Z" "-v" "/var/lib/crater-agent-workspace/rustup-home:/opt/rustwide/rustup-home:ro,Z" "-e" "SOURCE_DIR=/opt/rustwide/workdir" "-e" "CARGO_TARGET_DIR=/opt/rustwide/target" "-e" "CARGO_INCREMENTAL=0" "-e" "RUST_BACKTRACE=full" "-e" "RUSTFLAGS=--cap-lints=warn" "-e" "RUSTDOCFLAGS=--cap-lints=warn" "-e" "CARGO_HOME=/opt/rustwide/cargo-home" "-e" "RUSTUP_HOME=/opt/rustwide/rustup-home" "-w" "/opt/rustwide/workdir" "-m" "1610612736" "--user" "0:0" "--network" "none" "ghcr.io/rust-lang/crates-build-env/linux@sha256:f3a9d4ad9d972b27faf3965f35b62e55ba32bbce8f20bc8fe909558a86702fde" "/opt/rustwide/cargo-home/bin/cargo" "+1.83.0" "test" "--frozen", kill_on_drop: false }`
[INFO] [stdout] 9dcad362e0a121e628970b951f03cc9629e922dd617763206cc402ccd3002c29
[INFO] running `Command { std: "docker" "start" "-a" "9dcad362e0a121e628970b951f03cc9629e922dd617763206cc402ccd3002c29", kill_on_drop: false }`
[INFO] [stderr]     Finished `test` profile [unoptimized + debuginfo] target(s) in 0.02s
[INFO] [stdout] 
[INFO] [stderr]      Running unittests src/lib.rs (/opt/rustwide/target/debug/deps/tora-be7fa736476e607e)
[INFO] [stdout] running 0 tests
[INFO] [stdout] 
[INFO] [stdout] test result: ok. 0 passed; 0 failed; 0 ignored; 0 measured; 0 filtered out; finished in 0.00s
[INFO] [stdout] 
[INFO] [stderr]    Doc-tests tora
[INFO] [stdout] 
[INFO] [stdout] running 5 tests
[INFO] [stdout] test src/read.rs - read::FromReader (line 74) ... ok
[INFO] [stdout] test src/write.rs - write::SerializeIo (line 39) ... ok
[INFO] [stdout] test src/lib.rs - (line 5) ... ok
[INFO] [stdout] test src/read.rs - read::ToraRead (line 278) ... FAILED
[INFO] [stdout] test src/read.rs - read::ToraRead::reads (line 294) ... FAILED
[INFO] [stdout] 
[INFO] [stdout] failures:
[INFO] [stdout] 
[INFO] [stdout] ---- src/read.rs - read::ToraRead (line 278) stdout ----
[INFO] [stdout] Test executable failed (exit status: 1).
[INFO] [stdout] 
[INFO] [stdout] stderr:
[INFO] [stdout] Error: Os { code: 111, kind: ConnectionRefused, message: "Connection refused" }
[INFO] [stdout] 
[INFO] [stdout] 
[INFO] [stdout] ---- src/read.rs - read::ToraRead::reads (line 294) stdout ----
[INFO] [stdout] Test executable failed (exit status: 1).
[INFO] [stdout] 
[INFO] [stdout] stderr:
[INFO] [stdout] Error: Os { code: 111, kind: ConnectionRefused, message: "Connection refused" }
[INFO] [stdout] 
[INFO] [stdout] 
[INFO] [stdout] 
[INFO] [stdout] failures:
[INFO] [stdout]     src/read.rs - read::ToraRead (line 278)
[INFO] [stdout]     src/read.rs - read::ToraRead::reads (line 294)
[INFO] [stdout] 
[INFO] [stdout] test result: FAILED. 3 passed; 2 failed; 0 ignored; 0 measured; 0 filtered out; finished in 0.62s
[INFO] [stdout] 
[INFO] [stderr] error: doctest failed, to rerun pass `--doc`
[INFO] running `Command { std: "docker" "inspect" "9dcad362e0a121e628970b951f03cc9629e922dd617763206cc402ccd3002c29", kill_on_drop: false }`
[INFO] running `Command { std: "docker" "rm" "-f" "9dcad362e0a121e628970b951f03cc9629e922dd617763206cc402ccd3002c29", kill_on_drop: false }`
[INFO] [stdout] 9dcad362e0a121e628970b951f03cc9629e922dd617763206cc402ccd3002c29
