[INFO] fetching crate tor-hsservice 0.25.0...
[INFO] testing tor-hsservice-0.25.0 against beta-2024-12-08 for beta-1.84.0-4-retry
[INFO] extracting crate tor-hsservice 0.25.0 into /workspace/builds/worker-6-tc2/source
[INFO] validating manifest of crates.io crate tor-hsservice 0.25.0 on toolchain beta-2024-12-08
[INFO] running `Command { std: CARGO_HOME="/workspace/cargo-home" RUSTUP_HOME="/workspace/rustup-home" "/workspace/cargo-home/bin/cargo" "+beta-2024-12-08" "metadata" "--manifest-path" "Cargo.toml" "--no-deps", kill_on_drop: false }`
[INFO] started tweaking crates.io crate tor-hsservice 0.25.0
[INFO] finished tweaking crates.io crate tor-hsservice 0.25.0
[INFO] tweaked toml for crates.io crate tor-hsservice 0.25.0 written to /workspace/builds/worker-6-tc2/source/Cargo.toml
[INFO] running `Command { std: CARGO_HOME="/workspace/cargo-home" RUSTUP_HOME="/workspace/rustup-home" "/workspace/cargo-home/bin/cargo" "+beta-2024-12-08" "generate-lockfile" "--manifest-path" "Cargo.toml", kill_on_drop: false }`
[INFO] [stderr]     Updating crates.io index
[INFO] [stderr]      Locking 465 packages to latest compatible versions
[INFO] [stderr]       Adding educe v0.4.23 (available: v0.6.0)
[INFO] [stderr]       Adding typed-index-collections v3.1.0 (available: v3.2.3)
[INFO] running `Command { std: CARGO_HOME="/workspace/cargo-home" RUSTUP_HOME="/workspace/rustup-home" "/workspace/cargo-home/bin/cargo" "+beta-2024-12-08" "fetch" "--manifest-path" "Cargo.toml", kill_on_drop: false }`
[INFO] [stderr]     Blocking waiting for file lock on package cache
[INFO] [stderr]     Blocking waiting for file lock on package cache
[INFO] running `Command { std: "docker" "create" "-v" "/var/lib/crater-agent-workspace/builds/worker-6-tc2/target:/opt/rustwide/target:rw,Z" "-v" "/var/lib/crater-agent-workspace/builds/worker-6-tc2/source:/opt/rustwide/workdir:ro,Z" "-v" "/var/lib/crater-agent-workspace/cargo-home:/opt/rustwide/cargo-home:ro,Z" "-v" "/var/lib/crater-agent-workspace/rustup-home:/opt/rustwide/rustup-home:ro,Z" "-e" "SOURCE_DIR=/opt/rustwide/workdir" "-e" "CARGO_TARGET_DIR=/opt/rustwide/target" "-e" "CARGO_HOME=/opt/rustwide/cargo-home" "-e" "RUSTUP_HOME=/opt/rustwide/rustup-home" "-w" "/opt/rustwide/workdir" "-m" "1610612736" "--user" "0:0" "--network" "none" "ghcr.io/rust-lang/crates-build-env/linux@sha256:f3a9d4ad9d972b27faf3965f35b62e55ba32bbce8f20bc8fe909558a86702fde" "/opt/rustwide/cargo-home/bin/cargo" "+beta-2024-12-08" "metadata" "--no-deps" "--format-version=1", kill_on_drop: false }`
[INFO] [stdout] a56426de5d543e73370ca712c4d9714f80407ccee1c15c20ad422ecd53ec39af
[INFO] running `Command { std: "docker" "start" "-a" "a56426de5d543e73370ca712c4d9714f80407ccee1c15c20ad422ecd53ec39af", kill_on_drop: false }`
[INFO] running `Command { std: "docker" "inspect" "a56426de5d543e73370ca712c4d9714f80407ccee1c15c20ad422ecd53ec39af", kill_on_drop: false }`
[INFO] running `Command { std: "docker" "rm" "-f" "a56426de5d543e73370ca712c4d9714f80407ccee1c15c20ad422ecd53ec39af", kill_on_drop: false }`
[INFO] [stdout] a56426de5d543e73370ca712c4d9714f80407ccee1c15c20ad422ecd53ec39af
[INFO] running `Command { std: "docker" "create" "-v" "/var/lib/crater-agent-workspace/builds/worker-6-tc2/target:/opt/rustwide/target:rw,Z" "-v" "/var/lib/crater-agent-workspace/builds/worker-6-tc2/source:/opt/rustwide/workdir:ro,Z" "-v" "/var/lib/crater-agent-workspace/cargo-home:/opt/rustwide/cargo-home:ro,Z" "-v" "/var/lib/crater-agent-workspace/rustup-home:/opt/rustwide/rustup-home:ro,Z" "-e" "SOURCE_DIR=/opt/rustwide/workdir" "-e" "CARGO_TARGET_DIR=/opt/rustwide/target" "-e" "CARGO_INCREMENTAL=0" "-e" "RUST_BACKTRACE=full" "-e" "RUSTFLAGS=--cap-lints=warn" "-e" "RUSTDOCFLAGS=--cap-lints=warn" "-e" "CARGO_HOME=/opt/rustwide/cargo-home" "-e" "RUSTUP_HOME=/opt/rustwide/rustup-home" "-w" "/opt/rustwide/workdir" "-m" "1610612736" "--user" "0:0" "--network" "none" "ghcr.io/rust-lang/crates-build-env/linux@sha256:f3a9d4ad9d972b27faf3965f35b62e55ba32bbce8f20bc8fe909558a86702fde" "/opt/rustwide/cargo-home/bin/cargo" "+beta-2024-12-08" "build" "--frozen" "--message-format=json", kill_on_drop: false }`
[INFO] [stdout] 40988152ccf0641f2b4c7a59c7f14e951fb2a84006f48884830987b18a18921c
[INFO] running `Command { std: "docker" "start" "-a" "40988152ccf0641f2b4c7a59c7f14e951fb2a84006f48884830987b18a18921c", kill_on_drop: false }`
[INFO] [stderr]    Compiling proc-macro2 v1.0.92
[INFO] [stderr]    Compiling unicode-ident v1.0.14
[INFO] [stderr]    Compiling version_check v0.9.5
[INFO] [stderr]    Compiling autocfg v1.4.0
[INFO] [stderr]    Compiling libc v0.2.168
[INFO] [stderr]    Compiling typenum v1.17.0
[INFO] [stderr]    Compiling cfg-if v1.0.0
[INFO] [stderr]    Compiling memchr v2.7.4
[INFO] [stderr]    Compiling serde v1.0.216
[INFO] [stderr]    Compiling pin-project-lite v0.2.15
[INFO] [stderr]    Compiling syn v1.0.109
[INFO] [stderr]    Compiling futures-core v0.3.31
[INFO] [stderr]    Compiling futures-sink v0.3.31
[INFO] [stderr]    Compiling const-oid v0.9.6
[INFO] [stderr]    Compiling futures-io v0.3.31
[INFO] [stderr]    Compiling pin-utils v0.1.0
[INFO] [stderr]    Compiling equivalent v1.0.1
[INFO] [stderr]    Compiling thiserror v2.0.7
[INFO] [stderr]    Compiling futures-task v0.3.31
[INFO] [stderr]    Compiling hashbrown v0.15.2
[INFO] [stderr]    Compiling futures-channel v0.3.31
[INFO] [stderr]    Compiling rustversion v1.0.18
[INFO] [stderr]    Compiling winnow v0.6.20
[INFO] [stderr]    Compiling fnv v1.0.7
[INFO] [stderr]    Compiling semver v1.0.24
[INFO] [stderr]    Compiling void v1.0.2
[INFO] [stderr]    Compiling generic-array v0.14.7
[INFO] [stderr]    Compiling heck v0.5.0
[INFO] [stderr]    Compiling subtle v2.6.1
[INFO] [stderr]    Compiling once_cell v1.20.2
[INFO] [stderr]    Compiling ident_case v1.0.1
[INFO] [stderr]    Compiling keccak v0.1.5
[INFO] [stderr]    Compiling unicode-segmentation v1.12.0
[INFO] [stderr]    Compiling paste v1.0.15
[INFO] [stderr]    Compiling smallvec v1.13.2
[INFO] [stderr]    Compiling libm v0.2.11
[INFO] [stderr]    Compiling slab v0.4.9
[INFO] [stderr]    Compiling indexmap v2.7.0
[INFO] [stderr]    Compiling num-traits v0.2.19
[INFO] [stderr]    Compiling rustc_version v0.4.1
[INFO] [stderr]    Compiling convert_case v0.6.0
[INFO] [stderr]    Compiling toml_datetime v0.6.8
[INFO] [stderr]    Compiling quote v1.0.37
[INFO] [stderr]    Compiling unicode-xid v0.2.6
[INFO] [stderr]    Compiling tracing-core v0.1.33
[INFO] [stderr]    Compiling syn v2.0.90
[INFO] [stderr]    Compiling regex-syntax v0.8.5
[INFO] [stderr]    Compiling byteorder v1.5.0
[INFO] [stderr]    Compiling thiserror v1.0.69
[INFO] [stderr]    Compiling either v1.13.0
[INFO] [stderr]    Compiling static_assertions v1.1.0
[INFO] [stderr]    Compiling getrandom v0.2.15
[INFO] [stderr]    Compiling derive-deftly-macros v0.14.2
[INFO] [stderr]    Compiling strsim v0.10.0
[INFO] [stderr]    Compiling option-ext v0.2.0
[INFO] [stderr]    Compiling rand_core v0.6.4
[INFO] [stderr]    Compiling lock_api v0.4.12
[INFO] [stderr]    Compiling dirs-sys v0.4.1
[INFO] [stderr]    Compiling itertools v0.13.0
[INFO] [stderr]    Compiling retry-error v0.6.1
[INFO] [stderr]    Compiling parking_lot_core v0.9.10
[INFO] [stderr]    Compiling base64ct v1.6.0
[INFO] [stderr]    Compiling log v0.4.22
[INFO] [stderr]    Compiling crossbeam-utils v0.8.20
[INFO] [stderr]    Compiling cpufeatures v0.2.16
[INFO] [stderr]    Compiling async_executors v0.7.0
[INFO] [stderr]    Compiling pem-rfc7468 v0.7.0
[INFO] [stderr]    Compiling scopeguard v1.2.0
[INFO] [stderr]    Compiling dirs v5.0.1
[INFO] [stderr]    Compiling crypto-common v0.1.6
[INFO] [stderr]    Compiling block-buffer v0.10.4
[INFO] [stderr]    Compiling num-integer v0.1.46
[INFO] [stderr]    Compiling spin v0.9.8
[INFO] [stderr]    Compiling same-file v1.0.6
[INFO] [stderr]    Compiling toml_edit v0.22.22
[INFO] [stderr]    Compiling digest v0.10.7
[INFO] [stderr]    Compiling walkdir v2.5.0
[INFO] [stderr]    Compiling num-bigint v0.4.6
[INFO] [stderr]    Compiling crossbeam-queue v0.3.11
[INFO] [stderr]    Compiling lazy_static v1.5.0
[INFO] [stderr]    Compiling parking_lot v0.12.3
[INFO] [stderr]    Compiling sha3 v0.10.8
[INFO] [stderr]    Compiling coarsetime v0.1.35
[INFO] [stderr]    Compiling uncased v0.9.10
[INFO] [stderr]    Compiling slotmap v1.0.7
[INFO] [stderr]    Compiling regex-automata v0.4.9
[INFO] [stderr]    Compiling amplify_num v0.5.3
[INFO] [stderr]    Compiling dyn-clone v1.0.17
[INFO] [stderr]    Compiling atomic v0.5.3
[INFO] [stderr]    Compiling ascii v1.1.0
[INFO] [stderr]    Compiling inout v0.1.3
[INFO] [stderr]    Compiling inotify-sys v0.1.5
[INFO] [stderr]    Compiling filetime v0.2.25
[INFO] [stderr]    Compiling figment v0.10.19
[INFO] [stderr]    Compiling instant v0.1.13
[INFO] [stderr]    Compiling humantime v2.1.0
[INFO] [stderr]    Compiling hex v0.4.3
[INFO] [stderr]    Compiling bitflags v1.3.2
[INFO] [stderr]    Compiling notify-types v1.0.0
[INFO] [stderr]    Compiling inotify v0.10.2
[INFO] [stderr]    Compiling ordered-float v2.10.1
[INFO] [stderr]    Compiling sha2 v0.10.8
[INFO] [stderr]    Compiling signature v2.2.0
[INFO] [stderr]    Compiling mio v1.0.3
[INFO] [stderr]    Compiling curve25519-dalek v4.1.3
[INFO] [stderr]    Compiling minimal-lexical v0.2.1
[INFO] [stderr]    Compiling num-bigint-dig v0.8.4
[INFO] [stderr]    Compiling nom v7.1.3
[INFO] [stderr]    Compiling notify v7.0.0
[INFO] [stderr]    Compiling weak-table v0.3.2
[INFO] [stderr]    Compiling ed25519 v2.2.3
[INFO] [stderr]    Compiling fluid-let v1.0.0
[INFO] [stderr]    Compiling num-iter v0.1.45
[INFO] [stderr]    Compiling sha1 v0.10.6
[INFO] [stderr]    Compiling bytes v1.9.0
[INFO] [stderr]    Compiling strsim v0.11.1
[INFO] [stderr]    Compiling caret v0.5.0
[INFO] [stderr]    Compiling data-encoding v2.6.0
[INFO] [stderr]    Compiling siphasher v0.3.11
[INFO] [stderr]    Compiling itoa v1.0.14
[INFO] [stderr]    Compiling powerfmt v0.2.0
[INFO] [stderr]    Compiling time-core v0.1.2
[INFO] [stderr]    Compiling num-conv v0.1.0
[INFO] [stderr]    Compiling phf_shared v0.11.2
[INFO] [stderr]    Compiling by_address v1.2.1
[INFO] [stderr]    Compiling deranged v0.3.11
[INFO] [stderr]    Compiling regex-syntax v0.6.29
[INFO] [stderr]    Compiling bitflags v2.6.0
[INFO] [stderr]    Compiling overload v0.1.1
[INFO] [stderr]    Compiling darling_core v0.14.4
[INFO] [stderr]    Compiling amplify_syn v2.0.1
[INFO] [stderr]    Compiling rand v0.8.5
[INFO] [stderr]    Compiling time-macros v0.2.19
[INFO] [stderr]    Compiling phf_generator v0.11.2
[INFO] [stderr]    Compiling nu-ansi-term v0.46.0
[INFO] [stderr]    Compiling proc-macro-crate v3.2.0
[INFO] [stderr]    Compiling sharded-slab v0.1.7
[INFO] [stderr]    Compiling tracing-log v0.2.0
[INFO] [stderr]    Compiling thread_local v1.1.8
[INFO] [stderr]    Compiling radium v0.7.0
[INFO] [stderr]    Compiling tap v1.0.1
[INFO] [stderr]    Compiling serde_json v1.0.133
[INFO] [stderr]    Compiling wyz v0.5.1
[INFO] [stderr]    Compiling synstructure v0.13.1
[INFO] [stderr]    Compiling darling_core v0.20.10
[INFO] [stderr]    Compiling hmac v0.12.1
[INFO] [stderr]    Compiling fslock-arti-fork v0.2.0
[INFO] [stderr]    Compiling priority-queue v2.1.1
[INFO] [stderr]    Compiling rusticata-macros v4.1.0
[INFO] [stderr]    Compiling funty v2.0.0
[INFO] [stderr]    Compiling ryu v1.0.18
[INFO] [stderr]    Compiling typed-index-collections v3.1.0
[INFO] [stderr]    Compiling hkdf v0.12.4
[INFO] [stderr]    Compiling fslock v0.2.1
[INFO] [stderr]    Compiling ssh-encoding v0.2.0
[INFO] [stderr]    Compiling base16ct v0.2.0
[INFO] [stderr]    Compiling adler2 v2.0.0
[INFO] [stderr]    Compiling downcast-rs v1.2.1
[INFO] [stderr]    Compiling miniz_oxide v0.8.0
[INFO] [stderr]    Compiling os_str_bytes v6.6.1
[INFO] [stderr]    Compiling sec1 v0.7.3
[INFO] [stderr]    Compiling regex v1.11.1
[INFO] [stderr]    Compiling bstr v1.11.1
[INFO] [stderr]    Compiling crc32fast v1.4.2
[INFO] [stderr]    Compiling httparse v1.9.5
[INFO] [stderr]    Compiling regex-automata v0.1.10
[INFO] [stderr]    Compiling directories v5.0.1
[INFO] [stderr]    Compiling bitvec v1.0.1
[INFO] [stderr]    Compiling sanitize-filename v0.6.0
[INFO] [stderr]    Compiling shellexpand v3.1.0
[INFO] [stderr]    Compiling bounded-vec-deque v0.1.1
[INFO] [stderr]    Compiling time v0.3.37
[INFO] [stderr]    Compiling http v1.2.0
[INFO] [stderr]    Compiling inventory v0.3.15
[INFO] [stderr]    Compiling glob-match v0.2.1
[INFO] [stderr]    Compiling matchers v0.1.0
[INFO] [stderr]    Compiling arrayvec v0.7.6
[INFO] [stderr]    Compiling xxhash-rust v0.8.12
[INFO] [stderr]    Compiling flate2 v1.0.35
[INFO] [stderr]    Compiling httpdate v1.0.3
[INFO] [stderr]    Compiling amplify_derive v4.0.1
[INFO] [stderr]    Compiling k12 v0.3.0
[INFO] [stderr]    Compiling darling_macro v0.14.4
[INFO] [stderr]    Compiling async-compression v0.4.18
[INFO] [stderr]    Compiling serde_derive v1.0.216
[INFO] [stderr]    Compiling futures-macro v0.3.31
[INFO] [stderr]    Compiling thiserror-impl v2.0.7
[INFO] [stderr]    Compiling zeroize_derive v1.4.2
[INFO] [stderr]    Compiling strum_macros v0.26.4
[INFO] [stderr]    Compiling derive_more-impl v1.0.0
[INFO] [stderr]    Compiling tracing-attributes v0.1.28
[INFO] [stderr]    Compiling thiserror-impl v1.0.69
[INFO] [stderr]    Compiling zerocopy-derive v0.7.35
[INFO] [stderr]    Compiling pin-project-internal v1.1.7
[INFO] [stderr]    Compiling enum-ordinalize v3.1.15
[INFO] [stderr]    Compiling blanket v0.3.0
[INFO] [stderr]    Compiling zeroize v1.8.1
[INFO] [stderr]    Compiling darling v0.14.4
[INFO] [stderr]    Compiling derive_builder_core_fork_arti v0.11.2
[INFO] [stderr]    Compiling futures-util v0.3.31
[INFO] [stderr]    Compiling educe v0.4.23
[INFO] [stderr]    Compiling async-trait v0.1.83
[INFO] [stderr]    Compiling cipher v0.4.4
[INFO] [stderr]    Compiling der v0.7.9
[INFO] [stderr]    Compiling curve25519-dalek-derive v0.1.1
[INFO] [stderr]    Compiling amplify v4.8.0
[INFO] [stderr]    Compiling derive_builder_macro_fork_arti v0.11.2
[INFO] [stderr]    Compiling zerocopy v0.7.35
[INFO] [stderr]    Compiling tracing v0.1.41
[INFO] [stderr]    Compiling displaydoc v0.2.5
[INFO] [stderr]    Compiling asn1-rs-impl v0.2.0
[INFO] [stderr]    Compiling spki v0.7.3
[INFO] [stderr]    Compiling pkcs8 v0.10.2
[INFO] [stderr]    Compiling pin-project v1.1.7
[INFO] [stderr]    Compiling ppv-lite86 v0.2.20
[INFO] [stderr]    Compiling derive_builder_fork_arti v0.11.2
[INFO] [stderr]    Compiling asn1-rs-derive v0.5.1
[INFO] [stderr]    Compiling merlin v3.0.0
[INFO] [stderr]    Compiling aes v0.8.4
[INFO] [stderr]    Compiling pkcs1 v0.7.5
[INFO] [stderr]    Compiling ctr v0.9.2
[INFO] [stderr]    Compiling visibility v0.1.1
[INFO] [stderr]    Compiling darling_macro v0.20.10
[INFO] [stderr]    Compiling phf_macros v0.11.2
[INFO] [stderr]    Compiling rand_chacha v0.3.1
[INFO] [stderr]    Compiling strum v0.26.3
[INFO] [stderr]    Compiling tinystr v0.8.0
[INFO] [stderr]    Compiling tor-protover v0.25.0
[INFO] [stderr]    Compiling tracing-subscriber v0.3.19
[INFO] [stderr]    Compiling num_enum_derive v0.7.3
[INFO] [stderr]    Compiling tracing-test-macro v0.2.5
[INFO] [stderr]    Compiling fslock-guard v0.2.1
[INFO] [stderr]    Compiling futures-executor v0.3.31
[INFO] [stderr]    Compiling ed25519-dalek v2.1.1
[INFO] [stderr]    Compiling futures v0.3.31
[INFO] [stderr]    Compiling asn1-rs v0.6.2
[INFO] [stderr]    Compiling postage v0.5.0
[INFO] [stderr]    Compiling oneshot-fused-workaround v0.2.0
[INFO] [stderr]    Compiling cookie-factory v0.3.3
[INFO] [stderr]    Compiling x25519-dalek v2.0.1
[INFO] [stderr]    Compiling phf v0.11.2
[INFO] [stderr]    Compiling darling v0.20.10
[INFO] [stderr]    Compiling asynchronous-codec v0.7.0
[INFO] [stderr]    Compiling serde_with_macros v3.11.0
[INFO] [stderr]    Compiling ssh-cipher v0.2.0
[INFO] [stderr]    Compiling ssh-key v0.6.7
[INFO] [stderr]    Compiling tracing-test v0.2.5
[INFO] [stderr]    Compiling num_enum v0.7.3
[INFO] [stderr]    Compiling der-parser v9.0.0
[INFO] [stderr]    Compiling rsa v0.9.7
[INFO] [stderr]    Compiling derive_more v1.0.0
[INFO] [stderr]    Compiling tor-error v0.25.0
[INFO] [stderr]    Compiling tor-general-addr v0.25.0
[INFO] [stderr]    Compiling safelog v0.4.2
[INFO] [stderr]    Compiling tor-rtcompat v0.25.0
[INFO] [stderr]    Compiling tor-log-ratelim v0.25.0
[INFO] [stderr]    Compiling derive-deftly v0.14.2
[INFO] [stderr]    Compiling pwd-grp v1.0.0
[INFO] [stderr]    Compiling tor-async-utils v0.25.0
[INFO] [stderr]    Compiling serde_spanned v0.6.8
[INFO] [stderr]    Compiling fs-mistrust v0.8.2
[INFO] [stderr]    Compiling tor-basic-utils v0.25.0
[INFO] [stderr]    Compiling serde_ignored v0.1.10
[INFO] [stderr]    Compiling serde-value v0.7.0
[INFO] [stderr]    Compiling serde_with v3.11.0
[INFO] [stderr]    Compiling humantime-serde v1.1.1
[INFO] [stderr]    Compiling tor-config-path v0.25.0
[INFO] [stderr]    Compiling serde_bytes v0.11.15
[INFO] [stderr]    Compiling growable-bloom-filter v2.1.1
[INFO] [stderr]    Compiling slotmap-careful v0.2.2
[INFO] [stderr]    Compiling tor-rtmock v0.25.0
[INFO] [stderr]    Compiling tor-persist v0.25.0
[INFO] [stderr]    Compiling toml v0.8.19
[INFO] [stderr]    Compiling tor-config v0.25.0
[INFO] [stderr]    Compiling tor-memquota v0.25.0
[INFO] [stderr]    Compiling tor-llcrypto v0.25.0
[INFO] [stderr]    Compiling tor-units v0.25.0
[INFO] [stderr]    Compiling tor-bytes v0.25.0
[INFO] [stderr]    Compiling tor-checkable v0.25.0
[INFO] [stderr]    Compiling tor-hscrypto v0.25.0
[INFO] [stderr]    Compiling tor-linkspec v0.25.0
[INFO] [stderr]    Compiling tor-cert v0.25.0
[INFO] [stderr]    Compiling tor-socksproto v0.25.0
[INFO] [stderr]    Compiling tor-key-forge v0.25.0
[INFO] [stderr]    Compiling tor-keymgr v0.25.0
[INFO] [stderr]    Compiling tor-cell v0.25.0
[INFO] [stderr]    Compiling tor-netdoc v0.25.0
[INFO] [stderr]    Compiling tor-proto v0.25.0
[INFO] [stderr]    Compiling tor-netdir v0.25.0
[INFO] [stderr]    Compiling tor-relay-selection v0.25.0
[INFO] [stderr]    Compiling tor-chanmgr v0.25.0
[INFO] [stderr]    Compiling tor-guardmgr v0.25.0
[INFO] [stderr]    Compiling tor-circmgr v0.25.0
[INFO] [stderr]    Compiling tor-dirclient v0.25.0
[INFO] [stderr]    Compiling tor-hsservice v0.25.0 (/opt/rustwide/workdir)
[INFO] [stderr]     Finished `dev` profile [unoptimized + debuginfo] target(s) in 1m 04s
[INFO] running `Command { std: "docker" "inspect" "40988152ccf0641f2b4c7a59c7f14e951fb2a84006f48884830987b18a18921c", kill_on_drop: false }`
[INFO] running `Command { std: "docker" "rm" "-f" "40988152ccf0641f2b4c7a59c7f14e951fb2a84006f48884830987b18a18921c", kill_on_drop: false }`
[INFO] [stdout] 40988152ccf0641f2b4c7a59c7f14e951fb2a84006f48884830987b18a18921c
[INFO] running `Command { std: "docker" "create" "-v" "/var/lib/crater-agent-workspace/builds/worker-6-tc2/target:/opt/rustwide/target:rw,Z" "-v" "/var/lib/crater-agent-workspace/builds/worker-6-tc2/source:/opt/rustwide/workdir:ro,Z" "-v" "/var/lib/crater-agent-workspace/cargo-home:/opt/rustwide/cargo-home:ro,Z" "-v" "/var/lib/crater-agent-workspace/rustup-home:/opt/rustwide/rustup-home:ro,Z" "-e" "SOURCE_DIR=/opt/rustwide/workdir" "-e" "CARGO_TARGET_DIR=/opt/rustwide/target" "-e" "CARGO_INCREMENTAL=0" "-e" "RUST_BACKTRACE=full" "-e" "RUSTFLAGS=--cap-lints=warn" "-e" "RUSTDOCFLAGS=--cap-lints=warn" "-e" "CARGO_HOME=/opt/rustwide/cargo-home" "-e" "RUSTUP_HOME=/opt/rustwide/rustup-home" "-w" "/opt/rustwide/workdir" "-m" "1610612736" "--user" "0:0" "--network" "none" "ghcr.io/rust-lang/crates-build-env/linux@sha256:f3a9d4ad9d972b27faf3965f35b62e55ba32bbce8f20bc8fe909558a86702fde" "/opt/rustwide/cargo-home/bin/cargo" "+beta-2024-12-08" "test" "--frozen" "--no-run" "--message-format=json", kill_on_drop: false }`
[INFO] [stdout] 2266ecda06b9721eabae55abf02c0086351fad6b3c450e84d1b51d84b12c9005
[INFO] running `Command { std: "docker" "start" "-a" "2266ecda06b9721eabae55abf02c0086351fad6b3c450e84d1b51d84b12c9005", kill_on_drop: false }`
[INFO] [stderr]    Compiling byteorder v1.5.0
[INFO] [stderr]    Compiling bitflags v2.6.0
[INFO] [stderr]    Compiling hex-literal v0.4.1
[INFO] [stderr]    Compiling rustix v0.38.42
[INFO] [stderr]    Compiling linux-raw-sys v0.4.14
[INFO] [stderr]    Compiling anyhow v1.0.94
[INFO] [stderr]    Compiling fastrand v2.3.0
[INFO] [stderr]    Compiling zerocopy v0.7.35
[INFO] [stderr]    Compiling merlin v3.0.0
[INFO] [stderr]    Compiling rmp v0.8.14
[INFO] [stderr]    Compiling ed25519-dalek v2.1.1
[INFO] [stderr]    Compiling rmp-serde v1.3.0
[INFO] [stderr]    Compiling ppv-lite86 v0.2.20
[INFO] [stderr]    Compiling rand_chacha v0.3.1
[INFO] [stderr]    Compiling rand v0.8.5
[INFO] [stderr]    Compiling tor-basic-utils v0.25.0
[INFO] [stderr]    Compiling num-bigint-dig v0.8.4
[INFO] [stderr]    Compiling tempfile v3.14.0
[INFO] [stderr]    Compiling tor-config v0.25.0
[INFO] [stderr]    Compiling tor-persist v0.25.0
[INFO] [stderr]    Compiling test-temp-dir v0.3.0
[INFO] [stderr]    Compiling rsa v0.9.7
[INFO] [stderr]    Compiling tor-memquota v0.25.0
[INFO] [stderr]    Compiling tor-llcrypto v0.25.0
[INFO] [stderr]    Compiling tor-units v0.25.0
[INFO] [stderr]    Compiling tor-bytes v0.25.0
[INFO] [stderr]    Compiling tor-checkable v0.25.0
[INFO] [stderr]    Compiling tor-hscrypto v0.25.0
[INFO] [stderr]    Compiling tor-linkspec v0.25.0
[INFO] [stderr]    Compiling tor-cert v0.25.0
[INFO] [stderr]    Compiling tor-socksproto v0.25.0
[INFO] [stderr]    Compiling tor-key-forge v0.25.0
[INFO] [stderr]    Compiling tor-cell v0.25.0
[INFO] [stderr]    Compiling tor-keymgr v0.25.0
[INFO] [stderr]    Compiling tor-netdoc v0.25.0
[INFO] [stderr]    Compiling tor-proto v0.25.0
[INFO] [stderr]    Compiling tor-netdir v0.25.0
[INFO] [stderr]    Compiling tor-relay-selection v0.25.0
[INFO] [stderr]    Compiling tor-chanmgr v0.25.0
[INFO] [stderr]    Compiling tor-guardmgr v0.25.0
[INFO] [stderr]    Compiling tor-circmgr v0.25.0
[INFO] [stderr]    Compiling tor-dirclient v0.25.0
[INFO] [stderr]    Compiling tor-hsservice v0.25.0 (/opt/rustwide/workdir)
[INFO] [stderr]     Finished `test` profile [unoptimized + debuginfo] target(s) in 38.03s
[INFO] running `Command { std: "docker" "inspect" "2266ecda06b9721eabae55abf02c0086351fad6b3c450e84d1b51d84b12c9005", kill_on_drop: false }`
[INFO] running `Command { std: "docker" "rm" "-f" "2266ecda06b9721eabae55abf02c0086351fad6b3c450e84d1b51d84b12c9005", kill_on_drop: false }`
[INFO] [stdout] 2266ecda06b9721eabae55abf02c0086351fad6b3c450e84d1b51d84b12c9005
[INFO] running `Command { std: "docker" "create" "-v" "/var/lib/crater-agent-workspace/builds/worker-6-tc2/target:/opt/rustwide/target:rw,Z" "-v" "/var/lib/crater-agent-workspace/builds/worker-6-tc2/source:/opt/rustwide/workdir:ro,Z" "-v" "/var/lib/crater-agent-workspace/cargo-home:/opt/rustwide/cargo-home:ro,Z" "-v" "/var/lib/crater-agent-workspace/rustup-home:/opt/rustwide/rustup-home:ro,Z" "-e" "SOURCE_DIR=/opt/rustwide/workdir" "-e" "CARGO_TARGET_DIR=/opt/rustwide/target" "-e" "CARGO_INCREMENTAL=0" "-e" "RUST_BACKTRACE=full" "-e" "RUSTFLAGS=--cap-lints=warn" "-e" "RUSTDOCFLAGS=--cap-lints=warn" "-e" "CARGO_HOME=/opt/rustwide/cargo-home" "-e" "RUSTUP_HOME=/opt/rustwide/rustup-home" "-w" "/opt/rustwide/workdir" "-m" "1610612736" "--user" "0:0" "--network" "none" "ghcr.io/rust-lang/crates-build-env/linux@sha256:f3a9d4ad9d972b27faf3965f35b62e55ba32bbce8f20bc8fe909558a86702fde" "/opt/rustwide/cargo-home/bin/cargo" "+beta-2024-12-08" "test" "--frozen", kill_on_drop: false }`
[INFO] [stdout] db5eecad10401520125cdb96f5ebd52bbeff70d2de1fbd0ed6cd5bdf7963a611
[INFO] running `Command { std: "docker" "start" "-a" "db5eecad10401520125cdb96f5ebd52bbeff70d2de1fbd0ed6cd5bdf7963a611", kill_on_drop: false }`
[INFO] [stderr]     Finished `test` profile [unoptimized + debuginfo] target(s) in 0.72s
[INFO] [stderr]      Running unittests src/lib.rs (/opt/rustwide/target/debug/deps/tor_hsservice-4bedf6bd57c1d4c6)
[INFO] [stdout] 
[INFO] [stdout] running 38 tests
[INFO] [stdout] test config::flattenable_test_onion_service_config_builder ... ok
[INFO] [stdout] test config::restricted_discovery::test::invalid_config ... ok
[INFO] [stdout] test keys::test::blind_id_key_specifiers ... ok
[INFO] [stdout] test keys::test::desc_signing_key_specifiers ... ok
[INFO] [stdout] test ipt_lid::test::lid_serde ... ok
[INFO] [stdout] test keys::test::hsid_key_specifiers ... ok
[INFO] [stdout] test keys::test::ipt_key_specifiers ... ok
[INFO] [stdout] test publish::backoff::tests::single_timeout ... ok
[INFO] [stdout] test replay::test::hash_basics ... ok
[INFO] [stdout] test publish::reupload_timer::test::reupload_for_time_period_ordering ... ok
[INFO] [stdout] test publish::backoff::tests::max_retries ... ok
[INFO] [stdout] test publish::backoff::tests::timeout ... ok
[INFO] [stdout] test publish::backoff::tests::max_retries_fatal ... ok
[INFO] [stdout] test test::generate_hsid_corrupt_keystore ... ignored
[INFO] [stdout] test test::generate_hsid_offline_hsid ... ignored
[INFO] [stdout] test test::generate_hsid ... ok
[INFO] [stdout] test replay::test::simple_usage ... ok
[INFO] [stdout] test test::hsid_keypair_already_exists ... ok
[INFO] [stdout] test test::onion_name ... ok
[INFO] [stdout] test time_store::test::basic ... ok
[INFO] [stdout] test timeout_track::test::arith_instant_combined ... ok
[INFO] [stdout] test publish::reactor::test::upload_result_status_running ... ok
[INFO] [stdout] test time_store::test::hms_fmt ... ok
[INFO] [stdout] test timeout_track::test::arith_systemtime ... ok
[INFO] [stdout] test publish::reactor::test::upload_result_status_bootstrapping ... ok
[INFO] [stdout] test timeout_track::test::sleeps ... ok
[INFO] [stdout] test time_store::test::system_time_conversions ... ok
[INFO] [stdout] test time_store::test::ref_fmt ... ok
[INFO] [stdout] test publish::reactor::test::upload_result_status_reachable ... ok
[INFO] [stdout] test publish::reactor::test::upload_result_status_unreachable ... ok
[INFO] [stdout] test replay::test::logging_basics ... ok
[INFO] [stdout] test replay::test::test_truncated ... ok
[INFO] [stdout] test replay::test::test_partial_write ... ok
[INFO] [stdout] test ipt_set::test::test ... ok
[INFO] [stdout] test ipt_mgr::test::test_mgr_lifecycle ... ok
[INFO] [stdout] test publish::test::publish_after_ipt_change_no_errors ... ok
[INFO] [stdout] test publish::test::publish_after_ipt_change_with_errors ... ok
[INFO] [stdout] test publish::test::reupload_after_publishing ... ok
[INFO] [stdout] 
[INFO] [stdout] test result: ok. 36 passed; 0 failed; 2 ignored; 0 measured; 0 filtered out; finished in 3.09s
[INFO] [stdout] 
[INFO] [stderr]    Doc-tests tor_hsservice
[INFO] [stdout] 
[INFO] [stdout] running 3 tests
[INFO] [stdout] test src/publish/reactor.rs - publish::reactor (line 39) ... ignored
[INFO] [stdout] test src/time_store.rs - time_store (line 27) ... FAILED
[INFO] [stdout] test src/timeout_track.rs - timeout_track (line 83) ... ok
[INFO] [stdout] 
[INFO] [stdout] failures:
[INFO] [stdout] 
[INFO] [stdout] ---- src/time_store.rs - time_store (line 27) stdout ----
[INFO] [stdout] error[E0432]: unresolved import `tor_rtcompat::PreferredRuntime`
[INFO] [stdout]    --> src/time_store.rs:31:20
[INFO] [stdout]     |
[INFO] [stdout] 7   | use tor_rtcompat::{PreferredRuntime, SleepProvider as _};
[INFO] [stdout]     |                    ^^^^^^^^^^^^^^^^ no `PreferredRuntime` in the root
[INFO] [stdout]     |
[INFO] [stdout] note: found an item that was configured out
[INFO] [stdout]    --> /opt/rustwide/cargo-home/registry/src/index.crates.io-6f17d22bba15001f/tor-rtcompat-0.25.0/src/lib.rs:116:12
[INFO] [stdout]     |
[INFO] [stdout] 116 | pub struct PreferredRuntime {
[INFO] [stdout]     |            ^^^^^^^^^^^^^^^^
[INFO] [stdout] note: the item is gated here
[INFO] [stdout]    --> /opt/rustwide/cargo-home/registry/src/index.crates.io-6f17d22bba15001f/tor-rtcompat-0.25.0/src/lib.rs:111:1
[INFO] [stdout]     |
[INFO] [stdout] 111 | / #[cfg(all(
[INFO] [stdout] 112 | |     any(feature = "native-tls", feature = "rustls"),
[INFO] [stdout] 113 | |     any(feature = "async-std", feature = "tokio")
[INFO] [stdout] 114 | | ))]
[INFO] [stdout]     | |___^
[INFO] [stdout] 
[INFO] [stdout] warning: unexpected `cfg` condition name: `all`
[INFO] [stdout]   --> src/time_store.rs:34:7
[INFO] [stdout]    |
[INFO] [stdout] 10 | #[cfg(all)] // works like #[cfg(FALSE)].  Instead, we have this workaround ^.
[INFO] [stdout]    |       ^^^
[INFO] [stdout]    |
[INFO] [stdout]    = help: expected names are: `clippy`, `debug_assertions`, `doc`, `docsrs`, `doctest`, `feature`, `fmt_debug`, `miri`, `overflow_checks`, `panic`, `proc_macro`, `relocation_model`, `rustfmt`, `sanitize`, `sanitizer_cfi_generalize_pointers`, `sanitizer_cfi_normalize_integers`, `target_abi`, `target_arch`, `target_endian`, `target_env`, `target_family`, `target_feature`, `target_has_atomic`, `target_has_atomic_equal_alignment`, `target_has_atomic_load_store`, `target_os`, `target_pointer_width`, `target_thread_local`, `target_vendor`, `test`, `ub_checks`, `unix`, and `windows`
[INFO] [stdout]    = help: consider using a Cargo feature instead
[INFO] [stdout]    = help: or consider adding in `Cargo.toml` the `check-cfg` lint config for the lint:
[INFO] [stdout]             [lints.rust]
[INFO] [stdout]             unexpected_cfgs = { level = "warn", check-cfg = ['cfg(all)'] }
[INFO] [stdout]    = help: or consider adding `println!("cargo::rustc-check-cfg=cfg(all)");` to the top of the `build.rs`
[INFO] [stdout]    = note: see <https://doc.rust-lang.org/nightly/rustc/check-cfg/cargo-specifics.html> for more information about checking conditional configuration
[INFO] [stdout]    = note: `#[warn(unexpected_cfgs)]` on by default
[INFO] [stdout] 
[INFO] [stdout] error[E0277]: can't compare `Instant` with `Duration`
[INFO] [stdout]   --> src/time_store.rs:61:28
[INFO] [stdout]    |
[INFO] [stdout] 37 | assert!(t0 - runtime.now() <= Duration::from_secs(60));
[INFO] [stdout]    |                            ^^ no implementation for `Instant < Duration` and `Instant > Duration`
[INFO] [stdout]    |
[INFO] [stdout]    = help: the trait `PartialOrd<Duration>` is not implemented for `Instant`
[INFO] [stdout]    = help: the following other types implement trait `PartialOrd<Rhs>`:
[INFO] [stdout]              `Instant` implements `PartialOrd<TrackingInstantNow>`
[INFO] [stdout]              `Instant` implements `PartialOrd<TrackingInstantOffsetNow<'_>>`
[INFO] [stdout]              `Instant` implements `PartialOrd<TrackingNow>`
[INFO] [stdout]              `Instant` implements `PartialOrd<time::instant::Instant>`
[INFO] [stdout]              `Instant` implements `PartialOrd`
[INFO] [stdout] 
[INFO] [stdout] error: aborting due to 2 previous errors; 1 warning emitted
[INFO] [stdout] 
[INFO] [stdout] Some errors have detailed explanations: E0277, E0432.
[INFO] [stdout] For more information about an error, try `rustc --explain E0277`.
[INFO] [stdout] Couldn't compile the test.
[INFO] [stdout] 
[INFO] [stdout] failures:
[INFO] [stdout]     src/time_store.rs - time_store (line 27)
[INFO] [stdout] 
[INFO] [stdout] test result: FAILED. 1 passed; 1 failed; 1 ignored; 0 measured; 0 filtered out; finished in 5.56s
[INFO] [stdout] 
[INFO] [stderr] error: doctest failed, to rerun pass `--doc`
[INFO] running `Command { std: "docker" "inspect" "db5eecad10401520125cdb96f5ebd52bbeff70d2de1fbd0ed6cd5bdf7963a611", kill_on_drop: false }`
[INFO] running `Command { std: "docker" "rm" "-f" "db5eecad10401520125cdb96f5ebd52bbeff70d2de1fbd0ed6cd5bdf7963a611", kill_on_drop: false }`
[INFO] [stdout] db5eecad10401520125cdb96f5ebd52bbeff70d2de1fbd0ed6cd5bdf7963a611
