[INFO] fetching crate topological_batch 0.1.2...
[INFO] testing topological_batch-0.1.2 against beta-2024-12-08 for beta-1.84.0-4-retry
[INFO] extracting crate topological_batch 0.1.2 into /workspace/builds/worker-4-tc2/source
[INFO] validating manifest of crates.io crate topological_batch 0.1.2 on toolchain beta-2024-12-08
[INFO] running `Command { std: CARGO_HOME="/workspace/cargo-home" RUSTUP_HOME="/workspace/rustup-home" "/workspace/cargo-home/bin/cargo" "+beta-2024-12-08" "metadata" "--manifest-path" "Cargo.toml" "--no-deps", kill_on_drop: false }`
[INFO] started tweaking crates.io crate topological_batch 0.1.2
[INFO] finished tweaking crates.io crate topological_batch 0.1.2
[INFO] tweaked toml for crates.io crate topological_batch 0.1.2 written to /workspace/builds/worker-4-tc2/source/Cargo.toml
[INFO] running `Command { std: CARGO_HOME="/workspace/cargo-home" RUSTUP_HOME="/workspace/rustup-home" "/workspace/cargo-home/bin/cargo" "+beta-2024-12-08" "generate-lockfile" "--manifest-path" "Cargo.toml", kill_on_drop: false }`
[INFO] running `Command { std: CARGO_HOME="/workspace/cargo-home" RUSTUP_HOME="/workspace/rustup-home" "/workspace/cargo-home/bin/cargo" "+beta-2024-12-08" "fetch" "--manifest-path" "Cargo.toml", kill_on_drop: false }`
[INFO] running `Command { std: "docker" "create" "-v" "/var/lib/crater-agent-workspace/builds/worker-4-tc2/target:/opt/rustwide/target:rw,Z" "-v" "/var/lib/crater-agent-workspace/builds/worker-4-tc2/source:/opt/rustwide/workdir:ro,Z" "-v" "/var/lib/crater-agent-workspace/cargo-home:/opt/rustwide/cargo-home:ro,Z" "-v" "/var/lib/crater-agent-workspace/rustup-home:/opt/rustwide/rustup-home:ro,Z" "-e" "SOURCE_DIR=/opt/rustwide/workdir" "-e" "CARGO_TARGET_DIR=/opt/rustwide/target" "-e" "CARGO_HOME=/opt/rustwide/cargo-home" "-e" "RUSTUP_HOME=/opt/rustwide/rustup-home" "-w" "/opt/rustwide/workdir" "-m" "1610612736" "--user" "0:0" "--network" "none" "ghcr.io/rust-lang/crates-build-env/linux@sha256:f3a9d4ad9d972b27faf3965f35b62e55ba32bbce8f20bc8fe909558a86702fde" "/opt/rustwide/cargo-home/bin/cargo" "+beta-2024-12-08" "metadata" "--no-deps" "--format-version=1", kill_on_drop: false }`
[INFO] [stdout] e17d1dcc5ba39c80c5d83002d46f92a2f4be0ba56b32b7c22799030754af6c94
[INFO] running `Command { std: "docker" "start" "-a" "e17d1dcc5ba39c80c5d83002d46f92a2f4be0ba56b32b7c22799030754af6c94", kill_on_drop: false }`
[INFO] running `Command { std: "docker" "inspect" "e17d1dcc5ba39c80c5d83002d46f92a2f4be0ba56b32b7c22799030754af6c94", kill_on_drop: false }`
[INFO] running `Command { std: "docker" "rm" "-f" "e17d1dcc5ba39c80c5d83002d46f92a2f4be0ba56b32b7c22799030754af6c94", kill_on_drop: false }`
[INFO] [stdout] e17d1dcc5ba39c80c5d83002d46f92a2f4be0ba56b32b7c22799030754af6c94
[INFO] running `Command { std: "docker" "create" "-v" "/var/lib/crater-agent-workspace/builds/worker-4-tc2/target:/opt/rustwide/target:rw,Z" "-v" "/var/lib/crater-agent-workspace/builds/worker-4-tc2/source:/opt/rustwide/workdir:ro,Z" "-v" "/var/lib/crater-agent-workspace/cargo-home:/opt/rustwide/cargo-home:ro,Z" "-v" "/var/lib/crater-agent-workspace/rustup-home:/opt/rustwide/rustup-home:ro,Z" "-e" "SOURCE_DIR=/opt/rustwide/workdir" "-e" "CARGO_TARGET_DIR=/opt/rustwide/target" "-e" "CARGO_INCREMENTAL=0" "-e" "RUST_BACKTRACE=full" "-e" "RUSTFLAGS=--cap-lints=warn" "-e" "RUSTDOCFLAGS=--cap-lints=warn" "-e" "CARGO_HOME=/opt/rustwide/cargo-home" "-e" "RUSTUP_HOME=/opt/rustwide/rustup-home" "-w" "/opt/rustwide/workdir" "-m" "1610612736" "--user" "0:0" "--network" "none" "ghcr.io/rust-lang/crates-build-env/linux@sha256:f3a9d4ad9d972b27faf3965f35b62e55ba32bbce8f20bc8fe909558a86702fde" "/opt/rustwide/cargo-home/bin/cargo" "+beta-2024-12-08" "build" "--frozen" "--message-format=json", kill_on_drop: false }`
[INFO] [stdout] 96260a377bf8a3920fcb37e9ecd61472f83eca1c3f5d3be40e9e9f52be5446f1
[INFO] running `Command { std: "docker" "start" "-a" "96260a377bf8a3920fcb37e9ecd61472f83eca1c3f5d3be40e9e9f52be5446f1", kill_on_drop: false }`
[INFO] [stderr]    Compiling topological_batch v0.1.2 (/opt/rustwide/workdir)
[INFO] [stderr]     Finished `dev` profile [unoptimized + debuginfo] target(s) in 0.29s
[INFO] running `Command { std: "docker" "inspect" "96260a377bf8a3920fcb37e9ecd61472f83eca1c3f5d3be40e9e9f52be5446f1", kill_on_drop: false }`
[INFO] running `Command { std: "docker" "rm" "-f" "96260a377bf8a3920fcb37e9ecd61472f83eca1c3f5d3be40e9e9f52be5446f1", kill_on_drop: false }`
[INFO] [stdout] 96260a377bf8a3920fcb37e9ecd61472f83eca1c3f5d3be40e9e9f52be5446f1
[INFO] running `Command { std: "docker" "create" "-v" "/var/lib/crater-agent-workspace/builds/worker-4-tc2/target:/opt/rustwide/target:rw,Z" "-v" "/var/lib/crater-agent-workspace/builds/worker-4-tc2/source:/opt/rustwide/workdir:ro,Z" "-v" "/var/lib/crater-agent-workspace/cargo-home:/opt/rustwide/cargo-home:ro,Z" "-v" "/var/lib/crater-agent-workspace/rustup-home:/opt/rustwide/rustup-home:ro,Z" "-e" "SOURCE_DIR=/opt/rustwide/workdir" "-e" "CARGO_TARGET_DIR=/opt/rustwide/target" "-e" "CARGO_INCREMENTAL=0" "-e" "RUST_BACKTRACE=full" "-e" "RUSTFLAGS=--cap-lints=warn" "-e" "RUSTDOCFLAGS=--cap-lints=warn" "-e" "CARGO_HOME=/opt/rustwide/cargo-home" "-e" "RUSTUP_HOME=/opt/rustwide/rustup-home" "-w" "/opt/rustwide/workdir" "-m" "1610612736" "--user" "0:0" "--network" "none" "ghcr.io/rust-lang/crates-build-env/linux@sha256:f3a9d4ad9d972b27faf3965f35b62e55ba32bbce8f20bc8fe909558a86702fde" "/opt/rustwide/cargo-home/bin/cargo" "+beta-2024-12-08" "test" "--frozen" "--no-run" "--message-format=json", kill_on_drop: false }`
[INFO] [stdout] 26aa3b552ca6befc91e26b48d570dd3e22bebef2f86d94b872d1e391c2383b9c
[INFO] running `Command { std: "docker" "start" "-a" "26aa3b552ca6befc91e26b48d570dd3e22bebef2f86d94b872d1e391c2383b9c", kill_on_drop: false }`
[INFO] [stderr]    Compiling topological_batch v0.1.2 (/opt/rustwide/workdir)
[INFO] [stderr]     Finished `test` profile [unoptimized + debuginfo] target(s) in 1.12s
[INFO] running `Command { std: "docker" "inspect" "26aa3b552ca6befc91e26b48d570dd3e22bebef2f86d94b872d1e391c2383b9c", kill_on_drop: false }`
[INFO] running `Command { std: "docker" "rm" "-f" "26aa3b552ca6befc91e26b48d570dd3e22bebef2f86d94b872d1e391c2383b9c", kill_on_drop: false }`
[INFO] [stdout] 26aa3b552ca6befc91e26b48d570dd3e22bebef2f86d94b872d1e391c2383b9c
[INFO] running `Command { std: "docker" "create" "-v" "/var/lib/crater-agent-workspace/builds/worker-4-tc2/target:/opt/rustwide/target:rw,Z" "-v" "/var/lib/crater-agent-workspace/builds/worker-4-tc2/source:/opt/rustwide/workdir:ro,Z" "-v" "/var/lib/crater-agent-workspace/cargo-home:/opt/rustwide/cargo-home:ro,Z" "-v" "/var/lib/crater-agent-workspace/rustup-home:/opt/rustwide/rustup-home:ro,Z" "-e" "SOURCE_DIR=/opt/rustwide/workdir" "-e" "CARGO_TARGET_DIR=/opt/rustwide/target" "-e" "CARGO_INCREMENTAL=0" "-e" "RUST_BACKTRACE=full" "-e" "RUSTFLAGS=--cap-lints=warn" "-e" "RUSTDOCFLAGS=--cap-lints=warn" "-e" "CARGO_HOME=/opt/rustwide/cargo-home" "-e" "RUSTUP_HOME=/opt/rustwide/rustup-home" "-w" "/opt/rustwide/workdir" "-m" "1610612736" "--user" "0:0" "--network" "none" "ghcr.io/rust-lang/crates-build-env/linux@sha256:f3a9d4ad9d972b27faf3965f35b62e55ba32bbce8f20bc8fe909558a86702fde" "/opt/rustwide/cargo-home/bin/cargo" "+beta-2024-12-08" "test" "--frozen", kill_on_drop: false }`
[INFO] [stdout] 9c421294576dc2d64d11931c82a7f5b85ac91742661db2e5a733b0839dbf21b2
[INFO] running `Command { std: "docker" "start" "-a" "9c421294576dc2d64d11931c82a7f5b85ac91742661db2e5a733b0839dbf21b2", kill_on_drop: false }`
[INFO] [stderr]     Finished `test` profile [unoptimized + debuginfo] target(s) in 0.03s
[INFO] [stderr]      Running unittests src/lib.rs (/opt/rustwide/target/debug/deps/topological_batch-6c3d6b23a1e0be5b)
[INFO] [stdout] 
[INFO] [stdout] running 5 tests
[INFO] [stdout] test topological_batch_provider::tests::it_provides_batches ... ok
[INFO] [stdout] test topological_batch_provider::tests::it_detects_cycles ... ok
[INFO] [stdout] test topological_batch_provider::tests::it_detects_cycles_not_at_the_beginning ... ok
[INFO] [stdout] test thread_pool_runner::tests::it_works_with_single_thread ... ok
[INFO] [stdout] test thread_pool_runner::tests::it_works_with_multiple_threads ... ok
[INFO] [stdout] 
[INFO] [stdout] test result: ok. 5 passed; 0 failed; 0 ignored; 0 measured; 0 filtered out; finished in 0.03s
[INFO] [stdout] 
[INFO] [stderr]    Doc-tests topological_batch
[INFO] [stdout] 
[INFO] [stdout] running 1 test
[INFO] [stdout] test src/lib.rs - (line 11) - compile ... FAILED
[INFO] [stdout] 
[INFO] [stdout] failures:
[INFO] [stdout] 
[INFO] [stdout] ---- src/lib.rs - (line 11) stdout ----
[INFO] [stdout] error[E0585]: found a documentation comment that doesn't document anything
[INFO] [stdout]  --> src/lib.rs:15:5
[INFO] [stdout]   |
[INFO] [stdout] 6 | struct ExecutorExample {
[INFO] [stdout]   |        --------------- while parsing this struct
[INFO] [stdout] 7 |     /// Inner data.
[INFO] [stdout]   |     ^^^^^^^^^^^^^^^
[INFO] [stdout]   |
[INFO] [stdout]   = help: doc comments must come before what they document, if a comment was intended use `//`
[INFO] [stdout] 
[INFO] [stdout] error[E0585]: found a documentation comment that doesn't document anything
[INFO] [stdout]   --> src/lib.rs:21:9
[INFO] [stdout]    |
[INFO] [stdout] 13 |         /// Code to execute parallel - for an ID that came after all of its dependencies.
[INFO] [stdout]    |         ^^^^^^^^^^^^^^^^^^^^^^^^^^^^^^^^^^^^^^^^^^^^^^^^^^^^^^^^^^^^^^^^^^^^^^^^^^^^^^^^^
[INFO] [stdout]    |
[INFO] [stdout]    = help: doc comments must come before what they document, if a comment was intended use `//`
[INFO] [stdout] 
[INFO] [stdout] error[E0405]: cannot find trait `CallableByID` in this scope
[INFO] [stdout]   --> src/lib.rs:19:6
[INFO] [stdout]    |
[INFO] [stdout] 11 | impl CallableByID<usize> for ExecutorExample {
[INFO] [stdout]    |      ^^^^^^^^^^^^ not found in this scope
[INFO] [stdout] 
[INFO] [stdout] error[E0412]: cannot find type `HashMap` in this scope
[INFO] [stdout]   --> src/lib.rs:26:27
[INFO] [stdout]    |
[INFO] [stdout] 18 | let mut dependency_graph: HashMap<usize, Vec<usize>> = HashMap::new();
[INFO] [stdout]    |                           ^^^^^^^ not found in this scope
[INFO] [stdout]    |
[INFO] [stdout] help: consider importing this struct
[INFO] [stdout]    |
[INFO] [stdout] 2  + use std::collections::HashMap;
[INFO] [stdout]    |
[INFO] [stdout] 
[INFO] [stdout] error[E0433]: failed to resolve: use of undeclared type `HashMap`
[INFO] [stdout]   --> src/lib.rs:26:56
[INFO] [stdout]    |
[INFO] [stdout] 18 | let mut dependency_graph: HashMap<usize, Vec<usize>> = HashMap::new();
[INFO] [stdout]    |                                                        ^^^^^^^ use of undeclared type `HashMap`
[INFO] [stdout]    |
[INFO] [stdout] help: consider importing this struct
[INFO] [stdout]    |
[INFO] [stdout] 2  + use std::collections::HashMap;
[INFO] [stdout]    |
[INFO] [stdout] 
[INFO] [stdout] error[E0433]: failed to resolve: use of undeclared type `TopologicalBatchProvider`
[INFO] [stdout]   --> src/lib.rs:31:34
[INFO] [stdout]    |
[INFO] [stdout] 23 | let topological_batch_provider = TopologicalBatchProvider::new(dependency_graph.clone())?;
[INFO] [stdout]    |                                  ^^^^^^^^^^^^^^^^^^^^^^^^ use of undeclared type `TopologicalBatchProvider`
[INFO] [stdout]    |
[INFO] [stdout] help: consider importing this struct
[INFO] [stdout]    |
[INFO] [stdout] 2  + use topological_batch::topological_batch_provider::TopologicalBatchProvider;
[INFO] [stdout]    |
[INFO] [stdout] 
[INFO] [stdout] error[E0433]: failed to resolve: use of undeclared type `ThreadPoolRunner`
[INFO] [stdout]   --> src/lib.rs:32:14
[INFO] [stdout]    |
[INFO] [stdout] 24 | let runner = ThreadPoolRunner::new(8);
[INFO] [stdout]    |              ^^^^^^^^^^^^^^^^ use of undeclared type `ThreadPoolRunner`
[INFO] [stdout]    |
[INFO] [stdout] help: consider importing this struct
[INFO] [stdout]    |
[INFO] [stdout] 2  + use topological_batch::thread_pool_runner::ThreadPoolRunner;
[INFO] [stdout]    |
[INFO] [stdout] 
[INFO] [stdout] error[E0433]: failed to resolve: use of undeclared type `Arc`
[INFO] [stdout]   --> src/lib.rs:33:16
[INFO] [stdout]    |
[INFO] [stdout] 25 | let executor = Arc::new(ExecutorExample {});
[INFO] [stdout]    |                ^^^ use of undeclared type `Arc`
[INFO] [stdout]    |
[INFO] [stdout] help: consider importing this struct
[INFO] [stdout]    |
[INFO] [stdout] 2  + use std::sync::Arc;
[INFO] [stdout]    |
[INFO] [stdout] 
[INFO] [stdout] error: aborting due to 8 previous errors
[INFO] [stdout] 
[INFO] [stdout] Some errors have detailed explanations: E0405, E0412, E0433, E0585.
[INFO] [stdout] For more information about an error, try `rustc --explain E0405`.
[INFO] [stdout] Couldn't compile the test.
[INFO] [stdout] 
[INFO] [stdout] failures:
[INFO] [stdout]     src/lib.rs - (line 11)
[INFO] [stdout] 
[INFO] [stdout] test result: FAILED. 0 passed; 1 failed; 0 ignored; 0 measured; 0 filtered out; finished in 0.13s
[INFO] [stdout] 
[INFO] [stderr] error: doctest failed, to rerun pass `--doc`
[INFO] running `Command { std: "docker" "inspect" "9c421294576dc2d64d11931c82a7f5b85ac91742661db2e5a733b0839dbf21b2", kill_on_drop: false }`
[INFO] running `Command { std: "docker" "rm" "-f" "9c421294576dc2d64d11931c82a7f5b85ac91742661db2e5a733b0839dbf21b2", kill_on_drop: false }`
[INFO] [stdout] 9c421294576dc2d64d11931c82a7f5b85ac91742661db2e5a733b0839dbf21b2
