[INFO] fetching crate topdio 0.1.2...
[INFO] testing topdio-0.1.2 against beta-2024-12-08 for beta-1.84.0-4-retry
[INFO] extracting crate topdio 0.1.2 into /workspace/builds/worker-0-tc2/source
[INFO] validating manifest of crates.io crate topdio 0.1.2 on toolchain beta-2024-12-08
[INFO] running `Command { std: CARGO_HOME="/workspace/cargo-home" RUSTUP_HOME="/workspace/rustup-home" "/workspace/cargo-home/bin/cargo" "+beta-2024-12-08" "metadata" "--manifest-path" "Cargo.toml" "--no-deps", kill_on_drop: false }`
[INFO] started tweaking crates.io crate topdio 0.1.2
[INFO] finished tweaking crates.io crate topdio 0.1.2
[INFO] tweaked toml for crates.io crate topdio 0.1.2 written to /workspace/builds/worker-0-tc2/source/Cargo.toml
[INFO] crate crates.io crate topdio 0.1.2 already has a lockfile, it will not be regenerated
[INFO] running `Command { std: CARGO_HOME="/workspace/cargo-home" RUSTUP_HOME="/workspace/rustup-home" "/workspace/cargo-home/bin/cargo" "+beta-2024-12-08" "fetch" "--manifest-path" "Cargo.toml", kill_on_drop: false }`
[INFO] running `Command { std: "docker" "create" "-v" "/var/lib/crater-agent-workspace/builds/worker-0-tc2/target:/opt/rustwide/target:rw,Z" "-v" "/var/lib/crater-agent-workspace/builds/worker-0-tc2/source:/opt/rustwide/workdir:ro,Z" "-v" "/var/lib/crater-agent-workspace/cargo-home:/opt/rustwide/cargo-home:ro,Z" "-v" "/var/lib/crater-agent-workspace/rustup-home:/opt/rustwide/rustup-home:ro,Z" "-e" "SOURCE_DIR=/opt/rustwide/workdir" "-e" "CARGO_TARGET_DIR=/opt/rustwide/target" "-e" "CARGO_HOME=/opt/rustwide/cargo-home" "-e" "RUSTUP_HOME=/opt/rustwide/rustup-home" "-w" "/opt/rustwide/workdir" "-m" "1610612736" "--user" "0:0" "--network" "none" "ghcr.io/rust-lang/crates-build-env/linux@sha256:f3a9d4ad9d972b27faf3965f35b62e55ba32bbce8f20bc8fe909558a86702fde" "/opt/rustwide/cargo-home/bin/cargo" "+beta-2024-12-08" "metadata" "--no-deps" "--format-version=1", kill_on_drop: false }`
[INFO] [stdout] dc9f958310ff84cb9bbd43991b006b41f4172b1350cf2bbb3a62ac640974600f
[INFO] running `Command { std: "docker" "start" "-a" "dc9f958310ff84cb9bbd43991b006b41f4172b1350cf2bbb3a62ac640974600f", kill_on_drop: false }`
[INFO] running `Command { std: "docker" "inspect" "dc9f958310ff84cb9bbd43991b006b41f4172b1350cf2bbb3a62ac640974600f", kill_on_drop: false }`
[INFO] running `Command { std: "docker" "rm" "-f" "dc9f958310ff84cb9bbd43991b006b41f4172b1350cf2bbb3a62ac640974600f", kill_on_drop: false }`
[INFO] [stdout] dc9f958310ff84cb9bbd43991b006b41f4172b1350cf2bbb3a62ac640974600f
[INFO] running `Command { std: "docker" "create" "-v" "/var/lib/crater-agent-workspace/builds/worker-0-tc2/target:/opt/rustwide/target:rw,Z" "-v" "/var/lib/crater-agent-workspace/builds/worker-0-tc2/source:/opt/rustwide/workdir:ro,Z" "-v" "/var/lib/crater-agent-workspace/cargo-home:/opt/rustwide/cargo-home:ro,Z" "-v" "/var/lib/crater-agent-workspace/rustup-home:/opt/rustwide/rustup-home:ro,Z" "-e" "SOURCE_DIR=/opt/rustwide/workdir" "-e" "CARGO_TARGET_DIR=/opt/rustwide/target" "-e" "CARGO_INCREMENTAL=0" "-e" "RUST_BACKTRACE=full" "-e" "RUSTFLAGS=--cap-lints=warn" "-e" "RUSTDOCFLAGS=--cap-lints=warn" "-e" "CARGO_HOME=/opt/rustwide/cargo-home" "-e" "RUSTUP_HOME=/opt/rustwide/rustup-home" "-w" "/opt/rustwide/workdir" "-m" "1610612736" "--user" "0:0" "--network" "none" "ghcr.io/rust-lang/crates-build-env/linux@sha256:f3a9d4ad9d972b27faf3965f35b62e55ba32bbce8f20bc8fe909558a86702fde" "/opt/rustwide/cargo-home/bin/cargo" "+beta-2024-12-08" "build" "--frozen" "--message-format=json", kill_on_drop: false }`
[INFO] [stdout] de8361f51c90487eb683e7baa3e19d003a439fb6935447eb24e612d1a483e872
[INFO] running `Command { std: "docker" "start" "-a" "de8361f51c90487eb683e7baa3e19d003a439fb6935447eb24e612d1a483e872", kill_on_drop: false }`
[INFO] [stderr]    Compiling libc v0.2.121
[INFO] [stderr]    Compiling cfg-if v1.0.0
[INFO] [stderr]    Compiling autocfg v1.1.0
[INFO] [stderr]    Compiling scopeguard v1.1.0
[INFO] [stderr]    Compiling proc-macro2 v1.0.36
[INFO] [stderr]    Compiling unicode-xid v0.2.2
[INFO] [stderr]    Compiling version_check v0.9.4
[INFO] [stderr]    Compiling crossbeam-utils v0.8.8
[INFO] [stderr]    Compiling lazy_static v1.4.0
[INFO] [stderr]    Compiling syn v1.0.89
[INFO] [stderr]    Compiling smallvec v1.8.0
[INFO] [stderr]    Compiling log v0.4.15
[INFO] [stderr]    Compiling bitflags v1.3.2
[INFO] [stderr]    Compiling lock_api v0.4.6
[INFO] [stderr]    Compiling memoffset v0.6.5
[INFO] [stderr]    Compiling crossbeam-epoch v0.9.8
[INFO] [stderr]    Compiling signal-hook v0.3.13
[INFO] [stderr]    Compiling parking_lot_core v0.8.5
[INFO] [stderr]    Compiling proc-macro-error-attr v1.0.4
[INFO] [stderr]    Compiling instant v0.1.12
[INFO] [stderr]    Compiling rayon-core v1.9.1
[INFO] [stderr]    Compiling pkg-config v0.3.24
[INFO] [stderr]    Compiling proc-macro-error v1.0.4
[INFO] [stderr]    Compiling parking_lot_core v0.9.1
[INFO] [stderr]    Compiling memchr v2.4.1
[INFO] [stderr]    Compiling signal-hook-registry v1.4.0
[INFO] [stderr]    Compiling mio v0.7.14
[INFO] [stderr]    Compiling alsa-sys v0.3.1
[INFO] [stderr]    Compiling quote v1.0.16
[INFO] [stderr]    Compiling getrandom v0.2.5
[INFO] [stderr]    Compiling signal-hook-mio v0.2.1
[INFO] [stderr]    Compiling parking_lot v0.11.2
[INFO] [stderr]    Compiling crossbeam-deque v0.8.1
[INFO] [stderr]    Compiling num_cpus v1.13.1
[INFO] [stderr]    Compiling crossbeam-channel v0.5.4
[INFO] [stderr]    Compiling rayon v1.5.1
[INFO] [stderr]    Compiling indexmap v1.8.0
[INFO] [stderr]    Compiling rand_core v0.6.3
[INFO] [stderr]    Compiling nix v0.23.1
[INFO] [stderr]    Compiling anyhow v1.0.56
[INFO] [stderr]    Compiling ppv-lite86 v0.2.16
[INFO] [stderr]    Compiling sysinfo v0.23.5
[INFO] [stderr]    Compiling heck v0.4.0
[INFO] [stderr]    Compiling cpal v0.13.5
[INFO] [stderr]    Compiling hashbrown v0.11.2
[INFO] [stderr]    Compiling either v1.6.1
[INFO] [stderr]    Compiling rand_chacha v0.3.1
[INFO] [stderr]    Compiling os_str_bytes v6.0.0
[INFO] [stderr]    Compiling parking_lot v0.12.0
[INFO] [stderr]    Compiling crossterm v0.22.1
[INFO] [stderr]    Compiling atty v0.2.14
[INFO] [stderr]    Compiling termcolor v1.1.3
[INFO] [stderr]    Compiling cassowary v0.3.0
[INFO] [stderr]    Compiling strsim v0.10.0
[INFO] [stderr]    Compiling once_cell v1.5.2
[INFO] [stderr]    Compiling unicode-segmentation v1.9.0
[INFO] [stderr]    Compiling unicode-width v0.1.9
[INFO] [stderr]    Compiling textwrap v0.15.0
[INFO] [stderr]    Compiling crossterm v0.23.1
[INFO] [stderr]    Compiling rand v0.8.5
[INFO] [stderr]    Compiling tui v0.17.0
[INFO] [stderr]    Compiling thiserror-impl v1.0.30
[INFO] [stderr]    Compiling clap_derive v3.1.7
[INFO] [stderr]    Compiling alsa v0.6.0
[INFO] [stderr]    Compiling clap v3.1.8
[INFO] [stderr]    Compiling thiserror v1.0.30
[INFO] [stderr]    Compiling topdio v0.1.2 (/opt/rustwide/workdir)
[INFO] [stdout] warning: variable does not need to be mutable
[INFO] [stdout]    --> src/oscillator.rs:101:13
[INFO] [stdout]     |
[INFO] [stdout] 101 |         let mut state = &mut self.state;
[INFO] [stdout]     |             ----^^^^^
[INFO] [stdout]     |             |
[INFO] [stdout]     |             help: remove this `mut`
[INFO] [stdout]     |
[INFO] [stdout]     = note: `#[warn(unused_mut)]` on by default
[INFO] [stdout] 
[INFO] [stdout] 
[INFO] [stderr]     Finished `dev` profile [unoptimized + debuginfo] target(s) in 46.25s
[INFO] running `Command { std: "docker" "inspect" "de8361f51c90487eb683e7baa3e19d003a439fb6935447eb24e612d1a483e872", kill_on_drop: false }`
[INFO] running `Command { std: "docker" "rm" "-f" "de8361f51c90487eb683e7baa3e19d003a439fb6935447eb24e612d1a483e872", kill_on_drop: false }`
[INFO] [stdout] de8361f51c90487eb683e7baa3e19d003a439fb6935447eb24e612d1a483e872
[INFO] running `Command { std: "docker" "create" "-v" "/var/lib/crater-agent-workspace/builds/worker-0-tc2/target:/opt/rustwide/target:rw,Z" "-v" "/var/lib/crater-agent-workspace/builds/worker-0-tc2/source:/opt/rustwide/workdir:ro,Z" "-v" "/var/lib/crater-agent-workspace/cargo-home:/opt/rustwide/cargo-home:ro,Z" "-v" "/var/lib/crater-agent-workspace/rustup-home:/opt/rustwide/rustup-home:ro,Z" "-e" "SOURCE_DIR=/opt/rustwide/workdir" "-e" "CARGO_TARGET_DIR=/opt/rustwide/target" "-e" "CARGO_INCREMENTAL=0" "-e" "RUST_BACKTRACE=full" "-e" "RUSTFLAGS=--cap-lints=warn" "-e" "RUSTDOCFLAGS=--cap-lints=warn" "-e" "CARGO_HOME=/opt/rustwide/cargo-home" "-e" "RUSTUP_HOME=/opt/rustwide/rustup-home" "-w" "/opt/rustwide/workdir" "-m" "1610612736" "--user" "0:0" "--network" "none" "ghcr.io/rust-lang/crates-build-env/linux@sha256:f3a9d4ad9d972b27faf3965f35b62e55ba32bbce8f20bc8fe909558a86702fde" "/opt/rustwide/cargo-home/bin/cargo" "+beta-2024-12-08" "test" "--frozen" "--no-run" "--message-format=json", kill_on_drop: false }`
[INFO] [stdout] 81cb3c9c27cc38f8bce16c4f69efbfe1471142aa839414a60fed3ab2cf0c4b7d
[INFO] running `Command { std: "docker" "start" "-a" "81cb3c9c27cc38f8bce16c4f69efbfe1471142aa839414a60fed3ab2cf0c4b7d", kill_on_drop: false }`
[INFO] [stderr]    Compiling topdio v0.1.2 (/opt/rustwide/workdir)
[INFO] [stdout] warning: variable does not need to be mutable
[INFO] [stdout]    --> src/oscillator.rs:101:13
[INFO] [stdout]     |
[INFO] [stdout] 101 |         let mut state = &mut self.state;
[INFO] [stdout]     |             ----^^^^^
[INFO] [stdout]     |             |
[INFO] [stdout]     |             help: remove this `mut`
[INFO] [stdout]     |
[INFO] [stdout]     = note: `#[warn(unused_mut)]` on by default
[INFO] [stdout] 
[INFO] [stdout] 
[INFO] [stdout] warning: variable does not need to be mutable
[INFO] [stdout]    --> src/oscillator.rs:101:13
[INFO] [stdout]     |
[INFO] [stdout] 101 |         let mut state = &mut self.state;
[INFO] [stdout]     |             ----^^^^^
[INFO] [stdout]     |             |
[INFO] [stdout]     |             help: remove this `mut`
[INFO] [stdout]     |
[INFO] [stdout]     = note: `#[warn(unused_mut)]` on by default
[INFO] [stdout] 
[INFO] [stdout] 
[INFO] [stderr]     Finished `test` profile [unoptimized + debuginfo] target(s) in 2.73s
[INFO] running `Command { std: "docker" "inspect" "81cb3c9c27cc38f8bce16c4f69efbfe1471142aa839414a60fed3ab2cf0c4b7d", kill_on_drop: false }`
[INFO] running `Command { std: "docker" "rm" "-f" "81cb3c9c27cc38f8bce16c4f69efbfe1471142aa839414a60fed3ab2cf0c4b7d", kill_on_drop: false }`
[INFO] [stdout] 81cb3c9c27cc38f8bce16c4f69efbfe1471142aa839414a60fed3ab2cf0c4b7d
[INFO] running `Command { std: "docker" "create" "-v" "/var/lib/crater-agent-workspace/builds/worker-0-tc2/target:/opt/rustwide/target:rw,Z" "-v" "/var/lib/crater-agent-workspace/builds/worker-0-tc2/source:/opt/rustwide/workdir:ro,Z" "-v" "/var/lib/crater-agent-workspace/cargo-home:/opt/rustwide/cargo-home:ro,Z" "-v" "/var/lib/crater-agent-workspace/rustup-home:/opt/rustwide/rustup-home:ro,Z" "-e" "SOURCE_DIR=/opt/rustwide/workdir" "-e" "CARGO_TARGET_DIR=/opt/rustwide/target" "-e" "CARGO_INCREMENTAL=0" "-e" "RUST_BACKTRACE=full" "-e" "RUSTFLAGS=--cap-lints=warn" "-e" "RUSTDOCFLAGS=--cap-lints=warn" "-e" "CARGO_HOME=/opt/rustwide/cargo-home" "-e" "RUSTUP_HOME=/opt/rustwide/rustup-home" "-w" "/opt/rustwide/workdir" "-m" "1610612736" "--user" "0:0" "--network" "none" "ghcr.io/rust-lang/crates-build-env/linux@sha256:f3a9d4ad9d972b27faf3965f35b62e55ba32bbce8f20bc8fe909558a86702fde" "/opt/rustwide/cargo-home/bin/cargo" "+beta-2024-12-08" "test" "--frozen", kill_on_drop: false }`
[INFO] [stdout] 61a3aff9b0769b01c8eb5b29294d6026910a9e438fd792a0871915d80e6e0dcd
[INFO] running `Command { std: "docker" "start" "-a" "61a3aff9b0769b01c8eb5b29294d6026910a9e438fd792a0871915d80e6e0dcd", kill_on_drop: false }`
[INFO] [stderr] warning: variable does not need to be mutable
[INFO] [stderr]    --> src/oscillator.rs:101:13
[INFO] [stderr]     |
[INFO] [stderr] 101 |         let mut state = &mut self.state;
[INFO] [stderr]     |             ----^^^^^
[INFO] [stderr]     |             |
[INFO] [stderr]     |             help: remove this `mut`
[INFO] [stderr]     |
[INFO] [stderr]     = note: `#[warn(unused_mut)]` on by default
[INFO] [stderr] 
[INFO] [stderr] warning: `topdio` (lib) generated 1 warning (run `cargo fix --lib -p topdio` to apply 1 suggestion)
[INFO] [stderr] warning: `topdio` (lib test) generated 1 warning (1 duplicate)
[INFO] [stderr]     Finished `test` profile [unoptimized + debuginfo] target(s) in 0.11s
[INFO] [stderr]      Running unittests src/lib.rs (/opt/rustwide/target/debug/deps/topdio-522c932bc61b4ca8)
[INFO] [stdout] 
[INFO] [stdout] running 8 tests
[INFO] [stdout] test oscillator::tests::test_oscillator_sine ... ok
[INFO] [stdout] test oscillator::tests::test_oscillator_triangle ... ok
[INFO] [stdout] test oscillator::tests::test_ramp ... ok
[INFO] [stdout] test topdio::tests::test_stats_constructor ... ok
[INFO] [stdout] test ui::tests::test_get_process_color ... ok
[INFO] [stderr] ALSA lib confmisc.c:855:(parse_card) cannot find card '0'
[INFO] [stderr] ALSA lib conf.c:5178:(_snd_config_evaluate) function snd_func_card_inum returned error: No such file or directory
[INFO] [stderr] ALSA lib confmisc.c:422:(snd_func_concat) error evaluating strings
[INFO] [stderr] ALSA lib conf.c:5178:(_snd_config_evaluate) function snd_func_concat returned error: No such file or directory
[INFO] [stderr] ALSA lib confmisc.c:1334:(snd_func_refer) error evaluating name
[INFO] [stderr] ALSA lib conf.c:5178:(_snd_config_evaluate) function snd_func_refer returned error: No such file or directory
[INFO] [stderr] ALSA lib conf.c:5701:(snd_config_expand) Evaluate error: No such file or directory
[INFO] [stderr] ALSA lib pcm.c:2664:(snd_pcm_open_noupdate) Unknown PCM default
[INFO] [stdout] test topdio::tests::test_loop_and_error ... ok
[INFO] [stdout] test topdio::tests::test_loop_and_quit ... ok
[INFO] [stdout] test oscillator::tests::test_oscillator_manager ... FAILED
[INFO] [stdout] 
[INFO] [stdout] failures:
[INFO] [stdout] 
[INFO] [stdout] ---- oscillator::tests::test_oscillator_manager stdout ----
[INFO] [stdout] thread 'oscillator::tests::test_oscillator_manager' panicked at src/oscillator.rs:356:67:
[INFO] [stdout] called `Result::unwrap()` on an `Err` value: DeviceNotAvailable
[INFO] [stdout] stack backtrace:
[INFO] [stdout]    0:     0x5fe033ff679a - std::backtrace_rs::backtrace::libunwind::trace::h8810477743020387
[INFO] [stdout]                                at /rustc/202008a1b8de96d2e5b6bc02d379db03a877d34d/library/std/src/../../backtrace/src/backtrace/libunwind.rs:116:5
[INFO] [stdout]    1:     0x5fe033ff679a - std::backtrace_rs::backtrace::trace_unsynchronized::h3aa55355dd6c54a6
[INFO] [stdout]                                at /rustc/202008a1b8de96d2e5b6bc02d379db03a877d34d/library/std/src/../../backtrace/src/backtrace/mod.rs:66:5
[INFO] [stdout]    2:     0x5fe033ff679a - std::sys::backtrace::_print_fmt::h8588b0f62410823f
[INFO] [stdout]                                at /rustc/202008a1b8de96d2e5b6bc02d379db03a877d34d/library/std/src/sys/backtrace.rs:66:9
[INFO] [stdout]    3:     0x5fe033ff679a - <std::sys::backtrace::BacktraceLock::print::DisplayBacktrace as core::fmt::Display>::fmt::h98c26ac25ffe89bb
[INFO] [stdout]                                at /rustc/202008a1b8de96d2e5b6bc02d379db03a877d34d/library/std/src/sys/backtrace.rs:39:26
[INFO] [stdout]    4:     0x5fe03401f453 - core::fmt::rt::Argument::fmt::hf95377f4aebd453b
[INFO] [stdout]                                at /rustc/202008a1b8de96d2e5b6bc02d379db03a877d34d/library/core/src/fmt/rt.rs:177:76
[INFO] [stdout]    5:     0x5fe03401f453 - core::fmt::write::h0dd5f6e2238c7982
[INFO] [stdout]                                at /rustc/202008a1b8de96d2e5b6bc02d379db03a877d34d/library/core/src/fmt/mod.rs:1189:21
[INFO] [stdout]    6:     0x5fe033ff3673 - std::io::Write::write_fmt::h03bb0ca26e6faf8c
[INFO] [stdout]                                at /rustc/202008a1b8de96d2e5b6bc02d379db03a877d34d/library/std/src/io/mod.rs:1884:15
[INFO] [stdout]    7:     0x5fe033ff65e2 - std::sys::backtrace::BacktraceLock::print::h5c19c1c038ee186d
[INFO] [stdout]                                at /rustc/202008a1b8de96d2e5b6bc02d379db03a877d34d/library/std/src/sys/backtrace.rs:42:9
[INFO] [stdout]    8:     0x5fe033ff7c1d - std::panicking::default_hook::{{closure}}::h77172f079a1fcb13
[INFO] [stdout]                                at /rustc/202008a1b8de96d2e5b6bc02d379db03a877d34d/library/std/src/panicking.rs:268:22
[INFO] [stdout]    9:     0x5fe033ff7a27 - std::panicking::default_hook::he5f8e3b203ccddba
[INFO] [stdout]                                at /rustc/202008a1b8de96d2e5b6bc02d379db03a877d34d/library/std/src/panicking.rs:292:9
[INFO] [stdout]   10:     0x5fe033e9fdb7 - <alloc::boxed::Box<F,A> as core::ops::function::Fn<Args>>::call::h7a3c7b4a1ae77f2f
[INFO] [stdout]                                at /rustc/202008a1b8de96d2e5b6bc02d379db03a877d34d/library/alloc/src/boxed.rs:1986:9
[INFO] [stdout]   11:     0x5fe033e9fdb7 - test::test_main::{{closure}}::hf0d3b69ae9b353d1
[INFO] [stdout]                                at /rustc/202008a1b8de96d2e5b6bc02d379db03a877d34d/library/test/src/lib.rs:134:21
[INFO] [stdout]   12:     0x5fe033ff82c8 - <alloc::boxed::Box<F,A> as core::ops::function::Fn<Args>>::call::h6332e82e7b189abd
[INFO] [stdout]                                at /rustc/202008a1b8de96d2e5b6bc02d379db03a877d34d/library/alloc/src/boxed.rs:1986:9
[INFO] [stdout]   13:     0x5fe033ff82c8 - std::panicking::rust_panic_with_hook::h53863d4e9018df39
[INFO] [stdout]                                at /rustc/202008a1b8de96d2e5b6bc02d379db03a877d34d/library/std/src/panicking.rs:809:13
[INFO] [stdout]   14:     0x5fe033ff808a - std::panicking::begin_panic_handler::{{closure}}::h67280e6fa0757873
[INFO] [stdout]                                at /rustc/202008a1b8de96d2e5b6bc02d379db03a877d34d/library/std/src/panicking.rs:674:13
[INFO] [stdout]   15:     0x5fe033ff6c79 - std::sys::backtrace::__rust_end_short_backtrace::h1dac3f54d6fbbeb2
[INFO] [stdout]                                at /rustc/202008a1b8de96d2e5b6bc02d379db03a877d34d/library/std/src/sys/backtrace.rs:170:18
[INFO] [stdout]   16:     0x5fe033ff7d1c - rust_begin_unwind
[INFO] [stdout]                                at /rustc/202008a1b8de96d2e5b6bc02d379db03a877d34d/library/std/src/panicking.rs:665:5
[INFO] [stdout]   17:     0x5fe033e30220 - core::panicking::panic_fmt::h6792bd1b2bf01041
[INFO] [stdout]                                at /rustc/202008a1b8de96d2e5b6bc02d379db03a877d34d/library/core/src/panicking.rs:76:14
[INFO] [stdout]   18:     0x5fe033e30666 - core::result::unwrap_failed::h05e0602ed34287c5
[INFO] [stdout]                                at /rustc/202008a1b8de96d2e5b6bc02d379db03a877d34d/library/core/src/result.rs:1699:5
[INFO] [stdout]   19:     0x5fe033e5d5c6 - core::result::Result<T,E>::unwrap::h9c6af96ee9775a23
[INFO] [stdout]                                at /rustc/202008a1b8de96d2e5b6bc02d379db03a877d34d/library/core/src/result.rs:1104:23
[INFO] [stdout]   20:     0x5fe033e5d5c6 - topdio::oscillator::tests::test_oscillator_manager::hf3577e474da90238
[INFO] [stdout]                                at /opt/rustwide/workdir/src/oscillator.rs:356:36
[INFO] [stdout]   21:     0x5fe033e5d437 - topdio::oscillator::tests::test_oscillator_manager::{{closure}}::h02e95e75043ae3a2
[INFO] [stdout]                                at /opt/rustwide/workdir/src/oscillator.rs:352:33
[INFO] [stdout]   22:     0x5fe033e578d6 - core::ops::function::FnOnce::call_once::hb98118efd631a064
[INFO] [stdout]                                at /rustc/202008a1b8de96d2e5b6bc02d379db03a877d34d/library/core/src/ops/function.rs:250:5
[INFO] [stdout]   23:     0x5fe033ea48db - core::ops::function::FnOnce::call_once::h871bf86719ec9aa4
[INFO] [stdout]                                at /rustc/202008a1b8de96d2e5b6bc02d379db03a877d34d/library/core/src/ops/function.rs:250:5
[INFO] [stdout]   24:     0x5fe033ea48db - test::__rust_begin_short_backtrace::h2167df1e2b7d76fd
[INFO] [stdout]                                at /rustc/202008a1b8de96d2e5b6bc02d379db03a877d34d/library/test/src/lib.rs:632:18
[INFO] [stdout]   25:     0x5fe033ea42c8 - test::run_test_in_process::{{closure}}::h15d92f75a3adfb79
[INFO] [stdout]                                at /rustc/202008a1b8de96d2e5b6bc02d379db03a877d34d/library/test/src/lib.rs:655:60
[INFO] [stdout]   26:     0x5fe033ea42c8 - <core::panic::unwind_safe::AssertUnwindSafe<F> as core::ops::function::FnOnce<()>>::call_once::hb6c8955835a8dbbb
[INFO] [stdout]                                at /rustc/202008a1b8de96d2e5b6bc02d379db03a877d34d/library/core/src/panic/unwind_safe.rs:272:9
[INFO] [stdout]   27:     0x5fe033ea42c8 - std::panicking::try::do_call::hc79d0fc888a0bd30
[INFO] [stdout]                                at /rustc/202008a1b8de96d2e5b6bc02d379db03a877d34d/library/std/src/panicking.rs:557:40
[INFO] [stdout]   28:     0x5fe033ea42c8 - std::panicking::try::hb8a7878e3a8589d6
[INFO] [stdout]                                at /rustc/202008a1b8de96d2e5b6bc02d379db03a877d34d/library/std/src/panicking.rs:520:19
[INFO] [stdout]   29:     0x5fe033ea42c8 - std::panic::catch_unwind::hb8e4600ff0ff5cfa
[INFO] [stdout]                                at /rustc/202008a1b8de96d2e5b6bc02d379db03a877d34d/library/std/src/panic.rs:358:14
[INFO] [stdout]   30:     0x5fe033ea42c8 - test::run_test_in_process::hc2900b0b18688dd6
[INFO] [stdout]                                at /rustc/202008a1b8de96d2e5b6bc02d379db03a877d34d/library/test/src/lib.rs:655:27
[INFO] [stdout]   31:     0x5fe033ea42c8 - test::run_test::{{closure}}::hac2a9cb07be3d48d
[INFO] [stdout]                                at /rustc/202008a1b8de96d2e5b6bc02d379db03a877d34d/library/test/src/lib.rs:576:43
[INFO] [stdout]   32:     0x5fe033e67d6a - test::run_test::{{closure}}::h4a5b729e66a38cd8
[INFO] [stdout]                                at /rustc/202008a1b8de96d2e5b6bc02d379db03a877d34d/library/test/src/lib.rs:606:41
[INFO] [stdout]   33:     0x5fe033e67d6a - std::sys::backtrace::__rust_begin_short_backtrace::h0496fb742492f573
[INFO] [stdout]                                at /rustc/202008a1b8de96d2e5b6bc02d379db03a877d34d/library/std/src/sys/backtrace.rs:154:18
[INFO] [stdout]   34:     0x5fe033e6b6e4 - std::thread::Builder::spawn_unchecked_::{{closure}}::{{closure}}::hbb6d257c550a54bd
[INFO] [stdout]                                at /rustc/202008a1b8de96d2e5b6bc02d379db03a877d34d/library/std/src/thread/mod.rs:561:17
[INFO] [stdout]   35:     0x5fe033e6b6e4 - <core::panic::unwind_safe::AssertUnwindSafe<F> as core::ops::function::FnOnce<()>>::call_once::h46696fe4a6832328
[INFO] [stdout]                                at /rustc/202008a1b8de96d2e5b6bc02d379db03a877d34d/library/core/src/panic/unwind_safe.rs:272:9
[INFO] [stdout]   36:     0x5fe033e6b6e4 - std::panicking::try::do_call::h2625a51b667bfb64
[INFO] [stdout]                                at /rustc/202008a1b8de96d2e5b6bc02d379db03a877d34d/library/std/src/panicking.rs:557:40
[INFO] [stdout]   37:     0x5fe033e6b6e4 - std::panicking::try::hb956a59a1973aa4c
[INFO] [stdout]                                at /rustc/202008a1b8de96d2e5b6bc02d379db03a877d34d/library/std/src/panicking.rs:520:19
[INFO] [stdout]   38:     0x5fe033e6b6e4 - std::panic::catch_unwind::h64f3b9d1067ef6a0
[INFO] [stdout]                                at /rustc/202008a1b8de96d2e5b6bc02d379db03a877d34d/library/std/src/panic.rs:358:14
[INFO] [stdout]   39:     0x5fe033e6b6e4 - std::thread::Builder::spawn_unchecked_::{{closure}}::h42b2841295b6c0b2
[INFO] [stdout]                                at /rustc/202008a1b8de96d2e5b6bc02d379db03a877d34d/library/std/src/thread/mod.rs:559:30
[INFO] [stdout]   40:     0x5fe033e6b6e4 - core::ops::function::FnOnce::call_once{{vtable.shim}}::h6127de71b8124639
[INFO] [stdout]                                at /rustc/202008a1b8de96d2e5b6bc02d379db03a877d34d/library/core/src/ops/function.rs:250:5
[INFO] [stdout]   41:     0x5fe033ffc89b - <alloc::boxed::Box<F,A> as core::ops::function::FnOnce<Args>>::call_once::h42f0ba71002a1b2c
[INFO] [stdout]                                at /rustc/202008a1b8de96d2e5b6bc02d379db03a877d34d/library/alloc/src/boxed.rs:1972:9
[INFO] [stdout]   42:     0x5fe033ffc89b - <alloc::boxed::Box<F,A> as core::ops::function::FnOnce<Args>>::call_once::had9e47d7a3dcecb8
[INFO] [stdout]                                at /rustc/202008a1b8de96d2e5b6bc02d379db03a877d34d/library/alloc/src/boxed.rs:1972:9
[INFO] [stdout]   43:     0x5fe033ffc89b - std::sys::pal::unix::thread::Thread::new::thread_start::h48cf765408f6f5f2
[INFO] [stdout]                                at /rustc/202008a1b8de96d2e5b6bc02d379db03a877d34d/library/std/src/sys/pal/unix/thread.rs:105:17
[INFO] [stdout]   44:     0x7c55f25feac3 - <unknown>
[INFO] [stdout]   45:     0x7c55f268fa04 - clone
[INFO] [stdout]   46:                0x0 - <unknown>
[INFO] [stdout] 
[INFO] [stdout] 
[INFO] [stdout] failures:
[INFO] [stdout]     oscillator::tests::test_oscillator_manager
[INFO] [stdout] 
[INFO] [stdout] test result: FAILED. 7 passed; 1 failed; 0 ignored; 0 measured; 0 filtered out; finished in 0.12s
[INFO] [stdout] 
[INFO] [stderr] error: test failed, to rerun pass `--lib`
[INFO] running `Command { std: "docker" "inspect" "61a3aff9b0769b01c8eb5b29294d6026910a9e438fd792a0871915d80e6e0dcd", kill_on_drop: false }`
[INFO] running `Command { std: "docker" "rm" "-f" "61a3aff9b0769b01c8eb5b29294d6026910a9e438fd792a0871915d80e6e0dcd", kill_on_drop: false }`
[INFO] [stdout] 61a3aff9b0769b01c8eb5b29294d6026910a9e438fd792a0871915d80e6e0dcd
