[INFO] fetching crate tonic_include_protos 0.1.2...
[INFO] testing tonic_include_protos-0.1.2 against 1.83.0 for beta-1.84.0-4-retry
[INFO] extracting crate tonic_include_protos 0.1.2 into /workspace/builds/worker-7-tc1/source
[INFO] validating manifest of crates.io crate tonic_include_protos 0.1.2 on toolchain 1.83.0
[INFO] running `Command { std: CARGO_HOME="/workspace/cargo-home" RUSTUP_HOME="/workspace/rustup-home" "/workspace/cargo-home/bin/cargo" "+1.83.0" "metadata" "--manifest-path" "Cargo.toml" "--no-deps", kill_on_drop: false }`
[INFO] started tweaking crates.io crate tonic_include_protos 0.1.2
[INFO] finished tweaking crates.io crate tonic_include_protos 0.1.2
[INFO] tweaked toml for crates.io crate tonic_include_protos 0.1.2 written to /workspace/builds/worker-7-tc1/source/Cargo.toml
[INFO] running `Command { std: CARGO_HOME="/workspace/cargo-home" RUSTUP_HOME="/workspace/rustup-home" "/workspace/cargo-home/bin/cargo" "+1.83.0" "generate-lockfile" "--manifest-path" "Cargo.toml", kill_on_drop: false }`
[INFO] running `Command { std: CARGO_HOME="/workspace/cargo-home" RUSTUP_HOME="/workspace/rustup-home" "/workspace/cargo-home/bin/cargo" "+1.83.0" "fetch" "--manifest-path" "Cargo.toml", kill_on_drop: false }`
[INFO] running `Command { std: "docker" "create" "-v" "/var/lib/crater-agent-workspace/builds/worker-7-tc1/target:/opt/rustwide/target:rw,Z" "-v" "/var/lib/crater-agent-workspace/builds/worker-7-tc1/source:/opt/rustwide/workdir:ro,Z" "-v" "/var/lib/crater-agent-workspace/cargo-home:/opt/rustwide/cargo-home:ro,Z" "-v" "/var/lib/crater-agent-workspace/rustup-home:/opt/rustwide/rustup-home:ro,Z" "-e" "SOURCE_DIR=/opt/rustwide/workdir" "-e" "CARGO_TARGET_DIR=/opt/rustwide/target" "-e" "CARGO_HOME=/opt/rustwide/cargo-home" "-e" "RUSTUP_HOME=/opt/rustwide/rustup-home" "-w" "/opt/rustwide/workdir" "-m" "1610612736" "--user" "0:0" "--network" "none" "ghcr.io/rust-lang/crates-build-env/linux@sha256:f3a9d4ad9d972b27faf3965f35b62e55ba32bbce8f20bc8fe909558a86702fde" "/opt/rustwide/cargo-home/bin/cargo" "+1.83.0" "metadata" "--no-deps" "--format-version=1", kill_on_drop: false }`
[INFO] [stdout] 46aa998dc86e84da1e0016277824753649d253f68219e48fa8cb1fae03777659
[INFO] running `Command { std: "docker" "start" "-a" "46aa998dc86e84da1e0016277824753649d253f68219e48fa8cb1fae03777659", kill_on_drop: false }`
[INFO] running `Command { std: "docker" "inspect" "46aa998dc86e84da1e0016277824753649d253f68219e48fa8cb1fae03777659", kill_on_drop: false }`
[INFO] running `Command { std: "docker" "rm" "-f" "46aa998dc86e84da1e0016277824753649d253f68219e48fa8cb1fae03777659", kill_on_drop: false }`
[INFO] [stdout] 46aa998dc86e84da1e0016277824753649d253f68219e48fa8cb1fae03777659
[INFO] running `Command { std: "docker" "create" "-v" "/var/lib/crater-agent-workspace/builds/worker-7-tc1/target:/opt/rustwide/target:rw,Z" "-v" "/var/lib/crater-agent-workspace/builds/worker-7-tc1/source:/opt/rustwide/workdir:ro,Z" "-v" "/var/lib/crater-agent-workspace/cargo-home:/opt/rustwide/cargo-home:ro,Z" "-v" "/var/lib/crater-agent-workspace/rustup-home:/opt/rustwide/rustup-home:ro,Z" "-e" "SOURCE_DIR=/opt/rustwide/workdir" "-e" "CARGO_TARGET_DIR=/opt/rustwide/target" "-e" "CARGO_INCREMENTAL=0" "-e" "RUST_BACKTRACE=full" "-e" "RUSTFLAGS=--cap-lints=warn" "-e" "RUSTDOCFLAGS=--cap-lints=warn" "-e" "CARGO_HOME=/opt/rustwide/cargo-home" "-e" "RUSTUP_HOME=/opt/rustwide/rustup-home" "-w" "/opt/rustwide/workdir" "-m" "1610612736" "--user" "0:0" "--network" "none" "ghcr.io/rust-lang/crates-build-env/linux@sha256:f3a9d4ad9d972b27faf3965f35b62e55ba32bbce8f20bc8fe909558a86702fde" "/opt/rustwide/cargo-home/bin/cargo" "+1.83.0" "build" "--frozen" "--message-format=json", kill_on_drop: false }`
[INFO] [stdout] afc9c354efc9b3a6dfb7969f77537d1a27ab5d3933d23bac746272dac569aa9a
[INFO] running `Command { std: "docker" "start" "-a" "afc9c354efc9b3a6dfb7969f77537d1a27ab5d3933d23bac746272dac569aa9a", kill_on_drop: false }`
[INFO] [stderr]    Compiling tonic_include_protos v0.1.2 (/opt/rustwide/workdir)
[INFO] [stderr]     Finished `dev` profile [unoptimized + debuginfo] target(s) in 0.69s
[INFO] running `Command { std: "docker" "inspect" "afc9c354efc9b3a6dfb7969f77537d1a27ab5d3933d23bac746272dac569aa9a", kill_on_drop: false }`
[INFO] running `Command { std: "docker" "rm" "-f" "afc9c354efc9b3a6dfb7969f77537d1a27ab5d3933d23bac746272dac569aa9a", kill_on_drop: false }`
[INFO] [stdout] afc9c354efc9b3a6dfb7969f77537d1a27ab5d3933d23bac746272dac569aa9a
[INFO] running `Command { std: "docker" "create" "-v" "/var/lib/crater-agent-workspace/builds/worker-7-tc1/target:/opt/rustwide/target:rw,Z" "-v" "/var/lib/crater-agent-workspace/builds/worker-7-tc1/source:/opt/rustwide/workdir:ro,Z" "-v" "/var/lib/crater-agent-workspace/cargo-home:/opt/rustwide/cargo-home:ro,Z" "-v" "/var/lib/crater-agent-workspace/rustup-home:/opt/rustwide/rustup-home:ro,Z" "-e" "SOURCE_DIR=/opt/rustwide/workdir" "-e" "CARGO_TARGET_DIR=/opt/rustwide/target" "-e" "CARGO_INCREMENTAL=0" "-e" "RUST_BACKTRACE=full" "-e" "RUSTFLAGS=--cap-lints=warn" "-e" "RUSTDOCFLAGS=--cap-lints=warn" "-e" "CARGO_HOME=/opt/rustwide/cargo-home" "-e" "RUSTUP_HOME=/opt/rustwide/rustup-home" "-w" "/opt/rustwide/workdir" "-m" "1610612736" "--user" "0:0" "--network" "none" "ghcr.io/rust-lang/crates-build-env/linux@sha256:f3a9d4ad9d972b27faf3965f35b62e55ba32bbce8f20bc8fe909558a86702fde" "/opt/rustwide/cargo-home/bin/cargo" "+1.83.0" "test" "--frozen" "--no-run" "--message-format=json", kill_on_drop: false }`
[INFO] [stdout] 64fd788beaeb8c2edd7aee52c046507fae6b65a28b13d01ab66e38ba1f9c69f8
[INFO] running `Command { std: "docker" "start" "-a" "64fd788beaeb8c2edd7aee52c046507fae6b65a28b13d01ab66e38ba1f9c69f8", kill_on_drop: false }`
[INFO] [stderr]    Compiling tonic_include_protos v0.1.2 (/opt/rustwide/workdir)
[INFO] [stderr]     Finished `test` profile [unoptimized + debuginfo] target(s) in 0.65s
[INFO] running `Command { std: "docker" "inspect" "64fd788beaeb8c2edd7aee52c046507fae6b65a28b13d01ab66e38ba1f9c69f8", kill_on_drop: false }`
[INFO] running `Command { std: "docker" "rm" "-f" "64fd788beaeb8c2edd7aee52c046507fae6b65a28b13d01ab66e38ba1f9c69f8", kill_on_drop: false }`
[INFO] [stdout] 64fd788beaeb8c2edd7aee52c046507fae6b65a28b13d01ab66e38ba1f9c69f8
[INFO] running `Command { std: "docker" "create" "-v" "/var/lib/crater-agent-workspace/builds/worker-7-tc1/target:/opt/rustwide/target:rw,Z" "-v" "/var/lib/crater-agent-workspace/builds/worker-7-tc1/source:/opt/rustwide/workdir:ro,Z" "-v" "/var/lib/crater-agent-workspace/cargo-home:/opt/rustwide/cargo-home:ro,Z" "-v" "/var/lib/crater-agent-workspace/rustup-home:/opt/rustwide/rustup-home:ro,Z" "-e" "SOURCE_DIR=/opt/rustwide/workdir" "-e" "CARGO_TARGET_DIR=/opt/rustwide/target" "-e" "CARGO_INCREMENTAL=0" "-e" "RUST_BACKTRACE=full" "-e" "RUSTFLAGS=--cap-lints=warn" "-e" "RUSTDOCFLAGS=--cap-lints=warn" "-e" "CARGO_HOME=/opt/rustwide/cargo-home" "-e" "RUSTUP_HOME=/opt/rustwide/rustup-home" "-w" "/opt/rustwide/workdir" "-m" "1610612736" "--user" "0:0" "--network" "none" "ghcr.io/rust-lang/crates-build-env/linux@sha256:f3a9d4ad9d972b27faf3965f35b62e55ba32bbce8f20bc8fe909558a86702fde" "/opt/rustwide/cargo-home/bin/cargo" "+1.83.0" "test" "--frozen", kill_on_drop: false }`
[INFO] [stdout] 7da3adbc9b182301eab349843a571b4929120516d691678460f1529ca255b2cb
[INFO] running `Command { std: "docker" "start" "-a" "7da3adbc9b182301eab349843a571b4929120516d691678460f1529ca255b2cb", kill_on_drop: false }`
[INFO] [stderr]     Finished `test` profile [unoptimized + debuginfo] target(s) in 0.02s
[INFO] [stderr]      Running unittests src/lib.rs (/opt/rustwide/target/debug/deps/tonic_include_protos-573e061acb941777)
[INFO] [stdout] 
[INFO] [stdout] running 0 tests
[INFO] [stdout] 
[INFO] [stdout] test result: ok. 0 passed; 0 failed; 0 ignored; 0 measured; 0 filtered out; finished in 0.00s
[INFO] [stdout] 
[INFO] [stderr]    Doc-tests tonic_include_protos
[INFO] [stdout] 
[INFO] [stdout] running 2 tests
[INFO] [stdout] test src/lib.rs - include_protos (line 27) ... FAILED
[INFO] [stdout] test src/lib.rs - include_protos (line 13) ... FAILED
[INFO] [stdout] 
[INFO] [stdout] failures:
[INFO] [stdout] 
[INFO] [stdout] ---- src/lib.rs - include_protos (line 27) stdout ----
[INFO] [stdout] error: environment variable `OUT_DIR` not defined at compile time
[INFO] [stdout]  --> src/lib.rs:31:30
[INFO] [stdout]   |
[INFO] [stdout] 6 |             include!(concat!(env!("OUT_DIR"), "/google.api.example.rs"));
[INFO] [stdout]   |                              ^^^^^^^^^^^^^^^
[INFO] [stdout]   |
[INFO] [stdout]   = help: Cargo sets build script variables at run time. Use `std::env::var("OUT_DIR")` instead
[INFO] [stdout]   = note: this error originates in the macro `env` (in Nightly builds, run with -Z macro-backtrace for more info)
[INFO] [stdout] 
[INFO] [stdout] error: environment variable `OUT_DIR` not defined at compile time
[INFO] [stdout]  --> src/lib.rs:34:30
[INFO] [stdout]   |
[INFO] [stdout] 9 |             include!(concat!(env!("OUT_DIR"), "/google.api.another_example.rs"));
[INFO] [stdout]   |                              ^^^^^^^^^^^^^^^
[INFO] [stdout]   |
[INFO] [stdout]   = help: Cargo sets build script variables at run time. Use `std::env::var("OUT_DIR")` instead
[INFO] [stdout]   = note: this error originates in the macro `env` (in Nightly builds, run with -Z macro-backtrace for more info)
[INFO] [stdout] 
[INFO] [stdout] error: aborting due to 2 previous errors
[INFO] [stdout] 
[INFO] [stdout] Couldn't compile the test.
[INFO] [stdout] ---- src/lib.rs - include_protos (line 13) stdout ----
[INFO] [stdout] error: proc macro panicked
[INFO] [stdout]  --> src/lib.rs:15:1
[INFO] [stdout]   |
[INFO] [stdout] 5 | tonic_include_protos::include_protos!();
[INFO] [stdout]   | ^^^^^^^^^^^^^^^^^^^^^^^^^^^^^^^^^^^^^^^
[INFO] [stdout]   |
[INFO] [stdout]   = help: message: called `Result::unwrap()` on an `Err` value: NotPresent
[INFO] [stdout] 
[INFO] [stdout] error: aborting due to 1 previous error
[INFO] [stdout] 
[INFO] [stdout] Couldn't compile the test.
[INFO] [stdout] 
[INFO] [stdout] failures:
[INFO] [stdout]     src/lib.rs - include_protos (line 13)
[INFO] [stdout]     src/lib.rs - include_protos (line 27)
[INFO] [stdout] 
[INFO] [stdout] test result: FAILED. 0 passed; 2 failed; 0 ignored; 0 measured; 0 filtered out; finished in 0.09s
[INFO] [stdout] 
[INFO] [stderr] error: doctest failed, to rerun pass `--doc`
[INFO] running `Command { std: "docker" "inspect" "7da3adbc9b182301eab349843a571b4929120516d691678460f1529ca255b2cb", kill_on_drop: false }`
[INFO] running `Command { std: "docker" "rm" "-f" "7da3adbc9b182301eab349843a571b4929120516d691678460f1529ca255b2cb", kill_on_drop: false }`
[INFO] [stdout] 7da3adbc9b182301eab349843a571b4929120516d691678460f1529ca255b2cb
