[INFO] fetching crate tonic_datastore_v1 0.2.0+3562b6cb3...
[INFO] testing tonic_datastore_v1-0.2.0+3562b6cb3 against beta-2024-12-08 for beta-1.84.0-4-retry
[INFO] extracting crate tonic_datastore_v1 0.2.0+3562b6cb3 into /workspace/builds/worker-6-tc2/source
[INFO] validating manifest of crates.io crate tonic_datastore_v1 0.2.0+3562b6cb3 on toolchain beta-2024-12-08
[INFO] running `Command { std: CARGO_HOME="/workspace/cargo-home" RUSTUP_HOME="/workspace/rustup-home" "/workspace/cargo-home/bin/cargo" "+beta-2024-12-08" "metadata" "--manifest-path" "Cargo.toml" "--no-deps", kill_on_drop: false }`
[INFO] started tweaking crates.io crate tonic_datastore_v1 0.2.0+3562b6cb3
[INFO] finished tweaking crates.io crate tonic_datastore_v1 0.2.0+3562b6cb3
[INFO] tweaked toml for crates.io crate tonic_datastore_v1 0.2.0+3562b6cb3 written to /workspace/builds/worker-6-tc2/source/Cargo.toml
[INFO] running `Command { std: CARGO_HOME="/workspace/cargo-home" RUSTUP_HOME="/workspace/rustup-home" "/workspace/cargo-home/bin/cargo" "+beta-2024-12-08" "generate-lockfile" "--manifest-path" "Cargo.toml", kill_on_drop: false }`
[INFO] [stderr]     Updating crates.io index
[INFO] [stderr]      Locking 98 packages to latest compatible versions
[INFO] [stderr]       Adding prost v0.11.9 (available: v0.13.4)
[INFO] [stderr]       Adding prost-types v0.11.9 (available: v0.13.4)
[INFO] [stderr]       Adding tonic v0.8.3 (available: v0.12.3)
[INFO] running `Command { std: CARGO_HOME="/workspace/cargo-home" RUSTUP_HOME="/workspace/rustup-home" "/workspace/cargo-home/bin/cargo" "+beta-2024-12-08" "fetch" "--manifest-path" "Cargo.toml", kill_on_drop: false }`
[INFO] running `Command { std: "docker" "create" "-v" "/var/lib/crater-agent-workspace/builds/worker-6-tc2/target:/opt/rustwide/target:rw,Z" "-v" "/var/lib/crater-agent-workspace/builds/worker-6-tc2/source:/opt/rustwide/workdir:ro,Z" "-v" "/var/lib/crater-agent-workspace/cargo-home:/opt/rustwide/cargo-home:ro,Z" "-v" "/var/lib/crater-agent-workspace/rustup-home:/opt/rustwide/rustup-home:ro,Z" "-e" "SOURCE_DIR=/opt/rustwide/workdir" "-e" "CARGO_TARGET_DIR=/opt/rustwide/target" "-e" "CARGO_HOME=/opt/rustwide/cargo-home" "-e" "RUSTUP_HOME=/opt/rustwide/rustup-home" "-w" "/opt/rustwide/workdir" "-m" "1610612736" "--user" "0:0" "--network" "none" "ghcr.io/rust-lang/crates-build-env/linux@sha256:f3a9d4ad9d972b27faf3965f35b62e55ba32bbce8f20bc8fe909558a86702fde" "/opt/rustwide/cargo-home/bin/cargo" "+beta-2024-12-08" "metadata" "--no-deps" "--format-version=1", kill_on_drop: false }`
[INFO] [stdout] 10fcae39ffa204acbb8f1f259a78dedd147a49f5d8168be4556726ace1632120
[INFO] running `Command { std: "docker" "start" "-a" "10fcae39ffa204acbb8f1f259a78dedd147a49f5d8168be4556726ace1632120", kill_on_drop: false }`
[INFO] running `Command { std: "docker" "inspect" "10fcae39ffa204acbb8f1f259a78dedd147a49f5d8168be4556726ace1632120", kill_on_drop: false }`
[INFO] running `Command { std: "docker" "rm" "-f" "10fcae39ffa204acbb8f1f259a78dedd147a49f5d8168be4556726ace1632120", kill_on_drop: false }`
[INFO] [stdout] 10fcae39ffa204acbb8f1f259a78dedd147a49f5d8168be4556726ace1632120
[INFO] running `Command { std: "docker" "create" "-v" "/var/lib/crater-agent-workspace/builds/worker-6-tc2/target:/opt/rustwide/target:rw,Z" "-v" "/var/lib/crater-agent-workspace/builds/worker-6-tc2/source:/opt/rustwide/workdir:ro,Z" "-v" "/var/lib/crater-agent-workspace/cargo-home:/opt/rustwide/cargo-home:ro,Z" "-v" "/var/lib/crater-agent-workspace/rustup-home:/opt/rustwide/rustup-home:ro,Z" "-e" "SOURCE_DIR=/opt/rustwide/workdir" "-e" "CARGO_TARGET_DIR=/opt/rustwide/target" "-e" "CARGO_INCREMENTAL=0" "-e" "RUST_BACKTRACE=full" "-e" "RUSTFLAGS=--cap-lints=warn" "-e" "RUSTDOCFLAGS=--cap-lints=warn" "-e" "CARGO_HOME=/opt/rustwide/cargo-home" "-e" "RUSTUP_HOME=/opt/rustwide/rustup-home" "-w" "/opt/rustwide/workdir" "-m" "1610612736" "--user" "0:0" "--network" "none" "ghcr.io/rust-lang/crates-build-env/linux@sha256:f3a9d4ad9d972b27faf3965f35b62e55ba32bbce8f20bc8fe909558a86702fde" "/opt/rustwide/cargo-home/bin/cargo" "+beta-2024-12-08" "build" "--frozen" "--message-format=json", kill_on_drop: false }`
[INFO] [stdout] 5d3a23c1a347bd3661d4b962071a7e5cf94ac7aa9d8ce602a221340c32f9617c
[INFO] running `Command { std: "docker" "start" "-a" "5d3a23c1a347bd3661d4b962071a7e5cf94ac7aa9d8ce602a221340c32f9617c", kill_on_drop: false }`
[INFO] [stderr]    Compiling libc v0.2.168
[INFO] [stderr]    Compiling pin-project-lite v0.2.15
[INFO] [stderr]    Compiling bytes v1.9.0
[INFO] [stderr]    Compiling autocfg v1.4.0
[INFO] [stderr]    Compiling futures-core v0.3.31
[INFO] [stderr]    Compiling rustversion v1.0.18
[INFO] [stderr]    Compiling once_cell v1.20.2
[INFO] [stderr]    Compiling fnv v1.0.7
[INFO] [stderr]    Compiling pin-utils v0.1.0
[INFO] [stderr]    Compiling futures-task v0.3.31
[INFO] [stderr]    Compiling byteorder v1.5.0
[INFO] [stderr]    Compiling futures-sink v0.3.31
[INFO] [stderr]    Compiling equivalent v1.0.1
[INFO] [stderr]    Compiling tower-service v0.3.3
[INFO] [stderr]    Compiling anyhow v1.0.94
[INFO] [stderr]    Compiling syn v2.0.90
[INFO] [stderr]    Compiling syn v1.0.109
[INFO] [stderr]    Compiling httparse v1.9.5
[INFO] [stderr]    Compiling hashbrown v0.15.2
[INFO] [stderr]    Compiling tracing-core v0.1.33
[INFO] [stderr]    Compiling try-lock v0.2.5
[INFO] [stderr]    Compiling either v1.13.0
[INFO] [stderr]    Compiling futures-channel v0.3.31
[INFO] [stderr]    Compiling want v0.3.1
[INFO] [stderr]    Compiling serde v1.0.216
[INFO] [stderr]    Compiling httpdate v1.0.3
[INFO] [stderr]    Compiling futures-util v0.3.31
[INFO] [stderr]    Compiling tower-layer v0.3.3
[INFO] [stderr]    Compiling itertools v0.10.5
[INFO] [stderr]    Compiling hashbrown v0.12.3
[INFO] [stderr]    Compiling mime v0.3.17
[INFO] [stderr]    Compiling percent-encoding v2.3.1
[INFO] [stderr]    Compiling http v0.2.12
[INFO] [stderr]    Compiling slab v0.4.9
[INFO] [stderr]    Compiling indexmap v1.9.3
[INFO] [stderr]    Compiling indexmap v2.7.0
[INFO] [stderr]    Compiling matchit v0.7.3
[INFO] [stderr]    Compiling memchr v2.7.4
[INFO] [stderr]    Compiling bitflags v1.3.2
[INFO] [stderr]    Compiling sync_wrapper v0.1.2
[INFO] [stderr]    Compiling base64 v0.13.1
[INFO] [stderr]    Compiling mio v1.0.3
[INFO] [stderr]    Compiling socket2 v0.5.8
[INFO] [stderr]    Compiling getrandom v0.2.15
[INFO] [stderr]    Compiling axum-core v0.3.4
[INFO] [stderr]    Compiling axum v0.6.20
[INFO] [stderr]    Compiling rand_core v0.6.4
[INFO] [stderr]    Compiling http-body v0.4.6
[INFO] [stderr]    Compiling prost-derive v0.11.9
[INFO] [stderr]    Compiling tokio-macros v2.4.0
[INFO] [stderr]    Compiling tracing-attributes v0.1.28
[INFO] [stderr]    Compiling zerocopy-derive v0.7.35
[INFO] [stderr]    Compiling pin-project-internal v1.1.7
[INFO] [stderr]    Compiling async-trait v0.1.83
[INFO] [stderr]    Compiling async-stream-impl v0.3.6
[INFO] [stderr]    Compiling prost v0.11.9
[INFO] [stderr]    Compiling prost-types v0.11.9
[INFO] [stderr]    Compiling zerocopy v0.7.35
[INFO] [stderr]    Compiling async-stream v0.3.6
[INFO] [stderr]    Compiling tokio v1.42.0
[INFO] [stderr]    Compiling ppv-lite86 v0.2.20
[INFO] [stderr]    Compiling tracing v0.1.41
[INFO] [stderr]    Compiling rand_chacha v0.3.1
[INFO] [stderr]    Compiling pin-project v1.1.7
[INFO] [stderr]    Compiling tracing-futures v0.2.5
[INFO] [stderr]    Compiling rand v0.8.5
[INFO] [stderr]    Compiling tokio-util v0.7.13
[INFO] [stderr]    Compiling tokio-io-timeout v1.2.0
[INFO] [stderr]    Compiling tokio-stream v0.1.17
[INFO] [stderr]    Compiling h2 v0.3.26
[INFO] [stderr]    Compiling tower v0.4.13
[INFO] [stderr]    Compiling hyper v0.14.31
[INFO] [stderr]    Compiling hyper-timeout v0.4.1
[INFO] [stderr]    Compiling tonic v0.8.3
[INFO] [stderr]    Compiling tonic_datastore_v1 v0.2.0+3562b6cb3 (/opt/rustwide/workdir)
[INFO] [stderr]     Finished `dev` profile [unoptimized + debuginfo] target(s) in 47.77s
[INFO] running `Command { std: "docker" "inspect" "5d3a23c1a347bd3661d4b962071a7e5cf94ac7aa9d8ce602a221340c32f9617c", kill_on_drop: false }`
[INFO] running `Command { std: "docker" "rm" "-f" "5d3a23c1a347bd3661d4b962071a7e5cf94ac7aa9d8ce602a221340c32f9617c", kill_on_drop: false }`
[INFO] [stdout] 5d3a23c1a347bd3661d4b962071a7e5cf94ac7aa9d8ce602a221340c32f9617c
[INFO] running `Command { std: "docker" "create" "-v" "/var/lib/crater-agent-workspace/builds/worker-6-tc2/target:/opt/rustwide/target:rw,Z" "-v" "/var/lib/crater-agent-workspace/builds/worker-6-tc2/source:/opt/rustwide/workdir:ro,Z" "-v" "/var/lib/crater-agent-workspace/cargo-home:/opt/rustwide/cargo-home:ro,Z" "-v" "/var/lib/crater-agent-workspace/rustup-home:/opt/rustwide/rustup-home:ro,Z" "-e" "SOURCE_DIR=/opt/rustwide/workdir" "-e" "CARGO_TARGET_DIR=/opt/rustwide/target" "-e" "CARGO_INCREMENTAL=0" "-e" "RUST_BACKTRACE=full" "-e" "RUSTFLAGS=--cap-lints=warn" "-e" "RUSTDOCFLAGS=--cap-lints=warn" "-e" "CARGO_HOME=/opt/rustwide/cargo-home" "-e" "RUSTUP_HOME=/opt/rustwide/rustup-home" "-w" "/opt/rustwide/workdir" "-m" "1610612736" "--user" "0:0" "--network" "none" "ghcr.io/rust-lang/crates-build-env/linux@sha256:f3a9d4ad9d972b27faf3965f35b62e55ba32bbce8f20bc8fe909558a86702fde" "/opt/rustwide/cargo-home/bin/cargo" "+beta-2024-12-08" "test" "--frozen" "--no-run" "--message-format=json", kill_on_drop: false }`
[INFO] [stdout] d2f1ee10ab43ca900cffa46172c13b0e6ef292d0766249d8e63658971a7e87e5
[INFO] running `Command { std: "docker" "start" "-a" "d2f1ee10ab43ca900cffa46172c13b0e6ef292d0766249d8e63658971a7e87e5", kill_on_drop: false }`
[INFO] [stderr]    Compiling tonic_datastore_v1 v0.2.0+3562b6cb3 (/opt/rustwide/workdir)
[INFO] [stderr]     Finished `test` profile [unoptimized + debuginfo] target(s) in 1.40s
[INFO] running `Command { std: "docker" "inspect" "d2f1ee10ab43ca900cffa46172c13b0e6ef292d0766249d8e63658971a7e87e5", kill_on_drop: false }`
[INFO] running `Command { std: "docker" "rm" "-f" "d2f1ee10ab43ca900cffa46172c13b0e6ef292d0766249d8e63658971a7e87e5", kill_on_drop: false }`
[INFO] [stdout] d2f1ee10ab43ca900cffa46172c13b0e6ef292d0766249d8e63658971a7e87e5
[INFO] running `Command { std: "docker" "create" "-v" "/var/lib/crater-agent-workspace/builds/worker-6-tc2/target:/opt/rustwide/target:rw,Z" "-v" "/var/lib/crater-agent-workspace/builds/worker-6-tc2/source:/opt/rustwide/workdir:ro,Z" "-v" "/var/lib/crater-agent-workspace/cargo-home:/opt/rustwide/cargo-home:ro,Z" "-v" "/var/lib/crater-agent-workspace/rustup-home:/opt/rustwide/rustup-home:ro,Z" "-e" "SOURCE_DIR=/opt/rustwide/workdir" "-e" "CARGO_TARGET_DIR=/opt/rustwide/target" "-e" "CARGO_INCREMENTAL=0" "-e" "RUST_BACKTRACE=full" "-e" "RUSTFLAGS=--cap-lints=warn" "-e" "RUSTDOCFLAGS=--cap-lints=warn" "-e" "CARGO_HOME=/opt/rustwide/cargo-home" "-e" "RUSTUP_HOME=/opt/rustwide/rustup-home" "-w" "/opt/rustwide/workdir" "-m" "1610612736" "--user" "0:0" "--network" "none" "ghcr.io/rust-lang/crates-build-env/linux@sha256:f3a9d4ad9d972b27faf3965f35b62e55ba32bbce8f20bc8fe909558a86702fde" "/opt/rustwide/cargo-home/bin/cargo" "+beta-2024-12-08" "test" "--frozen", kill_on_drop: false }`
[INFO] [stdout] f7aaca5ff99819e24cc686f03b8084ce95c4d0058dc7a9452f69735e40d5ab2a
[INFO] running `Command { std: "docker" "start" "-a" "f7aaca5ff99819e24cc686f03b8084ce95c4d0058dc7a9452f69735e40d5ab2a", kill_on_drop: false }`
[INFO] [stderr]     Finished `test` profile [unoptimized + debuginfo] target(s) in 0.11s
[INFO] [stderr]      Running unittests src/lib.rs (/opt/rustwide/target/debug/deps/tonic_datastore_v1-01bc8ac6101dffdb)
[INFO] [stderr]    Doc-tests tonic_datastore_v1
[INFO] [stdout] 
[INFO] [stdout] running 0 tests
[INFO] [stdout] 
[INFO] [stdout] test result: ok. 0 passed; 0 failed; 0 ignored; 0 measured; 0 filtered out; finished in 0.00s
[INFO] [stdout] 
[INFO] [stdout] 
[INFO] [stdout] running 3 tests
[INFO] [stdout] test src/gen/google.datastore.v1.rs - datastore::v1::aggregation_query::Aggregation::alias (line 403) ... FAILED
[INFO] [stdout] test src/gen/google.datastore.v1.rs - datastore::v1::aggregation_query::Aggregation::alias (line 390) ... FAILED
[INFO] [stdout] test src/gen/google.datastore.v1.rs - datastore::v1::aggregation_query::aggregation::Count::up_to (line 447) ... FAILED
[INFO] [stdout] 
[INFO] [stdout] failures:
[INFO] [stdout] 
[INFO] [stdout] ---- src/gen/google.datastore.v1.rs - datastore::v1::aggregation_query::Aggregation::alias (line 403) stdout ----
[INFO] [stdout] error: expected `;`, found `COUNT_UP_TO`
[INFO] [stdout]  --> src/gen/google.datastore.v1.rs:404:10
[INFO] [stdout]   |
[INFO] [stdout] 3 | AGGREGATE
[INFO] [stdout]   |          ^ help: add `;` here
[INFO] [stdout] 4 |    COUNT_UP_TO(1) AS count_up_to_1,
[INFO] [stdout]   |    ----------- unexpected token
[INFO] [stdout] 
[INFO] [stdout] error: expected one of `.`, `;`, `?`, `}`, or an operator, found `AS`
[INFO] [stdout]  --> src/gen/google.datastore.v1.rs:405:19
[INFO] [stdout]   |
[INFO] [stdout] 4 |    COUNT_UP_TO(1) AS count_up_to_1,
[INFO] [stdout]   |                   ^^ expected one of `.`, `;`, `?`, `}`, or an operator
[INFO] [stdout] 
[INFO] [stdout] error: aborting due to 2 previous errors
[INFO] [stdout] 
[INFO] [stdout] Couldn't compile the test.
[INFO] [stdout] ---- src/gen/google.datastore.v1.rs - datastore::v1::aggregation_query::Aggregation::alias (line 390) stdout ----
[INFO] [stdout] error: expected `;`, found `COUNT_UP_TO`
[INFO] [stdout]  --> src/gen/google.datastore.v1.rs:391:10
[INFO] [stdout]   |
[INFO] [stdout] 3 | AGGREGATE
[INFO] [stdout]   |          ^ help: add `;` here
[INFO] [stdout] 4 |    COUNT_UP_TO(1) AS count_up_to_1,
[INFO] [stdout]   |    ----------- unexpected token
[INFO] [stdout] 
[INFO] [stdout] error: expected one of `.`, `;`, `?`, `}`, or an operator, found `AS`
[INFO] [stdout]  --> src/gen/google.datastore.v1.rs:392:19
[INFO] [stdout]   |
[INFO] [stdout] 4 |    COUNT_UP_TO(1) AS count_up_to_1,
[INFO] [stdout]   |                   ^^ expected one of `.`, `;`, `?`, `}`, or an operator
[INFO] [stdout] 
[INFO] [stdout] error: aborting due to 2 previous errors
[INFO] [stdout] 
[INFO] [stdout] Couldn't compile the test.
[INFO] [stdout] ---- src/gen/google.datastore.v1.rs - datastore::v1::aggregation_query::aggregation::Count::up_to (line 447) stdout ----
[INFO] [stdout] error: expected one of `!`, `.`, `::`, `;`, `?`, `{`, `}`, or an operator, found `COUNT_UP_TO`
[INFO] [stdout]  --> src/gen/google.datastore.v1.rs:448:11
[INFO] [stdout]   |
[INFO] [stdout] 3 | AGGREGATE COUNT_UP_TO(1000) OVER ( SELECT * FROM k );
[INFO] [stdout]   |           ^^^^^^^^^^^ expected one of 8 possible tokens
[INFO] [stdout] 
[INFO] [stdout] error: aborting due to 1 previous error
[INFO] [stdout] 
[INFO] [stdout] Couldn't compile the test.
[INFO] [stdout] 
[INFO] [stdout] failures:
[INFO] [stdout]     src/gen/google.datastore.v1.rs - datastore::v1::aggregation_query::Aggregation::alias (line 390)
[INFO] [stdout]     src/gen/google.datastore.v1.rs - datastore::v1::aggregation_query::Aggregation::alias (line 403)
[INFO] [stdout]     src/gen/google.datastore.v1.rs - datastore::v1::aggregation_query::aggregation::Count::up_to (line 447)
[INFO] [stdout] 
[INFO] [stdout] test result: FAILED. 0 passed; 3 failed; 0 ignored; 0 measured; 0 filtered out; finished in 0.11s
[INFO] [stdout] 
[INFO] [stderr] error: doctest failed, to rerun pass `--doc`
[INFO] running `Command { std: "docker" "inspect" "f7aaca5ff99819e24cc686f03b8084ce95c4d0058dc7a9452f69735e40d5ab2a", kill_on_drop: false }`
[INFO] running `Command { std: "docker" "rm" "-f" "f7aaca5ff99819e24cc686f03b8084ce95c4d0058dc7a9452f69735e40d5ab2a", kill_on_drop: false }`
[INFO] [stdout] f7aaca5ff99819e24cc686f03b8084ce95c4d0058dc7a9452f69735e40d5ab2a
