[INFO] fetching crate tonic-web-arcanyx-fork 0.8.1-alpha.1...
[INFO] testing tonic-web-arcanyx-fork-0.8.1-alpha.1 against 1.83.0 for beta-1.84.0-4-retry
[INFO] extracting crate tonic-web-arcanyx-fork 0.8.1-alpha.1 into /workspace/builds/worker-2-tc1/source
[INFO] validating manifest of crates.io crate tonic-web-arcanyx-fork 0.8.1-alpha.1 on toolchain 1.83.0
[INFO] running `Command { std: CARGO_HOME="/workspace/cargo-home" RUSTUP_HOME="/workspace/rustup-home" "/workspace/cargo-home/bin/cargo" "+1.83.0" "metadata" "--manifest-path" "Cargo.toml" "--no-deps", kill_on_drop: false }`
[INFO] started tweaking crates.io crate tonic-web-arcanyx-fork 0.8.1-alpha.1
[INFO] finished tweaking crates.io crate tonic-web-arcanyx-fork 0.8.1-alpha.1
[INFO] tweaked toml for crates.io crate tonic-web-arcanyx-fork 0.8.1-alpha.1 written to /workspace/builds/worker-2-tc1/source/Cargo.toml
[INFO] running `Command { std: CARGO_HOME="/workspace/cargo-home" RUSTUP_HOME="/workspace/rustup-home" "/workspace/cargo-home/bin/cargo" "+1.83.0" "generate-lockfile" "--manifest-path" "Cargo.toml", kill_on_drop: false }`
[INFO] [stderr]     Updating crates.io index
[INFO] [stderr]      Locking 118 packages to latest compatible versions
[INFO] [stderr]       Adding base64 v0.13.1 (available: v0.22.1)
[INFO] [stderr]       Adding http v0.2.12 (available: v1.2.0)
[INFO] [stderr]       Adding http-body v0.4.6 (available: v1.0.1)
[INFO] [stderr]       Adding hyper v0.14.31 (available: v1.5.1)
[INFO] running `Command { std: CARGO_HOME="/workspace/cargo-home" RUSTUP_HOME="/workspace/rustup-home" "/workspace/cargo-home/bin/cargo" "+1.83.0" "fetch" "--manifest-path" "Cargo.toml", kill_on_drop: false }`
[INFO] [stderr]  Downloading crates ...
[INFO] [stderr]   Downloaded tonic-arcanyx-fork v0.8.1-alpha.0
[INFO] running `Command { std: "docker" "create" "-v" "/var/lib/crater-agent-workspace/builds/worker-2-tc1/target:/opt/rustwide/target:rw,Z" "-v" "/var/lib/crater-agent-workspace/builds/worker-2-tc1/source:/opt/rustwide/workdir:ro,Z" "-v" "/var/lib/crater-agent-workspace/cargo-home:/opt/rustwide/cargo-home:ro,Z" "-v" "/var/lib/crater-agent-workspace/rustup-home:/opt/rustwide/rustup-home:ro,Z" "-e" "SOURCE_DIR=/opt/rustwide/workdir" "-e" "CARGO_TARGET_DIR=/opt/rustwide/target" "-e" "CARGO_HOME=/opt/rustwide/cargo-home" "-e" "RUSTUP_HOME=/opt/rustwide/rustup-home" "-w" "/opt/rustwide/workdir" "-m" "1610612736" "--user" "0:0" "--network" "none" "ghcr.io/rust-lang/crates-build-env/linux@sha256:f3a9d4ad9d972b27faf3965f35b62e55ba32bbce8f20bc8fe909558a86702fde" "/opt/rustwide/cargo-home/bin/cargo" "+1.83.0" "metadata" "--no-deps" "--format-version=1", kill_on_drop: false }`
[INFO] [stdout] b0e4cc71baeb4298baa6d0cfba8c742ac453a32f6cf8680d043e05d089f0f74b
[INFO] running `Command { std: "docker" "start" "-a" "b0e4cc71baeb4298baa6d0cfba8c742ac453a32f6cf8680d043e05d089f0f74b", kill_on_drop: false }`
[INFO] running `Command { std: "docker" "inspect" "b0e4cc71baeb4298baa6d0cfba8c742ac453a32f6cf8680d043e05d089f0f74b", kill_on_drop: false }`
[INFO] running `Command { std: "docker" "rm" "-f" "b0e4cc71baeb4298baa6d0cfba8c742ac453a32f6cf8680d043e05d089f0f74b", kill_on_drop: false }`
[INFO] [stdout] b0e4cc71baeb4298baa6d0cfba8c742ac453a32f6cf8680d043e05d089f0f74b
[INFO] running `Command { std: "docker" "create" "-v" "/var/lib/crater-agent-workspace/builds/worker-2-tc1/target:/opt/rustwide/target:rw,Z" "-v" "/var/lib/crater-agent-workspace/builds/worker-2-tc1/source:/opt/rustwide/workdir:ro,Z" "-v" "/var/lib/crater-agent-workspace/cargo-home:/opt/rustwide/cargo-home:ro,Z" "-v" "/var/lib/crater-agent-workspace/rustup-home:/opt/rustwide/rustup-home:ro,Z" "-e" "SOURCE_DIR=/opt/rustwide/workdir" "-e" "CARGO_TARGET_DIR=/opt/rustwide/target" "-e" "CARGO_INCREMENTAL=0" "-e" "RUST_BACKTRACE=full" "-e" "RUSTFLAGS=--cap-lints=warn" "-e" "RUSTDOCFLAGS=--cap-lints=warn" "-e" "CARGO_HOME=/opt/rustwide/cargo-home" "-e" "RUSTUP_HOME=/opt/rustwide/rustup-home" "-w" "/opt/rustwide/workdir" "-m" "1610612736" "--user" "0:0" "--network" "none" "ghcr.io/rust-lang/crates-build-env/linux@sha256:f3a9d4ad9d972b27faf3965f35b62e55ba32bbce8f20bc8fe909558a86702fde" "/opt/rustwide/cargo-home/bin/cargo" "+1.83.0" "build" "--frozen" "--message-format=json", kill_on_drop: false }`
[INFO] [stdout] 63b7e01caab470d751b3c893926b1402748d00974baef5301daca1d1250d1e8f
[INFO] running `Command { std: "docker" "start" "-a" "63b7e01caab470d751b3c893926b1402748d00974baef5301daca1d1250d1e8f", kill_on_drop: false }`
[INFO] [stderr]    Compiling proc-macro2 v1.0.92
[INFO] [stderr]    Compiling unicode-ident v1.0.14
[INFO] [stderr]    Compiling libc v0.2.168
[INFO] [stderr]    Compiling pin-project-lite v0.2.15
[INFO] [stderr]    Compiling bytes v1.9.0
[INFO] [stderr]    Compiling once_cell v1.20.2
[INFO] [stderr]    Compiling cfg-if v1.0.0
[INFO] [stderr]    Compiling shlex v1.3.0
[INFO] [stderr]    Compiling futures-core v0.3.31
[INFO] [stderr]    Compiling autocfg v1.4.0
[INFO] [stderr]    Compiling log v0.4.22
[INFO] [stderr]    Compiling futures-task v0.3.31
[INFO] [stderr]    Compiling fnv v1.0.7
[INFO] [stderr]    Compiling itoa v1.0.14
[INFO] [stderr]    Compiling pin-utils v0.1.0
[INFO] [stderr]    Compiling futures-sink v0.3.31
[INFO] [stderr]    Compiling byteorder v1.5.0
[INFO] [stderr]    Compiling tower-service v0.3.3
[INFO] [stderr]    Compiling httparse v1.9.5
[INFO] [stderr]    Compiling spin v0.9.8
[INFO] [stderr]    Compiling equivalent v1.0.1
[INFO] [stderr]    Compiling untrusted v0.9.0
[INFO] [stderr]    Compiling hashbrown v0.15.2
[INFO] [stderr]    Compiling hashbrown v0.12.3
[INFO] [stderr]    Compiling tower-layer v0.3.3
[INFO] [stderr]    Compiling try-lock v0.2.5
[INFO] [stderr]    Compiling cc v1.2.4
[INFO] [stderr]    Compiling futures-util v0.3.31
[INFO] [stderr]    Compiling want v0.3.1
[INFO] [stderr]    Compiling futures-channel v0.3.31
[INFO] [stderr]    Compiling serde v1.0.216
[INFO] [stderr]    Compiling tracing-core v0.1.33
[INFO] [stderr]    Compiling rustls v0.20.9
[INFO] [stderr]    Compiling spin v0.5.2
[INFO] [stderr]    Compiling httpdate v1.0.3
[INFO] [stderr]    Compiling untrusted v0.7.1
[INFO] [stderr]    Compiling bitflags v1.3.2
[INFO] [stderr]    Compiling mime v0.3.17
[INFO] [stderr]    Compiling http-range-header v0.3.1
[INFO] [stderr]    Compiling matchit v0.5.0
[INFO] [stderr]    Compiling slab v0.4.9
[INFO] [stderr]    Compiling http v0.2.12
[INFO] [stderr]    Compiling indexmap v1.9.3
[INFO] [stderr]    Compiling sync_wrapper v0.1.2
[INFO] [stderr]    Compiling percent-encoding v2.3.1
[INFO] [stderr]    Compiling base64 v0.21.7
[INFO] [stderr]    Compiling memchr v2.7.4
[INFO] [stderr]    Compiling base64 v0.13.1
[INFO] [stderr]    Compiling indexmap v2.7.0
[INFO] [stderr]    Compiling quote v1.0.37
[INFO] [stderr]    Compiling rustls-pemfile v1.0.4
[INFO] [stderr]    Compiling syn v2.0.90
[INFO] [stderr]    Compiling getrandom v0.2.15
[INFO] [stderr]    Compiling socket2 v0.5.8
[INFO] [stderr]    Compiling mio v1.0.3
[INFO] [stderr]    Compiling http-body v0.4.6
[INFO] [stderr]    Compiling rand_core v0.6.4
[INFO] [stderr]    Compiling ring v0.17.8
[INFO] [stderr]    Compiling ring v0.16.20
[INFO] [stderr]    Compiling sct v0.7.1
[INFO] [stderr]    Compiling webpki v0.22.4
[INFO] [stderr]    Compiling tokio-macros v2.4.0
[INFO] [stderr]    Compiling tracing-attributes v0.1.28
[INFO] [stderr]    Compiling zerocopy-derive v0.7.35
[INFO] [stderr]    Compiling pin-project-internal v1.1.7
[INFO] [stderr]    Compiling async-trait v0.1.83
[INFO] [stderr]    Compiling async-stream-impl v0.3.6
[INFO] [stderr]    Compiling async-stream v0.3.6
[INFO] [stderr]    Compiling tokio v1.42.0
[INFO] [stderr]    Compiling axum-core v0.2.9
[INFO] [stderr]    Compiling zerocopy v0.7.35
[INFO] [stderr]    Compiling pin-project v1.1.7
[INFO] [stderr]    Compiling tracing v0.1.41
[INFO] [stderr]    Compiling ppv-lite86 v0.2.20
[INFO] [stderr]    Compiling tracing-futures v0.2.5
[INFO] [stderr]    Compiling rand_chacha v0.3.1
[INFO] [stderr]    Compiling rand v0.8.5
[INFO] [stderr]    Compiling tokio-util v0.7.13
[INFO] [stderr]    Compiling tokio-io-timeout v1.2.0
[INFO] [stderr]    Compiling tokio-stream v0.1.17
[INFO] [stderr]    Compiling tokio-rustls v0.23.4
[INFO] [stderr]    Compiling h2 v0.3.26
[INFO] [stderr]    Compiling tower v0.4.13
[INFO] [stderr]    Compiling tower-http v0.3.5
[INFO] [stderr]    Compiling hyper v0.14.31
[INFO] [stderr]    Compiling axum v0.5.17
[INFO] [stderr]    Compiling hyper-timeout v0.4.1
[INFO] [stderr]    Compiling tonic-arcanyx-fork v0.8.1-alpha.0
[INFO] [stderr]    Compiling tonic-web-arcanyx-fork v0.8.1-alpha.1 (/opt/rustwide/workdir)
[INFO] [stderr]     Finished `dev` profile [unoptimized + debuginfo] target(s) in 54.33s
[INFO] running `Command { std: "docker" "inspect" "63b7e01caab470d751b3c893926b1402748d00974baef5301daca1d1250d1e8f", kill_on_drop: false }`
[INFO] running `Command { std: "docker" "rm" "-f" "63b7e01caab470d751b3c893926b1402748d00974baef5301daca1d1250d1e8f", kill_on_drop: false }`
[INFO] [stdout] 63b7e01caab470d751b3c893926b1402748d00974baef5301daca1d1250d1e8f
[INFO] running `Command { std: "docker" "create" "-v" "/var/lib/crater-agent-workspace/builds/worker-2-tc1/target:/opt/rustwide/target:rw,Z" "-v" "/var/lib/crater-agent-workspace/builds/worker-2-tc1/source:/opt/rustwide/workdir:ro,Z" "-v" "/var/lib/crater-agent-workspace/cargo-home:/opt/rustwide/cargo-home:ro,Z" "-v" "/var/lib/crater-agent-workspace/rustup-home:/opt/rustwide/rustup-home:ro,Z" "-e" "SOURCE_DIR=/opt/rustwide/workdir" "-e" "CARGO_TARGET_DIR=/opt/rustwide/target" "-e" "CARGO_INCREMENTAL=0" "-e" "RUST_BACKTRACE=full" "-e" "RUSTFLAGS=--cap-lints=warn" "-e" "RUSTDOCFLAGS=--cap-lints=warn" "-e" "CARGO_HOME=/opt/rustwide/cargo-home" "-e" "RUSTUP_HOME=/opt/rustwide/rustup-home" "-w" "/opt/rustwide/workdir" "-m" "1610612736" "--user" "0:0" "--network" "none" "ghcr.io/rust-lang/crates-build-env/linux@sha256:f3a9d4ad9d972b27faf3965f35b62e55ba32bbce8f20bc8fe909558a86702fde" "/opt/rustwide/cargo-home/bin/cargo" "+1.83.0" "test" "--frozen" "--no-run" "--message-format=json", kill_on_drop: false }`
[INFO] [stdout] 58a185aac28539a7b7e2a9241d92fbfc4a80900f960a8d4aedebeea820f05f98
[INFO] running `Command { std: "docker" "start" "-a" "58a185aac28539a7b7e2a9241d92fbfc4a80900f960a8d4aedebeea820f05f98", kill_on_drop: false }`
[INFO] [stderr]    Compiling tonic-web-arcanyx-fork v0.8.1-alpha.1 (/opt/rustwide/workdir)
[INFO] [stderr]     Finished `test` profile [unoptimized + debuginfo] target(s) in 3.74s
[INFO] running `Command { std: "docker" "inspect" "58a185aac28539a7b7e2a9241d92fbfc4a80900f960a8d4aedebeea820f05f98", kill_on_drop: false }`
[INFO] running `Command { std: "docker" "rm" "-f" "58a185aac28539a7b7e2a9241d92fbfc4a80900f960a8d4aedebeea820f05f98", kill_on_drop: false }`
[INFO] [stdout] 58a185aac28539a7b7e2a9241d92fbfc4a80900f960a8d4aedebeea820f05f98
[INFO] running `Command { std: "docker" "create" "-v" "/var/lib/crater-agent-workspace/builds/worker-2-tc1/target:/opt/rustwide/target:rw,Z" "-v" "/var/lib/crater-agent-workspace/builds/worker-2-tc1/source:/opt/rustwide/workdir:ro,Z" "-v" "/var/lib/crater-agent-workspace/cargo-home:/opt/rustwide/cargo-home:ro,Z" "-v" "/var/lib/crater-agent-workspace/rustup-home:/opt/rustwide/rustup-home:ro,Z" "-e" "SOURCE_DIR=/opt/rustwide/workdir" "-e" "CARGO_TARGET_DIR=/opt/rustwide/target" "-e" "CARGO_INCREMENTAL=0" "-e" "RUST_BACKTRACE=full" "-e" "RUSTFLAGS=--cap-lints=warn" "-e" "RUSTDOCFLAGS=--cap-lints=warn" "-e" "CARGO_HOME=/opt/rustwide/cargo-home" "-e" "RUSTUP_HOME=/opt/rustwide/rustup-home" "-w" "/opt/rustwide/workdir" "-m" "1610612736" "--user" "0:0" "--network" "none" "ghcr.io/rust-lang/crates-build-env/linux@sha256:f3a9d4ad9d972b27faf3965f35b62e55ba32bbce8f20bc8fe909558a86702fde" "/opt/rustwide/cargo-home/bin/cargo" "+1.83.0" "test" "--frozen", kill_on_drop: false }`
[INFO] [stdout] 3f3d0567b5135a31937da4d8ecd09ee02548701e11f55f68c629e3bd2b1d0c24
[INFO] running `Command { std: "docker" "start" "-a" "3f3d0567b5135a31937da4d8ecd09ee02548701e11f55f68c629e3bd2b1d0c24", kill_on_drop: false }`
[INFO] [stderr]     Finished `test` profile [unoptimized + debuginfo] target(s) in 0.14s
[INFO] [stderr]      Running unittests src/lib.rs (/opt/rustwide/target/debug/deps/tonic_web_arcanyx_fork-c7365f4630be9ca7)
[INFO] [stdout] 
[INFO] [stdout] running 37 tests
[INFO] [stdout] test cors::tests::origin_is_valid_url ... ignored
[INFO] [stdout] test call::tests::encoding_constructors ... ok
[INFO] [stdout] test cors::tests::preflight::allow_headers_echo_request_headers ... ok
[INFO] [stdout] test cors::tests::preflight::any_origin ... ok
[INFO] [stdout] test cors::tests::preflight::expose_headers_are_merged ... ok
[INFO] [stdout] test cors::tests::preflight::missing_request_method ... ok
[INFO] [stdout] test cors::tests::preflight::disallow_credentials ... ok
[INFO] [stdout] test cors::tests::preflight::only_options_and_post_allowed ... ok
[INFO] [stdout] test cors::tests::preflight::custom_max_age ... ok
[INFO] [stdout] test cors::tests::preflight::no_max_age ... ok
[INFO] [stdout] test cors::tests::preflight::origin_list ... ok
[INFO] [stdout] test cors::tests::preflight::origin_not_allowed ... ok
[INFO] [stdout] test cors::tests::simple::any_origin ... ok
[INFO] [stdout] test cors::tests::preflight::default_config ... ok
[INFO] [stdout] test cors::tests::simple::expose_headers_are_merged ... ok
[INFO] [stdout] test cors::tests::simple::origin_list ... ok
[INFO] [stdout] test cors::tests::simple::default_config ... ok
[INFO] [stdout] test cors::tests::simple::origin_not_allowed ... ok
[INFO] [stdout] test service::tests::grpc_web::grpc_web_content_types ... ok
[INFO] [stdout] test service::tests::grpc_web::origin_not_allowed ... ok
[INFO] [stdout] test service::tests::grpc_web::only_post_allowed ... ok
[INFO] [stdout] test service::tests::grpc::h2_is_ok ... ok
[INFO] [stdout] test cors::tests::simple::disallow_credentials ... ok
[INFO] [stdout] test service::tests::options::valid_grpc_web_preflight ... ok
[INFO] [stdout] test service::tests::grpc_web::without_origin ... ok
[INFO] [stdout] test service::tests::options::h1_missing_origin_is_err ... ok
[INFO] [stdout] test service::tests::options::h2_missing_x_grpc_web_header_is_ok ... ok
[INFO] [stdout] test service::tests::options::h1_missing_x_grpc_web_header_is_err ... ok
[INFO] [stdout] test service::tests::options::h2_missing_origin_is_ok ... ok
[INFO] [stdout] test service::tests::grpc_web::default_cors_config ... ok
[INFO] [stdout] test service::tests::grpc::content_type_variants ... ok
[INFO] [stdout] test service::tests::grpc::h1_is_err ... ok
[INFO] [stdout] test service::tests::options::origin_not_allowed ... ok
[INFO] [stdout] test service::tests::other::h2_is_ok ... ok
[INFO] [stdout] test service::tests::options::missing_request_method ... ok
[INFO] [stdout] test service::tests::other::h1_is_err ... ok
[INFO] [stdout] test service::tests::options::only_post_and_options_allowed ... ok
[INFO] [stdout] 
[INFO] [stdout] test result: ok. 36 passed; 0 failed; 1 ignored; 0 measured; 0 filtered out; finished in 0.03s
[INFO] [stdout] 
[INFO] [stderr]    Doc-tests tonic_web_arcanyx_fork
[INFO] [stdout] 
[INFO] [stdout] running 4 tests
[INFO] [stdout] test src/lib.rs - (line 20) ... ignored
[INFO] [stdout] test src/lib.rs - (line 42) ... ignored
[INFO] [stdout] test src/config.rs - config::Config::allow_origins (line 86) ... FAILED
[INFO] [stdout] test src/lib.rs - config (line 121) ... FAILED
[INFO] [stdout] 
[INFO] [stdout] failures:
[INFO] [stdout] 
[INFO] [stdout] ---- src/config.rs - config::Config::allow_origins (line 86) stdout ----
[INFO] [stdout] error[E0433]: failed to resolve: use of undeclared crate or module `tonic_web`
[INFO] [stdout]  --> src/config.rs:87:1
[INFO] [stdout]   |
[INFO] [stdout] 3 | tonic_web::config().allow_origins(vec!["http://a.com", "http://b.com"]);
[INFO] [stdout]   | ^^^^^^^^^ use of undeclared crate or module `tonic_web`
[INFO] [stdout] 
[INFO] [stdout] error: aborting due to 1 previous error
[INFO] [stdout] 
[INFO] [stdout] For more information about this error, try `rustc --explain E0433`.
[INFO] [stdout] Couldn't compile the test.
[INFO] [stdout] ---- src/lib.rs - config (line 121) stdout ----
[INFO] [stdout] error[E0433]: failed to resolve: use of undeclared crate or module `tonic_web`
[INFO] [stdout]  --> src/lib.rs:122:14
[INFO] [stdout]   |
[INFO] [stdout] 3 | let config = tonic_web::config()
[INFO] [stdout]   |              ^^^^^^^^^ use of undeclared crate or module `tonic_web`
[INFO] [stdout] 
[INFO] [stdout] error: aborting due to 1 previous error
[INFO] [stdout] 
[INFO] [stdout] For more information about this error, try `rustc --explain E0433`.
[INFO] [stdout] Couldn't compile the test.
[INFO] [stdout] 
[INFO] [stdout] failures:
[INFO] [stdout]     src/config.rs - config::Config::allow_origins (line 86)
[INFO] [stdout]     src/lib.rs - config (line 121)
[INFO] [stdout] 
[INFO] [stdout] test result: FAILED. 0 passed; 2 failed; 2 ignored; 0 measured; 0 filtered out; finished in 0.16s
[INFO] [stdout] 
[INFO] [stderr] error: doctest failed, to rerun pass `--doc`
[INFO] running `Command { std: "docker" "inspect" "3f3d0567b5135a31937da4d8ecd09ee02548701e11f55f68c629e3bd2b1d0c24", kill_on_drop: false }`
[INFO] running `Command { std: "docker" "rm" "-f" "3f3d0567b5135a31937da4d8ecd09ee02548701e11f55f68c629e3bd2b1d0c24", kill_on_drop: false }`
[INFO] [stdout] 3f3d0567b5135a31937da4d8ecd09ee02548701e11f55f68c629e3bd2b1d0c24
