[INFO] fetching crate tokio-tls-listener 0.2.0...
[INFO] testing tokio-tls-listener-0.2.0 against beta-2024-12-08 for beta-1.84.0-4-retry
[INFO] extracting crate tokio-tls-listener 0.2.0 into /workspace/builds/worker-6-tc2/source
[INFO] validating manifest of crates.io crate tokio-tls-listener 0.2.0 on toolchain beta-2024-12-08
[INFO] running `Command { std: CARGO_HOME="/workspace/cargo-home" RUSTUP_HOME="/workspace/rustup-home" "/workspace/cargo-home/bin/cargo" "+beta-2024-12-08" "metadata" "--manifest-path" "Cargo.toml" "--no-deps", kill_on_drop: false }`
[INFO] started tweaking crates.io crate tokio-tls-listener 0.2.0
[INFO] finished tweaking crates.io crate tokio-tls-listener 0.2.0
[INFO] tweaked toml for crates.io crate tokio-tls-listener 0.2.0 written to /workspace/builds/worker-6-tc2/source/Cargo.toml
[INFO] running `Command { std: CARGO_HOME="/workspace/cargo-home" RUSTUP_HOME="/workspace/rustup-home" "/workspace/cargo-home/bin/cargo" "+beta-2024-12-08" "generate-lockfile" "--manifest-path" "Cargo.toml", kill_on_drop: false }`
[INFO] [stderr]     Updating crates.io index
[INFO] [stderr]      Locking 39 packages to latest compatible versions
[INFO] [stderr]       Adding rustls-pemfile v1.0.4 (available: v2.2.0)
[INFO] [stderr]       Adding tokio-rustls v0.24.1 (available: v0.26.1)
[INFO] running `Command { std: CARGO_HOME="/workspace/cargo-home" RUSTUP_HOME="/workspace/rustup-home" "/workspace/cargo-home/bin/cargo" "+beta-2024-12-08" "fetch" "--manifest-path" "Cargo.toml", kill_on_drop: false }`
[INFO] running `Command { std: "docker" "create" "-v" "/var/lib/crater-agent-workspace/builds/worker-6-tc2/target:/opt/rustwide/target:rw,Z" "-v" "/var/lib/crater-agent-workspace/builds/worker-6-tc2/source:/opt/rustwide/workdir:ro,Z" "-v" "/var/lib/crater-agent-workspace/cargo-home:/opt/rustwide/cargo-home:ro,Z" "-v" "/var/lib/crater-agent-workspace/rustup-home:/opt/rustwide/rustup-home:ro,Z" "-e" "SOURCE_DIR=/opt/rustwide/workdir" "-e" "CARGO_TARGET_DIR=/opt/rustwide/target" "-e" "CARGO_HOME=/opt/rustwide/cargo-home" "-e" "RUSTUP_HOME=/opt/rustwide/rustup-home" "-w" "/opt/rustwide/workdir" "-m" "1610612736" "--user" "0:0" "--network" "none" "ghcr.io/rust-lang/crates-build-env/linux@sha256:f3a9d4ad9d972b27faf3965f35b62e55ba32bbce8f20bc8fe909558a86702fde" "/opt/rustwide/cargo-home/bin/cargo" "+beta-2024-12-08" "metadata" "--no-deps" "--format-version=1", kill_on_drop: false }`
[INFO] [stdout] 3c7b644d250298bf0fa4d5d4a9620684aaf97d271049f4f250bc742b6ba60cb8
[INFO] running `Command { std: "docker" "start" "-a" "3c7b644d250298bf0fa4d5d4a9620684aaf97d271049f4f250bc742b6ba60cb8", kill_on_drop: false }`
[INFO] running `Command { std: "docker" "inspect" "3c7b644d250298bf0fa4d5d4a9620684aaf97d271049f4f250bc742b6ba60cb8", kill_on_drop: false }`
[INFO] running `Command { std: "docker" "rm" "-f" "3c7b644d250298bf0fa4d5d4a9620684aaf97d271049f4f250bc742b6ba60cb8", kill_on_drop: false }`
[INFO] [stdout] 3c7b644d250298bf0fa4d5d4a9620684aaf97d271049f4f250bc742b6ba60cb8
[INFO] running `Command { std: "docker" "create" "-v" "/var/lib/crater-agent-workspace/builds/worker-6-tc2/target:/opt/rustwide/target:rw,Z" "-v" "/var/lib/crater-agent-workspace/builds/worker-6-tc2/source:/opt/rustwide/workdir:ro,Z" "-v" "/var/lib/crater-agent-workspace/cargo-home:/opt/rustwide/cargo-home:ro,Z" "-v" "/var/lib/crater-agent-workspace/rustup-home:/opt/rustwide/rustup-home:ro,Z" "-e" "SOURCE_DIR=/opt/rustwide/workdir" "-e" "CARGO_TARGET_DIR=/opt/rustwide/target" "-e" "CARGO_INCREMENTAL=0" "-e" "RUST_BACKTRACE=full" "-e" "RUSTFLAGS=--cap-lints=warn" "-e" "RUSTDOCFLAGS=--cap-lints=warn" "-e" "CARGO_HOME=/opt/rustwide/cargo-home" "-e" "RUSTUP_HOME=/opt/rustwide/rustup-home" "-w" "/opt/rustwide/workdir" "-m" "1610612736" "--user" "0:0" "--network" "none" "ghcr.io/rust-lang/crates-build-env/linux@sha256:f3a9d4ad9d972b27faf3965f35b62e55ba32bbce8f20bc8fe909558a86702fde" "/opt/rustwide/cargo-home/bin/cargo" "+beta-2024-12-08" "build" "--frozen" "--message-format=json", kill_on_drop: false }`
[INFO] [stdout] ffb216a9bdc06508319fa413156b78548b1a538b587758bf9aadbf1954a5d61d
[INFO] running `Command { std: "docker" "start" "-a" "ffb216a9bdc06508319fa413156b78548b1a538b587758bf9aadbf1954a5d61d", kill_on_drop: false }`
[INFO] [stderr]    Compiling libc v0.2.168
[INFO] [stderr]    Compiling shlex v1.3.0
[INFO] [stderr]    Compiling cfg-if v1.0.0
[INFO] [stderr]    Compiling spin v0.9.8
[INFO] [stderr]    Compiling untrusted v0.9.0
[INFO] [stderr]    Compiling rustls v0.21.12
[INFO] [stderr]    Compiling pin-project-lite v0.2.15
[INFO] [stderr]    Compiling bytes v1.9.0
[INFO] [stderr]    Compiling base64 v0.21.7
[INFO] [stderr]    Compiling cc v1.2.4
[INFO] [stderr]    Compiling rustls-pemfile v1.0.4
[INFO] [stderr]    Compiling getrandom v0.2.15
[INFO] [stderr]    Compiling socket2 v0.5.8
[INFO] [stderr]    Compiling mio v1.0.3
[INFO] [stderr]    Compiling ring v0.17.8
[INFO] [stderr]    Compiling tokio v1.42.0
[INFO] [stderr]    Compiling rustls-webpki v0.101.7
[INFO] [stderr]    Compiling sct v0.7.1
[INFO] [stderr]    Compiling tokio-rustls v0.24.1
[INFO] [stderr]    Compiling tokio-tls-listener v0.2.0 (/opt/rustwide/workdir)
[INFO] [stderr]     Finished `dev` profile [unoptimized + debuginfo] target(s) in 11.71s
[INFO] running `Command { std: "docker" "inspect" "ffb216a9bdc06508319fa413156b78548b1a538b587758bf9aadbf1954a5d61d", kill_on_drop: false }`
[INFO] running `Command { std: "docker" "rm" "-f" "ffb216a9bdc06508319fa413156b78548b1a538b587758bf9aadbf1954a5d61d", kill_on_drop: false }`
[INFO] [stdout] ffb216a9bdc06508319fa413156b78548b1a538b587758bf9aadbf1954a5d61d
[INFO] running `Command { std: "docker" "create" "-v" "/var/lib/crater-agent-workspace/builds/worker-6-tc2/target:/opt/rustwide/target:rw,Z" "-v" "/var/lib/crater-agent-workspace/builds/worker-6-tc2/source:/opt/rustwide/workdir:ro,Z" "-v" "/var/lib/crater-agent-workspace/cargo-home:/opt/rustwide/cargo-home:ro,Z" "-v" "/var/lib/crater-agent-workspace/rustup-home:/opt/rustwide/rustup-home:ro,Z" "-e" "SOURCE_DIR=/opt/rustwide/workdir" "-e" "CARGO_TARGET_DIR=/opt/rustwide/target" "-e" "CARGO_INCREMENTAL=0" "-e" "RUST_BACKTRACE=full" "-e" "RUSTFLAGS=--cap-lints=warn" "-e" "RUSTDOCFLAGS=--cap-lints=warn" "-e" "CARGO_HOME=/opt/rustwide/cargo-home" "-e" "RUSTUP_HOME=/opt/rustwide/rustup-home" "-w" "/opt/rustwide/workdir" "-m" "1610612736" "--user" "0:0" "--network" "none" "ghcr.io/rust-lang/crates-build-env/linux@sha256:f3a9d4ad9d972b27faf3965f35b62e55ba32bbce8f20bc8fe909558a86702fde" "/opt/rustwide/cargo-home/bin/cargo" "+beta-2024-12-08" "test" "--frozen" "--no-run" "--message-format=json", kill_on_drop: false }`
[INFO] [stdout] ef9195263fd433d95d3ff94e70038125c15f2540953e61a3b329a614500101f2
[INFO] running `Command { std: "docker" "start" "-a" "ef9195263fd433d95d3ff94e70038125c15f2540953e61a3b329a614500101f2", kill_on_drop: false }`
[INFO] [stderr]    Compiling tokio-tls-listener v0.2.0 (/opt/rustwide/workdir)
[INFO] [stderr]     Finished `test` profile [unoptimized + debuginfo] target(s) in 0.35s
[INFO] running `Command { std: "docker" "inspect" "ef9195263fd433d95d3ff94e70038125c15f2540953e61a3b329a614500101f2", kill_on_drop: false }`
[INFO] running `Command { std: "docker" "rm" "-f" "ef9195263fd433d95d3ff94e70038125c15f2540953e61a3b329a614500101f2", kill_on_drop: false }`
[INFO] [stdout] ef9195263fd433d95d3ff94e70038125c15f2540953e61a3b329a614500101f2
[INFO] running `Command { std: "docker" "create" "-v" "/var/lib/crater-agent-workspace/builds/worker-6-tc2/target:/opt/rustwide/target:rw,Z" "-v" "/var/lib/crater-agent-workspace/builds/worker-6-tc2/source:/opt/rustwide/workdir:ro,Z" "-v" "/var/lib/crater-agent-workspace/cargo-home:/opt/rustwide/cargo-home:ro,Z" "-v" "/var/lib/crater-agent-workspace/rustup-home:/opt/rustwide/rustup-home:ro,Z" "-e" "SOURCE_DIR=/opt/rustwide/workdir" "-e" "CARGO_TARGET_DIR=/opt/rustwide/target" "-e" "CARGO_INCREMENTAL=0" "-e" "RUST_BACKTRACE=full" "-e" "RUSTFLAGS=--cap-lints=warn" "-e" "RUSTDOCFLAGS=--cap-lints=warn" "-e" "CARGO_HOME=/opt/rustwide/cargo-home" "-e" "RUSTUP_HOME=/opt/rustwide/rustup-home" "-w" "/opt/rustwide/workdir" "-m" "1610612736" "--user" "0:0" "--network" "none" "ghcr.io/rust-lang/crates-build-env/linux@sha256:f3a9d4ad9d972b27faf3965f35b62e55ba32bbce8f20bc8fe909558a86702fde" "/opt/rustwide/cargo-home/bin/cargo" "+beta-2024-12-08" "test" "--frozen", kill_on_drop: false }`
[INFO] [stdout] 677e4bc2a2787c1541ef61be576d38e19fca28f54c56b4218d25795ad1a15a7c
[INFO] running `Command { std: "docker" "start" "-a" "677e4bc2a2787c1541ef61be576d38e19fca28f54c56b4218d25795ad1a15a7c", kill_on_drop: false }`
[INFO] [stderr]     Finished `test` profile [unoptimized + debuginfo] target(s) in 0.03s
[INFO] [stderr]      Running unittests src/lib.rs (/opt/rustwide/target/debug/deps/tokio_tls_listener-dda87aa6ccbca1b4)
[INFO] [stdout] 
[INFO] [stdout] running 0 tests
[INFO] [stdout] 
[INFO] [stdout] test result: ok. 0 passed; 0 failed; 0 ignored; 0 measured; 0 filtered out; finished in 0.00s
[INFO] [stdout] 
[INFO] [stderr]    Doc-tests tokio_tls_listener
[INFO] [stdout] 
[INFO] [stdout] running 1 test
[INFO] [stdout] test src/lib.rs - (line 5) ... FAILED
[INFO] [stdout] 
[INFO] [stdout] failures:
[INFO] [stdout] 
[INFO] [stdout] ---- src/lib.rs - (line 5) stdout ----
[INFO] [stdout] error[E0308]: arguments to this function are incorrect
[INFO] [stdout]   --> src/lib.rs:9:16
[INFO] [stdout]    |
[INFO] [stdout] 7  |     let conf = tls_config("./cert.pem", "./key.pem").unwrap();
[INFO] [stdout]    |                ^^^^^^^^^^
[INFO] [stdout]    |
[INFO] [stdout] note: types differ in mutability
[INFO] [stdout]   --> src/lib.rs:9:27
[INFO] [stdout]    |
[INFO] [stdout] 7  |     let conf = tls_config("./cert.pem", "./key.pem").unwrap();
[INFO] [stdout]    |                           ^^^^^^^^^^^^
[INFO] [stdout]    = note: expected mutable reference `&mut dyn BufRead`
[INFO] [stdout]                       found reference `&'static str`
[INFO] [stdout] note: types differ in mutability
[INFO] [stdout]   --> src/lib.rs:9:41
[INFO] [stdout]    |
[INFO] [stdout] 7  |     let conf = tls_config("./cert.pem", "./key.pem").unwrap();
[INFO] [stdout]    |                                         ^^^^^^^^^^^
[INFO] [stdout]    = note: expected mutable reference `&mut dyn BufRead`
[INFO] [stdout]                       found reference `&'static str`
[INFO] [stdout] note: function defined here
[INFO] [stdout]   --> /opt/rustwide/workdir/src/lib.rs:85:8
[INFO] [stdout]    |
[INFO] [stdout] 85 | pub fn tls_config(key: &mut dyn BufRead, certs: &mut dyn BufRead) -> io::Result<ServerConfig> {
[INFO] [stdout]    |        ^^^^^^^^^^
[INFO] [stdout] 
[INFO] [stdout] error: aborting due to 1 previous error
[INFO] [stdout] 
[INFO] [stdout] For more information about this error, try `rustc --explain E0308`.
[INFO] [stdout] Couldn't compile the test.
[INFO] [stdout] 
[INFO] [stdout] failures:
[INFO] [stdout]     src/lib.rs - (line 5)
[INFO] [stdout] 
[INFO] [stdout] test result: FAILED. 0 passed; 1 failed; 0 ignored; 0 measured; 0 filtered out; finished in 0.06s
[INFO] [stdout] 
[INFO] [stderr] error: doctest failed, to rerun pass `--doc`
[INFO] running `Command { std: "docker" "inspect" "677e4bc2a2787c1541ef61be576d38e19fca28f54c56b4218d25795ad1a15a7c", kill_on_drop: false }`
[INFO] running `Command { std: "docker" "rm" "-f" "677e4bc2a2787c1541ef61be576d38e19fca28f54c56b4218d25795ad1a15a7c", kill_on_drop: false }`
[INFO] [stdout] 677e4bc2a2787c1541ef61be576d38e19fca28f54c56b4218d25795ad1a15a7c
