[INFO] fetching crate tokio-shared-rt-macro 0.1.0...
[INFO] testing tokio-shared-rt-macro-0.1.0 against 1.83.0 for beta-1.84.0-4-retry
[INFO] extracting crate tokio-shared-rt-macro 0.1.0 into /workspace/builds/worker-6-tc1/source
[INFO] validating manifest of crates.io crate tokio-shared-rt-macro 0.1.0 on toolchain 1.83.0
[INFO] running `Command { std: CARGO_HOME="/workspace/cargo-home" RUSTUP_HOME="/workspace/rustup-home" "/workspace/cargo-home/bin/cargo" "+1.83.0" "metadata" "--manifest-path" "Cargo.toml" "--no-deps", kill_on_drop: false }`
[INFO] started tweaking crates.io crate tokio-shared-rt-macro 0.1.0
[INFO] finished tweaking crates.io crate tokio-shared-rt-macro 0.1.0
[INFO] tweaked toml for crates.io crate tokio-shared-rt-macro 0.1.0 written to /workspace/builds/worker-6-tc1/source/Cargo.toml
[INFO] running `Command { std: CARGO_HOME="/workspace/cargo-home" RUSTUP_HOME="/workspace/rustup-home" "/workspace/cargo-home/bin/cargo" "+1.83.0" "generate-lockfile" "--manifest-path" "Cargo.toml", kill_on_drop: false }`
[INFO] [stderr]     Updating crates.io index
[INFO] [stderr]      Locking 4 packages to latest compatible versions
[INFO] running `Command { std: CARGO_HOME="/workspace/cargo-home" RUSTUP_HOME="/workspace/rustup-home" "/workspace/cargo-home/bin/cargo" "+1.83.0" "fetch" "--manifest-path" "Cargo.toml", kill_on_drop: false }`
[INFO] running `Command { std: "docker" "create" "-v" "/var/lib/crater-agent-workspace/builds/worker-6-tc1/target:/opt/rustwide/target:rw,Z" "-v" "/var/lib/crater-agent-workspace/builds/worker-6-tc1/source:/opt/rustwide/workdir:ro,Z" "-v" "/var/lib/crater-agent-workspace/cargo-home:/opt/rustwide/cargo-home:ro,Z" "-v" "/var/lib/crater-agent-workspace/rustup-home:/opt/rustwide/rustup-home:ro,Z" "-e" "SOURCE_DIR=/opt/rustwide/workdir" "-e" "CARGO_TARGET_DIR=/opt/rustwide/target" "-e" "CARGO_HOME=/opt/rustwide/cargo-home" "-e" "RUSTUP_HOME=/opt/rustwide/rustup-home" "-w" "/opt/rustwide/workdir" "-m" "1610612736" "--user" "0:0" "--network" "none" "ghcr.io/rust-lang/crates-build-env/linux@sha256:f3a9d4ad9d972b27faf3965f35b62e55ba32bbce8f20bc8fe909558a86702fde" "/opt/rustwide/cargo-home/bin/cargo" "+1.83.0" "metadata" "--no-deps" "--format-version=1", kill_on_drop: false }`
[INFO] [stdout] 319336364f3705874640626e68116b4808372a48fe9a7124b935bdf508320cfe
[INFO] running `Command { std: "docker" "start" "-a" "319336364f3705874640626e68116b4808372a48fe9a7124b935bdf508320cfe", kill_on_drop: false }`
[INFO] running `Command { std: "docker" "inspect" "319336364f3705874640626e68116b4808372a48fe9a7124b935bdf508320cfe", kill_on_drop: false }`
[INFO] running `Command { std: "docker" "rm" "-f" "319336364f3705874640626e68116b4808372a48fe9a7124b935bdf508320cfe", kill_on_drop: false }`
[INFO] [stdout] 319336364f3705874640626e68116b4808372a48fe9a7124b935bdf508320cfe
[INFO] running `Command { std: "docker" "create" "-v" "/var/lib/crater-agent-workspace/builds/worker-6-tc1/target:/opt/rustwide/target:rw,Z" "-v" "/var/lib/crater-agent-workspace/builds/worker-6-tc1/source:/opt/rustwide/workdir:ro,Z" "-v" "/var/lib/crater-agent-workspace/cargo-home:/opt/rustwide/cargo-home:ro,Z" "-v" "/var/lib/crater-agent-workspace/rustup-home:/opt/rustwide/rustup-home:ro,Z" "-e" "SOURCE_DIR=/opt/rustwide/workdir" "-e" "CARGO_TARGET_DIR=/opt/rustwide/target" "-e" "CARGO_INCREMENTAL=0" "-e" "RUST_BACKTRACE=full" "-e" "RUSTFLAGS=--cap-lints=warn" "-e" "RUSTDOCFLAGS=--cap-lints=warn" "-e" "CARGO_HOME=/opt/rustwide/cargo-home" "-e" "RUSTUP_HOME=/opt/rustwide/rustup-home" "-w" "/opt/rustwide/workdir" "-m" "1610612736" "--user" "0:0" "--network" "none" "ghcr.io/rust-lang/crates-build-env/linux@sha256:f3a9d4ad9d972b27faf3965f35b62e55ba32bbce8f20bc8fe909558a86702fde" "/opt/rustwide/cargo-home/bin/cargo" "+1.83.0" "build" "--frozen" "--message-format=json", kill_on_drop: false }`
[INFO] [stdout] b3e51883ab0b36587df0bd226809c8773c28851d9d72c51c13fd3f90416a4b9c
[INFO] running `Command { std: "docker" "start" "-a" "b3e51883ab0b36587df0bd226809c8773c28851d9d72c51c13fd3f90416a4b9c", kill_on_drop: false }`
[INFO] [stderr]    Compiling proc-macro2 v1.0.92
[INFO] [stderr]    Compiling unicode-ident v1.0.14
[INFO] [stderr]    Compiling quote v1.0.37
[INFO] [stderr]    Compiling syn v2.0.90
[INFO] [stderr]    Compiling tokio-shared-rt-macro v0.1.0 (/opt/rustwide/workdir)
[INFO] [stderr]     Finished `dev` profile [unoptimized + debuginfo] target(s) in 7.35s
[INFO] running `Command { std: "docker" "inspect" "b3e51883ab0b36587df0bd226809c8773c28851d9d72c51c13fd3f90416a4b9c", kill_on_drop: false }`
[INFO] running `Command { std: "docker" "rm" "-f" "b3e51883ab0b36587df0bd226809c8773c28851d9d72c51c13fd3f90416a4b9c", kill_on_drop: false }`
[INFO] [stdout] b3e51883ab0b36587df0bd226809c8773c28851d9d72c51c13fd3f90416a4b9c
[INFO] running `Command { std: "docker" "create" "-v" "/var/lib/crater-agent-workspace/builds/worker-6-tc1/target:/opt/rustwide/target:rw,Z" "-v" "/var/lib/crater-agent-workspace/builds/worker-6-tc1/source:/opt/rustwide/workdir:ro,Z" "-v" "/var/lib/crater-agent-workspace/cargo-home:/opt/rustwide/cargo-home:ro,Z" "-v" "/var/lib/crater-agent-workspace/rustup-home:/opt/rustwide/rustup-home:ro,Z" "-e" "SOURCE_DIR=/opt/rustwide/workdir" "-e" "CARGO_TARGET_DIR=/opt/rustwide/target" "-e" "CARGO_INCREMENTAL=0" "-e" "RUST_BACKTRACE=full" "-e" "RUSTFLAGS=--cap-lints=warn" "-e" "RUSTDOCFLAGS=--cap-lints=warn" "-e" "CARGO_HOME=/opt/rustwide/cargo-home" "-e" "RUSTUP_HOME=/opt/rustwide/rustup-home" "-w" "/opt/rustwide/workdir" "-m" "1610612736" "--user" "0:0" "--network" "none" "ghcr.io/rust-lang/crates-build-env/linux@sha256:f3a9d4ad9d972b27faf3965f35b62e55ba32bbce8f20bc8fe909558a86702fde" "/opt/rustwide/cargo-home/bin/cargo" "+1.83.0" "test" "--frozen" "--no-run" "--message-format=json", kill_on_drop: false }`
[INFO] [stdout] 229c3119fa1c0a758373cb577e239e9208964719c81e21e0cbaa2a3c15d2146d
[INFO] running `Command { std: "docker" "start" "-a" "229c3119fa1c0a758373cb577e239e9208964719c81e21e0cbaa2a3c15d2146d", kill_on_drop: false }`
[INFO] [stderr]    Compiling tokio-shared-rt-macro v0.1.0 (/opt/rustwide/workdir)
[INFO] [stderr]     Finished `test` profile [unoptimized + debuginfo] target(s) in 1.12s
[INFO] running `Command { std: "docker" "inspect" "229c3119fa1c0a758373cb577e239e9208964719c81e21e0cbaa2a3c15d2146d", kill_on_drop: false }`
[INFO] running `Command { std: "docker" "rm" "-f" "229c3119fa1c0a758373cb577e239e9208964719c81e21e0cbaa2a3c15d2146d", kill_on_drop: false }`
[INFO] [stdout] 229c3119fa1c0a758373cb577e239e9208964719c81e21e0cbaa2a3c15d2146d
[INFO] running `Command { std: "docker" "create" "-v" "/var/lib/crater-agent-workspace/builds/worker-6-tc1/target:/opt/rustwide/target:rw,Z" "-v" "/var/lib/crater-agent-workspace/builds/worker-6-tc1/source:/opt/rustwide/workdir:ro,Z" "-v" "/var/lib/crater-agent-workspace/cargo-home:/opt/rustwide/cargo-home:ro,Z" "-v" "/var/lib/crater-agent-workspace/rustup-home:/opt/rustwide/rustup-home:ro,Z" "-e" "SOURCE_DIR=/opt/rustwide/workdir" "-e" "CARGO_TARGET_DIR=/opt/rustwide/target" "-e" "CARGO_INCREMENTAL=0" "-e" "RUST_BACKTRACE=full" "-e" "RUSTFLAGS=--cap-lints=warn" "-e" "RUSTDOCFLAGS=--cap-lints=warn" "-e" "CARGO_HOME=/opt/rustwide/cargo-home" "-e" "RUSTUP_HOME=/opt/rustwide/rustup-home" "-w" "/opt/rustwide/workdir" "-m" "1610612736" "--user" "0:0" "--network" "none" "ghcr.io/rust-lang/crates-build-env/linux@sha256:f3a9d4ad9d972b27faf3965f35b62e55ba32bbce8f20bc8fe909558a86702fde" "/opt/rustwide/cargo-home/bin/cargo" "+1.83.0" "test" "--frozen", kill_on_drop: false }`
[INFO] [stdout] 4db3a053d8b7d40393e13bf7e1eca21f9016463f73c902578f8a0924aa0e34af
[INFO] running `Command { std: "docker" "start" "-a" "4db3a053d8b7d40393e13bf7e1eca21f9016463f73c902578f8a0924aa0e34af", kill_on_drop: false }`
[INFO] [stderr]     Finished `test` profile [unoptimized + debuginfo] target(s) in 0.02s
[INFO] [stderr]      Running unittests src/lib.rs (/opt/rustwide/target/debug/deps/tokio_shared_rt_macro-d409c4a1ed8373bb)
[INFO] [stdout] 
[INFO] [stdout] running 0 tests
[INFO] [stdout] 
[INFO] [stdout] test result: ok. 0 passed; 0 failed; 0 ignored; 0 measured; 0 filtered out; finished in 0.00s
[INFO] [stdout] 
[INFO] [stderr]    Doc-tests tokio_shared_rt_macro
[INFO] [stdout] 
[INFO] [stdout] running 28 tests
[INFO] [stdout] test src/lib.rs - main (line 107) ... FAILED
[INFO] [stdout] test src/lib.rs - main (line 180) ... FAILED
[INFO] [stdout] test src/lib.rs - main (line 116) ... FAILED
[INFO] [stdout] test src/lib.rs - main (line 130) ... FAILED
[INFO] [stdout] test src/lib.rs - main (line 154) ... FAILED
[INFO] [stdout] test src/lib.rs - main (line 163) ... FAILED
[INFO] [stdout] test src/lib.rs - main (line 53) ... FAILED
[INFO] [stdout] test src/lib.rs - main (line 191) ... FAILED
[INFO] [stdout] test src/lib.rs - main (line 139) ... FAILED
[INFO] [stdout] test src/lib.rs - main (line 69) ... FAILED
[INFO] [stdout] test src/lib.rs - main (line 82) ... FAILED
[INFO] [stdout] test src/lib.rs - main_rt (line 222) ... FAILED
[INFO] [stdout] test src/lib.rs - test (line 290) - compile ... FAILED
[INFO] [stdout] test src/lib.rs - main (line 91) ... FAILED
[INFO] [stdout] test src/lib.rs - test (line 308) - compile ... FAILED
[INFO] [stdout] test src/lib.rs - main_rt (line 256) ... FAILED
[INFO] [stdout] test src/lib.rs - test (line 319) - compile ... FAILED
[INFO] [stdout] test src/lib.rs - test (line 343) - compile ... FAILED
[INFO] [stdout] test src/lib.rs - test (line 352) - compile ... ok
[INFO] [stdout] test src/lib.rs - main_rt (line 231) ... FAILED
[INFO] [stdout] test src/lib.rs - test (line 367) - compile ... FAILED
[INFO] [stdout] test src/lib.rs - main_rt (line 245) ... FAILED
[INFO] [stdout] test src/lib.rs - test (line 328) - compile ... ok
[INFO] [stdout] test src/lib.rs - test (line 392) - compile ... FAILED
[INFO] [stdout] test src/lib.rs - test (line 419) ... FAILED
[INFO] [stdout] test src/lib.rs - test (line 401) - compile ... ok
[INFO] [stdout] test src/lib.rs - test (line 376) - compile ... ok
[INFO] [stdout] test src/lib.rs - test_rt (line 436) - compile ... FAILED
[INFO] [stdout] 
[INFO] [stdout] failures:
[INFO] [stdout] 
[INFO] [stdout] ---- src/lib.rs - main (line 107) stdout ----
[INFO] [stdout] error[E0433]: failed to resolve: use of undeclared crate or module `tokio`
[INFO] [stdout]  --> src/lib.rs:108:3
[INFO] [stdout]   |
[INFO] [stdout] 3 | #[tokio::main(flavor = "current_thread")]
[INFO] [stdout]   |   ^^^^^ use of undeclared crate or module `tokio`
[INFO] [stdout] 
[INFO] [stdout] error[E0752]: `main` function is not allowed to be `async`
[INFO] [stdout]  --> src/lib.rs:109:1
[INFO] [stdout]   |
[INFO] [stdout] 4 | async fn main() {
[INFO] [stdout]   | ^^^^^^^^^^^^^^^ `main` function is not allowed to be `async`
[INFO] [stdout] 
[INFO] [stdout] error: aborting due to 2 previous errors
[INFO] [stdout] 
[INFO] [stdout] Some errors have detailed explanations: E0433, E0752.
[INFO] [stdout] For more information about an error, try `rustc --explain E0433`.
[INFO] [stdout] Couldn't compile the test.
[INFO] [stdout] ---- src/lib.rs - main (line 180) stdout ----
[INFO] [stdout] error[E0432]: unresolved import `tokio`
[INFO] [stdout]  --> src/lib.rs:181:5
[INFO] [stdout]   |
[INFO] [stdout] 3 | use tokio as tokio1;
[INFO] [stdout]   |     ^^^^^^^^^^^^^^^ no external crate `tokio`
[INFO] [stdout] 
[INFO] [stdout] error[E0752]: `main` function is not allowed to be `async`
[INFO] [stdout]  --> src/lib.rs:184:1
[INFO] [stdout]   |
[INFO] [stdout] 6 | async fn main() {
[INFO] [stdout]   | ^^^^^^^^^^^^^^^ `main` function is not allowed to be `async`
[INFO] [stdout] 
[INFO] [stdout] error: aborting due to 2 previous errors
[INFO] [stdout] 
[INFO] [stdout] Some errors have detailed explanations: E0432, E0752.
[INFO] [stdout] For more information about an error, try `rustc --explain E0432`.
[INFO] [stdout] Couldn't compile the test.
[INFO] [stdout] ---- src/lib.rs - main (line 116) stdout ----
[INFO] [stdout] error[E0433]: failed to resolve: use of undeclared crate or module `tokio`
[INFO] [stdout]  --> src/lib.rs:118:5
[INFO] [stdout]   |
[INFO] [stdout] 4 |     tokio::runtime::Builder::new_current_thread()
[INFO] [stdout]   |     ^^^^^ use of undeclared crate or module `tokio`
[INFO] [stdout]   |
[INFO] [stdout] help: consider importing this struct
[INFO] [stdout]   |
[INFO] [stdout] 3 + use std::thread::Builder;
[INFO] [stdout]   |
[INFO] [stdout] help: if you import `Builder`, refer to it directly
[INFO] [stdout]   |
[INFO] [stdout] 4 -     tokio::runtime::Builder::new_current_thread()
[INFO] [stdout] 4 +     Builder::new_current_thread()
[INFO] [stdout]   |
[INFO] [stdout] 
[INFO] [stdout] error: aborting due to 1 previous error
[INFO] [stdout] 
[INFO] [stdout] For more information about this error, try `rustc --explain E0433`.
[INFO] [stdout] Couldn't compile the test.
[INFO] [stdout] ---- src/lib.rs - main (line 130) stdout ----
[INFO] [stdout] error[E0433]: failed to resolve: use of undeclared crate or module `tokio`
[INFO] [stdout]  --> src/lib.rs:131:3
[INFO] [stdout]   |
[INFO] [stdout] 3 | #[tokio::main(worker_threads = 2)]
[INFO] [stdout]   |   ^^^^^ use of undeclared crate or module `tokio`
[INFO] [stdout] 
[INFO] [stdout] error[E0752]: `main` function is not allowed to be `async`
[INFO] [stdout]  --> src/lib.rs:132:1
[INFO] [stdout]   |
[INFO] [stdout] 4 | async fn main() {
[INFO] [stdout]   | ^^^^^^^^^^^^^^^ `main` function is not allowed to be `async`
[INFO] [stdout] 
[INFO] [stdout] error: aborting due to 2 previous errors
[INFO] [stdout] 
[INFO] [stdout] Some errors have detailed explanations: E0433, E0752.
[INFO] [stdout] For more information about an error, try `rustc --explain E0433`.
[INFO] [stdout] Couldn't compile the test.
[INFO] [stdout] ---- src/lib.rs - main (line 154) stdout ----
[INFO] [stdout] error[E0433]: failed to resolve: use of undeclared crate or module `tokio`
[INFO] [stdout]  --> src/lib.rs:155:3
[INFO] [stdout]   |
[INFO] [stdout] 3 | #[tokio::main(flavor = "current_thread", start_paused = true)]
[INFO] [stdout]   |   ^^^^^ use of undeclared crate or module `tokio`
[INFO] [stdout] 
[INFO] [stdout] error[E0752]: `main` function is not allowed to be `async`
[INFO] [stdout]  --> src/lib.rs:156:1
[INFO] [stdout]   |
[INFO] [stdout] 4 | async fn main() {
[INFO] [stdout]   | ^^^^^^^^^^^^^^^ `main` function is not allowed to be `async`
[INFO] [stdout] 
[INFO] [stdout] error: aborting due to 2 previous errors
[INFO] [stdout] 
[INFO] [stdout] Some errors have detailed explanations: E0433, E0752.
[INFO] [stdout] For more information about an error, try `rustc --explain E0433`.
[INFO] [stdout] Couldn't compile the test.
[INFO] [stdout] ---- src/lib.rs - main (line 163) stdout ----
[INFO] [stdout] error[E0433]: failed to resolve: use of undeclared crate or module `tokio`
[INFO] [stdout]  --> src/lib.rs:165:5
[INFO] [stdout]   |
[INFO] [stdout] 4 |     tokio::runtime::Builder::new_current_thread()
[INFO] [stdout]   |     ^^^^^ use of undeclared crate or module `tokio`
[INFO] [stdout]   |
[INFO] [stdout] help: consider importing this struct
[INFO] [stdout]   |
[INFO] [stdout] 3 + use std::thread::Builder;
[INFO] [stdout]   |
[INFO] [stdout] help: if you import `Builder`, refer to it directly
[INFO] [stdout]   |
[INFO] [stdout] 4 -     tokio::runtime::Builder::new_current_thread()
[INFO] [stdout] 4 +     Builder::new_current_thread()
[INFO] [stdout]   |
[INFO] [stdout] 
[INFO] [stdout] error: aborting due to 1 previous error
[INFO] [stdout] 
[INFO] [stdout] For more information about this error, try `rustc --explain E0433`.
[INFO] [stdout] Couldn't compile the test.
[INFO] [stdout] ---- src/lib.rs - main (line 53) stdout ----
[INFO] [stdout] error[E0433]: failed to resolve: use of undeclared crate or module `tokio`
[INFO] [stdout]  --> src/lib.rs:54:3
[INFO] [stdout]   |
[INFO] [stdout] 3 | #[tokio::main(flavor = "multi_thread", worker_threads = 10)]
[INFO] [stdout]   |   ^^^^^ use of undeclared crate or module `tokio`
[INFO] [stdout] 
[INFO] [stdout] error[E0752]: `main` function is not allowed to be `async`
[INFO] [stdout]  --> src/lib.rs:55:1
[INFO] [stdout]   |
[INFO] [stdout] 4 | async fn main() {}
[INFO] [stdout]   | ^^^^^^^^^^^^^^^ `main` function is not allowed to be `async`
[INFO] [stdout] 
[INFO] [stdout] error: aborting due to 2 previous errors
[INFO] [stdout] 
[INFO] [stdout] Some errors have detailed explanations: E0433, E0752.
[INFO] [stdout] For more information about an error, try `rustc --explain E0433`.
[INFO] [stdout] Couldn't compile the test.
[INFO] [stdout] ---- src/lib.rs - main (line 191) stdout ----
[INFO] [stdout] error[E0432]: unresolved import `tokio`
[INFO] [stdout]  --> src/lib.rs:192:5
[INFO] [stdout]   |
[INFO] [stdout] 3 | use tokio as tokio1;
[INFO] [stdout]   |     ^^^^^^^^^^^^^^^ no external crate `tokio`
[INFO] [stdout] 
[INFO] [stdout] error: aborting due to 1 previous error
[INFO] [stdout] 
[INFO] [stdout] For more information about this error, try `rustc --explain E0432`.
[INFO] [stdout] Couldn't compile the test.
[INFO] [stdout] ---- src/lib.rs - main (line 139) stdout ----
[INFO] [stdout] error[E0433]: failed to resolve: use of undeclared crate or module `tokio`
[INFO] [stdout]  --> src/lib.rs:141:5
[INFO] [stdout]   |
[INFO] [stdout] 4 |     tokio::runtime::Builder::new_multi_thread()
[INFO] [stdout]   |     ^^^^^ use of undeclared crate or module `tokio`
[INFO] [stdout]   |
[INFO] [stdout] help: consider importing this struct
[INFO] [stdout]   |
[INFO] [stdout] 3 + use std::thread::Builder;
[INFO] [stdout]   |
[INFO] [stdout] help: if you import `Builder`, refer to it directly
[INFO] [stdout]   |
[INFO] [stdout] 4 -     tokio::runtime::Builder::new_multi_thread()
[INFO] [stdout] 4 +     Builder::new_multi_thread()
[INFO] [stdout]   |
[INFO] [stdout] 
[INFO] [stdout] error: aborting due to 1 previous error
[INFO] [stdout] 
[INFO] [stdout] For more information about this error, try `rustc --explain E0433`.
[INFO] [stdout] Couldn't compile the test.
[INFO] [stdout] ---- src/lib.rs - main (line 69) stdout ----
[INFO] [stdout] error[E0433]: failed to resolve: use of undeclared crate or module `tokio`
[INFO] [stdout]  --> src/lib.rs:70:3
[INFO] [stdout]   |
[INFO] [stdout] 3 | #[tokio::main(flavor = "current_thread")]
[INFO] [stdout]   |   ^^^^^ use of undeclared crate or module `tokio`
[INFO] [stdout] 
[INFO] [stdout] error[E0752]: `main` function is not allowed to be `async`
[INFO] [stdout]  --> src/lib.rs:71:1
[INFO] [stdout]   |
[INFO] [stdout] 4 | async fn main() {}
[INFO] [stdout]   | ^^^^^^^^^^^^^^^ `main` function is not allowed to be `async`
[INFO] [stdout] 
[INFO] [stdout] error: aborting due to 2 previous errors
[INFO] [stdout] 
[INFO] [stdout] Some errors have detailed explanations: E0433, E0752.
[INFO] [stdout] For more information about an error, try `rustc --explain E0433`.
[INFO] [stdout] Couldn't compile the test.
[INFO] [stdout] ---- src/lib.rs - main (line 82) stdout ----
[INFO] [stdout] error[E0433]: failed to resolve: use of undeclared crate or module `tokio`
[INFO] [stdout]  --> src/lib.rs:83:3
[INFO] [stdout]   |
[INFO] [stdout] 3 | #[tokio::main]
[INFO] [stdout]   |   ^^^^^ use of undeclared crate or module `tokio`
[INFO] [stdout] 
[INFO] [stdout] error[E0752]: `main` function is not allowed to be `async`
[INFO] [stdout]  --> src/lib.rs:84:1
[INFO] [stdout]   |
[INFO] [stdout] 4 | async fn main() {
[INFO] [stdout]   | ^^^^^^^^^^^^^^^ `main` function is not allowed to be `async`
[INFO] [stdout] 
[INFO] [stdout] error: aborting due to 2 previous errors
[INFO] [stdout] 
[INFO] [stdout] Some errors have detailed explanations: E0433, E0752.
[INFO] [stdout] For more information about an error, try `rustc --explain E0433`.
[INFO] [stdout] Couldn't compile the test.
[INFO] [stdout] ---- src/lib.rs - main_rt (line 222) stdout ----
[INFO] [stdout] error[E0433]: failed to resolve: use of undeclared crate or module `tokio`
[INFO] [stdout]  --> src/lib.rs:223:3
[INFO] [stdout]   |
[INFO] [stdout] 3 | #[tokio::main(flavor = "current_thread")]
[INFO] [stdout]   |   ^^^^^ use of undeclared crate or module `tokio`
[INFO] [stdout] 
[INFO] [stdout] error[E0752]: `main` function is not allowed to be `async`
[INFO] [stdout]  --> src/lib.rs:224:1
[INFO] [stdout]   |
[INFO] [stdout] 4 | async fn main() {
[INFO] [stdout]   | ^^^^^^^^^^^^^^^ `main` function is not allowed to be `async`
[INFO] [stdout] 
[INFO] [stdout] error: aborting due to 2 previous errors
[INFO] [stdout] 
[INFO] [stdout] Some errors have detailed explanations: E0433, E0752.
[INFO] [stdout] For more information about an error, try `rustc --explain E0433`.
[INFO] [stdout] Couldn't compile the test.
[INFO] [stdout] ---- src/lib.rs - test (line 290) stdout ----
[INFO] [stdout] error[E0433]: failed to resolve: use of undeclared crate or module `tokio`
[INFO] [stdout]  --> src/lib.rs:291:3
[INFO] [stdout]   |
[INFO] [stdout] 4 | #[tokio::test(flavor = "multi_thread", worker_threads = 1)]
[INFO] [stdout]   |   ^^^^^ use of undeclared crate or module `tokio`
[INFO] [stdout] 
[INFO] [stdout] error: aborting due to 1 previous error
[INFO] [stdout] 
[INFO] [stdout] For more information about this error, try `rustc --explain E0433`.
[INFO] [stdout] Couldn't compile the test.
[INFO] [stdout] ---- src/lib.rs - main (line 91) stdout ----
[INFO] [stdout] error[E0433]: failed to resolve: use of undeclared crate or module `tokio`
[INFO] [stdout]  --> src/lib.rs:93:5
[INFO] [stdout]   |
[INFO] [stdout] 4 |     tokio::runtime::Builder::new_multi_thread()
[INFO] [stdout]   |     ^^^^^ use of undeclared crate or module `tokio`
[INFO] [stdout]   |
[INFO] [stdout] help: consider importing this struct
[INFO] [stdout]   |
[INFO] [stdout] 3 + use std::thread::Builder;
[INFO] [stdout]   |
[INFO] [stdout] help: if you import `Builder`, refer to it directly
[INFO] [stdout]   |
[INFO] [stdout] 4 -     tokio::runtime::Builder::new_multi_thread()
[INFO] [stdout] 4 +     Builder::new_multi_thread()
[INFO] [stdout]   |
[INFO] [stdout] 
[INFO] [stdout] error: aborting due to 1 previous error
[INFO] [stdout] 
[INFO] [stdout] For more information about this error, try `rustc --explain E0433`.
[INFO] [stdout] Couldn't compile the test.
[INFO] [stdout] ---- src/lib.rs - test (line 308) stdout ----
[INFO] [stdout] error[E0433]: failed to resolve: use of undeclared crate or module `tokio`
[INFO] [stdout]  --> src/lib.rs:309:3
[INFO] [stdout]   |
[INFO] [stdout] 4 | #[tokio::test]
[INFO] [stdout]   |   ^^^^^ use of undeclared crate or module `tokio`
[INFO] [stdout] 
[INFO] [stdout] error: aborting due to 1 previous error
[INFO] [stdout] 
[INFO] [stdout] For more information about this error, try `rustc --explain E0433`.
[INFO] [stdout] Couldn't compile the test.
[INFO] [stdout] ---- src/lib.rs - main_rt (line 256) stdout ----
[INFO] [stdout] error[E0432]: unresolved import `tokio`
[INFO] [stdout]  --> src/lib.rs:257:5
[INFO] [stdout]   |
[INFO] [stdout] 3 | use tokio as tokio1;
[INFO] [stdout]   |     ^^^^^^^^^^^^^^^ no external crate `tokio`
[INFO] [stdout] 
[INFO] [stdout] error: aborting due to 1 previous error
[INFO] [stdout] 
[INFO] [stdout] For more information about this error, try `rustc --explain E0432`.
[INFO] [stdout] Couldn't compile the test.
[INFO] [stdout] ---- src/lib.rs - test (line 319) stdout ----
[INFO] [stdout] error[E0433]: failed to resolve: use of undeclared crate or module `tokio`
[INFO] [stdout]  --> src/lib.rs:320:3
[INFO] [stdout]   |
[INFO] [stdout] 4 | #[tokio::test(flavor = "multi_thread")]
[INFO] [stdout]   |   ^^^^^ use of undeclared crate or module `tokio`
[INFO] [stdout] 
[INFO] [stdout] error: aborting due to 1 previous error
[INFO] [stdout] 
[INFO] [stdout] For more information about this error, try `rustc --explain E0433`.
[INFO] [stdout] Couldn't compile the test.
[INFO] [stdout] ---- src/lib.rs - test (line 343) stdout ----
[INFO] [stdout] error[E0433]: failed to resolve: use of undeclared crate or module `tokio`
[INFO] [stdout]  --> src/lib.rs:344:3
[INFO] [stdout]   |
[INFO] [stdout] 4 | #[tokio::test]
[INFO] [stdout]   |   ^^^^^ use of undeclared crate or module `tokio`
[INFO] [stdout] 
[INFO] [stdout] error: aborting due to 1 previous error
[INFO] [stdout] 
[INFO] [stdout] For more information about this error, try `rustc --explain E0433`.
[INFO] [stdout] Couldn't compile the test.
[INFO] [stdout] ---- src/lib.rs - main_rt (line 231) stdout ----
[INFO] [stdout] error[E0433]: failed to resolve: use of undeclared crate or module `tokio`
[INFO] [stdout]  --> src/lib.rs:233:5
[INFO] [stdout]   |
[INFO] [stdout] 4 |     tokio::runtime::Builder::new_current_thread()
[INFO] [stdout]   |     ^^^^^ use of undeclared crate or module `tokio`
[INFO] [stdout]   |
[INFO] [stdout] help: consider importing this struct
[INFO] [stdout]   |
[INFO] [stdout] 3 + use std::thread::Builder;
[INFO] [stdout]   |
[INFO] [stdout] help: if you import `Builder`, refer to it directly
[INFO] [stdout]   |
[INFO] [stdout] 4 -     tokio::runtime::Builder::new_current_thread()
[INFO] [stdout] 4 +     Builder::new_current_thread()
[INFO] [stdout]   |
[INFO] [stdout] 
[INFO] [stdout] error: aborting due to 1 previous error
[INFO] [stdout] 
[INFO] [stdout] For more information about this error, try `rustc --explain E0433`.
[INFO] [stdout] Couldn't compile the test.
[INFO] [stdout] ---- src/lib.rs - test (line 367) stdout ----
[INFO] [stdout] error[E0433]: failed to resolve: use of undeclared crate or module `tokio`
[INFO] [stdout]  --> src/lib.rs:368:3
[INFO] [stdout]   |
[INFO] [stdout] 4 | #[tokio::test(flavor ="multi_thread", worker_threads = 2)]
[INFO] [stdout]   |   ^^^^^ use of undeclared crate or module `tokio`
[INFO] [stdout] 
[INFO] [stdout] error: aborting due to 1 previous error
[INFO] [stdout] 
[INFO] [stdout] For more information about this error, try `rustc --explain E0433`.
[INFO] [stdout] Couldn't compile the test.
[INFO] [stdout] ---- src/lib.rs - main_rt (line 245) stdout ----
[INFO] [stdout] error[E0432]: unresolved import `tokio`
[INFO] [stdout]  --> src/lib.rs:246:5
[INFO] [stdout]   |
[INFO] [stdout] 3 | use tokio as tokio1;
[INFO] [stdout]   |     ^^^^^^^^^^^^^^^ no external crate `tokio`
[INFO] [stdout] 
[INFO] [stdout] error[E0752]: `main` function is not allowed to be `async`
[INFO] [stdout]  --> src/lib.rs:249:1
[INFO] [stdout]   |
[INFO] [stdout] 6 | async fn main() {
[INFO] [stdout]   | ^^^^^^^^^^^^^^^ `main` function is not allowed to be `async`
[INFO] [stdout] 
[INFO] [stdout] error: aborting due to 2 previous errors
[INFO] [stdout] 
[INFO] [stdout] Some errors have detailed explanations: E0432, E0752.
[INFO] [stdout] For more information about an error, try `rustc --explain E0432`.
[INFO] [stdout] Couldn't compile the test.
[INFO] [stdout] ---- src/lib.rs - test (line 392) stdout ----
[INFO] [stdout] error[E0433]: failed to resolve: use of undeclared crate or module `tokio`
[INFO] [stdout]  --> src/lib.rs:393:3
[INFO] [stdout]   |
[INFO] [stdout] 4 | #[tokio::test(start_paused = true)]
[INFO] [stdout]   |   ^^^^^ use of undeclared crate or module `tokio`
[INFO] [stdout] 
[INFO] [stdout] error: aborting due to 1 previous error
[INFO] [stdout] 
[INFO] [stdout] For more information about this error, try `rustc --explain E0433`.
[INFO] [stdout] Couldn't compile the test.
[INFO] [stdout] ---- src/lib.rs - test (line 419) stdout ----
[INFO] [stdout] error[E0432]: unresolved import `tokio`
[INFO] [stdout]  --> src/lib.rs:420:5
[INFO] [stdout]   |
[INFO] [stdout] 4 | use tokio as tokio1;
[INFO] [stdout]   |     ^^^^^^^^^^^^^^^ no external crate `tokio`
[INFO] [stdout] 
[INFO] [stdout] error: aborting due to 1 previous error
[INFO] [stdout] 
[INFO] [stdout] For more information about this error, try `rustc --explain E0432`.
[INFO] [stdout] Couldn't compile the test.
[INFO] [stdout] ---- src/lib.rs - test_rt (line 436) stdout ----
[INFO] [stdout] error[E0433]: failed to resolve: use of undeclared crate or module `tokio`
[INFO] [stdout]  --> src/lib.rs:437:3
[INFO] [stdout]   |
[INFO] [stdout] 4 | #[tokio::test]
[INFO] [stdout]   |   ^^^^^ use of undeclared crate or module `tokio`
[INFO] [stdout] 
[INFO] [stdout] error: aborting due to 1 previous error
[INFO] [stdout] 
[INFO] [stdout] For more information about this error, try `rustc --explain E0433`.
[INFO] [stdout] Couldn't compile the test.
[INFO] [stdout] 
[INFO] [stdout] failures:
[INFO] [stdout]     src/lib.rs - main (line 107)
[INFO] [stdout]     src/lib.rs - main (line 116)
[INFO] [stdout]     src/lib.rs - main (line 130)
[INFO] [stdout]     src/lib.rs - main (line 139)
[INFO] [stdout]     src/lib.rs - main (line 154)
[INFO] [stdout]     src/lib.rs - main (line 163)
[INFO] [stdout]     src/lib.rs - main (line 180)
[INFO] [stdout]     src/lib.rs - main (line 191)
[INFO] [stdout]     src/lib.rs - main (line 53)
[INFO] [stdout]     src/lib.rs - main (line 69)
[INFO] [stdout]     src/lib.rs - main (line 82)
[INFO] [stdout]     src/lib.rs - main (line 91)
[INFO] [stdout]     src/lib.rs - main_rt (line 222)
[INFO] [stdout]     src/lib.rs - main_rt (line 231)
[INFO] [stdout]     src/lib.rs - main_rt (line 245)
[INFO] [stdout]     src/lib.rs - main_rt (line 256)
[INFO] [stdout]     src/lib.rs - test (line 290)
[INFO] [stdout]     src/lib.rs - test (line 308)
[INFO] [stdout]     src/lib.rs - test (line 319)
[INFO] [stdout]     src/lib.rs - test (line 343)
[INFO] [stdout]     src/lib.rs - test (line 367)
[INFO] [stdout]     src/lib.rs - test (line 392)
[INFO] [stdout]     src/lib.rs - test (line 419)
[INFO] [stdout]     src/lib.rs - test_rt (line 436)
[INFO] [stdout] 
[INFO] [stdout] test result: FAILED. 4 passed; 24 failed; 0 ignored; 0 measured; 0 filtered out; finished in 0.94s
[INFO] [stdout] 
[INFO] [stderr] error: doctest failed, to rerun pass `--doc`
[INFO] running `Command { std: "docker" "inspect" "4db3a053d8b7d40393e13bf7e1eca21f9016463f73c902578f8a0924aa0e34af", kill_on_drop: false }`
[INFO] running `Command { std: "docker" "rm" "-f" "4db3a053d8b7d40393e13bf7e1eca21f9016463f73c902578f8a0924aa0e34af", kill_on_drop: false }`
[INFO] [stdout] 4db3a053d8b7d40393e13bf7e1eca21f9016463f73c902578f8a0924aa0e34af
