[INFO] fetching crate tokio-rustls 0.26.1...
[INFO] testing tokio-rustls-0.26.1 against 1.83.0 for beta-1.84.0-4-retry
[INFO] extracting crate tokio-rustls 0.26.1 into /workspace/builds/worker-1-tc1/source
[INFO] validating manifest of crates.io crate tokio-rustls 0.26.1 on toolchain 1.83.0
[INFO] running `Command { std: CARGO_HOME="/workspace/cargo-home" RUSTUP_HOME="/workspace/rustup-home" "/workspace/cargo-home/bin/cargo" "+1.83.0" "metadata" "--manifest-path" "Cargo.toml" "--no-deps", kill_on_drop: false }`
[INFO] started tweaking crates.io crate tokio-rustls 0.26.1
[INFO] removed 0 missing tests
[INFO] finished tweaking crates.io crate tokio-rustls 0.26.1
[INFO] tweaked toml for crates.io crate tokio-rustls 0.26.1 written to /workspace/builds/worker-1-tc1/source/Cargo.toml
[INFO] crate crates.io crate tokio-rustls 0.26.1 already has a lockfile, it will not be regenerated
[INFO] running `Command { std: CARGO_HOME="/workspace/cargo-home" RUSTUP_HOME="/workspace/rustup-home" "/workspace/cargo-home/bin/cargo" "+1.83.0" "fetch" "--manifest-path" "Cargo.toml", kill_on_drop: false }`
[INFO] [stderr]  Downloading crates ...
[INFO] [stderr]   Downloaded cc v1.1.29
[INFO] [stderr]   Downloaded aws-lc-fips-sys v0.12.12
[INFO] running `Command { std: "docker" "create" "-v" "/var/lib/crater-agent-workspace/builds/worker-1-tc1/target:/opt/rustwide/target:rw,Z" "-v" "/var/lib/crater-agent-workspace/builds/worker-1-tc1/source:/opt/rustwide/workdir:ro,Z" "-v" "/var/lib/crater-agent-workspace/cargo-home:/opt/rustwide/cargo-home:ro,Z" "-v" "/var/lib/crater-agent-workspace/rustup-home:/opt/rustwide/rustup-home:ro,Z" "-e" "SOURCE_DIR=/opt/rustwide/workdir" "-e" "CARGO_TARGET_DIR=/opt/rustwide/target" "-e" "CARGO_HOME=/opt/rustwide/cargo-home" "-e" "RUSTUP_HOME=/opt/rustwide/rustup-home" "-w" "/opt/rustwide/workdir" "-m" "1610612736" "--user" "0:0" "--network" "none" "ghcr.io/rust-lang/crates-build-env/linux@sha256:f3a9d4ad9d972b27faf3965f35b62e55ba32bbce8f20bc8fe909558a86702fde" "/opt/rustwide/cargo-home/bin/cargo" "+1.83.0" "metadata" "--no-deps" "--format-version=1", kill_on_drop: false }`
[INFO] [stdout] a716a027cf38f3be277ebfa639df4c233f9f23b502a073d429821ccdb7c84f37
[INFO] running `Command { std: "docker" "start" "-a" "a716a027cf38f3be277ebfa639df4c233f9f23b502a073d429821ccdb7c84f37", kill_on_drop: false }`
[INFO] running `Command { std: "docker" "inspect" "a716a027cf38f3be277ebfa639df4c233f9f23b502a073d429821ccdb7c84f37", kill_on_drop: false }`
[INFO] running `Command { std: "docker" "rm" "-f" "a716a027cf38f3be277ebfa639df4c233f9f23b502a073d429821ccdb7c84f37", kill_on_drop: false }`
[INFO] [stdout] a716a027cf38f3be277ebfa639df4c233f9f23b502a073d429821ccdb7c84f37
[INFO] running `Command { std: "docker" "create" "-v" "/var/lib/crater-agent-workspace/builds/worker-1-tc1/target:/opt/rustwide/target:rw,Z" "-v" "/var/lib/crater-agent-workspace/builds/worker-1-tc1/source:/opt/rustwide/workdir:ro,Z" "-v" "/var/lib/crater-agent-workspace/cargo-home:/opt/rustwide/cargo-home:ro,Z" "-v" "/var/lib/crater-agent-workspace/rustup-home:/opt/rustwide/rustup-home:ro,Z" "-e" "SOURCE_DIR=/opt/rustwide/workdir" "-e" "CARGO_TARGET_DIR=/opt/rustwide/target" "-e" "CARGO_INCREMENTAL=0" "-e" "RUST_BACKTRACE=full" "-e" "RUSTFLAGS=--cap-lints=warn" "-e" "RUSTDOCFLAGS=--cap-lints=warn" "-e" "CARGO_HOME=/opt/rustwide/cargo-home" "-e" "RUSTUP_HOME=/opt/rustwide/rustup-home" "-w" "/opt/rustwide/workdir" "-m" "1610612736" "--user" "0:0" "--network" "none" "ghcr.io/rust-lang/crates-build-env/linux@sha256:f3a9d4ad9d972b27faf3965f35b62e55ba32bbce8f20bc8fe909558a86702fde" "/opt/rustwide/cargo-home/bin/cargo" "+1.83.0" "build" "--frozen" "--message-format=json", kill_on_drop: false }`
[INFO] [stdout] 1ff69561ccfb8a652854cb9e053a9c6cfd3124d455d81abcf25335c825356975
[INFO] running `Command { std: "docker" "start" "-a" "1ff69561ccfb8a652854cb9e053a9c6cfd3124d455d81abcf25335c825356975", kill_on_drop: false }`
[INFO] [stderr]    Compiling libc v0.2.159
[INFO] [stderr]    Compiling shlex v1.3.0
[INFO] [stderr]    Compiling fs_extra v1.3.0
[INFO] [stderr]    Compiling dunce v1.0.5
[INFO] [stderr]    Compiling paste v1.0.15
[INFO] [stderr]    Compiling aws-lc-rs v1.10.0
[INFO] [stderr]    Compiling zeroize v1.8.1
[INFO] [stderr]    Compiling mirai-annotations v1.12.0
[INFO] [stderr]    Compiling rustls v0.23.15
[INFO] [stderr]    Compiling rustls-pki-types v1.10.0
[INFO] [stderr]    Compiling untrusted v0.9.0
[INFO] [stderr]    Compiling once_cell v1.20.2
[INFO] [stderr]    Compiling subtle v2.6.1
[INFO] [stderr]    Compiling log v0.4.22
[INFO] [stderr]    Compiling pin-project-lite v0.2.14
[INFO] [stderr]    Compiling tokio v1.40.0
[INFO] [stderr]    Compiling jobserver v0.1.32
[INFO] [stderr]    Compiling cc v1.1.29
[INFO] [stderr]    Compiling cmake v0.1.51
[INFO] [stderr]    Compiling aws-lc-sys v0.22.0
[INFO] [stderr]    Compiling rustls-webpki v0.102.8
[INFO] [stderr]    Compiling tokio-rustls v0.26.1 (/opt/rustwide/workdir)
[INFO] [stderr]     Finished `dev` profile [unoptimized + debuginfo] target(s) in 55.81s
[INFO] running `Command { std: "docker" "inspect" "1ff69561ccfb8a652854cb9e053a9c6cfd3124d455d81abcf25335c825356975", kill_on_drop: false }`
[INFO] running `Command { std: "docker" "rm" "-f" "1ff69561ccfb8a652854cb9e053a9c6cfd3124d455d81abcf25335c825356975", kill_on_drop: false }`
[INFO] [stdout] 1ff69561ccfb8a652854cb9e053a9c6cfd3124d455d81abcf25335c825356975
[INFO] running `Command { std: "docker" "create" "-v" "/var/lib/crater-agent-workspace/builds/worker-1-tc1/target:/opt/rustwide/target:rw,Z" "-v" "/var/lib/crater-agent-workspace/builds/worker-1-tc1/source:/opt/rustwide/workdir:ro,Z" "-v" "/var/lib/crater-agent-workspace/cargo-home:/opt/rustwide/cargo-home:ro,Z" "-v" "/var/lib/crater-agent-workspace/rustup-home:/opt/rustwide/rustup-home:ro,Z" "-e" "SOURCE_DIR=/opt/rustwide/workdir" "-e" "CARGO_TARGET_DIR=/opt/rustwide/target" "-e" "CARGO_INCREMENTAL=0" "-e" "RUST_BACKTRACE=full" "-e" "RUSTFLAGS=--cap-lints=warn" "-e" "RUSTDOCFLAGS=--cap-lints=warn" "-e" "CARGO_HOME=/opt/rustwide/cargo-home" "-e" "RUSTUP_HOME=/opt/rustwide/rustup-home" "-w" "/opt/rustwide/workdir" "-m" "1610612736" "--user" "0:0" "--network" "none" "ghcr.io/rust-lang/crates-build-env/linux@sha256:f3a9d4ad9d972b27faf3965f35b62e55ba32bbce8f20bc8fe909558a86702fde" "/opt/rustwide/cargo-home/bin/cargo" "+1.83.0" "test" "--frozen" "--no-run" "--message-format=json", kill_on_drop: false }`
[INFO] [stdout] 7a344844ea59d7244b6ae85d46f752e11eeb51d53cb49140f7a5da53add71c02
[INFO] running `Command { std: "docker" "start" "-a" "7a344844ea59d7244b6ae85d46f752e11eeb51d53cb49140f7a5da53add71c02", kill_on_drop: false }`
[INFO] [stderr]    Compiling proc-macro2 v1.0.87
[INFO] [stderr]    Compiling unicode-ident v1.0.13
[INFO] [stderr]    Compiling autocfg v1.4.0
[INFO] [stderr]    Compiling cfg-if v1.0.0
[INFO] [stderr]    Compiling serde v1.0.210
[INFO] [stderr]    Compiling parking_lot_core v0.9.10
[INFO] [stderr]    Compiling smallvec v1.13.2
[INFO] [stderr]    Compiling scopeguard v1.2.0
[INFO] [stderr]    Compiling powerfmt v0.2.0
[INFO] [stderr]    Compiling ring v0.17.8
[INFO] [stderr]    Compiling time-core v0.1.2
[INFO] [stderr]    Compiling num-conv v0.1.0
[INFO] [stderr]    Compiling deranged v0.3.11
[INFO] [stderr]    Compiling getrandom v0.2.15
[INFO] [stderr]    Compiling socket2 v0.5.7
[INFO] [stderr]    Compiling signal-hook-registry v1.4.2
[INFO] [stderr]    Compiling mio v1.0.2
[INFO] [stderr]    Compiling lock_api v0.4.12
[INFO] [stderr]    Compiling slab v0.4.9
[INFO] [stderr]    Compiling bytes v1.7.2
[INFO] [stderr]    Compiling quote v1.0.37
[INFO] [stderr]    Compiling base64 v0.22.1
[INFO] [stderr]    Compiling syn v2.0.79
[INFO] [stderr]    Compiling time v0.3.36
[INFO] [stderr]    Compiling parking_lot v0.12.3
[INFO] [stderr]    Compiling spin v0.9.8
[INFO] [stderr]    Compiling futures-core v0.3.31
[INFO] [stderr]    Compiling futures-task v0.3.31
[INFO] [stderr]    Compiling pin-utils v0.1.0
[INFO] [stderr]    Compiling pem v3.0.4
[INFO] [stderr]    Compiling yasna v0.5.2
[INFO] [stderr]    Compiling webpki-roots v0.26.6
[INFO] [stderr]    Compiling lazy_static v1.5.0
[INFO] [stderr]    Compiling rcgen v0.13.1
[INFO] [stderr]    Compiling serde_derive v1.0.210
[INFO] [stderr]    Compiling tokio-macros v2.4.0
[INFO] [stderr]    Compiling futures-macro v0.3.31
[INFO] [stderr]    Compiling tokio v1.40.0
[INFO] [stderr]    Compiling futures-util v0.3.31
[INFO] [stderr]    Compiling tokio-rustls v0.26.1 (/opt/rustwide/workdir)
[INFO] [stderr]    Compiling argh_shared v0.1.12
[INFO] [stderr]    Compiling argh_derive v0.1.12
[INFO] [stderr]    Compiling argh v0.1.12
[INFO] [stderr]     Finished `test` profile [unoptimized + debuginfo] target(s) in 53.53s
[INFO] running `Command { std: "docker" "inspect" "7a344844ea59d7244b6ae85d46f752e11eeb51d53cb49140f7a5da53add71c02", kill_on_drop: false }`
[INFO] running `Command { std: "docker" "rm" "-f" "7a344844ea59d7244b6ae85d46f752e11eeb51d53cb49140f7a5da53add71c02", kill_on_drop: false }`
[INFO] [stdout] 7a344844ea59d7244b6ae85d46f752e11eeb51d53cb49140f7a5da53add71c02
[INFO] running `Command { std: "docker" "create" "-v" "/var/lib/crater-agent-workspace/builds/worker-1-tc1/target:/opt/rustwide/target:rw,Z" "-v" "/var/lib/crater-agent-workspace/builds/worker-1-tc1/source:/opt/rustwide/workdir:ro,Z" "-v" "/var/lib/crater-agent-workspace/cargo-home:/opt/rustwide/cargo-home:ro,Z" "-v" "/var/lib/crater-agent-workspace/rustup-home:/opt/rustwide/rustup-home:ro,Z" "-e" "SOURCE_DIR=/opt/rustwide/workdir" "-e" "CARGO_TARGET_DIR=/opt/rustwide/target" "-e" "CARGO_INCREMENTAL=0" "-e" "RUST_BACKTRACE=full" "-e" "RUSTFLAGS=--cap-lints=warn" "-e" "RUSTDOCFLAGS=--cap-lints=warn" "-e" "CARGO_HOME=/opt/rustwide/cargo-home" "-e" "RUSTUP_HOME=/opt/rustwide/rustup-home" "-w" "/opt/rustwide/workdir" "-m" "1610612736" "--user" "0:0" "--network" "none" "ghcr.io/rust-lang/crates-build-env/linux@sha256:f3a9d4ad9d972b27faf3965f35b62e55ba32bbce8f20bc8fe909558a86702fde" "/opt/rustwide/cargo-home/bin/cargo" "+1.83.0" "test" "--frozen", kill_on_drop: false }`
[INFO] [stdout] 041f68e141702ca2a81d86c4eb451b8e2b74384dc2a25f9d188fd269da61c4a0
[INFO] running `Command { std: "docker" "start" "-a" "041f68e141702ca2a81d86c4eb451b8e2b74384dc2a25f9d188fd269da61c4a0", kill_on_drop: false }`
[INFO] [stderr]     Finished `test` profile [unoptimized + debuginfo] target(s) in 0.14s
[INFO] [stderr]      Running unittests src/lib.rs (/opt/rustwide/target/debug/deps/tokio_rustls-d69eb6bddb81e1fe)
[INFO] [stdout] 
[INFO] [stdout] running 10 tests
[INFO] [stdout] test common::test_stream::stream_good ... ok
[INFO] [stdout] test common::test_stream::stream_eof ... ok
[INFO] [stderr]      Running tests/badssl.rs (/opt/rustwide/target/debug/deps/badssl-458f20746b0fad81)
[INFO] [stdout] test common::test_stream::stream_handshake_write_eof ... ok
[INFO] [stdout] test common::test_stream::stream_handshake_regression_issues_77 ... ok
[INFO] [stdout] test common::test_stream::stream_handshake ... ok
[INFO] [stdout] test common::test_stream::stream_handshake_eof ... ok
[INFO] [stdout] test common::test_stream::stream_write_zero ... ok
[INFO] [stdout] test common::test_stream::stream_bad ... ok
[INFO] [stdout] test common::test_stream::stream_good_vectored ... ok
[INFO] [stdout] test common::test_stream::stream_buffered_handshake ... ok
[INFO] [stdout] 
[INFO] [stdout] test result: ok. 10 passed; 0 failed; 0 ignored; 0 measured; 0 filtered out; finished in 0.05s
[INFO] [stdout] 
[INFO] [stdout] 
[INFO] [stdout] running 5 tests
[INFO] [stdout] test test_modern ... FAILED
[INFO] [stdout] test test_tls13 ... ignored
[INFO] [stdout] test test_tls12 ... FAILED
[INFO] [stdout] test test_tls12_vectored ... FAILED
[INFO] [stdout] test test_modern_vectored ... FAILED
[INFO] [stdout] 
[INFO] [stdout] failures:
[INFO] [stdout] 
[INFO] [stdout] ---- test_modern stdout ----
[INFO] [stdout] Error: Custom { kind: Uncategorized, error: "failed to lookup address information: Temporary failure in name resolution" }
[INFO] [stdout] 
[INFO] [stdout] ---- test_tls12 stdout ----
[INFO] [stdout] Error: Custom { kind: Uncategorized, error: "failed to lookup address information: Temporary failure in name resolution" }
[INFO] [stdout] 
[INFO] [stdout] ---- test_tls12_vectored stdout ----
[INFO] [stdout] Error: Custom { kind: Uncategorized, error: "failed to lookup address information: Temporary failure in name resolution" }
[INFO] [stdout] 
[INFO] [stdout] ---- test_modern_vectored stdout ----
[INFO] [stdout] Error: Custom { kind: Uncategorized, error: "failed to lookup address information: Temporary failure in name resolution" }
[INFO] [stdout] 
[INFO] [stdout] 
[INFO] [stdout] failures:
[INFO] [stdout]     test_modern
[INFO] [stdout]     test_modern_vectored
[INFO] [stdout]     test_tls12
[INFO] [stdout]     test_tls12_vectored
[INFO] [stdout] 
[INFO] [stdout] test result: FAILED. 0 passed; 4 failed; 1 ignored; 0 measured; 0 filtered out; finished in 0.02s
[INFO] [stdout] 
[INFO] [stderr] error: test failed, to rerun pass `--test badssl`
[INFO] running `Command { std: "docker" "inspect" "041f68e141702ca2a81d86c4eb451b8e2b74384dc2a25f9d188fd269da61c4a0", kill_on_drop: false }`
[INFO] running `Command { std: "docker" "rm" "-f" "041f68e141702ca2a81d86c4eb451b8e2b74384dc2a25f9d188fd269da61c4a0", kill_on_drop: false }`
[INFO] [stdout] 041f68e141702ca2a81d86c4eb451b8e2b74384dc2a25f9d188fd269da61c4a0
