[INFO] fetching crate tokio-retry2 0.5.6...
[INFO] testing tokio-retry2-0.5.6 against 1.83.0 for beta-1.84.0-4-retry
[INFO] extracting crate tokio-retry2 0.5.6 into /workspace/builds/worker-4-tc1/source
[INFO] validating manifest of crates.io crate tokio-retry2 0.5.6 on toolchain 1.83.0
[INFO] running `Command { std: CARGO_HOME="/workspace/cargo-home" RUSTUP_HOME="/workspace/rustup-home" "/workspace/cargo-home/bin/cargo" "+1.83.0" "metadata" "--manifest-path" "Cargo.toml" "--no-deps", kill_on_drop: false }`
[INFO] started tweaking crates.io crate tokio-retry2 0.5.6
[INFO] removed 0 missing tests
[INFO] finished tweaking crates.io crate tokio-retry2 0.5.6
[INFO] tweaked toml for crates.io crate tokio-retry2 0.5.6 written to /workspace/builds/worker-4-tc1/source/Cargo.toml
[INFO] running `Command { std: CARGO_HOME="/workspace/cargo-home" RUSTUP_HOME="/workspace/rustup-home" "/workspace/cargo-home/bin/cargo" "+1.83.0" "generate-lockfile" "--manifest-path" "Cargo.toml", kill_on_drop: false }`
[INFO] [stderr]     Updating crates.io index
[INFO] [stderr]     Blocking waiting for file lock on package cache
[INFO] [stderr]      Locking 54 packages to latest compatible versions
[INFO] running `Command { std: CARGO_HOME="/workspace/cargo-home" RUSTUP_HOME="/workspace/rustup-home" "/workspace/cargo-home/bin/cargo" "+1.83.0" "fetch" "--manifest-path" "Cargo.toml", kill_on_drop: false }`
[INFO] running `Command { std: "docker" "create" "-v" "/var/lib/crater-agent-workspace/builds/worker-4-tc1/target:/opt/rustwide/target:rw,Z" "-v" "/var/lib/crater-agent-workspace/builds/worker-4-tc1/source:/opt/rustwide/workdir:ro,Z" "-v" "/var/lib/crater-agent-workspace/cargo-home:/opt/rustwide/cargo-home:ro,Z" "-v" "/var/lib/crater-agent-workspace/rustup-home:/opt/rustwide/rustup-home:ro,Z" "-e" "SOURCE_DIR=/opt/rustwide/workdir" "-e" "CARGO_TARGET_DIR=/opt/rustwide/target" "-e" "CARGO_HOME=/opt/rustwide/cargo-home" "-e" "RUSTUP_HOME=/opt/rustwide/rustup-home" "-w" "/opt/rustwide/workdir" "-m" "1610612736" "--user" "0:0" "--network" "none" "ghcr.io/rust-lang/crates-build-env/linux@sha256:f3a9d4ad9d972b27faf3965f35b62e55ba32bbce8f20bc8fe909558a86702fde" "/opt/rustwide/cargo-home/bin/cargo" "+1.83.0" "metadata" "--no-deps" "--format-version=1", kill_on_drop: false }`
[INFO] [stdout] 146bf7dfa6d3ac5cd61ee683301a10b32140497a3de635c0103eadffe487f3c7
[INFO] running `Command { std: "docker" "start" "-a" "146bf7dfa6d3ac5cd61ee683301a10b32140497a3de635c0103eadffe487f3c7", kill_on_drop: false }`
[INFO] running `Command { std: "docker" "inspect" "146bf7dfa6d3ac5cd61ee683301a10b32140497a3de635c0103eadffe487f3c7", kill_on_drop: false }`
[INFO] running `Command { std: "docker" "rm" "-f" "146bf7dfa6d3ac5cd61ee683301a10b32140497a3de635c0103eadffe487f3c7", kill_on_drop: false }`
[INFO] [stdout] 146bf7dfa6d3ac5cd61ee683301a10b32140497a3de635c0103eadffe487f3c7
[INFO] running `Command { std: "docker" "create" "-v" "/var/lib/crater-agent-workspace/builds/worker-4-tc1/target:/opt/rustwide/target:rw,Z" "-v" "/var/lib/crater-agent-workspace/builds/worker-4-tc1/source:/opt/rustwide/workdir:ro,Z" "-v" "/var/lib/crater-agent-workspace/cargo-home:/opt/rustwide/cargo-home:ro,Z" "-v" "/var/lib/crater-agent-workspace/rustup-home:/opt/rustwide/rustup-home:ro,Z" "-e" "SOURCE_DIR=/opt/rustwide/workdir" "-e" "CARGO_TARGET_DIR=/opt/rustwide/target" "-e" "CARGO_INCREMENTAL=0" "-e" "RUST_BACKTRACE=full" "-e" "RUSTFLAGS=--cap-lints=warn" "-e" "RUSTDOCFLAGS=--cap-lints=warn" "-e" "CARGO_HOME=/opt/rustwide/cargo-home" "-e" "RUSTUP_HOME=/opt/rustwide/rustup-home" "-w" "/opt/rustwide/workdir" "-m" "1610612736" "--user" "0:0" "--network" "none" "ghcr.io/rust-lang/crates-build-env/linux@sha256:f3a9d4ad9d972b27faf3965f35b62e55ba32bbce8f20bc8fe909558a86702fde" "/opt/rustwide/cargo-home/bin/cargo" "+1.83.0" "build" "--frozen" "--message-format=json", kill_on_drop: false }`
[INFO] [stdout] b85159b7d0435e7ede3d85799efe1896ee9530bc4c4d3a10f761021db5155a6b
[INFO] running `Command { std: "docker" "start" "-a" "b85159b7d0435e7ede3d85799efe1896ee9530bc4c4d3a10f761021db5155a6b", kill_on_drop: false }`
[INFO] [stderr]    Compiling proc-macro2 v1.0.92
[INFO] [stderr]    Compiling unicode-ident v1.0.14
[INFO] [stderr]    Compiling pin-project-lite v0.2.15
[INFO] [stderr]    Compiling tokio v1.42.0
[INFO] [stderr]    Compiling quote v1.0.37
[INFO] [stderr]    Compiling syn v2.0.90
[INFO] [stderr]    Compiling pin-project-internal v1.1.7
[INFO] [stderr]    Compiling pin-project v1.1.7
[INFO] [stderr]    Compiling tokio-retry2 v0.5.6 (/opt/rustwide/workdir)
[INFO] [stderr]     Finished `dev` profile [unoptimized + debuginfo] target(s) in 7.48s
[INFO] running `Command { std: "docker" "inspect" "b85159b7d0435e7ede3d85799efe1896ee9530bc4c4d3a10f761021db5155a6b", kill_on_drop: false }`
[INFO] running `Command { std: "docker" "rm" "-f" "b85159b7d0435e7ede3d85799efe1896ee9530bc4c4d3a10f761021db5155a6b", kill_on_drop: false }`
[INFO] [stdout] b85159b7d0435e7ede3d85799efe1896ee9530bc4c4d3a10f761021db5155a6b
[INFO] running `Command { std: "docker" "create" "-v" "/var/lib/crater-agent-workspace/builds/worker-4-tc1/target:/opt/rustwide/target:rw,Z" "-v" "/var/lib/crater-agent-workspace/builds/worker-4-tc1/source:/opt/rustwide/workdir:ro,Z" "-v" "/var/lib/crater-agent-workspace/cargo-home:/opt/rustwide/cargo-home:ro,Z" "-v" "/var/lib/crater-agent-workspace/rustup-home:/opt/rustwide/rustup-home:ro,Z" "-e" "SOURCE_DIR=/opt/rustwide/workdir" "-e" "CARGO_TARGET_DIR=/opt/rustwide/target" "-e" "CARGO_INCREMENTAL=0" "-e" "RUST_BACKTRACE=full" "-e" "RUSTFLAGS=--cap-lints=warn" "-e" "RUSTDOCFLAGS=--cap-lints=warn" "-e" "CARGO_HOME=/opt/rustwide/cargo-home" "-e" "RUSTUP_HOME=/opt/rustwide/rustup-home" "-w" "/opt/rustwide/workdir" "-m" "1610612736" "--user" "0:0" "--network" "none" "ghcr.io/rust-lang/crates-build-env/linux@sha256:f3a9d4ad9d972b27faf3965f35b62e55ba32bbce8f20bc8fe909558a86702fde" "/opt/rustwide/cargo-home/bin/cargo" "+1.83.0" "test" "--frozen" "--no-run" "--message-format=json", kill_on_drop: false }`
[INFO] [stdout] eb95df4e66da9a17c71e4ea68c6d421c8fc06aa9ef8d1423d63c8c590ac4685f
[INFO] running `Command { std: "docker" "start" "-a" "eb95df4e66da9a17c71e4ea68c6d421c8fc06aa9ef8d1423d63c8c590ac4685f", kill_on_drop: false }`
[INFO] [stderr]    Compiling libc v0.2.168
[INFO] [stderr]    Compiling autocfg v1.4.0
[INFO] [stderr]    Compiling parking_lot_core v0.9.10
[INFO] [stderr]    Compiling scopeguard v1.2.0
[INFO] [stderr]    Compiling smallvec v1.13.2
[INFO] [stderr]    Compiling cfg-if v1.0.0
[INFO] [stderr]    Compiling bytes v1.9.0
[INFO] [stderr]    Compiling syn v2.0.90
[INFO] [stderr]    Compiling lock_api v0.4.12
[INFO] [stderr]    Compiling signal-hook-registry v1.4.2
[INFO] [stderr]    Compiling mio v1.0.3
[INFO] [stderr]    Compiling socket2 v0.5.8
[INFO] [stderr]    Compiling parking_lot v0.12.3
[INFO] [stderr]    Compiling tokio-macros v2.4.0
[INFO] [stderr]    Compiling pin-project-internal v1.1.7
[INFO] [stderr]    Compiling tokio v1.42.0
[INFO] [stderr]    Compiling pin-project v1.1.7
[INFO] [stderr]    Compiling tokio-retry2 v0.5.6 (/opt/rustwide/workdir)
[INFO] [stderr]     Finished `test` profile [unoptimized + debuginfo] target(s) in 14.67s
[INFO] running `Command { std: "docker" "inspect" "eb95df4e66da9a17c71e4ea68c6d421c8fc06aa9ef8d1423d63c8c590ac4685f", kill_on_drop: false }`
[INFO] running `Command { std: "docker" "rm" "-f" "eb95df4e66da9a17c71e4ea68c6d421c8fc06aa9ef8d1423d63c8c590ac4685f", kill_on_drop: false }`
[INFO] [stdout] eb95df4e66da9a17c71e4ea68c6d421c8fc06aa9ef8d1423d63c8c590ac4685f
[INFO] running `Command { std: "docker" "create" "-v" "/var/lib/crater-agent-workspace/builds/worker-4-tc1/target:/opt/rustwide/target:rw,Z" "-v" "/var/lib/crater-agent-workspace/builds/worker-4-tc1/source:/opt/rustwide/workdir:ro,Z" "-v" "/var/lib/crater-agent-workspace/cargo-home:/opt/rustwide/cargo-home:ro,Z" "-v" "/var/lib/crater-agent-workspace/rustup-home:/opt/rustwide/rustup-home:ro,Z" "-e" "SOURCE_DIR=/opt/rustwide/workdir" "-e" "CARGO_TARGET_DIR=/opt/rustwide/target" "-e" "CARGO_INCREMENTAL=0" "-e" "RUST_BACKTRACE=full" "-e" "RUSTFLAGS=--cap-lints=warn" "-e" "RUSTDOCFLAGS=--cap-lints=warn" "-e" "CARGO_HOME=/opt/rustwide/cargo-home" "-e" "RUSTUP_HOME=/opt/rustwide/rustup-home" "-w" "/opt/rustwide/workdir" "-m" "1610612736" "--user" "0:0" "--network" "none" "ghcr.io/rust-lang/crates-build-env/linux@sha256:f3a9d4ad9d972b27faf3965f35b62e55ba32bbce8f20bc8fe909558a86702fde" "/opt/rustwide/cargo-home/bin/cargo" "+1.83.0" "test" "--frozen", kill_on_drop: false }`
[INFO] [stdout] e90ab3cbafe3017c7f25d9d9bab7637abb4d0586fa7bb3cec7e9d1938dea6173
[INFO] running `Command { std: "docker" "start" "-a" "e90ab3cbafe3017c7f25d9d9bab7637abb4d0586fa7bb3cec7e9d1938dea6173", kill_on_drop: false }`
[INFO] [stderr]     Finished `test` profile [unoptimized + debuginfo] target(s) in 0.04s
[INFO] [stderr]      Running unittests src/lib.rs (/opt/rustwide/target/debug/deps/tokio_retry2-7a00e283ba254b51)
[INFO] [stdout] 
[INFO] [stdout] running 39 tests
[INFO] [stdout] test error::test::create_transient_error_with_retry_after ... ok
[INFO] [stdout] test error::test::cause_transient_error ... ok
[INFO] [stdout] test error::test::cause_permanent_error ... ok
[INFO] [stdout] test error::test::debug_transient_error ... ok
[INFO] [stdout] test error::test::debug_permanent_error ... ok
[INFO] [stdout] test error::test::create_permanent_error ... ok
[INFO] [stdout] test error::test::description_permanent_error ... ok
[INFO] [stdout] test error::test::description_transient_error ... ok
[INFO] [stdout] test error::test::create_transient_error ... ok
[INFO] [stdout] test error::test::fmt_permanent_error ... ok
[INFO] [stdout] test error::test::fmt_transient_error ... ok
[INFO] [stdout] test error::test::map_permanent_keeps_ok ... ok
[INFO] [stdout] test error::test::map_permanent_maps_err ... ok
[INFO] [stdout] test error::test::map_transient_keeps_ok ... ok
[INFO] [stdout] test error::test::source_permanent_error ... ok
[INFO] [stdout] test error::test::map_transient_maps_err ... ok
[INFO] [stdout] test error::test::source_transient_error ... ok
[INFO] [stdout] test strategy::exponential_backoff::tests::can_use_factor_to_get_seconds ... ok
[INFO] [stdout] test strategy::exponential_backoff::tests::returns_max_when_max_less_than_base ... ok
[INFO] [stdout] test strategy::exponential_backoff::tests::returns_some_exponential_base_10 ... ok
[INFO] [stdout] test strategy::exponential_backoff::tests::returns_some_exponential_base_2 ... ok
[INFO] [stdout] test strategy::exponential_backoff::tests::saturates_at_maximum_value ... ok
[INFO] [stdout] test strategy::exponential_backoff::tests::stops_increasing_at_max_delay ... ok
[INFO] [stdout] test strategy::exponential_factor_backoff::tests::demo ... ok
[INFO] [stdout] test strategy::exponential_factor_backoff::tests::returns_max_when_max_less_than_base ... ok
[INFO] [stdout] test strategy::exponential_factor_backoff::tests::returns_some_exponential_base_10 ... ok
[INFO] [stdout] test strategy::exponential_factor_backoff::tests::returns_some_exponential_base_2 ... ok
[INFO] [stdout] test strategy::exponential_factor_backoff::tests::can_use_factor_to_get_seconds ... ok
[INFO] [stdout] test strategy::exponential_factor_backoff::tests::returns_some_exponential_base_4 ... ok
[INFO] [stdout] test strategy::exponential_factor_backoff::tests::saturates_at_maximum_value ... ok
[INFO] [stdout] test strategy::exponential_factor_backoff::tests::stops_increasing_at_max_delay ... ok
[INFO] [stdout] test strategy::fibonacci_backoff::tests::can_use_factor_to_get_seconds ... ok
[INFO] [stdout] test strategy::fibonacci_backoff::tests::stops_increasing_at_max_delay ... ok
[INFO] [stdout] test strategy::fixed_interval::tests::returns_some_fixed ... ok
[INFO] [stdout] test strategy::fibonacci_backoff::tests::returns_max_when_max_less_than_base ... ok
[INFO] [stdout] test strategy::fibonacci_backoff::tests::returns_the_fibonacci_series_starting_at_10 ... ok
[INFO] [stdout] test strategy::fibonacci_backoff::tests::saturates_at_maximum_value ... ok
[INFO] [stdout] test strategy::max_interval::tests::returns_none_after_max_interval_passes ... ok
[INFO] [stderr]      Running tests/future.rs (/opt/rustwide/target/debug/deps/future-b4bcbdf9239c6e78)
[INFO] [stdout] test strategy::max_interval::tests::returns_none_after_max_duration_passes ... ok
[INFO] [stdout] 
[INFO] [stdout] test result: ok. 39 passed; 0 failed; 0 ignored; 0 measured; 0 filtered out; finished in 0.13s
[INFO] [stdout] 
[INFO] [stdout] 
[INFO] [stdout] running 8 tests
[INFO] [stdout] test attempts_just_once ... ok
[INFO] [stdout] test doesnt_attempt_on_permanent ... ok
[INFO] [stdout] test notify_retry_after_duration ... ok
[INFO] [stdout] test notify_retry ... ok
[INFO] [stdout] test attempts_until_max_retries_exceeded ... ok
[INFO] [stdout] test attempts_retry_only_if_given_condition_is_true ... ok
[INFO] [stderr]    Doc-tests tokio_retry2
[INFO] [stdout] test compatible_with_tokio_core ... ok
[INFO] [stdout] test attempts_until_success ... ok
[INFO] [stdout] 
[INFO] [stdout] test result: ok. 8 passed; 0 failed; 0 ignored; 0 measured; 0 filtered out; finished in 0.30s
[INFO] [stdout] 
[INFO] [stdout] 
[INFO] [stdout] running 4 tests
[INFO] [stdout] test src/lib.rs - (line 75) - compile ... ok
[INFO] [stdout] test src/lib.rs - (line 45) - compile ... ok
[INFO] [stdout] test src/lib.rs - (line 132) - compile ... FAILED
[INFO] [stdout] test src/lib.rs - (line 120) - compile ... FAILED
[INFO] [stdout] 
[INFO] [stdout] failures:
[INFO] [stdout] 
[INFO] [stdout] ---- src/lib.rs - (line 132) stdout ----
[INFO] [stdout] error[E0432]: unresolved import `tokio_retry2::strategy::jitter_range`
[INFO] [stdout]   --> src/lib.rs:135:56
[INFO] [stdout]    |
[INFO] [stdout] 6  | use tokio_retry2::strategy::{ExponentialFactorBackoff, jitter_range, MaxInterval};
[INFO] [stdout]    |                                                        ^^^^^^^^^^^^ no `jitter_range` in `strategy`
[INFO] [stdout]    |
[INFO] [stdout] note: found an item that was configured out
[INFO] [stdout]   --> /opt/rustwide/workdir/src/strategy/mod.rs:16:32
[INFO] [stdout]    |
[INFO] [stdout] 16 | pub use self::jitter::{jitter, jitter_range};
[INFO] [stdout]    |                                ^^^^^^^^^^^^
[INFO] [stdout] note: the item is gated behind the `jitter` feature
[INFO] [stdout]   --> /opt/rustwide/workdir/src/strategy/mod.rs:15:7
[INFO] [stdout]    |
[INFO] [stdout] 15 | #[cfg(feature = "jitter")]
[INFO] [stdout]    |       ^^^^^^^^^^^^^^^^^^
[INFO] [stdout] 
[INFO] [stdout] error: aborting due to 1 previous error
[INFO] [stdout] 
[INFO] [stdout] For more information about this error, try `rustc --explain E0432`.
[INFO] [stdout] Couldn't compile the test.
[INFO] [stdout] ---- src/lib.rs - (line 120) stdout ----
[INFO] [stdout] error[E0432]: unresolved import `tokio_retry2::strategy::jitter`
[INFO] [stdout]   --> src/lib.rs:123:50
[INFO] [stdout]    |
[INFO] [stdout] 6  | use tokio_retry2::strategy::{ExponentialBackoff, jitter, MaxInterval};
[INFO] [stdout]    |                                                  ^^^^^^ no `jitter` in `strategy`
[INFO] [stdout]    |
[INFO] [stdout] note: found an item that was configured out
[INFO] [stdout]   --> /opt/rustwide/workdir/src/strategy/mod.rs:6:5
[INFO] [stdout]    |
[INFO] [stdout] 6  | mod jitter;
[INFO] [stdout]    |     ^^^^^^
[INFO] [stdout] note: the item is gated behind the `jitter` feature
[INFO] [stdout]   --> /opt/rustwide/workdir/src/strategy/mod.rs:5:7
[INFO] [stdout]    |
[INFO] [stdout] 5  | #[cfg(feature = "jitter")]
[INFO] [stdout]    |       ^^^^^^^^^^^^^^^^^^
[INFO] [stdout] note: found an item that was configured out
[INFO] [stdout]   --> /opt/rustwide/workdir/src/strategy/mod.rs:16:24
[INFO] [stdout]    |
[INFO] [stdout] 16 | pub use self::jitter::{jitter, jitter_range};
[INFO] [stdout]    |                        ^^^^^^
[INFO] [stdout] note: the item is gated behind the `jitter` feature
[INFO] [stdout]   --> /opt/rustwide/workdir/src/strategy/mod.rs:15:7
[INFO] [stdout]    |
[INFO] [stdout] 15 | #[cfg(feature = "jitter")]
[INFO] [stdout]    |       ^^^^^^^^^^^^^^^^^^
[INFO] [stdout] 
[INFO] [stdout] error: aborting due to 1 previous error
[INFO] [stdout] 
[INFO] [stdout] For more information about this error, try `rustc --explain E0432`.
[INFO] [stdout] Couldn't compile the test.
[INFO] [stdout] 
[INFO] [stdout] failures:
[INFO] [stdout]     src/lib.rs - (line 120)
[INFO] [stdout]     src/lib.rs - (line 132)
[INFO] [stdout] 
[INFO] [stdout] test result: FAILED. 2 passed; 2 failed; 0 ignored; 0 measured; 0 filtered out; finished in 0.08s
[INFO] [stdout] 
[INFO] [stderr] error: doctest failed, to rerun pass `--doc`
[INFO] running `Command { std: "docker" "inspect" "e90ab3cbafe3017c7f25d9d9bab7637abb4d0586fa7bb3cec7e9d1938dea6173", kill_on_drop: false }`
[INFO] running `Command { std: "docker" "rm" "-f" "e90ab3cbafe3017c7f25d9d9bab7637abb4d0586fa7bb3cec7e9d1938dea6173", kill_on_drop: false }`
[INFO] [stdout] e90ab3cbafe3017c7f25d9d9bab7637abb4d0586fa7bb3cec7e9d1938dea6173
