[INFO] fetching crate tokio-postgres-macros 0.2.0...
[INFO] testing tokio-postgres-macros-0.2.0 against beta-2024-12-08 for beta-1.84.0-4-retry
[INFO] extracting crate tokio-postgres-macros 0.2.0 into /workspace/builds/worker-6-tc2/source
[INFO] validating manifest of crates.io crate tokio-postgres-macros 0.2.0 on toolchain beta-2024-12-08
[INFO] running `Command { std: CARGO_HOME="/workspace/cargo-home" RUSTUP_HOME="/workspace/rustup-home" "/workspace/cargo-home/bin/cargo" "+beta-2024-12-08" "metadata" "--manifest-path" "Cargo.toml" "--no-deps", kill_on_drop: false }`
[INFO] started tweaking crates.io crate tokio-postgres-macros 0.2.0
[INFO] finished tweaking crates.io crate tokio-postgres-macros 0.2.0
[INFO] tweaked toml for crates.io crate tokio-postgres-macros 0.2.0 written to /workspace/builds/worker-6-tc2/source/Cargo.toml
[INFO] running `Command { std: CARGO_HOME="/workspace/cargo-home" RUSTUP_HOME="/workspace/rustup-home" "/workspace/cargo-home/bin/cargo" "+beta-2024-12-08" "generate-lockfile" "--manifest-path" "Cargo.toml", kill_on_drop: false }`
[INFO] [stderr]     Updating crates.io index
[INFO] [stderr]      Locking 6 packages to latest compatible versions
[INFO] [stderr]       Adding quote2 v0.7.0 (available: v0.9.0)
[INFO] running `Command { std: CARGO_HOME="/workspace/cargo-home" RUSTUP_HOME="/workspace/rustup-home" "/workspace/cargo-home/bin/cargo" "+beta-2024-12-08" "fetch" "--manifest-path" "Cargo.toml", kill_on_drop: false }`
[INFO] running `Command { std: "docker" "create" "-v" "/var/lib/crater-agent-workspace/builds/worker-6-tc2/target:/opt/rustwide/target:rw,Z" "-v" "/var/lib/crater-agent-workspace/builds/worker-6-tc2/source:/opt/rustwide/workdir:ro,Z" "-v" "/var/lib/crater-agent-workspace/cargo-home:/opt/rustwide/cargo-home:ro,Z" "-v" "/var/lib/crater-agent-workspace/rustup-home:/opt/rustwide/rustup-home:ro,Z" "-e" "SOURCE_DIR=/opt/rustwide/workdir" "-e" "CARGO_TARGET_DIR=/opt/rustwide/target" "-e" "CARGO_HOME=/opt/rustwide/cargo-home" "-e" "RUSTUP_HOME=/opt/rustwide/rustup-home" "-w" "/opt/rustwide/workdir" "-m" "1610612736" "--user" "0:0" "--network" "none" "ghcr.io/rust-lang/crates-build-env/linux@sha256:f3a9d4ad9d972b27faf3965f35b62e55ba32bbce8f20bc8fe909558a86702fde" "/opt/rustwide/cargo-home/bin/cargo" "+beta-2024-12-08" "metadata" "--no-deps" "--format-version=1", kill_on_drop: false }`
[INFO] [stdout] ec58128a9acceabcb5a385ab57e577578ddb05dc43a4927066a6a0d6d4b89aef
[INFO] running `Command { std: "docker" "start" "-a" "ec58128a9acceabcb5a385ab57e577578ddb05dc43a4927066a6a0d6d4b89aef", kill_on_drop: false }`
[INFO] running `Command { std: "docker" "inspect" "ec58128a9acceabcb5a385ab57e577578ddb05dc43a4927066a6a0d6d4b89aef", kill_on_drop: false }`
[INFO] running `Command { std: "docker" "rm" "-f" "ec58128a9acceabcb5a385ab57e577578ddb05dc43a4927066a6a0d6d4b89aef", kill_on_drop: false }`
[INFO] [stdout] ec58128a9acceabcb5a385ab57e577578ddb05dc43a4927066a6a0d6d4b89aef
[INFO] running `Command { std: "docker" "create" "-v" "/var/lib/crater-agent-workspace/builds/worker-6-tc2/target:/opt/rustwide/target:rw,Z" "-v" "/var/lib/crater-agent-workspace/builds/worker-6-tc2/source:/opt/rustwide/workdir:ro,Z" "-v" "/var/lib/crater-agent-workspace/cargo-home:/opt/rustwide/cargo-home:ro,Z" "-v" "/var/lib/crater-agent-workspace/rustup-home:/opt/rustwide/rustup-home:ro,Z" "-e" "SOURCE_DIR=/opt/rustwide/workdir" "-e" "CARGO_TARGET_DIR=/opt/rustwide/target" "-e" "CARGO_INCREMENTAL=0" "-e" "RUST_BACKTRACE=full" "-e" "RUSTFLAGS=--cap-lints=warn" "-e" "RUSTDOCFLAGS=--cap-lints=warn" "-e" "CARGO_HOME=/opt/rustwide/cargo-home" "-e" "RUSTUP_HOME=/opt/rustwide/rustup-home" "-w" "/opt/rustwide/workdir" "-m" "1610612736" "--user" "0:0" "--network" "none" "ghcr.io/rust-lang/crates-build-env/linux@sha256:f3a9d4ad9d972b27faf3965f35b62e55ba32bbce8f20bc8fe909558a86702fde" "/opt/rustwide/cargo-home/bin/cargo" "+beta-2024-12-08" "build" "--frozen" "--message-format=json", kill_on_drop: false }`
[INFO] [stdout] 4267bbe29a1c472063a7b570f73e3813ad4b00059010bcf708d0f15a1aefbe1c
[INFO] running `Command { std: "docker" "start" "-a" "4267bbe29a1c472063a7b570f73e3813ad4b00059010bcf708d0f15a1aefbe1c", kill_on_drop: false }`
[INFO] [stderr]    Compiling proc-macro2 v1.0.92
[INFO] [stderr]    Compiling unicode-ident v1.0.14
[INFO] [stderr]    Compiling quote2-macros v0.7.0
[INFO] [stderr]    Compiling quote v1.0.37
[INFO] [stderr]    Compiling quote2 v0.7.0
[INFO] [stderr]    Compiling syn v2.0.90
[INFO] [stderr]    Compiling tokio-postgres-macros v0.2.0 (/opt/rustwide/workdir)
[INFO] [stderr]     Finished `dev` profile [unoptimized + debuginfo] target(s) in 4.50s
[INFO] running `Command { std: "docker" "inspect" "4267bbe29a1c472063a7b570f73e3813ad4b00059010bcf708d0f15a1aefbe1c", kill_on_drop: false }`
[INFO] running `Command { std: "docker" "rm" "-f" "4267bbe29a1c472063a7b570f73e3813ad4b00059010bcf708d0f15a1aefbe1c", kill_on_drop: false }`
[INFO] [stdout] 4267bbe29a1c472063a7b570f73e3813ad4b00059010bcf708d0f15a1aefbe1c
[INFO] running `Command { std: "docker" "create" "-v" "/var/lib/crater-agent-workspace/builds/worker-6-tc2/target:/opt/rustwide/target:rw,Z" "-v" "/var/lib/crater-agent-workspace/builds/worker-6-tc2/source:/opt/rustwide/workdir:ro,Z" "-v" "/var/lib/crater-agent-workspace/cargo-home:/opt/rustwide/cargo-home:ro,Z" "-v" "/var/lib/crater-agent-workspace/rustup-home:/opt/rustwide/rustup-home:ro,Z" "-e" "SOURCE_DIR=/opt/rustwide/workdir" "-e" "CARGO_TARGET_DIR=/opt/rustwide/target" "-e" "CARGO_INCREMENTAL=0" "-e" "RUST_BACKTRACE=full" "-e" "RUSTFLAGS=--cap-lints=warn" "-e" "RUSTDOCFLAGS=--cap-lints=warn" "-e" "CARGO_HOME=/opt/rustwide/cargo-home" "-e" "RUSTUP_HOME=/opt/rustwide/rustup-home" "-w" "/opt/rustwide/workdir" "-m" "1610612736" "--user" "0:0" "--network" "none" "ghcr.io/rust-lang/crates-build-env/linux@sha256:f3a9d4ad9d972b27faf3965f35b62e55ba32bbce8f20bc8fe909558a86702fde" "/opt/rustwide/cargo-home/bin/cargo" "+beta-2024-12-08" "test" "--frozen" "--no-run" "--message-format=json", kill_on_drop: false }`
[INFO] [stdout] 496579bd4a40e0bfce115cd32d65f92ddb43dddb9a73bd5aa548fcbf111b515b
[INFO] running `Command { std: "docker" "start" "-a" "496579bd4a40e0bfce115cd32d65f92ddb43dddb9a73bd5aa548fcbf111b515b", kill_on_drop: false }`
[INFO] [stderr]    Compiling tokio-postgres-macros v0.2.0 (/opt/rustwide/workdir)
[INFO] [stderr]     Finished `test` profile [unoptimized + debuginfo] target(s) in 0.72s
[INFO] running `Command { std: "docker" "inspect" "496579bd4a40e0bfce115cd32d65f92ddb43dddb9a73bd5aa548fcbf111b515b", kill_on_drop: false }`
[INFO] running `Command { std: "docker" "rm" "-f" "496579bd4a40e0bfce115cd32d65f92ddb43dddb9a73bd5aa548fcbf111b515b", kill_on_drop: false }`
[INFO] [stdout] 496579bd4a40e0bfce115cd32d65f92ddb43dddb9a73bd5aa548fcbf111b515b
[INFO] running `Command { std: "docker" "create" "-v" "/var/lib/crater-agent-workspace/builds/worker-6-tc2/target:/opt/rustwide/target:rw,Z" "-v" "/var/lib/crater-agent-workspace/builds/worker-6-tc2/source:/opt/rustwide/workdir:ro,Z" "-v" "/var/lib/crater-agent-workspace/cargo-home:/opt/rustwide/cargo-home:ro,Z" "-v" "/var/lib/crater-agent-workspace/rustup-home:/opt/rustwide/rustup-home:ro,Z" "-e" "SOURCE_DIR=/opt/rustwide/workdir" "-e" "CARGO_TARGET_DIR=/opt/rustwide/target" "-e" "CARGO_INCREMENTAL=0" "-e" "RUST_BACKTRACE=full" "-e" "RUSTFLAGS=--cap-lints=warn" "-e" "RUSTDOCFLAGS=--cap-lints=warn" "-e" "CARGO_HOME=/opt/rustwide/cargo-home" "-e" "RUSTUP_HOME=/opt/rustwide/rustup-home" "-w" "/opt/rustwide/workdir" "-m" "1610612736" "--user" "0:0" "--network" "none" "ghcr.io/rust-lang/crates-build-env/linux@sha256:f3a9d4ad9d972b27faf3965f35b62e55ba32bbce8f20bc8fe909558a86702fde" "/opt/rustwide/cargo-home/bin/cargo" "+beta-2024-12-08" "test" "--frozen", kill_on_drop: false }`
[INFO] [stdout] d9169863d978dec6c5d3f9e948a8d523e7aa490999270b708ff44094f4145df5
[INFO] running `Command { std: "docker" "start" "-a" "d9169863d978dec6c5d3f9e948a8d523e7aa490999270b708ff44094f4145df5", kill_on_drop: false }`
[INFO] [stderr]     Finished `test` profile [unoptimized + debuginfo] target(s) in 0.02s
[INFO] [stderr]      Running unittests src/lib.rs (/opt/rustwide/target/debug/deps/tokio_postgres_macros-2319118828cc5577)
[INFO] [stdout] 
[INFO] [stdout] running 0 tests
[INFO] [stderr]    Doc-tests tokio_postgres_macros
[INFO] [stdout] 
[INFO] [stdout] test result: ok. 0 passed; 0 failed; 0 ignored; 0 measured; 0 filtered out; finished in 0.00s
[INFO] [stdout] 
[INFO] [stdout] 
[INFO] [stdout] running 2 tests
[INFO] [stdout] test src/lib.rs - from_row (line 9) ... FAILED
[INFO] [stdout] test src/lib.rs - from_row (line 21) ... FAILED
[INFO] [stdout] 
[INFO] [stdout] failures:
[INFO] [stdout] 
[INFO] [stdout] ---- src/lib.rs - from_row (line 9) stdout ----
[INFO] [stdout] error[E0432]: unresolved import `tokio_postgres_utils`
[INFO] [stdout]  --> src/lib.rs:10:5
[INFO] [stdout]   |
[INFO] [stdout] 3 | use tokio_postgres_utils::FromRow;
[INFO] [stdout]   |     ^^^^^^^^^^^^^^^^^^^^ use of undeclared crate or module `tokio_postgres_utils`
[INFO] [stdout]   |
[INFO] [stdout] help: there is a crate or module with a similar name
[INFO] [stdout]   |
[INFO] [stdout] 3 | use tokio_postgres_macros::FromRow;
[INFO] [stdout]   |     ~~~~~~~~~~~~~~~~~~~~~
[INFO] [stdout] 
[INFO] [stdout] error: aborting due to 1 previous error
[INFO] [stdout] 
[INFO] [stdout] For more information about this error, try `rustc --explain E0432`.
[INFO] [stdout] Couldn't compile the test.
[INFO] [stdout] ---- src/lib.rs - from_row (line 21) stdout ----
[INFO] [stdout] error[E0412]: cannot find type `Row` in this scope
[INFO] [stdout]  --> src/lib.rs:22:12
[INFO] [stdout]   |
[INFO] [stdout] 3 | impl From<&Row> for User {
[INFO] [stdout]   |            ^^^ not found in this scope
[INFO] [stdout]   |
[INFO] [stdout] help: you might be missing a type parameter
[INFO] [stdout]   |
[INFO] [stdout] 3 | impl<Row> From<&Row> for User {
[INFO] [stdout]   |     +++++
[INFO] [stdout] 
[INFO] [stdout] error[E0412]: cannot find type `User` in this scope
[INFO] [stdout]  --> src/lib.rs:22:21
[INFO] [stdout]   |
[INFO] [stdout] 3 | impl From<&Row> for User {
[INFO] [stdout]   |                     ^^^^ not found in this scope
[INFO] [stdout] 
[INFO] [stdout] error[E0412]: cannot find type `Row` in this scope
[INFO] [stdout]  --> src/lib.rs:23:19
[INFO] [stdout]   |
[INFO] [stdout] 4 |     fn from(row: &Row) -> Self {
[INFO] [stdout]   |                   ^^^ not found in this scope
[INFO] [stdout] 
[INFO] [stdout] error: aborting due to 3 previous errors
[INFO] [stdout] 
[INFO] [stdout] For more information about this error, try `rustc --explain E0412`.
[INFO] [stdout] Couldn't compile the test.
[INFO] [stdout] 
[INFO] [stdout] failures:
[INFO] [stdout]     src/lib.rs - from_row (line 21)
[INFO] [stdout]     src/lib.rs - from_row (line 9)
[INFO] [stdout] 
[INFO] [stdout] test result: FAILED. 0 passed; 2 failed; 0 ignored; 0 measured; 0 filtered out; finished in 0.13s
[INFO] [stdout] 
[INFO] [stderr] error: doctest failed, to rerun pass `--doc`
[INFO] running `Command { std: "docker" "inspect" "d9169863d978dec6c5d3f9e948a8d523e7aa490999270b708ff44094f4145df5", kill_on_drop: false }`
[INFO] running `Command { std: "docker" "rm" "-f" "d9169863d978dec6c5d3f9e948a8d523e7aa490999270b708ff44094f4145df5", kill_on_drop: false }`
[INFO] [stdout] d9169863d978dec6c5d3f9e948a8d523e7aa490999270b708ff44094f4145df5
