[INFO] fetching crate tms9918a_emu 0.3.0...
[INFO] testing tms9918a_emu-0.3.0 against 1.83.0 for beta-1.84.0-4-retry
[INFO] extracting crate tms9918a_emu 0.3.0 into /workspace/builds/worker-4-tc1/source
[INFO] validating manifest of crates.io crate tms9918a_emu 0.3.0 on toolchain 1.83.0
[INFO] running `Command { std: CARGO_HOME="/workspace/cargo-home" RUSTUP_HOME="/workspace/rustup-home" "/workspace/cargo-home/bin/cargo" "+1.83.0" "metadata" "--manifest-path" "Cargo.toml" "--no-deps", kill_on_drop: false }`
[INFO] started tweaking crates.io crate tms9918a_emu 0.3.0
[INFO] finished tweaking crates.io crate tms9918a_emu 0.3.0
[INFO] tweaked toml for crates.io crate tms9918a_emu 0.3.0 written to /workspace/builds/worker-4-tc1/source/Cargo.toml
[INFO] running `Command { std: CARGO_HOME="/workspace/cargo-home" RUSTUP_HOME="/workspace/rustup-home" "/workspace/cargo-home/bin/cargo" "+1.83.0" "generate-lockfile" "--manifest-path" "Cargo.toml", kill_on_drop: false }`
[INFO] [stderr]     Updating crates.io index
[INFO] [stderr]      Locking 16 packages to latest compatible versions
[INFO] [stderr]       Adding rand v0.7.3 (available: v0.8.5)
[INFO] running `Command { std: CARGO_HOME="/workspace/cargo-home" RUSTUP_HOME="/workspace/rustup-home" "/workspace/cargo-home/bin/cargo" "+1.83.0" "fetch" "--manifest-path" "Cargo.toml", kill_on_drop: false }`
[INFO] running `Command { std: "docker" "create" "-v" "/var/lib/crater-agent-workspace/builds/worker-4-tc1/target:/opt/rustwide/target:rw,Z" "-v" "/var/lib/crater-agent-workspace/builds/worker-4-tc1/source:/opt/rustwide/workdir:ro,Z" "-v" "/var/lib/crater-agent-workspace/cargo-home:/opt/rustwide/cargo-home:ro,Z" "-v" "/var/lib/crater-agent-workspace/rustup-home:/opt/rustwide/rustup-home:ro,Z" "-e" "SOURCE_DIR=/opt/rustwide/workdir" "-e" "CARGO_TARGET_DIR=/opt/rustwide/target" "-e" "CARGO_HOME=/opt/rustwide/cargo-home" "-e" "RUSTUP_HOME=/opt/rustwide/rustup-home" "-w" "/opt/rustwide/workdir" "-m" "1610612736" "--user" "0:0" "--network" "none" "ghcr.io/rust-lang/crates-build-env/linux@sha256:f3a9d4ad9d972b27faf3965f35b62e55ba32bbce8f20bc8fe909558a86702fde" "/opt/rustwide/cargo-home/bin/cargo" "+1.83.0" "metadata" "--no-deps" "--format-version=1", kill_on_drop: false }`
[INFO] [stdout] bc505a779cfaa3e4c59310e31aecf232d7cee2889b585dbd5f94a496d8d95168
[INFO] running `Command { std: "docker" "start" "-a" "bc505a779cfaa3e4c59310e31aecf232d7cee2889b585dbd5f94a496d8d95168", kill_on_drop: false }`
[INFO] running `Command { std: "docker" "inspect" "bc505a779cfaa3e4c59310e31aecf232d7cee2889b585dbd5f94a496d8d95168", kill_on_drop: false }`
[INFO] running `Command { std: "docker" "rm" "-f" "bc505a779cfaa3e4c59310e31aecf232d7cee2889b585dbd5f94a496d8d95168", kill_on_drop: false }`
[INFO] [stdout] bc505a779cfaa3e4c59310e31aecf232d7cee2889b585dbd5f94a496d8d95168
[INFO] running `Command { std: "docker" "create" "-v" "/var/lib/crater-agent-workspace/builds/worker-4-tc1/target:/opt/rustwide/target:rw,Z" "-v" "/var/lib/crater-agent-workspace/builds/worker-4-tc1/source:/opt/rustwide/workdir:ro,Z" "-v" "/var/lib/crater-agent-workspace/cargo-home:/opt/rustwide/cargo-home:ro,Z" "-v" "/var/lib/crater-agent-workspace/rustup-home:/opt/rustwide/rustup-home:ro,Z" "-e" "SOURCE_DIR=/opt/rustwide/workdir" "-e" "CARGO_TARGET_DIR=/opt/rustwide/target" "-e" "CARGO_INCREMENTAL=0" "-e" "RUST_BACKTRACE=full" "-e" "RUSTFLAGS=--cap-lints=warn" "-e" "RUSTDOCFLAGS=--cap-lints=warn" "-e" "CARGO_HOME=/opt/rustwide/cargo-home" "-e" "RUSTUP_HOME=/opt/rustwide/rustup-home" "-w" "/opt/rustwide/workdir" "-m" "1610612736" "--user" "0:0" "--network" "none" "ghcr.io/rust-lang/crates-build-env/linux@sha256:f3a9d4ad9d972b27faf3965f35b62e55ba32bbce8f20bc8fe909558a86702fde" "/opt/rustwide/cargo-home/bin/cargo" "+1.83.0" "build" "--frozen" "--message-format=json", kill_on_drop: false }`
[INFO] [stdout] a26cad2a1a47187ff0afbff2bb6ece18b625f1ae6d650b7c9bc75eab0134b056
[INFO] running `Command { std: "docker" "start" "-a" "a26cad2a1a47187ff0afbff2bb6ece18b625f1ae6d650b7c9bc75eab0134b056", kill_on_drop: false }`
[INFO] [stderr]    Compiling proc-macro2 v1.0.92
[INFO] [stderr]    Compiling unicode-ident v1.0.14
[INFO] [stderr]    Compiling libc v0.2.168
[INFO] [stderr]    Compiling getrandom v0.1.16
[INFO] [stderr]    Compiling byteorder v1.5.0
[INFO] [stderr]    Compiling cfg-if v1.0.0
[INFO] [stderr]    Compiling quote v1.0.37
[INFO] [stderr]    Compiling syn v2.0.90
[INFO] [stderr]    Compiling rand_core v0.5.1
[INFO] [stderr]    Compiling zerocopy-derive v0.7.35
[INFO] [stderr]    Compiling zerocopy v0.7.35
[INFO] [stderr]    Compiling ppv-lite86 v0.2.20
[INFO] [stderr]    Compiling rand_chacha v0.2.2
[INFO] [stderr]    Compiling rand v0.7.3
[INFO] [stderr]    Compiling tms9918a_emu v0.3.0 (/opt/rustwide/workdir)
[INFO] [stderr]     Finished `dev` profile [unoptimized + debuginfo] target(s) in 8.36s
[INFO] running `Command { std: "docker" "inspect" "a26cad2a1a47187ff0afbff2bb6ece18b625f1ae6d650b7c9bc75eab0134b056", kill_on_drop: false }`
[INFO] running `Command { std: "docker" "rm" "-f" "a26cad2a1a47187ff0afbff2bb6ece18b625f1ae6d650b7c9bc75eab0134b056", kill_on_drop: false }`
[INFO] [stdout] a26cad2a1a47187ff0afbff2bb6ece18b625f1ae6d650b7c9bc75eab0134b056
[INFO] running `Command { std: "docker" "create" "-v" "/var/lib/crater-agent-workspace/builds/worker-4-tc1/target:/opt/rustwide/target:rw,Z" "-v" "/var/lib/crater-agent-workspace/builds/worker-4-tc1/source:/opt/rustwide/workdir:ro,Z" "-v" "/var/lib/crater-agent-workspace/cargo-home:/opt/rustwide/cargo-home:ro,Z" "-v" "/var/lib/crater-agent-workspace/rustup-home:/opt/rustwide/rustup-home:ro,Z" "-e" "SOURCE_DIR=/opt/rustwide/workdir" "-e" "CARGO_TARGET_DIR=/opt/rustwide/target" "-e" "CARGO_INCREMENTAL=0" "-e" "RUST_BACKTRACE=full" "-e" "RUSTFLAGS=--cap-lints=warn" "-e" "RUSTDOCFLAGS=--cap-lints=warn" "-e" "CARGO_HOME=/opt/rustwide/cargo-home" "-e" "RUSTUP_HOME=/opt/rustwide/rustup-home" "-w" "/opt/rustwide/workdir" "-m" "1610612736" "--user" "0:0" "--network" "none" "ghcr.io/rust-lang/crates-build-env/linux@sha256:f3a9d4ad9d972b27faf3965f35b62e55ba32bbce8f20bc8fe909558a86702fde" "/opt/rustwide/cargo-home/bin/cargo" "+1.83.0" "test" "--frozen" "--no-run" "--message-format=json", kill_on_drop: false }`
[INFO] [stdout] 47ac204488e76c785c5019845a977b37829262b760e40044043301897ef612ab
[INFO] running `Command { std: "docker" "start" "-a" "47ac204488e76c785c5019845a977b37829262b760e40044043301897ef612ab", kill_on_drop: false }`
[INFO] [stderr]    Compiling tms9918a_emu v0.3.0 (/opt/rustwide/workdir)
[INFO] [stderr]     Finished `test` profile [unoptimized + debuginfo] target(s) in 0.46s
[INFO] running `Command { std: "docker" "inspect" "47ac204488e76c785c5019845a977b37829262b760e40044043301897ef612ab", kill_on_drop: false }`
[INFO] running `Command { std: "docker" "rm" "-f" "47ac204488e76c785c5019845a977b37829262b760e40044043301897ef612ab", kill_on_drop: false }`
[INFO] [stdout] 47ac204488e76c785c5019845a977b37829262b760e40044043301897ef612ab
[INFO] running `Command { std: "docker" "create" "-v" "/var/lib/crater-agent-workspace/builds/worker-4-tc1/target:/opt/rustwide/target:rw,Z" "-v" "/var/lib/crater-agent-workspace/builds/worker-4-tc1/source:/opt/rustwide/workdir:ro,Z" "-v" "/var/lib/crater-agent-workspace/cargo-home:/opt/rustwide/cargo-home:ro,Z" "-v" "/var/lib/crater-agent-workspace/rustup-home:/opt/rustwide/rustup-home:ro,Z" "-e" "SOURCE_DIR=/opt/rustwide/workdir" "-e" "CARGO_TARGET_DIR=/opt/rustwide/target" "-e" "CARGO_INCREMENTAL=0" "-e" "RUST_BACKTRACE=full" "-e" "RUSTFLAGS=--cap-lints=warn" "-e" "RUSTDOCFLAGS=--cap-lints=warn" "-e" "CARGO_HOME=/opt/rustwide/cargo-home" "-e" "RUSTUP_HOME=/opt/rustwide/rustup-home" "-w" "/opt/rustwide/workdir" "-m" "1610612736" "--user" "0:0" "--network" "none" "ghcr.io/rust-lang/crates-build-env/linux@sha256:f3a9d4ad9d972b27faf3965f35b62e55ba32bbce8f20bc8fe909558a86702fde" "/opt/rustwide/cargo-home/bin/cargo" "+1.83.0" "test" "--frozen", kill_on_drop: false }`
[INFO] [stdout] b0110d03cb6e46e3957b599ed371f612a39dfabc26d6fc6d003b606f564263ea
[INFO] running `Command { std: "docker" "start" "-a" "b0110d03cb6e46e3957b599ed371f612a39dfabc26d6fc6d003b606f564263ea", kill_on_drop: false }`
[INFO] [stderr]     Finished `test` profile [unoptimized + debuginfo] target(s) in 0.03s
[INFO] [stderr]      Running unittests src/lib.rs (/opt/rustwide/target/debug/deps/tms9918a_emu-8999ce0de14ecb45)
[INFO] [stdout] 
[INFO] [stdout] running 0 tests
[INFO] [stdout] 
[INFO] [stderr]    Doc-tests tms9918a_emu
[INFO] [stdout] test result: ok. 0 passed; 0 failed; 0 ignored; 0 measured; 0 filtered out; finished in 0.00s
[INFO] [stdout] 
[INFO] [stdout] 
[INFO] [stdout] running 9 tests
[INFO] [stdout] test src/lib.rs - TMS9918A::set_pattern_table_multiplier (line 468) - compile ... ok
[INFO] [stdout] test src/lib.rs - TMS9918A::fill_color_table (line 427) - compile ... ok
[INFO] [stdout] test src/lib.rs - TMS9918A::set_color_table_multiplier (line 408) - compile ... ok
[INFO] [stdout] test src/lib.rs - TMS9918A::fill_pattern_table (line 490) - compile ... ok
[INFO] [stdout] test src/lib.rs - TMS9918A::set_name_table_multiplier (line 328) - compile ... ok
[INFO] [stdout] test src/lib.rs - TMS9918A::update (line 98) - compile ... FAILED
[INFO] [stdout] test src/lib.rs - TMS9918A::new (line 67) - compile ... ok
[INFO] [stdout] test src/lib.rs - TMS9918A::fill_name_table (line 350) - compile ... ok
[INFO] [stdout] test src/lib.rs - TMS9918A::set_video_mode (line 223) - compile ... ok
[INFO] [stdout] 
[INFO] [stdout] failures:
[INFO] [stdout] 
[INFO] [stdout] ---- src/lib.rs - TMS9918A::update (line 98) stdout ----
[INFO] [stdout] error[E0609]: no field `window` on type `TMS9918A`
[INFO] [stdout]  --> src/lib.rs:104:11
[INFO] [stdout]   |
[INFO] [stdout] 8 | while vdp.window.is_open() {
[INFO] [stdout]   |           ^^^^^^ unknown field
[INFO] [stdout]   |
[INFO] [stdout]   = note: available fields are: `frame`, `frame_width`, `frame_height`, `vdp_ram`
[INFO] [stdout] 
[INFO] [stdout] error: aborting due to 1 previous error
[INFO] [stdout] 
[INFO] [stdout] For more information about this error, try `rustc --explain E0609`.
[INFO] [stdout] Couldn't compile the test.
[INFO] [stdout] 
[INFO] [stdout] failures:
[INFO] [stdout]     src/lib.rs - TMS9918A::update (line 98)
[INFO] [stdout] 
[INFO] [stdout] test result: FAILED. 8 passed; 1 failed; 0 ignored; 0 measured; 0 filtered out; finished in 0.20s
[INFO] [stdout] 
[INFO] [stderr] error: doctest failed, to rerun pass `--doc`
[INFO] running `Command { std: "docker" "inspect" "b0110d03cb6e46e3957b599ed371f612a39dfabc26d6fc6d003b606f564263ea", kill_on_drop: false }`
[INFO] running `Command { std: "docker" "rm" "-f" "b0110d03cb6e46e3957b599ed371f612a39dfabc26d6fc6d003b606f564263ea", kill_on_drop: false }`
[INFO] [stdout] b0110d03cb6e46e3957b599ed371f612a39dfabc26d6fc6d003b606f564263ea
