[INFO] fetching crate tmc2209_pi 0.1.0...
[INFO] testing tmc2209_pi-0.1.0 against beta-2024-12-08 for beta-1.84.0-4-retry
[INFO] extracting crate tmc2209_pi 0.1.0 into /workspace/builds/worker-5-tc2/source
[INFO] validating manifest of crates.io crate tmc2209_pi 0.1.0 on toolchain beta-2024-12-08
[INFO] running `Command { std: CARGO_HOME="/workspace/cargo-home" RUSTUP_HOME="/workspace/rustup-home" "/workspace/cargo-home/bin/cargo" "+beta-2024-12-08" "metadata" "--manifest-path" "Cargo.toml" "--no-deps", kill_on_drop: false }`
[INFO] started tweaking crates.io crate tmc2209_pi 0.1.0
[INFO] finished tweaking crates.io crate tmc2209_pi 0.1.0
[INFO] tweaked toml for crates.io crate tmc2209_pi 0.1.0 written to /workspace/builds/worker-5-tc2/source/Cargo.toml
[INFO] running `Command { std: CARGO_HOME="/workspace/cargo-home" RUSTUP_HOME="/workspace/rustup-home" "/workspace/cargo-home/bin/cargo" "+beta-2024-12-08" "generate-lockfile" "--manifest-path" "Cargo.toml", kill_on_drop: false }`
[INFO] [stderr]     Updating crates.io index
[INFO] [stderr]      Locking 19 packages to latest compatible versions
[INFO] [stderr]       Adding rppal v0.14.1 (available: v0.22.1)
[INFO] [stderr]       Adding thiserror v1.0.69 (available: v2.0.7)
[INFO] running `Command { std: CARGO_HOME="/workspace/cargo-home" RUSTUP_HOME="/workspace/rustup-home" "/workspace/cargo-home/bin/cargo" "+beta-2024-12-08" "fetch" "--manifest-path" "Cargo.toml", kill_on_drop: false }`
[INFO] running `Command { std: "docker" "create" "-v" "/var/lib/crater-agent-workspace/builds/worker-5-tc2/target:/opt/rustwide/target:rw,Z" "-v" "/var/lib/crater-agent-workspace/builds/worker-5-tc2/source:/opt/rustwide/workdir:ro,Z" "-v" "/var/lib/crater-agent-workspace/cargo-home:/opt/rustwide/cargo-home:ro,Z" "-v" "/var/lib/crater-agent-workspace/rustup-home:/opt/rustwide/rustup-home:ro,Z" "-e" "SOURCE_DIR=/opt/rustwide/workdir" "-e" "CARGO_TARGET_DIR=/opt/rustwide/target" "-e" "CARGO_HOME=/opt/rustwide/cargo-home" "-e" "RUSTUP_HOME=/opt/rustwide/rustup-home" "-w" "/opt/rustwide/workdir" "-m" "1610612736" "--user" "0:0" "--network" "none" "ghcr.io/rust-lang/crates-build-env/linux@sha256:f3a9d4ad9d972b27faf3965f35b62e55ba32bbce8f20bc8fe909558a86702fde" "/opt/rustwide/cargo-home/bin/cargo" "+beta-2024-12-08" "metadata" "--no-deps" "--format-version=1", kill_on_drop: false }`
[INFO] [stdout] 6618fa2a6accdf46ae1ae6a550c5790072a22f69f3a755597354c2e97887e566
[INFO] running `Command { std: "docker" "start" "-a" "6618fa2a6accdf46ae1ae6a550c5790072a22f69f3a755597354c2e97887e566", kill_on_drop: false }`
[INFO] running `Command { std: "docker" "inspect" "6618fa2a6accdf46ae1ae6a550c5790072a22f69f3a755597354c2e97887e566", kill_on_drop: false }`
[INFO] running `Command { std: "docker" "rm" "-f" "6618fa2a6accdf46ae1ae6a550c5790072a22f69f3a755597354c2e97887e566", kill_on_drop: false }`
[INFO] [stdout] 6618fa2a6accdf46ae1ae6a550c5790072a22f69f3a755597354c2e97887e566
[INFO] running `Command { std: "docker" "create" "-v" "/var/lib/crater-agent-workspace/builds/worker-5-tc2/target:/opt/rustwide/target:rw,Z" "-v" "/var/lib/crater-agent-workspace/builds/worker-5-tc2/source:/opt/rustwide/workdir:ro,Z" "-v" "/var/lib/crater-agent-workspace/cargo-home:/opt/rustwide/cargo-home:ro,Z" "-v" "/var/lib/crater-agent-workspace/rustup-home:/opt/rustwide/rustup-home:ro,Z" "-e" "SOURCE_DIR=/opt/rustwide/workdir" "-e" "CARGO_TARGET_DIR=/opt/rustwide/target" "-e" "CARGO_INCREMENTAL=0" "-e" "RUST_BACKTRACE=full" "-e" "RUSTFLAGS=--cap-lints=warn" "-e" "RUSTDOCFLAGS=--cap-lints=warn" "-e" "CARGO_HOME=/opt/rustwide/cargo-home" "-e" "RUSTUP_HOME=/opt/rustwide/rustup-home" "-w" "/opt/rustwide/workdir" "-m" "1610612736" "--user" "0:0" "--network" "none" "ghcr.io/rust-lang/crates-build-env/linux@sha256:f3a9d4ad9d972b27faf3965f35b62e55ba32bbce8f20bc8fe909558a86702fde" "/opt/rustwide/cargo-home/bin/cargo" "+beta-2024-12-08" "build" "--frozen" "--message-format=json", kill_on_drop: false }`
[INFO] [stdout] 67391b92daacc6724a64757340db43863b54d4f59a7a5c87628d95bb345b73f7
[INFO] running `Command { std: "docker" "start" "-a" "67391b92daacc6724a64757340db43863b54d4f59a7a5c87628d95bb345b73f7", kill_on_drop: false }`
[INFO] [stderr]    Compiling proc-macro2 v1.0.92
[INFO] [stderr]    Compiling unicode-ident v1.0.14
[INFO] [stderr]    Compiling syn v1.0.109
[INFO] [stderr]    Compiling radium v0.7.0
[INFO] [stderr]    Compiling serde v1.0.216
[INFO] [stderr]    Compiling tap v1.0.1
[INFO] [stderr]    Compiling libc v0.2.168
[INFO] [stderr]    Compiling thiserror v1.0.69
[INFO] [stderr]    Compiling anyhow v1.0.94
[INFO] [stderr]    Compiling funty v2.0.0
[INFO] [stderr]    Compiling packed_struct v0.10.1
[INFO] [stderr]    Compiling wyz v0.5.1
[INFO] [stderr]    Compiling bitvec v1.0.1
[INFO] [stderr]    Compiling quote v1.0.37
[INFO] [stderr]    Compiling syn v2.0.90
[INFO] [stderr]    Compiling rppal v0.14.1
[INFO] [stderr]    Compiling thiserror-impl v1.0.69
[INFO] [stderr]    Compiling packed_struct_codegen v0.10.1
[INFO] [stderr]    Compiling tmc2209_pi v0.1.0 (/opt/rustwide/workdir)
[INFO] [stderr]     Finished `dev` profile [unoptimized + debuginfo] target(s) in 12.34s
[INFO] running `Command { std: "docker" "inspect" "67391b92daacc6724a64757340db43863b54d4f59a7a5c87628d95bb345b73f7", kill_on_drop: false }`
[INFO] running `Command { std: "docker" "rm" "-f" "67391b92daacc6724a64757340db43863b54d4f59a7a5c87628d95bb345b73f7", kill_on_drop: false }`
[INFO] [stdout] 67391b92daacc6724a64757340db43863b54d4f59a7a5c87628d95bb345b73f7
[INFO] running `Command { std: "docker" "create" "-v" "/var/lib/crater-agent-workspace/builds/worker-5-tc2/target:/opt/rustwide/target:rw,Z" "-v" "/var/lib/crater-agent-workspace/builds/worker-5-tc2/source:/opt/rustwide/workdir:ro,Z" "-v" "/var/lib/crater-agent-workspace/cargo-home:/opt/rustwide/cargo-home:ro,Z" "-v" "/var/lib/crater-agent-workspace/rustup-home:/opt/rustwide/rustup-home:ro,Z" "-e" "SOURCE_DIR=/opt/rustwide/workdir" "-e" "CARGO_TARGET_DIR=/opt/rustwide/target" "-e" "CARGO_INCREMENTAL=0" "-e" "RUST_BACKTRACE=full" "-e" "RUSTFLAGS=--cap-lints=warn" "-e" "RUSTDOCFLAGS=--cap-lints=warn" "-e" "CARGO_HOME=/opt/rustwide/cargo-home" "-e" "RUSTUP_HOME=/opt/rustwide/rustup-home" "-w" "/opt/rustwide/workdir" "-m" "1610612736" "--user" "0:0" "--network" "none" "ghcr.io/rust-lang/crates-build-env/linux@sha256:f3a9d4ad9d972b27faf3965f35b62e55ba32bbce8f20bc8fe909558a86702fde" "/opt/rustwide/cargo-home/bin/cargo" "+beta-2024-12-08" "test" "--frozen" "--no-run" "--message-format=json", kill_on_drop: false }`
[INFO] [stdout] f004523482dc0b68ed3fe3a87ccd4eb8a8c11593887ca7940e3d1a6148f5a9a1
[INFO] running `Command { std: "docker" "start" "-a" "f004523482dc0b68ed3fe3a87ccd4eb8a8c11593887ca7940e3d1a6148f5a9a1", kill_on_drop: false }`
[INFO] [stderr]    Compiling tmc2209_pi v0.1.0 (/opt/rustwide/workdir)
[INFO] [stderr]     Finished `test` profile [unoptimized + debuginfo] target(s) in 0.63s
[INFO] running `Command { std: "docker" "inspect" "f004523482dc0b68ed3fe3a87ccd4eb8a8c11593887ca7940e3d1a6148f5a9a1", kill_on_drop: false }`
[INFO] running `Command { std: "docker" "rm" "-f" "f004523482dc0b68ed3fe3a87ccd4eb8a8c11593887ca7940e3d1a6148f5a9a1", kill_on_drop: false }`
[INFO] [stdout] f004523482dc0b68ed3fe3a87ccd4eb8a8c11593887ca7940e3d1a6148f5a9a1
[INFO] running `Command { std: "docker" "create" "-v" "/var/lib/crater-agent-workspace/builds/worker-5-tc2/target:/opt/rustwide/target:rw,Z" "-v" "/var/lib/crater-agent-workspace/builds/worker-5-tc2/source:/opt/rustwide/workdir:ro,Z" "-v" "/var/lib/crater-agent-workspace/cargo-home:/opt/rustwide/cargo-home:ro,Z" "-v" "/var/lib/crater-agent-workspace/rustup-home:/opt/rustwide/rustup-home:ro,Z" "-e" "SOURCE_DIR=/opt/rustwide/workdir" "-e" "CARGO_TARGET_DIR=/opt/rustwide/target" "-e" "CARGO_INCREMENTAL=0" "-e" "RUST_BACKTRACE=full" "-e" "RUSTFLAGS=--cap-lints=warn" "-e" "RUSTDOCFLAGS=--cap-lints=warn" "-e" "CARGO_HOME=/opt/rustwide/cargo-home" "-e" "RUSTUP_HOME=/opt/rustwide/rustup-home" "-w" "/opt/rustwide/workdir" "-m" "1610612736" "--user" "0:0" "--network" "none" "ghcr.io/rust-lang/crates-build-env/linux@sha256:f3a9d4ad9d972b27faf3965f35b62e55ba32bbce8f20bc8fe909558a86702fde" "/opt/rustwide/cargo-home/bin/cargo" "+beta-2024-12-08" "test" "--frozen", kill_on_drop: false }`
[INFO] [stdout] c8569fedd364b2759074db95f150f8161b606b857421fe870896b72d4a1698e0
[INFO] running `Command { std: "docker" "start" "-a" "c8569fedd364b2759074db95f150f8161b606b857421fe870896b72d4a1698e0", kill_on_drop: false }`
[INFO] [stderr]     Finished `test` profile [unoptimized + debuginfo] target(s) in 0.03s
[INFO] [stderr]      Running unittests src/lib.rs (/opt/rustwide/target/debug/deps/tmc2209_pi-f681cbf52832db7c)
[INFO] [stdout] 
[INFO] [stdout] running 0 tests
[INFO] [stdout] 
[INFO] [stdout] test result: ok. 0 passed; 0 failed; 0 ignored; 0 measured; 0 filtered out; finished in 0.00s
[INFO] [stdout] 
[INFO] [stderr]    Doc-tests tmc2209_pi
[INFO] [stdout] 
[INFO] [stdout] running 2 tests
[INFO] [stdout] test src/lib.rs - TMC2209::new (line 93) ... FAILED
[INFO] [stdout] test src/lib.rs - TMC2209::test_uart (line 223) ... FAILED
[INFO] [stdout] 
[INFO] [stdout] failures:
[INFO] [stdout] 
[INFO] [stdout] ---- src/lib.rs - TMC2209::new (line 93) stdout ----
[INFO] [stdout] error: expected `;`, found keyword `let`
[INFO] [stdout]  --> src/lib.rs:95:24
[INFO] [stdout]   |
[INFO] [stdout] 5 | use tmc2209_pi::TMC2209
[INFO] [stdout]   |                        ^ help: add `;` here
[INFO] [stdout] 6 | let mut tmc = TMC2209::new("/dev/serial0", 0x0, 115_200, 16, 20, 21, 26)
[INFO] [stdout]   | --- unexpected token
[INFO] [stdout] 
[INFO] [stdout] error: expected `;`, found `}`
[INFO] [stdout]  --> src/lib.rs:96:73
[INFO] [stdout]   |
[INFO] [stdout] 6 | let mut tmc = TMC2209::new("/dev/serial0", 0x0, 115_200, 16, 20, 21, 26)
[INFO] [stdout]   |                                                                         ^ help: add `;` here
[INFO] [stdout] 7 | } _doctest_main_src_lib_rs_93_0() }
[INFO] [stdout]   | - unexpected token
[INFO] [stdout] 
[INFO] [stdout] error: aborting due to 2 previous errors
[INFO] [stdout] 
[INFO] [stdout] Couldn't compile the test.
[INFO] [stdout] ---- src/lib.rs - TMC2209::test_uart (line 223) stdout ----
[INFO] [stdout] error[E0425]: cannot find value `tmc` in this scope
[INFO] [stdout]  --> src/lib.rs:224:4
[INFO] [stdout]   |
[INFO] [stdout] 3 | if tmc.test_uart().is_ok(){
[INFO] [stdout]   |    ^^^ not found in this scope
[INFO] [stdout] 
[INFO] [stdout] error: aborting due to 1 previous error
[INFO] [stdout] 
[INFO] [stdout] For more information about this error, try `rustc --explain E0425`.
[INFO] [stdout] Couldn't compile the test.
[INFO] [stdout] 
[INFO] [stdout] failures:
[INFO] [stdout]     src/lib.rs - TMC2209::new (line 93)
[INFO] [stdout]     src/lib.rs - TMC2209::test_uart (line 223)
[INFO] [stdout] 
[INFO] [stdout] test result: FAILED. 0 passed; 2 failed; 0 ignored; 0 measured; 0 filtered out; finished in 0.06s
[INFO] [stdout] 
[INFO] [stderr] error: doctest failed, to rerun pass `--doc`
[INFO] running `Command { std: "docker" "inspect" "c8569fedd364b2759074db95f150f8161b606b857421fe870896b72d4a1698e0", kill_on_drop: false }`
[INFO] running `Command { std: "docker" "rm" "-f" "c8569fedd364b2759074db95f150f8161b606b857421fe870896b72d4a1698e0", kill_on_drop: false }`
[INFO] [stdout] c8569fedd364b2759074db95f150f8161b606b857421fe870896b72d4a1698e0
