[INFO] fetching crate tls-certificate-exporter 0.0.1...
[INFO] testing tls-certificate-exporter-0.0.1 against beta-2024-12-08 for beta-1.84.0-4-retry
[INFO] extracting crate tls-certificate-exporter 0.0.1 into /workspace/builds/worker-4-tc2/source
[INFO] validating manifest of crates.io crate tls-certificate-exporter 0.0.1 on toolchain beta-2024-12-08
[INFO] running `Command { std: CARGO_HOME="/workspace/cargo-home" RUSTUP_HOME="/workspace/rustup-home" "/workspace/cargo-home/bin/cargo" "+beta-2024-12-08" "metadata" "--manifest-path" "Cargo.toml" "--no-deps", kill_on_drop: false }`
[INFO] started tweaking crates.io crate tls-certificate-exporter 0.0.1
[INFO] finished tweaking crates.io crate tls-certificate-exporter 0.0.1
[INFO] tweaked toml for crates.io crate tls-certificate-exporter 0.0.1 written to /workspace/builds/worker-4-tc2/source/Cargo.toml
[INFO] crate crates.io crate tls-certificate-exporter 0.0.1 already has a lockfile, it will not be regenerated
[INFO] running `Command { std: CARGO_HOME="/workspace/cargo-home" RUSTUP_HOME="/workspace/rustup-home" "/workspace/cargo-home/bin/cargo" "+beta-2024-12-08" "fetch" "--manifest-path" "Cargo.toml", kill_on_drop: false }`
[INFO] running `Command { std: "docker" "create" "-v" "/var/lib/crater-agent-workspace/builds/worker-4-tc2/target:/opt/rustwide/target:rw,Z" "-v" "/var/lib/crater-agent-workspace/builds/worker-4-tc2/source:/opt/rustwide/workdir:ro,Z" "-v" "/var/lib/crater-agent-workspace/cargo-home:/opt/rustwide/cargo-home:ro,Z" "-v" "/var/lib/crater-agent-workspace/rustup-home:/opt/rustwide/rustup-home:ro,Z" "-e" "SOURCE_DIR=/opt/rustwide/workdir" "-e" "CARGO_TARGET_DIR=/opt/rustwide/target" "-e" "CARGO_HOME=/opt/rustwide/cargo-home" "-e" "RUSTUP_HOME=/opt/rustwide/rustup-home" "-w" "/opt/rustwide/workdir" "-m" "1610612736" "--user" "0:0" "--network" "none" "ghcr.io/rust-lang/crates-build-env/linux@sha256:f3a9d4ad9d972b27faf3965f35b62e55ba32bbce8f20bc8fe909558a86702fde" "/opt/rustwide/cargo-home/bin/cargo" "+beta-2024-12-08" "metadata" "--no-deps" "--format-version=1", kill_on_drop: false }`
[INFO] [stdout] cd986a5196f2faa557e5f85af4fd0e2def40e19440c9dbe67c55327c13bda482
[INFO] running `Command { std: "docker" "start" "-a" "cd986a5196f2faa557e5f85af4fd0e2def40e19440c9dbe67c55327c13bda482", kill_on_drop: false }`
[INFO] running `Command { std: "docker" "inspect" "cd986a5196f2faa557e5f85af4fd0e2def40e19440c9dbe67c55327c13bda482", kill_on_drop: false }`
[INFO] running `Command { std: "docker" "rm" "-f" "cd986a5196f2faa557e5f85af4fd0e2def40e19440c9dbe67c55327c13bda482", kill_on_drop: false }`
[INFO] [stdout] cd986a5196f2faa557e5f85af4fd0e2def40e19440c9dbe67c55327c13bda482
[INFO] running `Command { std: "docker" "create" "-v" "/var/lib/crater-agent-workspace/builds/worker-4-tc2/target:/opt/rustwide/target:rw,Z" "-v" "/var/lib/crater-agent-workspace/builds/worker-4-tc2/source:/opt/rustwide/workdir:ro,Z" "-v" "/var/lib/crater-agent-workspace/cargo-home:/opt/rustwide/cargo-home:ro,Z" "-v" "/var/lib/crater-agent-workspace/rustup-home:/opt/rustwide/rustup-home:ro,Z" "-e" "SOURCE_DIR=/opt/rustwide/workdir" "-e" "CARGO_TARGET_DIR=/opt/rustwide/target" "-e" "CARGO_INCREMENTAL=0" "-e" "RUST_BACKTRACE=full" "-e" "RUSTFLAGS=--cap-lints=warn" "-e" "RUSTDOCFLAGS=--cap-lints=warn" "-e" "CARGO_HOME=/opt/rustwide/cargo-home" "-e" "RUSTUP_HOME=/opt/rustwide/rustup-home" "-w" "/opt/rustwide/workdir" "-m" "1610612736" "--user" "0:0" "--network" "none" "ghcr.io/rust-lang/crates-build-env/linux@sha256:f3a9d4ad9d972b27faf3965f35b62e55ba32bbce8f20bc8fe909558a86702fde" "/opt/rustwide/cargo-home/bin/cargo" "+beta-2024-12-08" "build" "--frozen" "--message-format=json", kill_on_drop: false }`
[INFO] [stdout] 0cedfd0e1b7a076314f58e24e0e4da04afc25e00c736c778698188c3c388161e
[INFO] running `Command { std: "docker" "start" "-a" "0cedfd0e1b7a076314f58e24e0e4da04afc25e00c736c778698188c3c388161e", kill_on_drop: false }`
[INFO] [stderr]    Compiling proc-macro2 v1.0.76
[INFO] [stderr]    Compiling unicode-ident v1.0.12
[INFO] [stderr]    Compiling libc v0.2.152
[INFO] [stderr]    Compiling autocfg v1.1.0
[INFO] [stderr]    Compiling cfg-if v1.0.0
[INFO] [stderr]    Compiling bytes v1.5.0
[INFO] [stderr]    Compiling pin-project-lite v0.2.13
[INFO] [stderr]    Compiling log v0.4.20
[INFO] [stderr]    Compiling once_cell v1.19.0
[INFO] [stderr]    Compiling memchr v2.7.1
[INFO] [stderr]    Compiling fnv v1.0.7
[INFO] [stderr]    Compiling futures-sink v0.3.30
[INFO] [stderr]    Compiling futures-core v0.3.30
[INFO] [stderr]    Compiling futures-task v0.3.30
[INFO] [stderr]    Compiling pin-utils v0.1.0
[INFO] [stderr]    Compiling futures-io v0.3.30
[INFO] [stderr]    Compiling untrusted v0.9.0
[INFO] [stderr]    Compiling spin v0.9.8
[INFO] [stderr]    Compiling itoa v1.0.10
[INFO] [stderr]    Compiling serde v1.0.195
[INFO] [stderr]    Compiling rustversion v1.0.14
[INFO] [stderr]    Compiling smallvec v1.12.0
[INFO] [stderr]    Compiling tracing-core v0.1.32
[INFO] [stderr]    Compiling futures-channel v0.3.30
[INFO] [stderr]    Compiling tinyvec_macros v0.1.1
[INFO] [stderr]    Compiling base64 v0.21.7
[INFO] [stderr]    Compiling thiserror v1.0.56
[INFO] [stderr]    Compiling async-trait v0.1.77
[INFO] [stderr]    Compiling rustls-pki-types v1.1.0
[INFO] [stderr]    Compiling tinyvec v1.6.0
[INFO] [stderr]    Compiling percent-encoding v2.3.1
[INFO] [stderr]    Compiling ident_case v1.0.1
[INFO] [stderr]    Compiling http v1.0.0
[INFO] [stderr]    Compiling rustls v0.21.10
[INFO] [stderr]    Compiling slab v0.4.9
[INFO] [stderr]    Compiling num-traits v0.2.17
[INFO] [stderr]    Compiling lock_api v0.4.11
[INFO] [stderr]    Compiling httparse v1.8.0
[INFO] [stderr]    Compiling equivalent v1.0.1
[INFO] [stderr]    Compiling unicode-bidi v0.3.15
[INFO] [stderr]    Compiling strsim v0.10.0
[INFO] [stderr]    Compiling parking_lot_core v0.9.9
[INFO] [stderr]    Compiling unicode-normalization v0.1.22
[INFO] [stderr]    Compiling hashbrown v0.14.3
[INFO] [stderr]    Compiling quote v1.0.35
[INFO] [stderr]    Compiling getrandom v0.2.12
[INFO] [stderr]    Compiling num_cpus v1.16.0
[INFO] [stderr]    Compiling signal-hook-registry v1.4.1
[INFO] [stderr]    Compiling mio v0.8.10
[INFO] [stderr]    Compiling socket2 v0.5.5
[INFO] [stderr]    Compiling syn v2.0.48
[INFO] [stderr]    Compiling cc v1.0.83
[INFO] [stderr]    Compiling http-body v1.0.0
[INFO] [stderr]    Compiling rand_core v0.6.4
[INFO] [stderr]    Compiling lazy_static v1.4.0
[INFO] [stderr]    Compiling ppv-lite86 v0.2.17
[INFO] [stderr]    Compiling scopeguard v1.2.0
[INFO] [stderr]    Compiling linked-hash-map v0.5.6
[INFO] [stderr]    Compiling axum-core v0.4.3
[INFO] [stderr]    Compiling idna v0.5.0
[INFO] [stderr]    Compiling num-integer v0.1.45
[INFO] [stderr]    Compiling form_urlencoded v1.2.1
[INFO] [stderr]    Compiling rust_decimal v1.33.1
[INFO] [stderr]    Compiling spin v0.5.2
[INFO] [stderr]    Compiling heck v0.4.1
[INFO] [stderr]    Compiling rand_chacha v0.3.1
[INFO] [stderr]    Compiling minimal-lexical v0.2.1
[INFO] [stderr]    Compiling serde_json v1.0.111
[INFO] [stderr]    Compiling tower-layer v0.3.2
[INFO] [stderr]    Compiling httpdate v1.0.3
[INFO] [stderr]    Compiling indexmap v2.1.0
[INFO] [stderr]    Compiling match_cfg v0.1.0
[INFO] [stderr]    Compiling protobuf v2.28.0
[INFO] [stderr]    Compiling rustls v0.22.2
[INFO] [stderr]    Compiling tower-service v0.3.2
[INFO] [stderr]    Compiling untrusted v0.7.1
[INFO] [stderr]    Compiling const-oid v0.9.6
[INFO] [stderr]    Compiling hostname v0.3.1
[INFO] [stderr]    Compiling rand v0.8.5
[INFO] [stderr]    Compiling nom v7.1.3
[INFO] [stderr]    Compiling url v2.5.0
[INFO] [stderr]    Compiling parking_lot v0.12.1
[INFO] [stderr]    Compiling axum v0.7.4
[INFO] [stderr]    Compiling idna v0.4.0
[INFO] [stderr]    Compiling rustls-pemfile v1.0.4
[INFO] [stderr]    Compiling num-bigint v0.4.4
[INFO] [stderr]    Compiling anyhow v1.0.79
[INFO] [stderr]    Compiling iana-time-zone v0.1.59
[INFO] [stderr]    Compiling mime v0.3.17
[INFO] [stderr]    Compiling sync_wrapper v0.1.2
[INFO] [stderr]    Compiling quick-error v1.2.3
[INFO] [stderr]    Compiling prometheus v0.13.3
[INFO] [stderr]    Compiling subtle v2.5.0
[INFO] [stderr]    Compiling overload v0.1.1
[INFO] [stderr]    Compiling ryu v1.0.16
[INFO] [stderr]    Compiling ring v0.17.7
[INFO] [stderr]    Compiling ring v0.16.20
[INFO] [stderr]    Compiling arrayvec v0.7.4
[INFO] [stderr]    Compiling ipnet v2.9.0
[INFO] [stderr]    Compiling data-encoding v2.5.0
[INFO] [stderr]    Compiling nu-ansi-term v0.46.0
[INFO] [stderr]    Compiling resolv-conf v0.7.0
[INFO] [stderr]    Compiling chrono v0.4.31
[INFO] [stderr]    Compiling lru-cache v0.1.2
[INFO] [stderr]    Compiling yaml-rust v0.4.5
[INFO] [stderr]    Compiling sharded-slab v0.1.7
[INFO] [stderr]    Compiling tracing-log v0.2.0
[INFO] [stderr]    Compiling rustls-pemfile v2.0.0
[INFO] [stderr]    Compiling pem v3.0.3
[INFO] [stderr]    Compiling bcder v0.7.4
[INFO] [stderr]    Compiling thread_local v1.1.7
[INFO] [stderr]    Compiling openssl-probe v0.1.5
[INFO] [stderr]    Compiling pathdiff v0.2.1
[INFO] [stderr]    Compiling signature v2.2.0
[INFO] [stderr]    Compiling matchit v0.7.3
[INFO] [stderr]    Compiling hex v0.4.3
[INFO] [stderr]    Compiling rustls-native-certs v0.7.0
[INFO] [stderr]    Compiling tracing-subscriber v0.3.18
[INFO] [stderr]    Compiling webpki-roots v0.26.0
[INFO] [stderr]    Compiling dotenvy v0.15.7
[INFO] [stderr]    Compiling darling_core v0.20.3
[INFO] [stderr]    Compiling tokio-macros v2.2.0
[INFO] [stderr]    Compiling futures-macro v0.3.30
[INFO] [stderr]    Compiling tracing-attributes v0.1.27
[INFO] [stderr]    Compiling serde_derive v1.0.195
[INFO] [stderr]    Compiling thiserror-impl v1.0.56
[INFO] [stderr]    Compiling zeroize_derive v1.4.2
[INFO] [stderr]    Compiling pin-project-internal v1.1.3
[INFO] [stderr]    Compiling enum-as-inner v0.6.0
[INFO] [stderr]    Compiling tokio v1.35.1
[INFO] [stderr]    Compiling rustls-webpki v0.101.7
[INFO] [stderr]    Compiling zeroize v1.7.0
[INFO] [stderr]    Compiling sct v0.7.1
[INFO] [stderr]    Compiling futures-util v0.3.30
[INFO] [stderr]    Compiling rustls-webpki v0.102.1
[INFO] [stderr]    Compiling der v0.7.8
[INFO] [stderr]    Compiling pin-project v1.1.3
[INFO] [stderr]    Compiling darling_macro v0.20.3
[INFO] [stderr]    Compiling tracing v0.1.40
[INFO] [stderr]    Compiling darling v0.20.3
[INFO] [stderr]    Compiling serde_with_macros v3.4.0
[INFO] [stderr]    Compiling spki v0.7.3
[INFO] [stderr]    Compiling x509-certificate v0.23.1
[INFO] [stderr]    Compiling tokio-util v0.7.10
[INFO] [stderr]    Compiling tokio-rustls v0.24.1
[INFO] [stderr]    Compiling tokio-rustls v0.25.0
[INFO] [stderr]    Compiling http-body-util v0.1.0
[INFO] [stderr]    Compiling hickory-proto v0.24.0
[INFO] [stderr]    Compiling tower v0.4.13
[INFO] [stderr]    Compiling futures v0.3.30
[INFO] [stderr]    Compiling h2 v0.4.2
[INFO] [stderr]    Compiling toml v0.5.11
[INFO] [stderr]    Compiling serde_bytes v0.11.14
[INFO] [stderr]    Compiling serde_with v3.4.0
[INFO] [stderr]    Compiling duration-str v0.7.1
[INFO] [stderr]    Compiling config v0.13.4
[INFO] [stderr]    Compiling hickory-resolver v0.24.0
[INFO] [stderr]    Compiling hyper v1.1.0
[INFO] [stderr]    Compiling hyper-util v0.1.2
[INFO] [stderr]    Compiling tls-certificate-exporter v0.0.1 (/opt/rustwide/workdir)
[INFO] [stdout] warning: unused import: `Context`
[INFO] [stdout]  --> src/configs/mod.rs:1:14
[INFO] [stdout]   |
[INFO] [stdout] 1 | use anyhow::{Context, Result as AnyResult};
[INFO] [stdout]   |              ^^^^^^^
[INFO] [stdout]   |
[INFO] [stdout]   = note: `#[warn(unused_imports)]` on by default
[INFO] [stdout] 
[INFO] [stdout] 
[INFO] [stdout] warning: unused import: `TrustAnchor`
[INFO] [stdout]  --> src/configs/parameters.rs:6:40
[INFO] [stdout]   |
[INFO] [stdout] 6 | use rustls_pki_types::{CertificateDer, TrustAnchor};
[INFO] [stdout]   |                                        ^^^^^^^^^^^
[INFO] [stdout] 
[INFO] [stdout] 
[INFO] [stdout] warning: unused import: `Context`
[INFO] [stdout]  --> src/store/mod.rs:5:14
[INFO] [stdout]   |
[INFO] [stdout] 5 | use anyhow::{Context, Result as AnyResult};
[INFO] [stdout]   |              ^^^^^^^
[INFO] [stdout] 
[INFO] [stdout] 
[INFO] [stdout] warning: unused variable: `target`
[INFO] [stdout]   --> src/store/mod.rs:83:36
[INFO] [stdout]    |
[INFO] [stdout] 83 |     fn update_endpoints(&mut self, target: &Target, ep_states: Vec<EndpointState>) {
[INFO] [stdout]    |                                    ^^^^^^ help: if this is intentional, prefix it with an underscore: `_target`
[INFO] [stdout]    |
[INFO] [stdout]    = note: `#[warn(unused_variables)]` on by default
[INFO] [stdout] 
[INFO] [stdout] 
[INFO] [stdout] warning: associated function `with_webpki_roots` is never used
[INFO] [stdout]   --> src/certificate_interceptor.rs:37:12
[INFO] [stdout]    |
[INFO] [stdout] 21 | impl CertificateInterceptor {
[INFO] [stdout]    | --------------------------- associated function in this implementation
[INFO] [stdout] ...
[INFO] [stdout] 37 |     pub fn with_webpki_roots() -> Self {
[INFO] [stdout]    |            ^^^^^^^^^^^^^^^^^
[INFO] [stdout]    |
[INFO] [stdout]    = note: `#[warn(dead_code)]` on by default
[INFO] [stdout] 
[INFO] [stdout] 
[INFO] [stdout] warning: field `server_name` is never read
[INFO] [stdout]   --> src/configs/parameters.rs:20:9
[INFO] [stdout]    |
[INFO] [stdout] 11 | pub struct ConnectionParameters {
[INFO] [stdout]    |            -------------------- field in this struct
[INFO] [stdout] ...
[INFO] [stdout] 20 |     pub server_name: Option<String>,
[INFO] [stdout]    |         ^^^^^^^^^^^
[INFO] [stdout]    |
[INFO] [stdout]    = note: `ConnectionParameters` has derived impls for the traits `Debug` and `Clone`, but these are intentionally ignored during dead code analysis
[INFO] [stdout] 
[INFO] [stdout] 
[INFO] [stdout] warning: methods `load_certificate` and `load_webpki_roots` are never used
[INFO] [stdout]   --> src/configs/parameters.rs:78:12
[INFO] [stdout]    |
[INFO] [stdout] 38 | impl ConnectionParameters {
[INFO] [stdout]    | ------------------------- methods in this implementation
[INFO] [stdout] ...
[INFO] [stdout] 78 |     pub fn load_certificate(&mut self, der: &[u8]) -> AnyResult<()> {
[INFO] [stdout]    |            ^^^^^^^^^^^^^^^^
[INFO] [stdout] ...
[INFO] [stdout] 83 |     pub fn load_webpki_roots(&mut self) {
[INFO] [stdout]    |            ^^^^^^^^^^^^^^^^^
[INFO] [stdout] 
[INFO] [stdout] 
[INFO] [stdout] warning: type alias `AppResult` is never used
[INFO] [stdout]  --> src/error.rs:6:10
[INFO] [stdout]   |
[INFO] [stdout] 6 | pub type AppResult<T> = Result<T, AppError>;
[INFO] [stdout]   |          ^^^^^^^^^
[INFO] [stdout] 
[INFO] [stdout] 
[INFO] [stdout] warning: variant `InvalidPemTag` is never constructed
[INFO] [stdout]   --> src/error.rs:65:5
[INFO] [stdout]    |
[INFO] [stdout] 47 | pub enum ErrorReason {
[INFO] [stdout]    |          ----------- variant in this enum
[INFO] [stdout] ...
[INFO] [stdout] 65 |     InvalidPemTag,
[INFO] [stdout]    |     ^^^^^^^^^^^^^
[INFO] [stdout]    |
[INFO] [stdout]    = note: `ErrorReason` has a derived impl for the trait `Debug`, but this is intentionally ignored during dead code analysis
[INFO] [stdout] 
[INFO] [stdout] 
[INFO] [stdout] warning: methods `add_pem_certificates` and `clear` are never used
[INFO] [stdout]   --> src/store/mod.rs:26:12
[INFO] [stdout]    |
[INFO] [stdout] 25 | impl Store {
[INFO] [stdout]    | ---------- methods in this implementation
[INFO] [stdout] 26 |     pub fn add_pem_certificates(&mut self, buf: &[u8]) -> AnyResult<()> {
[INFO] [stdout]    |            ^^^^^^^^^^^^^^^^^^^^
[INFO] [stdout] ...
[INFO] [stdout] 88 |     pub fn clear(&mut self) {
[INFO] [stdout]    |            ^^^^^
[INFO] [stdout] 
[INFO] [stdout] 
[INFO] [stdout] warning: fields `probe_result` and `last_update` are never read
[INFO] [stdout]   --> src/store/endpoint_state.rs:10:9
[INFO] [stdout]    |
[INFO] [stdout] 6  | pub struct EndpointState {
[INFO] [stdout]    |            ------------- fields in this struct
[INFO] [stdout] ...
[INFO] [stdout] 10 |     pub probe_result: Result<(), String>,
[INFO] [stdout]    |         ^^^^^^^^^^^^
[INFO] [stdout] 11 |     pub last_update: Option<DateTime<Utc>>,
[INFO] [stdout]    |         ^^^^^^^^^^^
[INFO] [stdout]    |
[INFO] [stdout]    = note: `EndpointState` has derived impls for the traits `Debug` and `Clone`, but these are intentionally ignored during dead code analysis
[INFO] [stdout] 
[INFO] [stdout] 
[INFO] [stdout] warning: associated functions `new` and `with_target` are never used
[INFO] [stdout]   --> src/store/endpoint_state.rs:15:12
[INFO] [stdout]    |
[INFO] [stdout] 14 | impl EndpointState {
[INFO] [stdout]    | ------------------ associated functions in this implementation
[INFO] [stdout] 15 |     pub fn new(endpoint: Endpoint) -> Self {
[INFO] [stdout]    |            ^^^
[INFO] [stdout] ...
[INFO] [stdout] 25 |     pub fn with_target(endpoint: Endpoint, target: Target) -> Self {
[INFO] [stdout]    |            ^^^^^^^^^^^
[INFO] [stdout] 
[INFO] [stdout] 
[INFO] [stdout] warning: field `endpoints` is never read
[INFO] [stdout]   --> src/store/target.rs:42:9
[INFO] [stdout]    |
[INFO] [stdout] 41 | pub struct TargetState {
[INFO] [stdout]    |            ----------- field in this struct
[INFO] [stdout] 42 |     pub endpoints: Vec<EndpointState>,
[INFO] [stdout]    |         ^^^^^^^^^
[INFO] [stdout]    |
[INFO] [stdout]    = note: `TargetState` has derived impls for the traits `Debug` and `Clone`, but these are intentionally ignored during dead code analysis
[INFO] [stdout] 
[INFO] [stdout] 
[INFO] [stderr]     Finished `dev` profile [unoptimized + debuginfo] target(s) in 1m 10s
[INFO] running `Command { std: "docker" "inspect" "0cedfd0e1b7a076314f58e24e0e4da04afc25e00c736c778698188c3c388161e", kill_on_drop: false }`
[INFO] running `Command { std: "docker" "rm" "-f" "0cedfd0e1b7a076314f58e24e0e4da04afc25e00c736c778698188c3c388161e", kill_on_drop: false }`
[INFO] [stdout] 0cedfd0e1b7a076314f58e24e0e4da04afc25e00c736c778698188c3c388161e
[INFO] running `Command { std: "docker" "create" "-v" "/var/lib/crater-agent-workspace/builds/worker-4-tc2/target:/opt/rustwide/target:rw,Z" "-v" "/var/lib/crater-agent-workspace/builds/worker-4-tc2/source:/opt/rustwide/workdir:ro,Z" "-v" "/var/lib/crater-agent-workspace/cargo-home:/opt/rustwide/cargo-home:ro,Z" "-v" "/var/lib/crater-agent-workspace/rustup-home:/opt/rustwide/rustup-home:ro,Z" "-e" "SOURCE_DIR=/opt/rustwide/workdir" "-e" "CARGO_TARGET_DIR=/opt/rustwide/target" "-e" "CARGO_INCREMENTAL=0" "-e" "RUST_BACKTRACE=full" "-e" "RUSTFLAGS=--cap-lints=warn" "-e" "RUSTDOCFLAGS=--cap-lints=warn" "-e" "CARGO_HOME=/opt/rustwide/cargo-home" "-e" "RUSTUP_HOME=/opt/rustwide/rustup-home" "-w" "/opt/rustwide/workdir" "-m" "1610612736" "--user" "0:0" "--network" "none" "ghcr.io/rust-lang/crates-build-env/linux@sha256:f3a9d4ad9d972b27faf3965f35b62e55ba32bbce8f20bc8fe909558a86702fde" "/opt/rustwide/cargo-home/bin/cargo" "+beta-2024-12-08" "test" "--frozen" "--no-run" "--message-format=json", kill_on_drop: false }`
[INFO] [stdout] 6a6e29fec0360e978a9cc30299aa36e6318c456a5b785d0528187afd59e53ac1
[INFO] running `Command { std: "docker" "start" "-a" "6a6e29fec0360e978a9cc30299aa36e6318c456a5b785d0528187afd59e53ac1", kill_on_drop: false }`
[INFO] [stderr]    Compiling tls-certificate-exporter v0.0.1 (/opt/rustwide/workdir)
[INFO] [stdout] warning: unused import: `Context`
[INFO] [stdout]  --> src/configs/mod.rs:1:14
[INFO] [stdout]   |
[INFO] [stdout] 1 | use anyhow::{Context, Result as AnyResult};
[INFO] [stdout]   |              ^^^^^^^
[INFO] [stdout]   |
[INFO] [stdout]   = note: `#[warn(unused_imports)]` on by default
[INFO] [stdout] 
[INFO] [stdout] 
[INFO] [stdout] warning: unused import: `TrustAnchor`
[INFO] [stdout]  --> src/configs/parameters.rs:6:40
[INFO] [stdout]   |
[INFO] [stdout] 6 | use rustls_pki_types::{CertificateDer, TrustAnchor};
[INFO] [stdout]   |                                        ^^^^^^^^^^^
[INFO] [stdout] 
[INFO] [stdout] 
[INFO] [stdout] warning: unused import: `Context`
[INFO] [stdout]  --> src/store/mod.rs:5:14
[INFO] [stdout]   |
[INFO] [stdout] 5 | use anyhow::{Context, Result as AnyResult};
[INFO] [stdout]   |              ^^^^^^^
[INFO] [stdout] 
[INFO] [stdout] 
[INFO] [stdout] warning: unused variable: `target`
[INFO] [stdout]   --> src/store/mod.rs:83:36
[INFO] [stdout]    |
[INFO] [stdout] 83 |     fn update_endpoints(&mut self, target: &Target, ep_states: Vec<EndpointState>) {
[INFO] [stdout]    |                                    ^^^^^^ help: if this is intentional, prefix it with an underscore: `_target`
[INFO] [stdout]    |
[INFO] [stdout]    = note: `#[warn(unused_variables)]` on by default
[INFO] [stdout] 
[INFO] [stdout] 
[INFO] [stdout] warning: associated function `with_webpki_roots` is never used
[INFO] [stdout]   --> src/certificate_interceptor.rs:37:12
[INFO] [stdout]    |
[INFO] [stdout] 21 | impl CertificateInterceptor {
[INFO] [stdout]    | --------------------------- associated function in this implementation
[INFO] [stdout] ...
[INFO] [stdout] 37 |     pub fn with_webpki_roots() -> Self {
[INFO] [stdout]    |            ^^^^^^^^^^^^^^^^^
[INFO] [stdout]    |
[INFO] [stdout]    = note: `#[warn(dead_code)]` on by default
[INFO] [stdout] 
[INFO] [stdout] 
[INFO] [stdout] warning: field `server_name` is never read
[INFO] [stdout]   --> src/configs/parameters.rs:20:9
[INFO] [stdout]    |
[INFO] [stdout] 11 | pub struct ConnectionParameters {
[INFO] [stdout]    |            -------------------- field in this struct
[INFO] [stdout] ...
[INFO] [stdout] 20 |     pub server_name: Option<String>,
[INFO] [stdout]    |         ^^^^^^^^^^^
[INFO] [stdout]    |
[INFO] [stdout]    = note: `ConnectionParameters` has derived impls for the traits `Debug` and `Clone`, but these are intentionally ignored during dead code analysis
[INFO] [stdout] 
[INFO] [stdout] 
[INFO] [stdout] warning: method `load_certificate` is never used
[INFO] [stdout]   --> src/configs/parameters.rs:78:12
[INFO] [stdout]    |
[INFO] [stdout] 38 | impl ConnectionParameters {
[INFO] [stdout]    | ------------------------- method in this implementation
[INFO] [stdout] ...
[INFO] [stdout] 78 |     pub fn load_certificate(&mut self, der: &[u8]) -> AnyResult<()> {
[INFO] [stdout]    |            ^^^^^^^^^^^^^^^^
[INFO] [stdout] 
[INFO] [stdout] 
[INFO] [stdout] warning: type alias `AppResult` is never used
[INFO] [stdout]  --> src/error.rs:6:10
[INFO] [stdout]   |
[INFO] [stdout] 6 | pub type AppResult<T> = Result<T, AppError>;
[INFO] [stdout]   |          ^^^^^^^^^
[INFO] [stdout] 
[INFO] [stdout] 
[INFO] [stdout] warning: variant `InvalidPemTag` is never constructed
[INFO] [stdout]   --> src/error.rs:65:5
[INFO] [stdout]    |
[INFO] [stdout] 47 | pub enum ErrorReason {
[INFO] [stdout]    |          ----------- variant in this enum
[INFO] [stdout] ...
[INFO] [stdout] 65 |     InvalidPemTag,
[INFO] [stdout]    |     ^^^^^^^^^^^^^
[INFO] [stdout]    |
[INFO] [stdout]    = note: `ErrorReason` has a derived impl for the trait `Debug`, but this is intentionally ignored during dead code analysis
[INFO] [stdout] 
[INFO] [stdout] 
[INFO] [stdout] warning: methods `add_pem_certificates` and `clear` are never used
[INFO] [stdout]   --> src/store/mod.rs:26:12
[INFO] [stdout]    |
[INFO] [stdout] 25 | impl Store {
[INFO] [stdout]    | ---------- methods in this implementation
[INFO] [stdout] 26 |     pub fn add_pem_certificates(&mut self, buf: &[u8]) -> AnyResult<()> {
[INFO] [stdout]    |            ^^^^^^^^^^^^^^^^^^^^
[INFO] [stdout] ...
[INFO] [stdout] 88 |     pub fn clear(&mut self) {
[INFO] [stdout]    |            ^^^^^
[INFO] [stdout] 
[INFO] [stdout] 
[INFO] [stdout] warning: fields `probe_result` and `last_update` are never read
[INFO] [stdout]   --> src/store/endpoint_state.rs:10:9
[INFO] [stdout]    |
[INFO] [stdout] 6  | pub struct EndpointState {
[INFO] [stdout]    |            ------------- fields in this struct
[INFO] [stdout] ...
[INFO] [stdout] 10 |     pub probe_result: Result<(), String>,
[INFO] [stdout]    |         ^^^^^^^^^^^^
[INFO] [stdout] 11 |     pub last_update: Option<DateTime<Utc>>,
[INFO] [stdout]    |         ^^^^^^^^^^^
[INFO] [stdout]    |
[INFO] [stdout]    = note: `EndpointState` has derived impls for the traits `Debug` and `Clone`, but these are intentionally ignored during dead code analysis
[INFO] [stdout] 
[INFO] [stdout] 
[INFO] [stdout] warning: associated functions `new` and `with_target` are never used
[INFO] [stdout]   --> src/store/endpoint_state.rs:15:12
[INFO] [stdout]    |
[INFO] [stdout] 14 | impl EndpointState {
[INFO] [stdout]    | ------------------ associated functions in this implementation
[INFO] [stdout] 15 |     pub fn new(endpoint: Endpoint) -> Self {
[INFO] [stdout]    |            ^^^
[INFO] [stdout] ...
[INFO] [stdout] 25 |     pub fn with_target(endpoint: Endpoint, target: Target) -> Self {
[INFO] [stdout]    |            ^^^^^^^^^^^
[INFO] [stdout] 
[INFO] [stdout] 
[INFO] [stdout] warning: field `endpoints` is never read
[INFO] [stdout]   --> src/store/target.rs:42:9
[INFO] [stdout]    |
[INFO] [stdout] 41 | pub struct TargetState {
[INFO] [stdout]    |            ----------- field in this struct
[INFO] [stdout] 42 |     pub endpoints: Vec<EndpointState>,
[INFO] [stdout]    |         ^^^^^^^^^
[INFO] [stdout]    |
[INFO] [stdout]    = note: `TargetState` has derived impls for the traits `Debug` and `Clone`, but these are intentionally ignored during dead code analysis
[INFO] [stdout] 
[INFO] [stdout] 
[INFO] [stderr]     Finished `test` profile [unoptimized + debuginfo] target(s) in 6.42s
[INFO] running `Command { std: "docker" "inspect" "6a6e29fec0360e978a9cc30299aa36e6318c456a5b785d0528187afd59e53ac1", kill_on_drop: false }`
[INFO] running `Command { std: "docker" "rm" "-f" "6a6e29fec0360e978a9cc30299aa36e6318c456a5b785d0528187afd59e53ac1", kill_on_drop: false }`
[INFO] [stdout] 6a6e29fec0360e978a9cc30299aa36e6318c456a5b785d0528187afd59e53ac1
[INFO] running `Command { std: "docker" "create" "-v" "/var/lib/crater-agent-workspace/builds/worker-4-tc2/target:/opt/rustwide/target:rw,Z" "-v" "/var/lib/crater-agent-workspace/builds/worker-4-tc2/source:/opt/rustwide/workdir:ro,Z" "-v" "/var/lib/crater-agent-workspace/cargo-home:/opt/rustwide/cargo-home:ro,Z" "-v" "/var/lib/crater-agent-workspace/rustup-home:/opt/rustwide/rustup-home:ro,Z" "-e" "SOURCE_DIR=/opt/rustwide/workdir" "-e" "CARGO_TARGET_DIR=/opt/rustwide/target" "-e" "CARGO_INCREMENTAL=0" "-e" "RUST_BACKTRACE=full" "-e" "RUSTFLAGS=--cap-lints=warn" "-e" "RUSTDOCFLAGS=--cap-lints=warn" "-e" "CARGO_HOME=/opt/rustwide/cargo-home" "-e" "RUSTUP_HOME=/opt/rustwide/rustup-home" "-w" "/opt/rustwide/workdir" "-m" "1610612736" "--user" "0:0" "--network" "none" "ghcr.io/rust-lang/crates-build-env/linux@sha256:f3a9d4ad9d972b27faf3965f35b62e55ba32bbce8f20bc8fe909558a86702fde" "/opt/rustwide/cargo-home/bin/cargo" "+beta-2024-12-08" "test" "--frozen", kill_on_drop: false }`
[INFO] [stdout] 651cefcdc5adb27ae6097b0ff18447360a3d499e40da62b2087d27786794d57a
[INFO] running `Command { std: "docker" "start" "-a" "651cefcdc5adb27ae6097b0ff18447360a3d499e40da62b2087d27786794d57a", kill_on_drop: false }`
[INFO] [stderr] warning: unused import: `Context`
[INFO] [stderr]  --> src/configs/mod.rs:1:14
[INFO] [stderr]   |
[INFO] [stderr] 1 | use anyhow::{Context, Result as AnyResult};
[INFO] [stderr]   |              ^^^^^^^
[INFO] [stderr]   |
[INFO] [stderr]   = note: `#[warn(unused_imports)]` on by default
[INFO] [stderr] 
[INFO] [stderr] warning: unused import: `TrustAnchor`
[INFO] [stderr]  --> src/configs/parameters.rs:6:40
[INFO] [stderr]   |
[INFO] [stderr] 6 | use rustls_pki_types::{CertificateDer, TrustAnchor};
[INFO] [stderr]   |                                        ^^^^^^^^^^^
[INFO] [stderr] 
[INFO] [stderr] warning: unused import: `Context`
[INFO] [stderr]  --> src/store/mod.rs:5:14
[INFO] [stderr]   |
[INFO] [stderr] 5 | use anyhow::{Context, Result as AnyResult};
[INFO] [stderr]   |              ^^^^^^^
[INFO] [stderr] 
[INFO] [stderr] warning: unused variable: `target`
[INFO] [stderr]   --> src/store/mod.rs:83:36
[INFO] [stderr]    |
[INFO] [stderr] 83 |     fn update_endpoints(&mut self, target: &Target, ep_states: Vec<EndpointState>) {
[INFO] [stderr]    |                                    ^^^^^^ help: if this is intentional, prefix it with an underscore: `_target`
[INFO] [stderr]    |
[INFO] [stderr]    = note: `#[warn(unused_variables)]` on by default
[INFO] [stderr] 
[INFO] [stderr] warning: associated function `with_webpki_roots` is never used
[INFO] [stderr]   --> src/certificate_interceptor.rs:37:12
[INFO] [stderr]    |
[INFO] [stderr] 21 | impl CertificateInterceptor {
[INFO] [stderr]    | --------------------------- associated function in this implementation
[INFO] [stderr] ...
[INFO] [stderr] 37 |     pub fn with_webpki_roots() -> Self {
[INFO] [stderr]    |            ^^^^^^^^^^^^^^^^^
[INFO] [stderr]    |
[INFO] [stderr]    = note: `#[warn(dead_code)]` on by default
[INFO] [stderr] 
[INFO] [stderr] warning: field `server_name` is never read
[INFO] [stderr]   --> src/configs/parameters.rs:20:9
[INFO] [stderr]    |
[INFO] [stderr] 11 | pub struct ConnectionParameters {
[INFO] [stderr]    |            -------------------- field in this struct
[INFO] [stderr] ...
[INFO] [stderr] 20 |     pub server_name: Option<String>,
[INFO] [stderr]    |         ^^^^^^^^^^^
[INFO] [stderr]    |
[INFO] [stderr]    = note: `ConnectionParameters` has derived impls for the traits `Debug` and `Clone`, but these are intentionally ignored during dead code analysis
[INFO] [stderr] 
[INFO] [stderr] warning: method `load_certificate` is never used
[INFO] [stderr]   --> src/configs/parameters.rs:78:12
[INFO] [stderr]    |
[INFO] [stderr] 38 | impl ConnectionParameters {
[INFO] [stderr]    | ------------------------- method in this implementation
[INFO] [stderr] ...
[INFO] [stderr] 78 |     pub fn load_certificate(&mut self, der: &[u8]) -> AnyResult<()> {
[INFO] [stderr]    |            ^^^^^^^^^^^^^^^^
[INFO] [stderr] 
[INFO] [stderr] warning: type alias `AppResult` is never used
[INFO] [stderr]  --> src/error.rs:6:10
[INFO] [stderr]   |
[INFO] [stderr] 6 | pub type AppResult<T> = Result<T, AppError>;
[INFO] [stderr]   |          ^^^^^^^^^
[INFO] [stderr] 
[INFO] [stderr] warning: variant `InvalidPemTag` is never constructed
[INFO] [stderr]   --> src/error.rs:65:5
[INFO] [stderr]    |
[INFO] [stderr] 47 | pub enum ErrorReason {
[INFO] [stderr]    |          ----------- variant in this enum
[INFO] [stderr] ...
[INFO] [stderr] 65 |     InvalidPemTag,
[INFO] [stderr]    |     ^^^^^^^^^^^^^
[INFO] [stderr]    |
[INFO] [stderr]    = note: `ErrorReason` has a derived impl for the trait `Debug`, but this is intentionally ignored during dead code analysis
[INFO] [stderr] 
[INFO] [stderr] warning: methods `add_pem_certificates` and `clear` are never used
[INFO] [stderr]   --> src/store/mod.rs:26:12
[INFO] [stderr]    |
[INFO] [stderr] 25 | impl Store {
[INFO] [stderr]    | ---------- methods in this implementation
[INFO] [stderr] 26 |     pub fn add_pem_certificates(&mut self, buf: &[u8]) -> AnyResult<()> {
[INFO] [stderr]    |            ^^^^^^^^^^^^^^^^^^^^
[INFO] [stderr] ...
[INFO] [stderr] 88 |     pub fn clear(&mut self) {
[INFO] [stderr]    |            ^^^^^
[INFO] [stderr] 
[INFO] [stderr] warning: fields `probe_result` and `last_update` are never read
[INFO] [stderr]   --> src/store/endpoint_state.rs:10:9
[INFO] [stderr]    |
[INFO] [stderr] 6  | pub struct EndpointState {
[INFO] [stderr]    |            ------------- fields in this struct
[INFO] [stderr] ...
[INFO] [stderr] 10 |     pub probe_result: Result<(), String>,
[INFO] [stderr]    |         ^^^^^^^^^^^^
[INFO] [stderr] 11 |     pub last_update: Option<DateTime<Utc>>,
[INFO] [stderr]    |         ^^^^^^^^^^^
[INFO] [stderr]    |
[INFO] [stderr]    = note: `EndpointState` has derived impls for the traits `Debug` and `Clone`, but these are intentionally ignored during dead code analysis
[INFO] [stderr] 
[INFO] [stderr] warning: associated functions `new` and `with_target` are never used
[INFO] [stderr]   --> src/store/endpoint_state.rs:15:12
[INFO] [stderr]    |
[INFO] [stderr] 14 | impl EndpointState {
[INFO] [stderr]    | ------------------ associated functions in this implementation
[INFO] [stderr] 15 |     pub fn new(endpoint: Endpoint) -> Self {
[INFO] [stderr]    |            ^^^
[INFO] [stderr] ...
[INFO] [stderr] 25 |     pub fn with_target(endpoint: Endpoint, target: Target) -> Self {
[INFO] [stderr]    |            ^^^^^^^^^^^
[INFO] [stderr] 
[INFO] [stderr] warning: field `endpoints` is never read
[INFO] [stderr]   --> src/store/target.rs:42:9
[INFO] [stderr]    |
[INFO] [stderr] 41 | pub struct TargetState {
[INFO] [stderr]    |            ----------- field in this struct
[INFO] [stderr] 42 |     pub endpoints: Vec<EndpointState>,
[INFO] [stderr]    |         ^^^^^^^^^
[INFO] [stderr]    |
[INFO] [stderr]    = note: `TargetState` has derived impls for the traits `Debug` and `Clone`, but these are intentionally ignored during dead code analysis
[INFO] [stderr] 
[INFO] [stderr] warning: `tls-certificate-exporter` (bin "tls-certificate-exporter" test) generated 13 warnings (run `cargo fix --bin "tls-certificate-exporter" --tests` to apply 3 suggestions)
[INFO] [stderr]     Finished `test` profile [unoptimized + debuginfo] target(s) in 0.20s
[INFO] [stderr]      Running unittests src/main.rs (/opt/rustwide/target/debug/deps/tls_certificate_exporter-a79ef6f8d091b94e)
[INFO] [stdout] 
[INFO] [stdout] running 1 test
[INFO] [stdout] test prober::test::probe_rust_lang_org ... FAILED
[INFO] [stdout] 
[INFO] [stdout] failures:
[INFO] [stdout] 
[INFO] [stdout] ---- prober::test::probe_rust_lang_org stdout ----
[INFO] [stdout] thread 'prober::test::probe_rust_lang_org' panicked at src/prober.rs:126:70:
[INFO] [stdout] called `Result::unwrap()` on an `Err` value: proto error: io error: Network is unreachable (os error 101)
[INFO] [stdout] 
[INFO] [stdout] Stack backtrace:
[INFO] [stdout]    0: anyhow::error::<impl core::convert::From<E> for anyhow::Error>::from
[INFO] [stdout]              at /opt/rustwide/cargo-home/registry/src/index.crates.io-6f17d22bba15001f/anyhow-1.0.79/src/backtrace.rs:27:14
[INFO] [stdout]    1: <core::result::Result<T,F> as core::ops::try_trait::FromResidual<core::result::Result<core::convert::Infallible,E>>>::from_residual
[INFO] [stdout]              at /rustc/202008a1b8de96d2e5b6bc02d379db03a877d34d/library/core/src/result.rs:2009:27
[INFO] [stdout]    2: tls_certificate_exporter::store::endpoint::Endpoint::resolve::{{closure}}
[INFO] [stdout]              at ./src/store/endpoint.rs:46:16
[INFO] [stdout]    3: <tokio::time::timeout::Timeout<T> as core::future::future::Future>::poll
[INFO] [stdout]              at /opt/rustwide/cargo-home/registry/src/index.crates.io-6f17d22bba15001f/tokio-1.35.1/src/time/timeout.rs:202:33
[INFO] [stdout]    4: tls_certificate_exporter::prober::Prober::probe::{{closure}}
[INFO] [stdout]              at ./src/prober.rs:43:10
[INFO] [stdout]    5: tls_certificate_exporter::prober::test::probe_rust_lang_org::{{closure}}
[INFO] [stdout]              at ./src/prober.rs:126:64
[INFO] [stdout]    6: <core::pin::Pin<P> as core::future::future::Future>::poll
[INFO] [stdout]              at /rustc/202008a1b8de96d2e5b6bc02d379db03a877d34d/library/core/src/future/future.rs:124:9
[INFO] [stdout]    7: <core::pin::Pin<P> as core::future::future::Future>::poll
[INFO] [stdout]              at /rustc/202008a1b8de96d2e5b6bc02d379db03a877d34d/library/core/src/future/future.rs:124:9
[INFO] [stdout]    8: tokio::runtime::scheduler::current_thread::CoreGuard::block_on::{{closure}}::{{closure}}::{{closure}}
[INFO] [stdout]              at /opt/rustwide/cargo-home/registry/src/index.crates.io-6f17d22bba15001f/tokio-1.35.1/src/runtime/scheduler/current_thread/mod.rs:665:57
[INFO] [stdout]    9: tokio::runtime::coop::with_budget
[INFO] [stdout]              at /opt/rustwide/cargo-home/registry/src/index.crates.io-6f17d22bba15001f/tokio-1.35.1/src/runtime/coop.rs:107:5
[INFO] [stdout]   10: tokio::runtime::coop::budget
[INFO] [stdout]              at /opt/rustwide/cargo-home/registry/src/index.crates.io-6f17d22bba15001f/tokio-1.35.1/src/runtime/coop.rs:73:5
[INFO] [stdout]   11: tokio::runtime::scheduler::current_thread::CoreGuard::block_on::{{closure}}::{{closure}}
[INFO] [stdout]              at /opt/rustwide/cargo-home/registry/src/index.crates.io-6f17d22bba15001f/tokio-1.35.1/src/runtime/scheduler/current_thread/mod.rs:665:25
[INFO] [stdout]   12: tokio::runtime::scheduler::current_thread::Context::enter
[INFO] [stdout]              at /opt/rustwide/cargo-home/registry/src/index.crates.io-6f17d22bba15001f/tokio-1.35.1/src/runtime/scheduler/current_thread/mod.rs:410:19
[INFO] [stdout]   13: tokio::runtime::scheduler::current_thread::CoreGuard::block_on::{{closure}}
[INFO] [stdout]              at /opt/rustwide/cargo-home/registry/src/index.crates.io-6f17d22bba15001f/tokio-1.35.1/src/runtime/scheduler/current_thread/mod.rs:664:36
[INFO] [stdout]   14: tokio::runtime::scheduler::current_thread::CoreGuard::enter::{{closure}}
[INFO] [stdout]              at /opt/rustwide/cargo-home/registry/src/index.crates.io-6f17d22bba15001f/tokio-1.35.1/src/runtime/scheduler/current_thread/mod.rs:743:68
[INFO] [stdout]   15: tokio::runtime::context::scoped::Scoped<T>::set
[INFO] [stdout]              at /opt/rustwide/cargo-home/registry/src/index.crates.io-6f17d22bba15001f/tokio-1.35.1/src/runtime/context/scoped.rs:40:9
[INFO] [stdout]   16: tokio::runtime::context::set_scheduler::{{closure}}
[INFO] [stdout]              at /opt/rustwide/cargo-home/registry/src/index.crates.io-6f17d22bba15001f/tokio-1.35.1/src/runtime/context.rs:176:26
[INFO] [stdout]   17: std::thread::local::LocalKey<T>::try_with
[INFO] [stdout]              at /rustc/202008a1b8de96d2e5b6bc02d379db03a877d34d/library/std/src/thread/local.rs:283:12
[INFO] [stdout]   18: std::thread::local::LocalKey<T>::with
[INFO] [stdout]              at /rustc/202008a1b8de96d2e5b6bc02d379db03a877d34d/library/std/src/thread/local.rs:260:9
[INFO] [stdout]   19: tokio::runtime::context::set_scheduler
[INFO] [stdout]              at /opt/rustwide/cargo-home/registry/src/index.crates.io-6f17d22bba15001f/tokio-1.35.1/src/runtime/context.rs:176:9
[INFO] [stdout]   20: tokio::runtime::scheduler::current_thread::CoreGuard::enter
[INFO] [stdout]              at /opt/rustwide/cargo-home/registry/src/index.crates.io-6f17d22bba15001f/tokio-1.35.1/src/runtime/scheduler/current_thread/mod.rs:743:27
[INFO] [stdout]   21: tokio::runtime::scheduler::current_thread::CoreGuard::block_on
[INFO] [stdout]              at /opt/rustwide/cargo-home/registry/src/index.crates.io-6f17d22bba15001f/tokio-1.35.1/src/runtime/scheduler/current_thread/mod.rs:652:19
[INFO] [stdout]   22: tokio::runtime::scheduler::current_thread::CurrentThread::block_on::{{closure}}
[INFO] [stdout]              at /opt/rustwide/cargo-home/registry/src/index.crates.io-6f17d22bba15001f/tokio-1.35.1/src/runtime/scheduler/current_thread/mod.rs:175:28
[INFO] [stdout]   23: tokio::runtime::context::runtime::enter_runtime
[INFO] [stdout]              at /opt/rustwide/cargo-home/registry/src/index.crates.io-6f17d22bba15001f/tokio-1.35.1/src/runtime/context/runtime.rs:65:16
[INFO] [stdout]   24: tokio::runtime::scheduler::current_thread::CurrentThread::block_on
[INFO] [stdout]              at /opt/rustwide/cargo-home/registry/src/index.crates.io-6f17d22bba15001f/tokio-1.35.1/src/runtime/scheduler/current_thread/mod.rs:167:9
[INFO] [stdout]   25: tokio::runtime::runtime::Runtime::block_on
[INFO] [stdout]              at /opt/rustwide/cargo-home/registry/src/index.crates.io-6f17d22bba15001f/tokio-1.35.1/src/runtime/runtime.rs:348:47
[INFO] [stdout]   26: tls_certificate_exporter::prober::test::probe_rust_lang_org
[INFO] [stdout]              at ./src/prober.rs:129:9
[INFO] [stdout]   27: tls_certificate_exporter::prober::test::probe_rust_lang_org::{{closure}}
[INFO] [stdout]              at ./src/prober.rs:118:35
[INFO] [stdout]   28: core::ops::function::FnOnce::call_once
[INFO] [stdout]              at /rustc/202008a1b8de96d2e5b6bc02d379db03a877d34d/library/core/src/ops/function.rs:250:5
[INFO] [stdout]   29: core::ops::function::FnOnce::call_once
[INFO] [stdout]              at /rustc/202008a1b8de96d2e5b6bc02d379db03a877d34d/library/core/src/ops/function.rs:250:5
[INFO] [stdout]   30: test::__rust_begin_short_backtrace
[INFO] [stdout]              at /rustc/202008a1b8de96d2e5b6bc02d379db03a877d34d/library/test/src/lib.rs:632:18
[INFO] [stdout]   31: test::run_test_in_process::{{closure}}
[INFO] [stdout]              at /rustc/202008a1b8de96d2e5b6bc02d379db03a877d34d/library/test/src/lib.rs:655:60
[INFO] [stdout]   32: <core::panic::unwind_safe::AssertUnwindSafe<F> as core::ops::function::FnOnce<()>>::call_once
[INFO] [stdout]              at /rustc/202008a1b8de96d2e5b6bc02d379db03a877d34d/library/core/src/panic/unwind_safe.rs:272:9
[INFO] [stdout]   33: std::panicking::try::do_call
[INFO] [stdout]              at /rustc/202008a1b8de96d2e5b6bc02d379db03a877d34d/library/std/src/panicking.rs:557:40
[INFO] [stdout]   34: std::panicking::try
[INFO] [stdout]              at /rustc/202008a1b8de96d2e5b6bc02d379db03a877d34d/library/std/src/panicking.rs:520:19
[INFO] [stdout]   35: std::panic::catch_unwind
[INFO] [stdout]              at /rustc/202008a1b8de96d2e5b6bc02d379db03a877d34d/library/std/src/panic.rs:358:14
[INFO] [stdout]   36: test::run_test_in_process
[INFO] [stdout]              at /rustc/202008a1b8de96d2e5b6bc02d379db03a877d34d/library/test/src/lib.rs:655:27
[INFO] [stdout]   37: test::run_test::{{closure}}
[INFO] [stdout]              at /rustc/202008a1b8de96d2e5b6bc02d379db03a877d34d/library/test/src/lib.rs:576:43
[INFO] [stdout]   38: test::run_test::{{closure}}
[INFO] [stdout]              at /rustc/202008a1b8de96d2e5b6bc02d379db03a877d34d/library/test/src/lib.rs:606:41
[INFO] [stdout]   39: std::sys::backtrace::__rust_begin_short_backtrace
[INFO] [stdout]              at /rustc/202008a1b8de96d2e5b6bc02d379db03a877d34d/library/std/src/sys/backtrace.rs:154:18
[INFO] [stdout]   40: std::thread::Builder::spawn_unchecked_::{{closure}}::{{closure}}
[INFO] [stdout]              at /rustc/202008a1b8de96d2e5b6bc02d379db03a877d34d/library/std/src/thread/mod.rs:561:17
[INFO] [stdout]   41: <core::panic::unwind_safe::AssertUnwindSafe<F> as core::ops::function::FnOnce<()>>::call_once
[INFO] [stdout]              at /rustc/202008a1b8de96d2e5b6bc02d379db03a877d34d/library/core/src/panic/unwind_safe.rs:272:9
[INFO] [stdout]   42: std::panicking::try::do_call
[INFO] [stdout]              at /rustc/202008a1b8de96d2e5b6bc02d379db03a877d34d/library/std/src/panicking.rs:557:40
[INFO] [stdout]   43: std::panicking::try
[INFO] [stdout]              at /rustc/202008a1b8de96d2e5b6bc02d379db03a877d34d/library/std/src/panicking.rs:520:19
[INFO] [stdout]   44: std::panic::catch_unwind
[INFO] [stdout]              at /rustc/202008a1b8de96d2e5b6bc02d379db03a877d34d/library/std/src/panic.rs:358:14
[INFO] [stdout]   45: std::thread::Builder::spawn_unchecked_::{{closure}}
[INFO] [stdout]              at /rustc/202008a1b8de96d2e5b6bc02d379db03a877d34d/library/std/src/thread/mod.rs:559:30
[INFO] [stdout]   46: core::ops::function::FnOnce::call_once{{vtable.shim}}
[INFO] [stdout]              at /rustc/202008a1b8de96d2e5b6bc02d379db03a877d34d/library/core/src/ops/function.rs:250:5
[INFO] [stdout]   47: <alloc::boxed::Box<F,A> as core::ops::function::FnOnce<Args>>::call_once
[INFO] [stdout]              at /rustc/202008a1b8de96d2e5b6bc02d379db03a877d34d/library/alloc/src/boxed.rs:1972:9
[INFO] [stdout]   48: <alloc::boxed::Box<F,A> as core::ops::function::FnOnce<Args>>::call_once
[INFO] [stdout]              at /rustc/202008a1b8de96d2e5b6bc02d379db03a877d34d/library/alloc/src/boxed.rs:1972:9
[INFO] [stdout]   49: std::sys::pal::unix::thread::Thread::new::thread_start
[INFO] [stdout]              at /rustc/202008a1b8de96d2e5b6bc02d379db03a877d34d/library/std/src/sys/pal/unix/thread.rs:105:17
[INFO] [stdout]   50: <unknown>
[INFO] [stdout]   51: clone
[INFO] [stdout] stack backtrace:
[INFO] [stdout]    0:     0x60754cf0301a - std::backtrace_rs::backtrace::libunwind::trace::h8810477743020387
[INFO] [stdout]                                at /rustc/202008a1b8de96d2e5b6bc02d379db03a877d34d/library/std/src/../../backtrace/src/backtrace/libunwind.rs:116:5
[INFO] [stdout]    1:     0x60754cf0301a - std::backtrace_rs::backtrace::trace_unsynchronized::h3aa55355dd6c54a6
[INFO] [stdout]                                at /rustc/202008a1b8de96d2e5b6bc02d379db03a877d34d/library/std/src/../../backtrace/src/backtrace/mod.rs:66:5
[INFO] [stdout]    2:     0x60754cf0301a - std::sys::backtrace::_print_fmt::h8588b0f62410823f
[INFO] [stdout]                                at /rustc/202008a1b8de96d2e5b6bc02d379db03a877d34d/library/std/src/sys/backtrace.rs:66:9
[INFO] [stdout]    3:     0x60754cf0301a - <std::sys::backtrace::BacktraceLock::print::DisplayBacktrace as core::fmt::Display>::fmt::h98c26ac25ffe89bb
[INFO] [stdout]                                at /rustc/202008a1b8de96d2e5b6bc02d379db03a877d34d/library/std/src/sys/backtrace.rs:39:26
[INFO] [stdout]    4:     0x60754cf2cdc3 - core::fmt::rt::Argument::fmt::hf95377f4aebd453b
[INFO] [stdout]                                at /rustc/202008a1b8de96d2e5b6bc02d379db03a877d34d/library/core/src/fmt/rt.rs:177:76
[INFO] [stdout]    5:     0x60754cf2cdc3 - core::fmt::write::h0dd5f6e2238c7982
[INFO] [stdout]                                at /rustc/202008a1b8de96d2e5b6bc02d379db03a877d34d/library/core/src/fmt/mod.rs:1189:21
[INFO] [stdout]    6:     0x60754ceffc13 - std::io::Write::write_fmt::h03bb0ca26e6faf8c
[INFO] [stdout]                                at /rustc/202008a1b8de96d2e5b6bc02d379db03a877d34d/library/std/src/io/mod.rs:1884:15
[INFO] [stdout]    7:     0x60754cf02e62 - std::sys::backtrace::BacktraceLock::print::h5c19c1c038ee186d
[INFO] [stdout]                                at /rustc/202008a1b8de96d2e5b6bc02d379db03a877d34d/library/std/src/sys/backtrace.rs:42:9
[INFO] [stdout]    8:     0x60754cf0449d - std::panicking::default_hook::{{closure}}::h77172f079a1fcb13
[INFO] [stdout]                                at /rustc/202008a1b8de96d2e5b6bc02d379db03a877d34d/library/std/src/panicking.rs:268:22
[INFO] [stdout]    9:     0x60754cf042a7 - std::panicking::default_hook::he5f8e3b203ccddba
[INFO] [stdout]                                at /rustc/202008a1b8de96d2e5b6bc02d379db03a877d34d/library/std/src/panicking.rs:292:9
[INFO] [stdout]   10:     0x60754c7ef047 - <alloc::boxed::Box<F,A> as core::ops::function::Fn<Args>>::call::h7a3c7b4a1ae77f2f
[INFO] [stdout]                                at /rustc/202008a1b8de96d2e5b6bc02d379db03a877d34d/library/alloc/src/boxed.rs:1986:9
[INFO] [stdout]   11:     0x60754c7ef047 - test::test_main::{{closure}}::hf0d3b69ae9b353d1
[INFO] [stdout]                                at /rustc/202008a1b8de96d2e5b6bc02d379db03a877d34d/library/test/src/lib.rs:134:21
[INFO] [stdout]   12:     0x60754cf04b48 - <alloc::boxed::Box<F,A> as core::ops::function::Fn<Args>>::call::h6332e82e7b189abd
[INFO] [stdout]                                at /rustc/202008a1b8de96d2e5b6bc02d379db03a877d34d/library/alloc/src/boxed.rs:1986:9
[INFO] [stdout]   13:     0x60754cf04b48 - std::panicking::rust_panic_with_hook::h53863d4e9018df39
[INFO] [stdout]                                at /rustc/202008a1b8de96d2e5b6bc02d379db03a877d34d/library/std/src/panicking.rs:809:13
[INFO] [stdout]   14:     0x60754cf0490a - std::panicking::begin_panic_handler::{{closure}}::h67280e6fa0757873
[INFO] [stdout]                                at /rustc/202008a1b8de96d2e5b6bc02d379db03a877d34d/library/std/src/panicking.rs:674:13
[INFO] [stdout]   15:     0x60754cf034f9 - std::sys::backtrace::__rust_end_short_backtrace::h1dac3f54d6fbbeb2
[INFO] [stdout]                                at /rustc/202008a1b8de96d2e5b6bc02d379db03a877d34d/library/std/src/sys/backtrace.rs:170:18
[INFO] [stdout]   16:     0x60754cf0459c - rust_begin_unwind
[INFO] [stdout]                                at /rustc/202008a1b8de96d2e5b6bc02d379db03a877d34d/library/std/src/panicking.rs:665:5
[INFO] [stdout]   17:     0x60754c77b210 - core::panicking::panic_fmt::h6792bd1b2bf01041
[INFO] [stdout]                                at /rustc/202008a1b8de96d2e5b6bc02d379db03a877d34d/library/core/src/panicking.rs:76:14
[INFO] [stdout]   18:     0x60754c77b6f6 - core::result::unwrap_failed::h05e0602ed34287c5
[INFO] [stdout]                                at /rustc/202008a1b8de96d2e5b6bc02d379db03a877d34d/library/core/src/result.rs:1699:5
[INFO] [stdout]   19:     0x60754c7ae752 - core::result::Result<T,E>::unwrap::h0ffbd8d7e17930b7
[INFO] [stdout]                                at /rustc/202008a1b8de96d2e5b6bc02d379db03a877d34d/library/core/src/result.rs:1104:23
[INFO] [stdout]   20:     0x60754c7ae752 - tls_certificate_exporter::prober::test::probe_rust_lang_org::{{closure}}::h00f1674593038465
[INFO] [stdout]                                at /opt/rustwide/workdir/src/prober.rs:126:29
[INFO] [stdout]   21:     0x60754c79d7d2 - <core::pin::Pin<P> as core::future::future::Future>::poll::h8c699b146d52eec1
[INFO] [stdout]                                at /rustc/202008a1b8de96d2e5b6bc02d379db03a877d34d/library/core/src/future/future.rs:124:9
[INFO] [stdout]   22:     0x60754c79d80d - <core::pin::Pin<P> as core::future::future::Future>::poll::hca35376e9ea77295
[INFO] [stdout]                                at /rustc/202008a1b8de96d2e5b6bc02d379db03a877d34d/library/core/src/future/future.rs:124:9
[INFO] [stdout]   23:     0x60754c7966bf - tokio::runtime::scheduler::current_thread::CoreGuard::block_on::{{closure}}::{{closure}}::{{closure}}::ha8c3b7281fdf6568
[INFO] [stdout]                                at /opt/rustwide/cargo-home/registry/src/index.crates.io-6f17d22bba15001f/tokio-1.35.1/src/runtime/scheduler/current_thread/mod.rs:665:57
[INFO] [stdout]   24:     0x60754c7965f5 - tokio::runtime::coop::with_budget::ha6a1d16d7cb05dea
[INFO] [stdout]                                at /opt/rustwide/cargo-home/registry/src/index.crates.io-6f17d22bba15001f/tokio-1.35.1/src/runtime/coop.rs:107:5
[INFO] [stdout]   25:     0x60754c7965f5 - tokio::runtime::coop::budget::h54fe6efeb2d4e5c6
[INFO] [stdout]                                at /opt/rustwide/cargo-home/registry/src/index.crates.io-6f17d22bba15001f/tokio-1.35.1/src/runtime/coop.rs:73:5
[INFO] [stdout]   26:     0x60754c7965f5 - tokio::runtime::scheduler::current_thread::CoreGuard::block_on::{{closure}}::{{closure}}::h5778ef577df41f3e
[INFO] [stdout]                                at /opt/rustwide/cargo-home/registry/src/index.crates.io-6f17d22bba15001f/tokio-1.35.1/src/runtime/scheduler/current_thread/mod.rs:665:25
[INFO] [stdout]   27:     0x60754c7953a0 - tokio::runtime::scheduler::current_thread::Context::enter::haee3d6552db9dc57
[INFO] [stdout]                                at /opt/rustwide/cargo-home/registry/src/index.crates.io-6f17d22bba15001f/tokio-1.35.1/src/runtime/scheduler/current_thread/mod.rs:410:19
[INFO] [stdout]   28:     0x60754c795e5e - tokio::runtime::scheduler::current_thread::CoreGuard::block_on::{{closure}}::h5b99338566adb220
[INFO] [stdout]                                at /opt/rustwide/cargo-home/registry/src/index.crates.io-6f17d22bba15001f/tokio-1.35.1/src/runtime/scheduler/current_thread/mod.rs:664:36
[INFO] [stdout]   29:     0x60754c795bd4 - tokio::runtime::scheduler::current_thread::CoreGuard::enter::{{closure}}::ha8b64927d454444b
[INFO] [stdout]                                at /opt/rustwide/cargo-home/registry/src/index.crates.io-6f17d22bba15001f/tokio-1.35.1/src/runtime/scheduler/current_thread/mod.rs:743:68
[INFO] [stdout]   30:     0x60754c79c20b - tokio::runtime::context::scoped::Scoped<T>::set::hdfbb820c85de3779
[INFO] [stdout]                                at /opt/rustwide/cargo-home/registry/src/index.crates.io-6f17d22bba15001f/tokio-1.35.1/src/runtime/context/scoped.rs:40:9
[INFO] [stdout]   31:     0x60754c79bfc9 - tokio::runtime::context::set_scheduler::{{closure}}::h735640f9e581f8c4
[INFO] [stdout]                                at /opt/rustwide/cargo-home/registry/src/index.crates.io-6f17d22bba15001f/tokio-1.35.1/src/runtime/context.rs:176:26
[INFO] [stdout]   32:     0x60754c7af8fd - std::thread::local::LocalKey<T>::try_with::h9ae3c30cd08e8105
[INFO] [stdout]                                at /rustc/202008a1b8de96d2e5b6bc02d379db03a877d34d/library/std/src/thread/local.rs:283:12
[INFO] [stdout]   33:     0x60754c7af1aa - std::thread::local::LocalKey<T>::with::h6f742044a89e0e8f
[INFO] [stdout]                                at /rustc/202008a1b8de96d2e5b6bc02d379db03a877d34d/library/std/src/thread/local.rs:260:9
[INFO] [stdout]   34:     0x60754c79bf7d - tokio::runtime::context::set_scheduler::ha1f6b1ab5932b795
[INFO] [stdout]                                at /opt/rustwide/cargo-home/registry/src/index.crates.io-6f17d22bba15001f/tokio-1.35.1/src/runtime/context.rs:176:9
[INFO] [stdout]   35:     0x60754c795980 - tokio::runtime::scheduler::current_thread::CoreGuard::enter::hab19e3e8d7db41f5
[INFO] [stdout]                                at /opt/rustwide/cargo-home/registry/src/index.crates.io-6f17d22bba15001f/tokio-1.35.1/src/runtime/scheduler/current_thread/mod.rs:743:27
[INFO] [stdout]   36:     0x60754c795bf3 - tokio::runtime::scheduler::current_thread::CoreGuard::block_on::h9771401d3d3c2b72
[INFO] [stdout]                                at /opt/rustwide/cargo-home/registry/src/index.crates.io-6f17d22bba15001f/tokio-1.35.1/src/runtime/scheduler/current_thread/mod.rs:652:19
[INFO] [stdout]   37:     0x60754c794bed - tokio::runtime::scheduler::current_thread::CurrentThread::block_on::{{closure}}::h860d3b7cfd9d585d
[INFO] [stdout]                                at /opt/rustwide/cargo-home/registry/src/index.crates.io-6f17d22bba15001f/tokio-1.35.1/src/runtime/scheduler/current_thread/mod.rs:175:28
[INFO] [stdout]   38:     0x60754c7b15f6 - tokio::runtime::context::runtime::enter_runtime::h163b9fc7e9dd4c4e
[INFO] [stdout]                                at /opt/rustwide/cargo-home/registry/src/index.crates.io-6f17d22bba15001f/tokio-1.35.1/src/runtime/context/runtime.rs:65:16
[INFO] [stdout]   39:     0x60754c794b01 - tokio::runtime::scheduler::current_thread::CurrentThread::block_on::h2345c78d2a7cbcf5
[INFO] [stdout]                                at /opt/rustwide/cargo-home/registry/src/index.crates.io-6f17d22bba15001f/tokio-1.35.1/src/runtime/scheduler/current_thread/mod.rs:167:9
[INFO] [stdout]   40:     0x60754c7b1ccd - tokio::runtime::runtime::Runtime::block_on::h71ee43d9a334b873
[INFO] [stdout]                                at /opt/rustwide/cargo-home/registry/src/index.crates.io-6f17d22bba15001f/tokio-1.35.1/src/runtime/runtime.rs:348:47
[INFO] [stdout]   41:     0x60754c7ae005 - tls_certificate_exporter::prober::test::probe_rust_lang_org::hcacef9a60d8a6b3a
[INFO] [stdout]                                at /opt/rustwide/workdir/src/prober.rs:129:9
[INFO] [stdout]   42:     0x60754c7adea7 - tls_certificate_exporter::prober::test::probe_rust_lang_org::{{closure}}::hd1fa4bb8a8333f1b
[INFO] [stdout]                                at /opt/rustwide/workdir/src/prober.rs:118:35
[INFO] [stdout]   43:     0x60754c7888c6 - core::ops::function::FnOnce::call_once::hc3231e6acc695997
[INFO] [stdout]                                at /rustc/202008a1b8de96d2e5b6bc02d379db03a877d34d/library/core/src/ops/function.rs:250:5
[INFO] [stdout]   44:     0x60754c7f3b6b - core::ops::function::FnOnce::call_once::h871bf86719ec9aa4
[INFO] [stdout]                                at /rustc/202008a1b8de96d2e5b6bc02d379db03a877d34d/library/core/src/ops/function.rs:250:5
[INFO] [stdout]   45:     0x60754c7f3b6b - test::__rust_begin_short_backtrace::h2167df1e2b7d76fd
[INFO] [stdout]                                at /rustc/202008a1b8de96d2e5b6bc02d379db03a877d34d/library/test/src/lib.rs:632:18
[INFO] [stdout]   46:     0x60754c7f3558 - test::run_test_in_process::{{closure}}::h15d92f75a3adfb79
[INFO] [stdout]                                at /rustc/202008a1b8de96d2e5b6bc02d379db03a877d34d/library/test/src/lib.rs:655:60
[INFO] [stdout]   47:     0x60754c7f3558 - <core::panic::unwind_safe::AssertUnwindSafe<F> as core::ops::function::FnOnce<()>>::call_once::hb6c8955835a8dbbb
[INFO] [stdout]                                at /rustc/202008a1b8de96d2e5b6bc02d379db03a877d34d/library/core/src/panic/unwind_safe.rs:272:9
[INFO] [stdout]   48:     0x60754c7f3558 - std::panicking::try::do_call::hc79d0fc888a0bd30
[INFO] [stdout]                                at /rustc/202008a1b8de96d2e5b6bc02d379db03a877d34d/library/std/src/panicking.rs:557:40
[INFO] [stdout]   49:     0x60754c7f3558 - std::panicking::try::hb8a7878e3a8589d6
[INFO] [stdout]                                at /rustc/202008a1b8de96d2e5b6bc02d379db03a877d34d/library/std/src/panicking.rs:520:19
[INFO] [stdout]   50:     0x60754c7f3558 - std::panic::catch_unwind::hb8e4600ff0ff5cfa
[INFO] [stdout]                                at /rustc/202008a1b8de96d2e5b6bc02d379db03a877d34d/library/std/src/panic.rs:358:14
[INFO] [stdout]   51:     0x60754c7f3558 - test::run_test_in_process::hc2900b0b18688dd6
[INFO] [stdout]                                at /rustc/202008a1b8de96d2e5b6bc02d379db03a877d34d/library/test/src/lib.rs:655:27
[INFO] [stdout]   52:     0x60754c7f3558 - test::run_test::{{closure}}::hac2a9cb07be3d48d
[INFO] [stdout]                                at /rustc/202008a1b8de96d2e5b6bc02d379db03a877d34d/library/test/src/lib.rs:576:43
[INFO] [stdout]   53:     0x60754c7b6ffa - test::run_test::{{closure}}::h4a5b729e66a38cd8
[INFO] [stdout]                                at /rustc/202008a1b8de96d2e5b6bc02d379db03a877d34d/library/test/src/lib.rs:606:41
[INFO] [stdout]   54:     0x60754c7b6ffa - std::sys::backtrace::__rust_begin_short_backtrace::h0496fb742492f573
[INFO] [stdout]                                at /rustc/202008a1b8de96d2e5b6bc02d379db03a877d34d/library/std/src/sys/backtrace.rs:154:18
[INFO] [stdout]   55:     0x60754c7ba974 - std::thread::Builder::spawn_unchecked_::{{closure}}::{{closure}}::hbb6d257c550a54bd
[INFO] [stdout]                                at /rustc/202008a1b8de96d2e5b6bc02d379db03a877d34d/library/std/src/thread/mod.rs:561:17
[INFO] [stdout]   56:     0x60754c7ba974 - <core::panic::unwind_safe::AssertUnwindSafe<F> as core::ops::function::FnOnce<()>>::call_once::h46696fe4a6832328
[INFO] [stdout]                                at /rustc/202008a1b8de96d2e5b6bc02d379db03a877d34d/library/core/src/panic/unwind_safe.rs:272:9
[INFO] [stdout]   57:     0x60754c7ba974 - std::panicking::try::do_call::h2625a51b667bfb64
[INFO] [stdout]                                at /rustc/202008a1b8de96d2e5b6bc02d379db03a877d34d/library/std/src/panicking.rs:557:40
[INFO] [stdout]   58:     0x60754c7ba974 - std::panicking::try::hb956a59a1973aa4c
[INFO] [stdout]                                at /rustc/202008a1b8de96d2e5b6bc02d379db03a877d34d/library/std/src/panicking.rs:520:19
[INFO] [stdout]   59:     0x60754c7ba974 - std::panic::catch_unwind::h64f3b9d1067ef6a0
[INFO] [stdout]                                at /rustc/202008a1b8de96d2e5b6bc02d379db03a877d34d/library/std/src/panic.rs:358:14
[INFO] [stdout]   60:     0x60754c7ba974 - std::thread::Builder::spawn_unchecked_::{{closure}}::h42b2841295b6c0b2
[INFO] [stdout]                                at /rustc/202008a1b8de96d2e5b6bc02d379db03a877d34d/library/std/src/thread/mod.rs:559:30
[INFO] [stdout]   61:     0x60754c7ba974 - core::ops::function::FnOnce::call_once{{vtable.shim}}::h6127de71b8124639
[INFO] [stdout]                                at /rustc/202008a1b8de96d2e5b6bc02d379db03a877d34d/library/core/src/ops/function.rs:250:5
[INFO] [stdout]   62:     0x60754cf08d5b - <alloc::boxed::Box<F,A> as core::ops::function::FnOnce<Args>>::call_once::h42f0ba71002a1b2c
[INFO] [stdout]                                at /rustc/202008a1b8de96d2e5b6bc02d379db03a877d34d/library/alloc/src/boxed.rs:1972:9
[INFO] [stdout]   63:     0x60754cf08d5b - <alloc::boxed::Box<F,A> as core::ops::function::FnOnce<Args>>::call_once::had9e47d7a3dcecb8
[INFO] [stdout]                                at /rustc/202008a1b8de96d2e5b6bc02d379db03a877d34d/library/alloc/src/boxed.rs:1972:9
[INFO] [stdout]   64:     0x60754cf08d5b - std::sys::pal::unix::thread::Thread::new::thread_start::h48cf765408f6f5f2
[INFO] [stdout]                                at /rustc/202008a1b8de96d2e5b6bc02d379db03a877d34d/library/std/src/sys/pal/unix/thread.rs:105:17
[INFO] [stdout]   65:     0x724950c31ac3 - <unknown>
[INFO] [stdout]   66:     0x724950cc2a04 - clone
[INFO] [stdout]   67:                0x0 - <unknown>
[INFO] [stdout] 
[INFO] [stdout] 
[INFO] [stdout] failures:
[INFO] [stdout]     prober::test::probe_rust_lang_org
[INFO] [stdout] 
[INFO] [stdout] test result: FAILED. 0 passed; 1 failed; 0 ignored; 0 measured; 0 filtered out; finished in 0.10s
[INFO] [stdout] 
[INFO] [stderr] error: test failed, to rerun pass `--bin tls-certificate-exporter`
[INFO] running `Command { std: "docker" "inspect" "651cefcdc5adb27ae6097b0ff18447360a3d499e40da62b2087d27786794d57a", kill_on_drop: false }`
[INFO] running `Command { std: "docker" "rm" "-f" "651cefcdc5adb27ae6097b0ff18447360a3d499e40da62b2087d27786794d57a", kill_on_drop: false }`
[INFO] [stdout] 651cefcdc5adb27ae6097b0ff18447360a3d499e40da62b2087d27786794d57a
