[INFO] fetching crate tls-api 0.12.0...
[INFO] testing tls-api-0.12.0 against 1.83.0 for beta-1.84.0-4-retry
[INFO] extracting crate tls-api 0.12.0 into /workspace/builds/worker-1-tc1/source
[INFO] validating manifest of crates.io crate tls-api 0.12.0 on toolchain 1.83.0
[INFO] running `Command { std: CARGO_HOME="/workspace/cargo-home" RUSTUP_HOME="/workspace/rustup-home" "/workspace/cargo-home/bin/cargo" "+1.83.0" "metadata" "--manifest-path" "Cargo.toml" "--no-deps", kill_on_drop: false }`
[INFO] started tweaking crates.io crate tls-api 0.12.0
[INFO] finished tweaking crates.io crate tls-api 0.12.0
[INFO] tweaked toml for crates.io crate tls-api 0.12.0 written to /workspace/builds/worker-1-tc1/source/Cargo.toml
[INFO] running `Command { std: CARGO_HOME="/workspace/cargo-home" RUSTUP_HOME="/workspace/rustup-home" "/workspace/cargo-home/bin/cargo" "+1.83.0" "generate-lockfile" "--manifest-path" "Cargo.toml", kill_on_drop: false }`
[INFO] [stderr]     Blocking waiting for file lock on package cache
[INFO] [stderr]     Updating crates.io index
[INFO] [stderr]     Blocking waiting for file lock on package cache
[INFO] [stderr]      Locking 53 packages to latest compatible versions
[INFO] running `Command { std: CARGO_HOME="/workspace/cargo-home" RUSTUP_HOME="/workspace/rustup-home" "/workspace/cargo-home/bin/cargo" "+1.83.0" "fetch" "--manifest-path" "Cargo.toml", kill_on_drop: false }`
[INFO] [stderr]     Blocking waiting for file lock on package cache
[INFO] [stderr]     Blocking waiting for file lock on package cache
[INFO] running `Command { std: "docker" "create" "-v" "/var/lib/crater-agent-workspace/builds/worker-1-tc1/target:/opt/rustwide/target:rw,Z" "-v" "/var/lib/crater-agent-workspace/builds/worker-1-tc1/source:/opt/rustwide/workdir:ro,Z" "-v" "/var/lib/crater-agent-workspace/cargo-home:/opt/rustwide/cargo-home:ro,Z" "-v" "/var/lib/crater-agent-workspace/rustup-home:/opt/rustwide/rustup-home:ro,Z" "-e" "SOURCE_DIR=/opt/rustwide/workdir" "-e" "CARGO_TARGET_DIR=/opt/rustwide/target" "-e" "CARGO_HOME=/opt/rustwide/cargo-home" "-e" "RUSTUP_HOME=/opt/rustwide/rustup-home" "-w" "/opt/rustwide/workdir" "-m" "1610612736" "--user" "0:0" "--network" "none" "ghcr.io/rust-lang/crates-build-env/linux@sha256:f3a9d4ad9d972b27faf3965f35b62e55ba32bbce8f20bc8fe909558a86702fde" "/opt/rustwide/cargo-home/bin/cargo" "+1.83.0" "metadata" "--no-deps" "--format-version=1", kill_on_drop: false }`
[INFO] [stdout] deb39cb6b2e52cd872eba133fefcc834e3832fe095b71994eab3eecbd34dec99
[INFO] running `Command { std: "docker" "start" "-a" "deb39cb6b2e52cd872eba133fefcc834e3832fe095b71994eab3eecbd34dec99", kill_on_drop: false }`
[INFO] running `Command { std: "docker" "inspect" "deb39cb6b2e52cd872eba133fefcc834e3832fe095b71994eab3eecbd34dec99", kill_on_drop: false }`
[INFO] running `Command { std: "docker" "rm" "-f" "deb39cb6b2e52cd872eba133fefcc834e3832fe095b71994eab3eecbd34dec99", kill_on_drop: false }`
[INFO] [stdout] deb39cb6b2e52cd872eba133fefcc834e3832fe095b71994eab3eecbd34dec99
[INFO] running `Command { std: "docker" "create" "-v" "/var/lib/crater-agent-workspace/builds/worker-1-tc1/target:/opt/rustwide/target:rw,Z" "-v" "/var/lib/crater-agent-workspace/builds/worker-1-tc1/source:/opt/rustwide/workdir:ro,Z" "-v" "/var/lib/crater-agent-workspace/cargo-home:/opt/rustwide/cargo-home:ro,Z" "-v" "/var/lib/crater-agent-workspace/rustup-home:/opt/rustwide/rustup-home:ro,Z" "-e" "SOURCE_DIR=/opt/rustwide/workdir" "-e" "CARGO_TARGET_DIR=/opt/rustwide/target" "-e" "CARGO_INCREMENTAL=0" "-e" "RUST_BACKTRACE=full" "-e" "RUSTFLAGS=--cap-lints=warn" "-e" "RUSTDOCFLAGS=--cap-lints=warn" "-e" "CARGO_HOME=/opt/rustwide/cargo-home" "-e" "RUSTUP_HOME=/opt/rustwide/rustup-home" "-w" "/opt/rustwide/workdir" "-m" "1610612736" "--user" "0:0" "--network" "none" "ghcr.io/rust-lang/crates-build-env/linux@sha256:f3a9d4ad9d972b27faf3965f35b62e55ba32bbce8f20bc8fe909558a86702fde" "/opt/rustwide/cargo-home/bin/cargo" "+1.83.0" "build" "--frozen" "--message-format=json", kill_on_drop: false }`
[INFO] [stdout] 616323a3e8922eefa022a9cd73da99af0860b4103a5d7462e731e4e2fbc3a7fc
[INFO] running `Command { std: "docker" "start" "-a" "616323a3e8922eefa022a9cd73da99af0860b4103a5d7462e731e4e2fbc3a7fc", kill_on_drop: false }`
[INFO] [stderr]    Compiling proc-macro2 v1.0.92
[INFO] [stderr]    Compiling unicode-ident v1.0.14
[INFO] [stderr]    Compiling libc v0.2.168
[INFO] [stderr]    Compiling rustix v0.38.42
[INFO] [stderr]    Compiling linux-raw-sys v0.4.14
[INFO] [stderr]    Compiling anyhow v1.0.94
[INFO] [stderr]    Compiling thiserror v2.0.7
[INFO] [stderr]    Compiling bitflags v2.6.0
[INFO] [stderr]    Compiling once_cell v1.20.2
[INFO] [stderr]    Compiling base64 v0.22.1
[INFO] [stderr]    Compiling fastrand v2.3.0
[INFO] [stderr]    Compiling pin-project-lite v0.2.15
[INFO] [stderr]    Compiling bytes v1.9.0
[INFO] [stderr]    Compiling cfg-if v1.0.0
[INFO] [stderr]    Compiling pem v3.0.4
[INFO] [stderr]    Compiling quote v1.0.37
[INFO] [stderr]    Compiling syn v2.0.90
[INFO] [stderr]    Compiling mio v1.0.3
[INFO] [stderr]    Compiling socket2 v0.5.8
[INFO] [stderr]    Compiling tempfile v3.14.0
[INFO] [stderr]    Compiling tokio v1.42.0
[INFO] [stderr]    Compiling thiserror-impl v2.0.7
[INFO] [stderr]    Compiling tls-api v0.12.0 (/opt/rustwide/workdir)
[INFO] [stderr]     Finished `dev` profile [unoptimized + debuginfo] target(s) in 9.68s
[INFO] running `Command { std: "docker" "inspect" "616323a3e8922eefa022a9cd73da99af0860b4103a5d7462e731e4e2fbc3a7fc", kill_on_drop: false }`
[INFO] running `Command { std: "docker" "rm" "-f" "616323a3e8922eefa022a9cd73da99af0860b4103a5d7462e731e4e2fbc3a7fc", kill_on_drop: false }`
[INFO] [stdout] 616323a3e8922eefa022a9cd73da99af0860b4103a5d7462e731e4e2fbc3a7fc
[INFO] running `Command { std: "docker" "create" "-v" "/var/lib/crater-agent-workspace/builds/worker-1-tc1/target:/opt/rustwide/target:rw,Z" "-v" "/var/lib/crater-agent-workspace/builds/worker-1-tc1/source:/opt/rustwide/workdir:ro,Z" "-v" "/var/lib/crater-agent-workspace/cargo-home:/opt/rustwide/cargo-home:ro,Z" "-v" "/var/lib/crater-agent-workspace/rustup-home:/opt/rustwide/rustup-home:ro,Z" "-e" "SOURCE_DIR=/opt/rustwide/workdir" "-e" "CARGO_TARGET_DIR=/opt/rustwide/target" "-e" "CARGO_INCREMENTAL=0" "-e" "RUST_BACKTRACE=full" "-e" "RUSTFLAGS=--cap-lints=warn" "-e" "RUSTDOCFLAGS=--cap-lints=warn" "-e" "CARGO_HOME=/opt/rustwide/cargo-home" "-e" "RUSTUP_HOME=/opt/rustwide/rustup-home" "-w" "/opt/rustwide/workdir" "-m" "1610612736" "--user" "0:0" "--network" "none" "ghcr.io/rust-lang/crates-build-env/linux@sha256:f3a9d4ad9d972b27faf3965f35b62e55ba32bbce8f20bc8fe909558a86702fde" "/opt/rustwide/cargo-home/bin/cargo" "+1.83.0" "test" "--frozen" "--no-run" "--message-format=json", kill_on_drop: false }`
[INFO] [stdout] 14053564908e7c38dfbe5d61d1058aa3bd6db5dfaefc4023d471058f66715080
[INFO] running `Command { std: "docker" "start" "-a" "14053564908e7c38dfbe5d61d1058aa3bd6db5dfaefc4023d471058f66715080", kill_on_drop: false }`
[INFO] [stderr]    Compiling tls-api v0.12.0 (/opt/rustwide/workdir)
[INFO] [stderr]     Finished `test` profile [unoptimized + debuginfo] target(s) in 0.56s
[INFO] running `Command { std: "docker" "inspect" "14053564908e7c38dfbe5d61d1058aa3bd6db5dfaefc4023d471058f66715080", kill_on_drop: false }`
[INFO] running `Command { std: "docker" "rm" "-f" "14053564908e7c38dfbe5d61d1058aa3bd6db5dfaefc4023d471058f66715080", kill_on_drop: false }`
[INFO] [stdout] 14053564908e7c38dfbe5d61d1058aa3bd6db5dfaefc4023d471058f66715080
[INFO] running `Command { std: "docker" "create" "-v" "/var/lib/crater-agent-workspace/builds/worker-1-tc1/target:/opt/rustwide/target:rw,Z" "-v" "/var/lib/crater-agent-workspace/builds/worker-1-tc1/source:/opt/rustwide/workdir:ro,Z" "-v" "/var/lib/crater-agent-workspace/cargo-home:/opt/rustwide/cargo-home:ro,Z" "-v" "/var/lib/crater-agent-workspace/rustup-home:/opt/rustwide/rustup-home:ro,Z" "-e" "SOURCE_DIR=/opt/rustwide/workdir" "-e" "CARGO_TARGET_DIR=/opt/rustwide/target" "-e" "CARGO_INCREMENTAL=0" "-e" "RUST_BACKTRACE=full" "-e" "RUSTFLAGS=--cap-lints=warn" "-e" "RUSTDOCFLAGS=--cap-lints=warn" "-e" "CARGO_HOME=/opt/rustwide/cargo-home" "-e" "RUSTUP_HOME=/opt/rustwide/rustup-home" "-w" "/opt/rustwide/workdir" "-m" "1610612736" "--user" "0:0" "--network" "none" "ghcr.io/rust-lang/crates-build-env/linux@sha256:f3a9d4ad9d972b27faf3965f35b62e55ba32bbce8f20bc8fe909558a86702fde" "/opt/rustwide/cargo-home/bin/cargo" "+1.83.0" "test" "--frozen", kill_on_drop: false }`
[INFO] [stdout] 744146867ad6501b9bc874380d1aff3a0ceacdfb234fdc5790e1baf7cebc4f85
[INFO] running `Command { std: "docker" "start" "-a" "744146867ad6501b9bc874380d1aff3a0ceacdfb234fdc5790e1baf7cebc4f85", kill_on_drop: false }`
[INFO] [stderr]     Finished `test` profile [unoptimized + debuginfo] target(s) in 0.06s
[INFO] [stderr]      Running unittests src/lib.rs (/opt/rustwide/target/debug/deps/tls_api-b540beb992f54008)
[INFO] [stdout] 
[INFO] [stdout] running 0 tests
[INFO] [stdout] 
[INFO] [stdout] test result: ok. 0 passed; 0 failed; 0 ignored; 0 measured; 0 filtered out; finished in 0.00s
[INFO] [stdout] 
[INFO] [stderr]    Doc-tests tls_api
[INFO] [stdout] 
[INFO] [stdout] running 6 tests
[INFO] [stdout] test src/acceptor.rs - acceptor::TlsAcceptor::TlsStream (line 55) ... ignored
[INFO] [stdout] test src/connector.rs - connector::TlsConnector::TlsStream (line 68) ... ignored
[INFO] [stdout] test src/connector.rs - connector::TlsConnectorBuilder::Underlying (line 22) ... ignored
[INFO] [stdout] test src/stream_with_socket.rs - stream_with_socket::TlsStreamWithSocket (line 22) ... ignored
[INFO] [stdout] test src/lib.rs - (line 16) ... FAILED
[INFO] [stdout] test src/lib.rs - (line 37) ... FAILED
[INFO] [stdout] 
[INFO] [stdout] failures:
[INFO] [stdout] 
[INFO] [stdout] ---- src/lib.rs - (line 16) stdout ----
[INFO] [stdout] error[E0433]: failed to resolve: use of undeclared crate or module `tls_api_2`
[INFO] [stdout]  --> src/lib.rs:22:5
[INFO] [stdout]   |
[INFO] [stdout] 9 | use tls_api_2::runtime::AsyncWriteExt;
[INFO] [stdout]   |     ^^^^^^^^^ use of undeclared crate or module `tls_api_2`
[INFO] [stdout]   |
[INFO] [stdout] help: there is a crate or module with a similar name
[INFO] [stdout]   |
[INFO] [stdout] 9 | use tls_api::runtime::AsyncWriteExt;
[INFO] [stdout]   |     ~~~~~~~
[INFO] [stdout] 
[INFO] [stdout] error[E0433]: failed to resolve: use of undeclared crate or module `tls_api_2`
[INFO] [stdout]   --> src/lib.rs:23:5
[INFO] [stdout]    |
[INFO] [stdout] 10 | use tls_api_2::runtime::AsyncReadExt;
[INFO] [stdout]    |     ^^^^^^^^^ use of undeclared crate or module `tls_api_2`
[INFO] [stdout]    |
[INFO] [stdout] help: there is a crate or module with a similar name
[INFO] [stdout]    |
[INFO] [stdout] 10 | use tls_api::runtime::AsyncReadExt;
[INFO] [stdout]    |     ~~~~~~~
[INFO] [stdout] 
[INFO] [stdout] error[E0432]: unresolved import `tls_api_2`
[INFO] [stdout]  --> src/lib.rs:19:5
[INFO] [stdout]   |
[INFO] [stdout] 6 | use tls_api_2::{TlsConnector, TlsConnectorBuilder};
[INFO] [stdout]   |     ^^^^^^^^^ use of undeclared crate or module `tls_api_2`
[INFO] [stdout]   |
[INFO] [stdout] help: there is a crate or module with a similar name
[INFO] [stdout]   |
[INFO] [stdout] 6 | use tls_api::{TlsConnector, TlsConnectorBuilder};
[INFO] [stdout]   |     ~~~~~~~
[INFO] [stdout] 
[INFO] [stdout] error: aborting due to 3 previous errors
[INFO] [stdout] 
[INFO] [stdout] Some errors have detailed explanations: E0432, E0433.
[INFO] [stdout] For more information about an error, try `rustc --explain E0432`.
[INFO] [stdout] Couldn't compile the test.
[INFO] [stdout] ---- src/lib.rs - (line 37) stdout ----
[INFO] [stdout] error[E0433]: failed to resolve: use of undeclared crate or module `tls_api_2`
[INFO] [stdout]  --> src/lib.rs:43:5
[INFO] [stdout]   |
[INFO] [stdout] 9 | use tls_api_2::runtime::AsyncWriteExt;
[INFO] [stdout]   |     ^^^^^^^^^ use of undeclared crate or module `tls_api_2`
[INFO] [stdout]   |
[INFO] [stdout] help: there is a crate or module with a similar name
[INFO] [stdout]   |
[INFO] [stdout] 9 | use tls_api::runtime::AsyncWriteExt;
[INFO] [stdout]   |     ~~~~~~~
[INFO] [stdout] 
[INFO] [stdout] error[E0433]: failed to resolve: use of undeclared crate or module `tls_api_2`
[INFO] [stdout]   --> src/lib.rs:44:5
[INFO] [stdout]    |
[INFO] [stdout] 10 | use tls_api_2::runtime::AsyncReadExt;
[INFO] [stdout]    |     ^^^^^^^^^ use of undeclared crate or module `tls_api_2`
[INFO] [stdout]    |
[INFO] [stdout] help: there is a crate or module with a similar name
[INFO] [stdout]    |
[INFO] [stdout] 10 | use tls_api::runtime::AsyncReadExt;
[INFO] [stdout]    |     ~~~~~~~
[INFO] [stdout] 
[INFO] [stdout] error[E0432]: unresolved import `tls_api_2`
[INFO] [stdout]  --> src/lib.rs:40:5
[INFO] [stdout]   |
[INFO] [stdout] 6 | use tls_api_2::TlsConnectorType;
[INFO] [stdout]   |     ^^^^^^^^^ use of undeclared crate or module `tls_api_2`
[INFO] [stdout]   |
[INFO] [stdout] help: there is a crate or module with a similar name
[INFO] [stdout]   |
[INFO] [stdout] 6 | use tls_api::TlsConnectorType;
[INFO] [stderr] error: doctest failed, to rerun pass `--doc`
[INFO] [stdout]   |     ~~~~~~~
[INFO] [stdout] 
[INFO] [stdout] error: aborting due to 3 previous errors
[INFO] [stdout] 
[INFO] [stdout] Some errors have detailed explanations: E0432, E0433.
[INFO] [stdout] For more information about an error, try `rustc --explain E0432`.
[INFO] [stdout] Couldn't compile the test.
[INFO] [stdout] 
[INFO] [stdout] failures:
[INFO] [stdout]     src/lib.rs - (line 16)
[INFO] [stdout]     src/lib.rs - (line 37)
[INFO] [stdout] 
[INFO] [stdout] test result: FAILED. 0 passed; 2 failed; 4 ignored; 0 measured; 0 filtered out; finished in 0.07s
[INFO] [stdout] 
[INFO] running `Command { std: "docker" "inspect" "744146867ad6501b9bc874380d1aff3a0ceacdfb234fdc5790e1baf7cebc4f85", kill_on_drop: false }`
[INFO] running `Command { std: "docker" "rm" "-f" "744146867ad6501b9bc874380d1aff3a0ceacdfb234fdc5790e1baf7cebc4f85", kill_on_drop: false }`
[INFO] [stdout] 744146867ad6501b9bc874380d1aff3a0ceacdfb234fdc5790e1baf7cebc4f85
