[INFO] fetching crate tl-proto-proc 0.5.0...
[INFO] testing tl-proto-proc-0.5.0 against beta-2024-12-08 for beta-1.84.0-4-retry
[INFO] extracting crate tl-proto-proc 0.5.0 into /workspace/builds/worker-0-tc2/source
[INFO] validating manifest of crates.io crate tl-proto-proc 0.5.0 on toolchain beta-2024-12-08
[INFO] running `Command { std: CARGO_HOME="/workspace/cargo-home" RUSTUP_HOME="/workspace/rustup-home" "/workspace/cargo-home/bin/cargo" "+beta-2024-12-08" "metadata" "--manifest-path" "Cargo.toml" "--no-deps", kill_on_drop: false }`
[INFO] started tweaking crates.io crate tl-proto-proc 0.5.0
[INFO] finished tweaking crates.io crate tl-proto-proc 0.5.0
[INFO] tweaked toml for crates.io crate tl-proto-proc 0.5.0 written to /workspace/builds/worker-0-tc2/source/Cargo.toml
[INFO] running `Command { std: CARGO_HOME="/workspace/cargo-home" RUSTUP_HOME="/workspace/rustup-home" "/workspace/cargo-home/bin/cargo" "+beta-2024-12-08" "generate-lockfile" "--manifest-path" "Cargo.toml", kill_on_drop: false }`
[INFO] [stderr]     Updating crates.io index
[INFO] [stderr]      Locking 29 packages to latest compatible versions
[INFO] [stderr]       Adding rustc-hash v1.1.0 (available: v2.1.0)
[INFO] running `Command { std: CARGO_HOME="/workspace/cargo-home" RUSTUP_HOME="/workspace/rustup-home" "/workspace/cargo-home/bin/cargo" "+beta-2024-12-08" "fetch" "--manifest-path" "Cargo.toml", kill_on_drop: false }`
[INFO] [stderr]     Blocking waiting for file lock on package cache
[INFO] running `Command { std: "docker" "create" "-v" "/var/lib/crater-agent-workspace/builds/worker-0-tc2/target:/opt/rustwide/target:rw,Z" "-v" "/var/lib/crater-agent-workspace/builds/worker-0-tc2/source:/opt/rustwide/workdir:ro,Z" "-v" "/var/lib/crater-agent-workspace/cargo-home:/opt/rustwide/cargo-home:ro,Z" "-v" "/var/lib/crater-agent-workspace/rustup-home:/opt/rustwide/rustup-home:ro,Z" "-e" "SOURCE_DIR=/opt/rustwide/workdir" "-e" "CARGO_TARGET_DIR=/opt/rustwide/target" "-e" "CARGO_HOME=/opt/rustwide/cargo-home" "-e" "RUSTUP_HOME=/opt/rustwide/rustup-home" "-w" "/opt/rustwide/workdir" "-m" "1610612736" "--user" "0:0" "--network" "none" "ghcr.io/rust-lang/crates-build-env/linux@sha256:f3a9d4ad9d972b27faf3965f35b62e55ba32bbce8f20bc8fe909558a86702fde" "/opt/rustwide/cargo-home/bin/cargo" "+beta-2024-12-08" "metadata" "--no-deps" "--format-version=1", kill_on_drop: false }`
[INFO] [stdout] be70337df94e30a72c5518c80d3bf83712de9c12a17a8b717d62c73697c03c8c
[INFO] running `Command { std: "docker" "start" "-a" "be70337df94e30a72c5518c80d3bf83712de9c12a17a8b717d62c73697c03c8c", kill_on_drop: false }`
[INFO] running `Command { std: "docker" "inspect" "be70337df94e30a72c5518c80d3bf83712de9c12a17a8b717d62c73697c03c8c", kill_on_drop: false }`
[INFO] running `Command { std: "docker" "rm" "-f" "be70337df94e30a72c5518c80d3bf83712de9c12a17a8b717d62c73697c03c8c", kill_on_drop: false }`
[INFO] [stdout] be70337df94e30a72c5518c80d3bf83712de9c12a17a8b717d62c73697c03c8c
[INFO] running `Command { std: "docker" "create" "-v" "/var/lib/crater-agent-workspace/builds/worker-0-tc2/target:/opt/rustwide/target:rw,Z" "-v" "/var/lib/crater-agent-workspace/builds/worker-0-tc2/source:/opt/rustwide/workdir:ro,Z" "-v" "/var/lib/crater-agent-workspace/cargo-home:/opt/rustwide/cargo-home:ro,Z" "-v" "/var/lib/crater-agent-workspace/rustup-home:/opt/rustwide/rustup-home:ro,Z" "-e" "SOURCE_DIR=/opt/rustwide/workdir" "-e" "CARGO_TARGET_DIR=/opt/rustwide/target" "-e" "CARGO_INCREMENTAL=0" "-e" "RUST_BACKTRACE=full" "-e" "RUSTFLAGS=--cap-lints=warn" "-e" "RUSTDOCFLAGS=--cap-lints=warn" "-e" "CARGO_HOME=/opt/rustwide/cargo-home" "-e" "RUSTUP_HOME=/opt/rustwide/rustup-home" "-w" "/opt/rustwide/workdir" "-m" "1610612736" "--user" "0:0" "--network" "none" "ghcr.io/rust-lang/crates-build-env/linux@sha256:f3a9d4ad9d972b27faf3965f35b62e55ba32bbce8f20bc8fe909558a86702fde" "/opt/rustwide/cargo-home/bin/cargo" "+beta-2024-12-08" "build" "--frozen" "--message-format=json", kill_on_drop: false }`
[INFO] [stdout] 2e474d4007c1edb0a584bfe139d84bf18b0421e1b87643b9b5e4676c3fbf5ffe
[INFO] running `Command { std: "docker" "start" "-a" "2e474d4007c1edb0a584bfe139d84bf18b0421e1b87643b9b5e4676c3fbf5ffe", kill_on_drop: false }`
[INFO] [stderr]    Compiling proc-macro2 v1.0.92
[INFO] [stderr]    Compiling unicode-ident v1.0.14
[INFO] [stderr]    Compiling thiserror v2.0.7
[INFO] [stderr]    Compiling ucd-trie v0.1.7
[INFO] [stderr]    Compiling memchr v2.7.4
[INFO] [stderr]    Compiling once_cell v1.20.2
[INFO] [stderr]    Compiling thiserror v1.0.69
[INFO] [stderr]    Compiling crc-catalog v2.4.0
[INFO] [stderr]    Compiling crc v3.2.1
[INFO] [stderr]    Compiling rustc-hash v1.1.0
[INFO] [stderr]    Compiling quote v1.0.37
[INFO] [stderr]    Compiling syn v2.0.90
[INFO] [stderr]    Compiling thiserror-impl v2.0.7
[INFO] [stderr]    Compiling thiserror-impl v1.0.69
[INFO] [stderr]    Compiling pest v2.7.15
[INFO] [stderr]    Compiling pest_meta v2.7.15
[INFO] [stderr]    Compiling pest_generator v2.7.15
[INFO] [stderr]    Compiling pest_derive v2.7.15
[INFO] [stderr]    Compiling tl-scheme v0.2.1
[INFO] [stderr]    Compiling tl-proto-proc v0.5.0 (/opt/rustwide/workdir)
[INFO] [stderr]     Finished `dev` profile [unoptimized + debuginfo] target(s) in 20.29s
[INFO] running `Command { std: "docker" "inspect" "2e474d4007c1edb0a584bfe139d84bf18b0421e1b87643b9b5e4676c3fbf5ffe", kill_on_drop: false }`
[INFO] running `Command { std: "docker" "rm" "-f" "2e474d4007c1edb0a584bfe139d84bf18b0421e1b87643b9b5e4676c3fbf5ffe", kill_on_drop: false }`
[INFO] [stdout] 2e474d4007c1edb0a584bfe139d84bf18b0421e1b87643b9b5e4676c3fbf5ffe
[INFO] running `Command { std: "docker" "create" "-v" "/var/lib/crater-agent-workspace/builds/worker-0-tc2/target:/opt/rustwide/target:rw,Z" "-v" "/var/lib/crater-agent-workspace/builds/worker-0-tc2/source:/opt/rustwide/workdir:ro,Z" "-v" "/var/lib/crater-agent-workspace/cargo-home:/opt/rustwide/cargo-home:ro,Z" "-v" "/var/lib/crater-agent-workspace/rustup-home:/opt/rustwide/rustup-home:ro,Z" "-e" "SOURCE_DIR=/opt/rustwide/workdir" "-e" "CARGO_TARGET_DIR=/opt/rustwide/target" "-e" "CARGO_INCREMENTAL=0" "-e" "RUST_BACKTRACE=full" "-e" "RUSTFLAGS=--cap-lints=warn" "-e" "RUSTDOCFLAGS=--cap-lints=warn" "-e" "CARGO_HOME=/opt/rustwide/cargo-home" "-e" "RUSTUP_HOME=/opt/rustwide/rustup-home" "-w" "/opt/rustwide/workdir" "-m" "1610612736" "--user" "0:0" "--network" "none" "ghcr.io/rust-lang/crates-build-env/linux@sha256:f3a9d4ad9d972b27faf3965f35b62e55ba32bbce8f20bc8fe909558a86702fde" "/opt/rustwide/cargo-home/bin/cargo" "+beta-2024-12-08" "test" "--frozen" "--no-run" "--message-format=json", kill_on_drop: false }`
[INFO] [stdout] e29b4d7e95ac5a69963e272b1ac7a1e4c09fee4ad85c877be4d6bc9be5a75dfa
[INFO] running `Command { std: "docker" "start" "-a" "e29b4d7e95ac5a69963e272b1ac7a1e4c09fee4ad85c877be4d6bc9be5a75dfa", kill_on_drop: false }`
[INFO] [stderr]    Compiling tl-proto-proc v0.5.0 (/opt/rustwide/workdir)
[INFO] [stderr]     Finished `test` profile [unoptimized + debuginfo] target(s) in 2.76s
[INFO] running `Command { std: "docker" "inspect" "e29b4d7e95ac5a69963e272b1ac7a1e4c09fee4ad85c877be4d6bc9be5a75dfa", kill_on_drop: false }`
[INFO] running `Command { std: "docker" "rm" "-f" "e29b4d7e95ac5a69963e272b1ac7a1e4c09fee4ad85c877be4d6bc9be5a75dfa", kill_on_drop: false }`
[INFO] [stdout] e29b4d7e95ac5a69963e272b1ac7a1e4c09fee4ad85c877be4d6bc9be5a75dfa
[INFO] running `Command { std: "docker" "create" "-v" "/var/lib/crater-agent-workspace/builds/worker-0-tc2/target:/opt/rustwide/target:rw,Z" "-v" "/var/lib/crater-agent-workspace/builds/worker-0-tc2/source:/opt/rustwide/workdir:ro,Z" "-v" "/var/lib/crater-agent-workspace/cargo-home:/opt/rustwide/cargo-home:ro,Z" "-v" "/var/lib/crater-agent-workspace/rustup-home:/opt/rustwide/rustup-home:ro,Z" "-e" "SOURCE_DIR=/opt/rustwide/workdir" "-e" "CARGO_TARGET_DIR=/opt/rustwide/target" "-e" "CARGO_INCREMENTAL=0" "-e" "RUST_BACKTRACE=full" "-e" "RUSTFLAGS=--cap-lints=warn" "-e" "RUSTDOCFLAGS=--cap-lints=warn" "-e" "CARGO_HOME=/opt/rustwide/cargo-home" "-e" "RUSTUP_HOME=/opt/rustwide/rustup-home" "-w" "/opt/rustwide/workdir" "-m" "1610612736" "--user" "0:0" "--network" "none" "ghcr.io/rust-lang/crates-build-env/linux@sha256:f3a9d4ad9d972b27faf3965f35b62e55ba32bbce8f20bc8fe909558a86702fde" "/opt/rustwide/cargo-home/bin/cargo" "+beta-2024-12-08" "test" "--frozen", kill_on_drop: false }`
[INFO] [stdout] 77498d1d3752302ffdbf345c3c5976052e0428ec2b86fe3ee39f73f484ca7b1a
[INFO] running `Command { std: "docker" "start" "-a" "77498d1d3752302ffdbf345c3c5976052e0428ec2b86fe3ee39f73f484ca7b1a", kill_on_drop: false }`
[INFO] [stderr]     Finished `test` profile [unoptimized + debuginfo] target(s) in 0.06s
[INFO] [stderr]      Running unittests src/lib.rs (/opt/rustwide/target/debug/deps/tl_proto_proc-6c401bb77a1e89a4)
[INFO] [stdout] 
[INFO] [stdout] running 0 tests
[INFO] [stdout] 
[INFO] [stdout] test result: ok. 0 passed; 0 failed; 0 ignored; 0 measured; 0 filtered out; finished in 0.00s
[INFO] [stdout] 
[INFO] [stderr]    Doc-tests tl_proto_proc
[INFO] [stdout] 
[INFO] [stdout] running 1 test
[INFO] [stdout] test src/lib.rs - id (line 25) ... FAILED
[INFO] [stdout] 
[INFO] [stdout] failures:
[INFO] [stdout] 
[INFO] [stdout] ---- src/lib.rs - id (line 25) stdout ----
[INFO] [stdout] error[E0433]: failed to resolve: use of undeclared crate or module `tl_proto`
[INFO] [stdout]  --> src/lib.rs:26:18
[INFO] [stdout]   |
[INFO] [stdout] 3 | const ID1: u32 = tl_proto::id!("boolTrue", scheme = "my.tl");
[INFO] [stdout]   |                  ^^^^^^^^ use of undeclared crate or module `tl_proto`
[INFO] [stdout] 
[INFO] [stdout] error[E0433]: failed to resolve: use of undeclared crate or module `tl_proto`
[INFO] [stdout]  --> src/lib.rs:29:18
[INFO] [stdout]   |
[INFO] [stdout] 6 | const ID2: u32 = tl_proto::id!(
[INFO] [stdout]   |                  ^^^^^^^^ use of undeclared crate or module `tl_proto`
[INFO] [stdout] 
[INFO] [stdout] error: aborting due to 2 previous errors
[INFO] [stdout] 
[INFO] [stdout] For more information about this error, try `rustc --explain E0433`.
[INFO] [stdout] Couldn't compile the test.
[INFO] [stdout] 
[INFO] [stdout] failures:
[INFO] [stdout]     src/lib.rs - id (line 25)
[INFO] [stdout] 
[INFO] [stdout] test result: FAILED. 0 passed; 1 failed; 0 ignored; 0 measured; 0 filtered out; finished in 0.06s
[INFO] [stdout] 
[INFO] [stderr] error: doctest failed, to rerun pass `--doc`
[INFO] running `Command { std: "docker" "inspect" "77498d1d3752302ffdbf345c3c5976052e0428ec2b86fe3ee39f73f484ca7b1a", kill_on_drop: false }`
[INFO] running `Command { std: "docker" "rm" "-f" "77498d1d3752302ffdbf345c3c5976052e0428ec2b86fe3ee39f73f484ca7b1a", kill_on_drop: false }`
[INFO] [stdout] 77498d1d3752302ffdbf345c3c5976052e0428ec2b86fe3ee39f73f484ca7b1a
