[INFO] fetching crate tket2 0.6.0...
[INFO] testing tket2-0.6.0 against 1.83.0 for beta-1.84.0-4-retry
[INFO] extracting crate tket2 0.6.0 into /workspace/builds/worker-3-tc1/source
[INFO] validating manifest of crates.io crate tket2 0.6.0 on toolchain 1.83.0
[INFO] running `Command { std: CARGO_HOME="/workspace/cargo-home" RUSTUP_HOME="/workspace/rustup-home" "/workspace/cargo-home/bin/cargo" "+1.83.0" "metadata" "--manifest-path" "Cargo.toml" "--no-deps", kill_on_drop: false }`
[INFO] started tweaking crates.io crate tket2 0.6.0
[INFO] removed 0 missing tests
[INFO] finished tweaking crates.io crate tket2 0.6.0
[INFO] tweaked toml for crates.io crate tket2 0.6.0 written to /workspace/builds/worker-3-tc1/source/Cargo.toml
[INFO] running `Command { std: CARGO_HOME="/workspace/cargo-home" RUSTUP_HOME="/workspace/rustup-home" "/workspace/cargo-home/bin/cargo" "+1.83.0" "generate-lockfile" "--manifest-path" "Cargo.toml", kill_on_drop: false }`
[INFO] [stderr]     Updating crates.io index
[INFO] [stderr]      Locking 265 packages to latest compatible versions
[INFO] [stderr]       Adding tket-json-rs v0.5.1 (available: v0.7.1)
[INFO] running `Command { std: CARGO_HOME="/workspace/cargo-home" RUSTUP_HOME="/workspace/rustup-home" "/workspace/cargo-home/bin/cargo" "+1.83.0" "fetch" "--manifest-path" "Cargo.toml", kill_on_drop: false }`
[INFO] [stderr]     Blocking waiting for file lock on package cache
[INFO] [stderr]  Downloading crates ...
[INFO] [stderr]   Downloaded portmatching v0.3.1
[INFO] [stderr]   Downloaded cool_asserts v2.0.3
[INFO] [stderr]   Downloaded clap-verbosity-flag v2.2.3
[INFO] [stderr]   Downloaded hugr-cli v0.13.3
[INFO] [stderr]   Downloaded portgraph v0.8.0
[INFO] [stderr]   Downloaded portgraph v0.12.3
[INFO] [stderr]   Downloaded priority-queue v2.1.1
[INFO] [stderr]   Downloaded hugr-passes v0.13.3
[INFO] [stderr]   Downloaded hugr v0.13.3
[INFO] [stderr]   Downloaded tket-json-rs v0.5.1
[INFO] [stderr]   Downloaded delegate v0.13.1
[INFO] [stderr]   Downloaded context-iterators v0.2.0
[INFO] [stderr]   Downloaded hugr-core v0.13.3
[INFO] running `Command { std: "docker" "create" "-v" "/var/lib/crater-agent-workspace/builds/worker-3-tc1/target:/opt/rustwide/target:rw,Z" "-v" "/var/lib/crater-agent-workspace/builds/worker-3-tc1/source:/opt/rustwide/workdir:ro,Z" "-v" "/var/lib/crater-agent-workspace/cargo-home:/opt/rustwide/cargo-home:ro,Z" "-v" "/var/lib/crater-agent-workspace/rustup-home:/opt/rustwide/rustup-home:ro,Z" "-e" "SOURCE_DIR=/opt/rustwide/workdir" "-e" "CARGO_TARGET_DIR=/opt/rustwide/target" "-e" "CARGO_HOME=/opt/rustwide/cargo-home" "-e" "RUSTUP_HOME=/opt/rustwide/rustup-home" "-w" "/opt/rustwide/workdir" "-m" "1610612736" "--user" "0:0" "--network" "none" "ghcr.io/rust-lang/crates-build-env/linux@sha256:f3a9d4ad9d972b27faf3965f35b62e55ba32bbce8f20bc8fe909558a86702fde" "/opt/rustwide/cargo-home/bin/cargo" "+1.83.0" "metadata" "--no-deps" "--format-version=1", kill_on_drop: false }`
[INFO] [stdout] b402b266721fd22bf0c615ce31478c36e35b630a55ab310b94b794275a3950f3
[INFO] running `Command { std: "docker" "start" "-a" "b402b266721fd22bf0c615ce31478c36e35b630a55ab310b94b794275a3950f3", kill_on_drop: false }`
[INFO] running `Command { std: "docker" "inspect" "b402b266721fd22bf0c615ce31478c36e35b630a55ab310b94b794275a3950f3", kill_on_drop: false }`
[INFO] running `Command { std: "docker" "rm" "-f" "b402b266721fd22bf0c615ce31478c36e35b630a55ab310b94b794275a3950f3", kill_on_drop: false }`
[INFO] [stdout] b402b266721fd22bf0c615ce31478c36e35b630a55ab310b94b794275a3950f3
[INFO] running `Command { std: "docker" "create" "-v" "/var/lib/crater-agent-workspace/builds/worker-3-tc1/target:/opt/rustwide/target:rw,Z" "-v" "/var/lib/crater-agent-workspace/builds/worker-3-tc1/source:/opt/rustwide/workdir:ro,Z" "-v" "/var/lib/crater-agent-workspace/cargo-home:/opt/rustwide/cargo-home:ro,Z" "-v" "/var/lib/crater-agent-workspace/rustup-home:/opt/rustwide/rustup-home:ro,Z" "-e" "SOURCE_DIR=/opt/rustwide/workdir" "-e" "CARGO_TARGET_DIR=/opt/rustwide/target" "-e" "CARGO_INCREMENTAL=0" "-e" "RUST_BACKTRACE=full" "-e" "RUSTFLAGS=--cap-lints=warn" "-e" "RUSTDOCFLAGS=--cap-lints=warn" "-e" "CARGO_HOME=/opt/rustwide/cargo-home" "-e" "RUSTUP_HOME=/opt/rustwide/rustup-home" "-w" "/opt/rustwide/workdir" "-m" "1610612736" "--user" "0:0" "--network" "none" "ghcr.io/rust-lang/crates-build-env/linux@sha256:f3a9d4ad9d972b27faf3965f35b62e55ba32bbce8f20bc8fe909558a86702fde" "/opt/rustwide/cargo-home/bin/cargo" "+1.83.0" "build" "--frozen" "--message-format=json", kill_on_drop: false }`
[INFO] [stdout] 61762c2d07cf9654f2d3af4c26ae05de58dcd2cc16d9d61207b6a624f4fa3b8e
[INFO] running `Command { std: "docker" "start" "-a" "61762c2d07cf9654f2d3af4c26ae05de58dcd2cc16d9d61207b6a624f4fa3b8e", kill_on_drop: false }`
[INFO] [stderr]    Compiling proc-macro2 v1.0.92
[INFO] [stderr]    Compiling unicode-ident v1.0.14
[INFO] [stderr]    Compiling serde v1.0.216
[INFO] [stderr]    Compiling memchr v2.7.4
[INFO] [stderr]    Compiling once_cell v1.20.2
[INFO] [stderr]    Compiling autocfg v1.4.0
[INFO] [stderr]    Compiling libc v0.2.168
[INFO] [stderr]    Compiling heck v0.5.0
[INFO] [stderr]    Compiling thiserror v2.0.7
[INFO] [stderr]    Compiling rustversion v1.0.18
[INFO] [stderr]    Compiling typeid v1.0.2
[INFO] [stderr]    Compiling num-traits v0.2.19
[INFO] [stderr]    Compiling equivalent v1.0.1
[INFO] [stderr]    Compiling radium v0.7.0
[INFO] [stderr]    Compiling hashbrown v0.15.2
[INFO] [stderr]    Compiling shlex v1.3.0
[INFO] [stderr]    Compiling itoa v1.0.14
[INFO] [stderr]    Compiling crossbeam-utils v0.8.20
[INFO] [stderr]    Compiling tap v1.0.1
[INFO] [stderr]    Compiling utf8parse v0.2.2
[INFO] [stderr]    Compiling ryu v1.0.18
[INFO] [stderr]    Compiling quote v1.0.37
[INFO] [stderr]    Compiling syn v2.0.90
[INFO] [stderr]    Compiling indexmap v2.7.0
[INFO] [stderr]    Compiling jobserver v0.1.32
[INFO] [stderr]    Compiling serde_json v1.0.133
[INFO] [stderr]    Compiling either v1.13.0
[INFO] [stderr]    Compiling num-integer v0.1.46
[INFO] [stderr]    Compiling anstyle-parse v0.2.6
[INFO] [stderr]    Compiling wyz v0.5.1
[INFO] [stderr]    Compiling aho-corasick v1.1.3
[INFO] [stderr]    Compiling cc v1.2.4
[INFO] [stderr]    Compiling semver v1.0.24
[INFO] [stderr]    Compiling regex-syntax v0.8.5
[INFO] [stderr]    Compiling is_terminal_polyfill v1.70.1
[INFO] [stderr]    Compiling anstyle-query v1.1.2
[INFO] [stderr]    Compiling paste v1.0.15
[INFO] [stderr]    Compiling colorchoice v1.0.3
[INFO] [stderr]    Compiling unicode-xid v0.2.6
[INFO] [stderr]    Compiling thiserror v1.0.69
[INFO] [stderr]    Compiling fixedbitset v0.4.2
[INFO] [stderr]    Compiling pkg-config v0.3.31
[INFO] [stderr]    Compiling funty v2.0.0
[INFO] [stderr]    Compiling anstyle v1.0.10
[INFO] [stderr]    Compiling cgmath v0.18.0
[INFO] [stderr]    Compiling anstream v0.6.18
[INFO] [stderr]    Compiling petgraph v0.6.5
[INFO] [stderr]    Compiling num-bigint v0.4.6
[INFO] [stderr]    Compiling itertools v0.13.0
[INFO] [stderr]    Compiling approx v0.4.0
[INFO] [stderr]    Compiling clap_lex v0.7.4
[INFO] [stderr]    Compiling zstd-sys v2.0.13+zstd.1.5.6
[INFO] [stderr]    Compiling context-iterators v0.2.0
[INFO] [stderr]    Compiling inventory v0.3.15
[INFO] [stderr]    Compiling strsim v0.11.1
[INFO] [stderr]    Compiling regex-automata v0.4.9
[INFO] [stderr]    Compiling byteorder v1.5.0
[INFO] [stderr]    Compiling rustix v0.38.42
[INFO] [stderr]    Compiling utf8-width v0.1.7
[INFO] [stderr]    Compiling html-escape v0.2.13
[INFO] [stderr]    Compiling fxhash v0.2.1
[INFO] [stderr]    Compiling clap_builder v4.5.23
[INFO] [stderr]    Compiling linux-raw-sys v0.4.14
[INFO] [stderr]    Compiling ucd-trie v0.1.7
[INFO] [stderr]    Compiling bitflags v2.6.0
[INFO] [stderr]    Compiling lazy_static v1.5.0
[INFO] [stderr]    Compiling downcast-rs v1.2.1
[INFO] [stderr]    Compiling bumpalo v3.16.0
[INFO] [stderr]    Compiling crossbeam-epoch v0.9.18
[INFO] [stderr]    Compiling same-file v1.0.6
[INFO] [stderr]    Compiling cfg-if v1.0.0
[INFO] [stderr]    Compiling rayon-core v1.12.1
[INFO] [stderr]    Compiling fastrand v2.3.0
[INFO] [stderr]    Compiling zstd-safe v7.2.1
[INFO] [stderr]    Compiling walkdir v2.5.0
[INFO] [stderr]    Compiling crossbeam-deque v0.8.5
[INFO] [stderr]    Compiling is-terminal v0.4.13
[INFO] [stderr]    Compiling log v0.4.22
[INFO] [stderr]    Compiling csv-core v0.1.11
[INFO] [stderr]    Compiling tracing-core v0.1.33
[INFO] [stderr]    Compiling iana-time-zone v0.1.61
[INFO] [stderr]    Compiling regex v1.11.1
[INFO] [stderr]    Compiling pin-project-lite v0.2.15
[INFO] [stderr]    Compiling chrono v0.4.39
[INFO] [stderr]    Compiling rayon v1.10.0
[INFO] [stderr]    Compiling serde_derive v1.0.216
[INFO] [stderr]    Compiling thiserror-impl v2.0.7
[INFO] [stderr]    Compiling strum_macros v0.26.4
[INFO] [stderr]    Compiling typetag-impl v0.2.18
[INFO] [stderr]    Compiling delegate v0.13.1
[INFO] [stderr]    Compiling derive_more-impl v1.0.0
[INFO] [stderr]    Compiling thiserror-impl v1.0.69
[INFO] [stderr]    Compiling clap_derive v4.5.18
[INFO] [stderr]    Compiling enum_dispatch v0.3.13
[INFO] [stderr]    Compiling pest v2.7.15
[INFO] [stderr]    Compiling strum v0.26.3
[INFO] [stderr]    Compiling tempfile v3.14.0
[INFO] [stderr]    Compiling tracing-attributes v0.1.28
[INFO] [stderr]    Compiling pest_meta v2.7.15
[INFO] [stderr]    Compiling crossbeam-channel v0.5.13
[INFO] [stderr]    Compiling priority-queue v2.1.1
[INFO] [stderr]    Compiling bytemuck v1.20.0
[INFO] [stderr]    Compiling clap v4.5.23
[INFO] [stderr]    Compiling clio v0.3.5
[INFO] [stderr]    Compiling clap-verbosity-flag v2.2.3
[INFO] [stderr]    Compiling pest_generator v2.7.15
[INFO] [stderr]    Compiling tracing v0.1.41
[INFO] [stderr]    Compiling derive_more v1.0.0
[INFO] [stderr]    Compiling pest_derive v2.7.15
[INFO] [stderr]    Compiling zstd v0.13.2
[INFO] [stderr]    Compiling erased-serde v0.4.5
[INFO] [stderr]    Compiling bitvec v1.0.1
[INFO] [stderr]    Compiling smol_str v0.3.2
[INFO] [stderr]    Compiling num-rational v0.4.2
[INFO] [stderr]    Compiling uuid v1.11.0
[INFO] [stderr]    Compiling csv v1.3.1
[INFO] [stderr]    Compiling typetag v0.2.18
[INFO] [stderr]    Compiling tket-json-rs v0.5.1
[INFO] [stderr]    Compiling portgraph v0.12.3
[INFO] [stderr]    Compiling hugr-core v0.13.3
[INFO] [stderr]    Compiling hugr-passes v0.13.3
[INFO] [stderr]    Compiling hugr v0.13.3
[INFO] [stderr]    Compiling hugr-cli v0.13.3
[INFO] [stderr]    Compiling tket2 v0.6.0 (/opt/rustwide/workdir)
[INFO] [stdout] warning: use of deprecated method `hugr_cli::Package::validate`: Replaced by `Package::update_validate`
[INFO] [stdout]   --> src/serialize/guppy.rs:37:25
[INFO] [stdout]    |
[INFO] [stdout] 37 |     let mut hugrs = pkg.validate(&mut REGISTRY.clone())?;
[INFO] [stdout]    |                         ^^^^^^^^
[INFO] [stdout]    |
[INFO] [stdout]    = note: `#[warn(deprecated)]` on by default
[INFO] [stdout] 
[INFO] [stdout] 
[INFO] [stderr]     Finished `dev` profile [unoptimized + debuginfo] target(s) in 2m 14s
[INFO] running `Command { std: "docker" "inspect" "61762c2d07cf9654f2d3af4c26ae05de58dcd2cc16d9d61207b6a624f4fa3b8e", kill_on_drop: false }`
[INFO] running `Command { std: "docker" "rm" "-f" "61762c2d07cf9654f2d3af4c26ae05de58dcd2cc16d9d61207b6a624f4fa3b8e", kill_on_drop: false }`
[INFO] [stdout] 61762c2d07cf9654f2d3af4c26ae05de58dcd2cc16d9d61207b6a624f4fa3b8e
[INFO] running `Command { std: "docker" "create" "-v" "/var/lib/crater-agent-workspace/builds/worker-3-tc1/target:/opt/rustwide/target:rw,Z" "-v" "/var/lib/crater-agent-workspace/builds/worker-3-tc1/source:/opt/rustwide/workdir:ro,Z" "-v" "/var/lib/crater-agent-workspace/cargo-home:/opt/rustwide/cargo-home:ro,Z" "-v" "/var/lib/crater-agent-workspace/rustup-home:/opt/rustwide/rustup-home:ro,Z" "-e" "SOURCE_DIR=/opt/rustwide/workdir" "-e" "CARGO_TARGET_DIR=/opt/rustwide/target" "-e" "CARGO_INCREMENTAL=0" "-e" "RUST_BACKTRACE=full" "-e" "RUSTFLAGS=--cap-lints=warn" "-e" "RUSTDOCFLAGS=--cap-lints=warn" "-e" "CARGO_HOME=/opt/rustwide/cargo-home" "-e" "RUSTUP_HOME=/opt/rustwide/rustup-home" "-w" "/opt/rustwide/workdir" "-m" "1610612736" "--user" "0:0" "--network" "none" "ghcr.io/rust-lang/crates-build-env/linux@sha256:f3a9d4ad9d972b27faf3965f35b62e55ba32bbce8f20bc8fe909558a86702fde" "/opt/rustwide/cargo-home/bin/cargo" "+1.83.0" "test" "--frozen" "--no-run" "--message-format=json", kill_on_drop: false }`
[INFO] [stdout] a1cdf0eddec89fefbc2253fef7ef6b80a9832781932c7b71598730ac1a82fe61
[INFO] running `Command { std: "docker" "start" "-a" "a1cdf0eddec89fefbc2253fef7ef6b80a9832781932c7b71598730ac1a82fe61", kill_on_drop: false }`
[INFO] [stderr]    Compiling stable_deref_trait v1.2.0
[INFO] [stderr]    Compiling syn v2.0.90
[INFO] [stderr]    Compiling writeable v0.5.5
[INFO] [stderr]    Compiling litemap v0.7.4
[INFO] [stderr]    Compiling icu_locid_transform_data v1.5.0
[INFO] [stderr]    Compiling semver v1.0.24
[INFO] [stderr]    Compiling slab v0.4.9
[INFO] [stderr]    Compiling icu_properties_data v1.5.0
[INFO] [stderr]    Compiling futures-core v0.3.31
[INFO] [stderr]    Compiling utf16_iter v1.0.5
[INFO] [stderr]    Compiling futures-sink v0.3.31
[INFO] [stderr]    Compiling icu_normalizer_data v1.5.0
[INFO] [stderr]    Compiling utf8_iter v1.0.4
[INFO] [stderr]    Compiling write16 v1.0.0
[INFO] [stderr]    Compiling smallvec v1.13.2
[INFO] [stderr]    Compiling futures-channel v0.3.31
[INFO] [stderr]    Compiling futures-task v0.3.31
[INFO] [stderr]    Compiling toml_datetime v0.6.8
[INFO] [stderr]    Compiling pin-utils v0.1.0
[INFO] [stderr]    Compiling winnow v0.6.20
[INFO] [stderr]    Compiling futures-io v0.3.31
[INFO] [stderr]    Compiling half v2.4.1
[INFO] [stderr]    Compiling plotters-backend v0.3.7
[INFO] [stderr]    Compiling percent-encoding v2.3.1
[INFO] [stderr]    Compiling ciborium-io v0.2.2
[INFO] [stderr]    Compiling plotters-svg v0.3.7
[INFO] [stderr]    Compiling form_urlencoded v1.2.1
[INFO] [stderr]    Compiling ciborium-ll v0.2.2
[INFO] [stderr]    Compiling itertools v0.10.5
[INFO] [stderr]    Compiling rustc_version v0.4.1
[INFO] [stderr]    Compiling glob v0.3.1
[INFO] [stderr]    Compiling relative-path v1.9.3
[INFO] [stderr]    Compiling cast v0.3.0
[INFO] [stderr]    Compiling plotters v0.3.7
[INFO] [stderr]    Compiling home v0.5.9
[INFO] [stderr]    Compiling rstest_macros v0.23.0
[INFO] [stderr]    Compiling indent_write v2.2.0
[INFO] [stderr]    Compiling anes v0.1.6
[INFO] [stderr]    Compiling futures-timer v3.0.3
[INFO] [stderr]    Compiling oorandom v11.1.4
[INFO] [stderr]    Compiling cool_asserts v2.0.3
[INFO] [stderr]    Compiling urlencoding v2.1.3
[INFO] [stderr]    Compiling criterion-plot v0.5.0
[INFO] [stderr]    Compiling toml_edit v0.22.22
[INFO] [stderr]    Compiling proc-macro-crate v3.2.0
[INFO] [stderr]    Compiling synstructure v0.13.1
[INFO] [stderr]    Compiling serde_derive v1.0.216
[INFO] [stderr]    Compiling zerofrom-derive v0.1.5
[INFO] [stderr]    Compiling yoke-derive v0.7.5
[INFO] [stderr]    Compiling zerovec-derive v0.10.3
[INFO] [stderr]    Compiling displaydoc v0.2.5
[INFO] [stderr]    Compiling thiserror-impl v2.0.7
[INFO] [stderr]    Compiling icu_provider_macros v1.5.0
[INFO] [stderr]    Compiling strum_macros v0.26.4
[INFO] [stderr]    Compiling derive_more-impl v1.0.0
[INFO] [stderr]    Compiling thiserror-impl v1.0.69
[INFO] [stderr]    Compiling typetag-impl v0.2.18
[INFO] [stderr]    Compiling clap_derive v4.5.18
[INFO] [stderr]    Compiling delegate v0.13.1
[INFO] [stderr]    Compiling zerofrom v0.1.5
[INFO] [stderr]    Compiling thiserror v2.0.7
[INFO] [stderr]    Compiling yoke v0.7.5
[INFO] [stderr]    Compiling enum_dispatch v0.3.13
[INFO] [stderr]    Compiling zerovec v0.10.4
[INFO] [stderr]    Compiling thiserror v1.0.69
[INFO] [stderr]    Compiling pest v2.7.15
[INFO] [stderr]    Compiling strum v0.26.3
[INFO] [stderr]    Compiling futures-macro v0.3.31
[INFO] [stderr]    Compiling tracing-attributes v0.1.28
[INFO] [stderr]    Compiling tinystr v0.7.6
[INFO] [stderr]    Compiling serde v1.0.216
[INFO] [stderr]    Compiling icu_locid v1.5.0
[INFO] [stderr]    Compiling icu_collections v1.5.0
[INFO] [stderr]    Compiling derive_more v1.0.0
[INFO] [stderr]    Compiling icu_provider v1.5.0
[INFO] [stderr]    Compiling icu_locid_transform v1.5.0
[INFO] [stderr]    Compiling clap v4.5.23
[INFO] [stderr]    Compiling futures-util v0.3.31
[INFO] [stderr]    Compiling pest_meta v2.7.15
[INFO] [stderr]    Compiling clap-verbosity-flag v2.2.3
[INFO] [stderr]    Compiling clio v0.3.5
[INFO] [stderr]    Compiling tracing v0.1.41
[INFO] [stderr]    Compiling icu_properties v1.5.1
[INFO] [stderr]    Compiling pest_generator v2.7.15
[INFO] [stderr]    Compiling serde_json v1.0.133
[INFO] [stderr]    Compiling erased-serde v0.4.5
[INFO] [stderr]    Compiling bitvec v1.0.1
[INFO] [stderr]    Compiling cgmath v0.18.0
[INFO] [stderr]    Compiling typetag v0.2.18
[INFO] [stderr]    Compiling num-rational v0.4.2
[INFO] [stderr]    Compiling smol_str v0.3.2
[INFO] [stderr]    Compiling icu_normalizer v1.5.0
[INFO] [stderr]    Compiling futures-executor v0.3.31
[INFO] [stderr]    Compiling uuid v1.11.0
[INFO] [stderr]    Compiling idna_adapter v1.2.0
[INFO] [stderr]    Compiling futures v0.3.31
[INFO] [stderr]    Compiling idna v1.0.3
[INFO] [stderr]    Compiling tinytemplate v1.2.1
[INFO] [stderr]    Compiling tket-json-rs v0.5.1
[INFO] [stderr]    Compiling pest_derive v2.7.15
[INFO] [stderr]    Compiling csv v1.3.1
[INFO] [stderr]    Compiling url v2.5.4
[INFO] [stderr]    Compiling ciborium v0.2.2
[INFO] [stderr]    Compiling webbrowser v1.0.3
[INFO] [stderr]    Compiling rstest v0.23.0
[INFO] [stderr]    Compiling criterion v0.5.1
[INFO] [stderr]    Compiling portgraph v0.12.3
[INFO] [stderr]    Compiling hugr-core v0.13.3
[INFO] [stderr]    Compiling hugr-passes v0.13.3
[INFO] [stderr]    Compiling hugr v0.13.3
[INFO] [stderr]    Compiling hugr-cli v0.13.3
[INFO] [stderr]    Compiling tket2 v0.6.0 (/opt/rustwide/workdir)
[INFO] [stdout] warning: use of deprecated method `hugr_cli::Package::validate`: Replaced by `Package::update_validate`
[INFO] [stdout]   --> src/serialize/guppy.rs:37:25
[INFO] [stdout]    |
[INFO] [stdout] 37 |     let mut hugrs = pkg.validate(&mut REGISTRY.clone())?;
[INFO] [stdout]    |                         ^^^^^^^^
[INFO] [stdout]    |
[INFO] [stdout]    = note: `#[warn(deprecated)]` on by default
[INFO] [stdout] 
[INFO] [stdout] 
[INFO] [stdout] warning: use of deprecated method `hugr_cli::Package::validate`: Replaced by `Package::update_validate`
[INFO] [stdout]   --> src/serialize/guppy.rs:37:25
[INFO] [stdout]    |
[INFO] [stdout] 37 |     let mut hugrs = pkg.validate(&mut REGISTRY.clone())?;
[INFO] [stdout]    |                         ^^^^^^^^
[INFO] [stdout]    |
[INFO] [stdout]    = note: `#[warn(deprecated)]` on by default
[INFO] [stdout] 
[INFO] [stdout] 
[INFO] [stdout] warning: missing documentation for the crate
[INFO] [stdout]   --> tests/badger_termination.rs:1:1
[INFO] [stdout]    |
[INFO] [stdout] 1  | / #![cfg(feature = "portmatching")]
[INFO] [stdout] 2  | |
[INFO] [stdout] 3  | | use rstest::{fixture, rstest};
[INFO] [stdout] 4  | | use tket2::optimiser::badger::BadgerOptions;
[INFO] [stdout] ...  |
[INFO] [stdout] 64 | |     assert_eq!(opt_circ.commands().count(), 14);
[INFO] [stdout] 65 | | }
[INFO] [stdout]    | |_^
[INFO] [stdout]    |
[INFO] [stdout]    = note: requested on the command line with `-W missing-docs`
[INFO] [stdout] 
[INFO] [stdout] 
[INFO] [stderr]     Finished `test` profile [unoptimized + debuginfo] target(s) in 1m 55s
[INFO] running `Command { std: "docker" "inspect" "a1cdf0eddec89fefbc2253fef7ef6b80a9832781932c7b71598730ac1a82fe61", kill_on_drop: false }`
[INFO] running `Command { std: "docker" "rm" "-f" "a1cdf0eddec89fefbc2253fef7ef6b80a9832781932c7b71598730ac1a82fe61", kill_on_drop: false }`
[INFO] [stdout] a1cdf0eddec89fefbc2253fef7ef6b80a9832781932c7b71598730ac1a82fe61
[INFO] running `Command { std: "docker" "create" "-v" "/var/lib/crater-agent-workspace/builds/worker-3-tc1/target:/opt/rustwide/target:rw,Z" "-v" "/var/lib/crater-agent-workspace/builds/worker-3-tc1/source:/opt/rustwide/workdir:ro,Z" "-v" "/var/lib/crater-agent-workspace/cargo-home:/opt/rustwide/cargo-home:ro,Z" "-v" "/var/lib/crater-agent-workspace/rustup-home:/opt/rustwide/rustup-home:ro,Z" "-e" "SOURCE_DIR=/opt/rustwide/workdir" "-e" "CARGO_TARGET_DIR=/opt/rustwide/target" "-e" "CARGO_INCREMENTAL=0" "-e" "RUST_BACKTRACE=full" "-e" "RUSTFLAGS=--cap-lints=warn" "-e" "RUSTDOCFLAGS=--cap-lints=warn" "-e" "CARGO_HOME=/opt/rustwide/cargo-home" "-e" "RUSTUP_HOME=/opt/rustwide/rustup-home" "-w" "/opt/rustwide/workdir" "-m" "1610612736" "--user" "0:0" "--network" "none" "ghcr.io/rust-lang/crates-build-env/linux@sha256:f3a9d4ad9d972b27faf3965f35b62e55ba32bbce8f20bc8fe909558a86702fde" "/opt/rustwide/cargo-home/bin/cargo" "+1.83.0" "test" "--frozen", kill_on_drop: false }`
[INFO] [stdout] 003f3191ad4f8f7b22b0dd9072601de080b67214bd1d8ebc495bd06abd0735f4
[INFO] running `Command { std: "docker" "start" "-a" "003f3191ad4f8f7b22b0dd9072601de080b67214bd1d8ebc495bd06abd0735f4", kill_on_drop: false }`
[INFO] [stderr] warning: use of deprecated method `hugr_cli::Package::validate`: Replaced by `Package::update_validate`
[INFO] [stderr]   --> src/serialize/guppy.rs:37:25
[INFO] [stderr]    |
[INFO] [stderr] 37 |     let mut hugrs = pkg.validate(&mut REGISTRY.clone())?;
[INFO] [stderr]    |                         ^^^^^^^^
[INFO] [stderr]    |
[INFO] [stderr]    = note: `#[warn(deprecated)]` on by default
[INFO] [stderr] 
[INFO] [stderr] warning: `tket2` (lib) generated 1 warning
[INFO] [stderr] warning: missing documentation for the crate
[INFO] [stderr]   --> tests/badger_termination.rs:1:1
[INFO] [stderr]    |
[INFO] [stderr] 1  | / #![cfg(feature = "portmatching")]
[INFO] [stderr] 2  | |
[INFO] [stderr] 3  | | use rstest::{fixture, rstest};
[INFO] [stderr] 4  | | use tket2::optimiser::badger::BadgerOptions;
[INFO] [stderr] ...  |
[INFO] [stderr] 64 | |     assert_eq!(opt_circ.commands().count(), 14);
[INFO] [stderr] 65 | | }
[INFO] [stderr]    | |_^
[INFO] [stderr]    |
[INFO] [stderr]    = note: requested on the command line with `-W missing-docs`
[INFO] [stderr] 
[INFO] [stderr] warning: `tket2` (lib test) generated 1 warning (1 duplicate)
[INFO] [stderr] warning: `tket2` (test "badger_termination") generated 1 warning
[INFO] [stderr]     Finished `test` profile [unoptimized + debuginfo] target(s) in 0.33s
[INFO] [stderr]      Running unittests src/lib.rs (/opt/rustwide/target/debug/deps/tket2-0a65df7253f3cde4)
[INFO] [stdout] 
[INFO] [stdout] running 93 tests
[INFO] [stdout] test circuit::cost::tests::as_usize ... ok
[INFO] [stdout] test circuit::cost::tests::major_minor ... ok
[INFO] [stdout] test circuit::cost::tests::serde_serialize ... ok
[INFO] [stdout] test circuit::cost::tests::zero_dim_cost ... ok
[INFO] [stdout] test circuit::command::test::commands_nonlinear ... ok
[INFO] [stdout] test circuit::hash::test::hash_constants ... ok
[INFO] [stdout] test circuit::command::test::iterate_commands_simple::case_1_dfg_rooted ... ok
[INFO] [stdout] test circuit::command::test::iterate_commands_simple::case_3_complex_module_rooted ... ok
[INFO] [stdout] test circuit::command::test::test_impls ... ok
[INFO] [stdout] test circuit::hash::test::hash_constants_neq ... ok
[INFO] [stdout] test circuit::command::test::iterate_commands_simple::case_2_module_rooted ... ok
[INFO] [stdout] test circuit::command::test::alloc_free ... ok
[INFO] [stdout] test circuit::tests::remove_qubit ... ok
[INFO] [stdout] test circuit::tests::test_circuit_properties::case_1_simple ... ok
[INFO] [stdout] test circuit::issue_1496_remains ... ok
[INFO] [stdout] test circuit::tests::remove_bit ... ok
[INFO] [stdout] test circuit::tests::test_circuit_properties::case_2_module ... ok
[INFO] [stdout] test circuit::hash::test::hash_equality ... ok
[INFO] [stdout] test circuit::tests::test_invalid_parent ... ok
[INFO] [stdout] test extension::rotation::test::const_rotation_statics::konst_2_ConstRotation__PI ... ok
[INFO] [stdout] test extension::rotation::test::const_rotation_statics::konst_3_ConstRotation__PI_2 ... ok
[INFO] [stdout] test extension::rotation::test::const_rotation_statics::konst_4_ConstRotation__PI_4 ... ok
[INFO] [stdout] test extension::rotation::test::test_rotation_consts ... ok
[INFO] [stdout] test extension::sympy::tests::test_extension ... ok
[INFO] [stdout] test extension::sympy::tests::test_op ... ok
[INFO] [stdout] test extension::rotation::test::const_rotation_statics::konst_1_ConstRotation__TAU ... ok
[INFO] [stdout] test ops::test::create_extension ... ok
[INFO] [stdout] test extension::rotation::test::test_builder ... ok
[INFO] [stdout] test extension::rotation::test::test_ops ... ok
[INFO] [stdout] test ops::test::check_t2_bell ... ok
[INFO] [stdout] test ops::test::tk2op_properties ... ok
[INFO] [stdout] test circuit::tests::test_circuit_properties::case_3_tk1 ... ok
[INFO] [stdout] test passes::chunks::test::split_reassemble ... ok
[INFO] [stdout] test ops::test::ancilla_circ ... ok
[INFO] [stdout] test passes::commutation::test::commutation_example::case_01 ... ok
[INFO] [stdout] test passes::commutation::test::big_test ... ok
[INFO] [stdout] test passes::commutation::test::commutation_example::case_02 ... ok
[INFO] [stdout] test passes::chunks::test::reassemble_empty ... ok
[INFO] [stdout] test passes::commutation::test::commutation_example::case_03 ... ok
[INFO] [stdout] test passes::commutation::test::commutation_example::case_06 ... ok
[INFO] [stdout] test passes::commutation::test::commutation_example::case_04 ... ok
[INFO] [stdout] test passes::commutation::test::commutation_example::case_10 ... ok
[INFO] [stdout] test passes::commutation::test::commutation_example::case_08 ... ok
[INFO] [stdout] test passes::commutation::test::commutation_example::case_09 ... ok
[INFO] [stdout] test passes::commutation::test::commutation_example::case_07 ... ok
[INFO] [stdout] test passes::commutation::test::test_available_slice ... ok
[INFO] [stdout] test passes::commutation::test::test_load_slices_bell ... ok
[INFO] [stdout] test passes::commutation::test::commutation_example::case_05 ... ok
[INFO] [stdout] test passes::commutation::test::test_load_slices_cx_better ... ok
[INFO] [stdout] test passes::tuple_unpack::test::test_pack_unpack::case_1_simple ... ok
[INFO] [stdout] test passes::commutation::test::test_load_slices_cx ... ok
[INFO] [stdout] test passes::tuple_unpack::test::test_pack_unpack::case_2_multi ... ok
[INFO] [stdout] test passes::tuple_unpack::test::test_pack_unpack::case_3_partial ... ok
[INFO] [stdout] test passes::commutation::test::commutation_example::case_11 ... ok
[INFO] [stdout] test rewrite::strategy::tests::test_exhaustive_default_cx_cost ... ok
[INFO] [stdout] test serialize::pytket::op::native::cfg::tk2_optype_correspondence ... ok
[INFO] [stdout] test rewrite::strategy::tests::test_exhaustive_default_cx_threshold ... ok
[INFO] [stdout] test serialize::pytket::param::decode::test::parse_param::case_01_int ... ok
[INFO] [stdout] test serialize::pytket::param::decode::test::parse_param::case_02_float ... ok
[INFO] [stdout] test serialize::pytket::param::decode::test::parse_param::case_03_float_pointless ... ok
[INFO] [stdout] test serialize::pytket::param::decode::test::parse_param::case_04_exp ... ok
[INFO] [stdout] test serialize::pytket::param::decode::test::parse_param::case_05_neg ... ok
[INFO] [stdout] test serialize::pytket::param::decode::test::parse_param::case_06_parens ... ok
[INFO] [stdout] test serialize::pytket::param::decode::test::parse_param::case_07_var ... ok
[INFO] [stdout] test serialize::pytket::param::decode::test::parse_param::case_08_add ... ok
[INFO] [stdout] test serialize::pytket::param::decode::test::parse_param::case_09_sub ... ok
[INFO] [stdout] test serialize::pytket::param::decode::test::parse_param::case_10_product_implicit ... ok
[INFO] [stdout] test serialize::pytket::param::decode::test::parse_param::case_12_product_implicit3 ... ok
[INFO] [stdout] test serialize::pytket::param::decode::test::parse_param::case_11_product_implicit2 ... ok
[INFO] [stdout] test serialize::pytket::param::decode::test::parse_param::case_13_max ... ok
[INFO] [stdout] test serialize::pytket::param::decode::test::parse_param::case_14_minus ... ok
[INFO] [stdout] test serialize::pytket::param::decode::test::parse_param::case_16_unknown_no_params ... ok
[INFO] [stdout] test serialize::pytket::param::decode::test::parse_param::case_17_nested ... ok
[INFO] [stdout] test rewrite::strategy::tests::test_greedy_strategy ... ok
[INFO] [stdout] test serialize::pytket::param::decode::test::parse_param::case_15_unknown ... ok
[INFO] [stdout] test serialize::pytket::param::decode::test::parse_param::case_19_associativity ... ok
[INFO] [stdout] test serialize::pytket::param::decode::test::parse_param::case_18_precedence ... ok
[INFO] [stdout] test rewrite::strategy::tests::test_exhaustive_gamma_strategy ... ok
[INFO] [stdout] test rewrite::strategy::tests::test_exhaustive_default_strategy ... ok
[INFO] [stdout] test serialize::pytket::tests::circuit_roundtrip::case_1_meas_ancilla ... ok
[INFO] [stdout] test serialize::pytket::tests::circuit_roundtrip::case_3_preset_parameterized ... ok
[INFO] [stdout] test serialize::pytket::tests::circuit_roundtrip::case_2_preset_qubits ... ok
[INFO] [stdout] test serialize::pytket::tests::json_roundtrip::case_2_simple ... ok
[INFO] [stdout] test serialize::pytket::tests::test_add_angle_serialise::case_1_symbolic ... ok
[INFO] [stdout] test serialize::pytket::tests::json_roundtrip::case_3_unknown_op ... ok
[INFO] [stdout] test serialize::pytket::tests::json_roundtrip::case_1_simple ... ok
[INFO] [stdout] test serialize::pytket::tests::test_add_angle_serialise::case_3_complex ... ok
[INFO] [stdout] test serialize::pytket::tests::test_add_angle_serialise::case_2_constants ... ok
[INFO] [stdout] test serialize::pytket::tests::json_roundtrip::case_4_parametrized ... ok
[INFO] [stdout] test optimiser::badger::qtz_circuit::tests::test_read_complete ... FAILED
[INFO] [stdout] test optimiser::badger::qtz_circuit::tests::test_read_rep ... FAILED
[INFO] [stdout] test passes::pytket::test::test_pytket_lowering::case_1_guppy_like_circuit ... FAILED
[INFO] [stdout] test serialize::pytket::tests::json_file_roundtrip::case_1_barenco_tof_10 ... FAILED
[INFO] [stdout] 
[INFO] [stdout] failures:
[INFO] [stdout] 
[INFO] [stdout] ---- optimiser::badger::qtz_circuit::tests::test_read_complete stdout ----
[INFO] [stdout] thread 'optimiser::badger::qtz_circuit::tests::test_read_complete' panicked at src/optimiser/badger/qtz_circuit.rs:158:79:
[INFO] [stdout] called `Result::unwrap()` on an `Err` value: Os { code: 2, kind: NotFound, message: "No such file or directory" }
[INFO] [stdout] stack backtrace:
[INFO] [stdout]    0:     0x60f471c6180a - std::backtrace_rs::backtrace::libunwind::trace::h5a5b8284f2d0c266
[INFO] [stdout]                                at /rustc/90b35a6239c3d8bdabc530a6a0816f7ff89a0aaf/library/std/src/../../backtrace/src/backtrace/libunwind.rs:116:5
[INFO] [stdout]    1:     0x60f471c6180a - std::backtrace_rs::backtrace::trace_unsynchronized::h76d4f1c9b0b875e3
[INFO] [stdout]                                at /rustc/90b35a6239c3d8bdabc530a6a0816f7ff89a0aaf/library/std/src/../../backtrace/src/backtrace/mod.rs:66:5
[INFO] [stdout]    2:     0x60f471c6180a - std::sys::backtrace::_print_fmt::hc4546b8364a537c6
[INFO] [stdout]                                at /rustc/90b35a6239c3d8bdabc530a6a0816f7ff89a0aaf/library/std/src/sys/backtrace.rs:66:9
[INFO] [stdout]    3:     0x60f471c6180a - <std::sys::backtrace::BacktraceLock::print::DisplayBacktrace as core::fmt::Display>::fmt::h5b6bd5631a6d1f6b
[INFO] [stdout]                                at /rustc/90b35a6239c3d8bdabc530a6a0816f7ff89a0aaf/library/std/src/sys/backtrace.rs:39:26
[INFO] [stdout]    4:     0x60f471c889f3 - core::fmt::rt::Argument::fmt::h270f6602a2b96f62
[INFO] [stdout]                                at /rustc/90b35a6239c3d8bdabc530a6a0816f7ff89a0aaf/library/core/src/fmt/rt.rs:177:76
[INFO] [stdout]    5:     0x60f471c889f3 - core::fmt::write::h7550c97b06c86515
[INFO] [stdout]                                at /rustc/90b35a6239c3d8bdabc530a6a0816f7ff89a0aaf/library/core/src/fmt/mod.rs:1186:21
[INFO] [stdout]    6:     0x60f471c5e9d3 - std::io::Write::write_fmt::h509ff860e5956e5e
[INFO] [stdout]                                at /rustc/90b35a6239c3d8bdabc530a6a0816f7ff89a0aaf/library/std/src/io/mod.rs:1839:15
[INFO] [stdout]    7:     0x60f471c61652 - std::sys::backtrace::BacktraceLock::print::h2395ccd2c84ba3aa
[INFO] [stdout]                                at /rustc/90b35a6239c3d8bdabc530a6a0816f7ff89a0aaf/library/std/src/sys/backtrace.rs:42:9
[INFO] [stdout]    8:     0x60f471c62c6a - std::panicking::default_hook::{{closure}}::he19d4c7230e07961
[INFO] [stdout]                                at /rustc/90b35a6239c3d8bdabc530a6a0816f7ff89a0aaf/library/std/src/panicking.rs:268:22
[INFO] [stdout]    9:     0x60f471c62a74 - std::panicking::default_hook::hf614597d3c67bbdb
[INFO] [stdout]                                at /rustc/90b35a6239c3d8bdabc530a6a0816f7ff89a0aaf/library/std/src/panicking.rs:292:9
[INFO] [stdout]   10:     0x60f471888109 - <alloc::boxed::Box<F,A> as core::ops::function::Fn<Args>>::call::h39b51ce4599c23d1
[INFO] [stdout]                                at /rustc/90b35a6239c3d8bdabc530a6a0816f7ff89a0aaf/library/alloc/src/boxed.rs:2468:9
[INFO] [stdout]   11:     0x60f471888109 - test::test_main::{{closure}}::he977ae839a582784
[INFO] [stdout]                                at /rustc/90b35a6239c3d8bdabc530a6a0816f7ff89a0aaf/library/test/src/lib.rs:133:21
[INFO] [stdout]   12:     0x60f471c63308 - <alloc::boxed::Box<F,A> as core::ops::function::Fn<Args>>::call::h9455091b6b06f9fb
[INFO] [stdout]                                at /rustc/90b35a6239c3d8bdabc530a6a0816f7ff89a0aaf/library/alloc/src/boxed.rs:2468:9
[INFO] [stdout]   13:     0x60f471c63308 - std::panicking::rust_panic_with_hook::h8942133a8b252070
[INFO] [stdout]                                at /rustc/90b35a6239c3d8bdabc530a6a0816f7ff89a0aaf/library/std/src/panicking.rs:809:13
[INFO] [stdout]   14:     0x60f471c630ca - std::panicking::begin_panic_handler::{{closure}}::hb5f5963570096b29
[INFO] [stdout]                                at /rustc/90b35a6239c3d8bdabc530a6a0816f7ff89a0aaf/library/std/src/panicking.rs:674:13
[INFO] [stdout]   15:     0x60f471c61ce9 - std::sys::backtrace::__rust_end_short_backtrace::h6208cedc1922feda
[INFO] [stdout]                                at /rustc/90b35a6239c3d8bdabc530a6a0816f7ff89a0aaf/library/std/src/sys/backtrace.rs:170:18
[INFO] [stdout]   16:     0x60f471c62d5c - rust_begin_unwind
[INFO] [stdout]                                at /rustc/90b35a6239c3d8bdabc530a6a0816f7ff89a0aaf/library/std/src/panicking.rs:665:5
[INFO] [stdout]   17:     0x60f4714790d0 - core::panicking::panic_fmt::h0c3082644d1bf418
[INFO] [stdout]                                at /rustc/90b35a6239c3d8bdabc530a6a0816f7ff89a0aaf/library/core/src/panicking.rs:74:14
[INFO] [stdout]   18:     0x60f471479556 - core::result::unwrap_failed::hd20b4aa073bda1e2
[INFO] [stdout]                                at /rustc/90b35a6239c3d8bdabc530a6a0816f7ff89a0aaf/library/core/src/result.rs:1700:5
[INFO] [stdout]   19:     0x60f471722fc6 - core::result::Result<T,E>::unwrap::h6e908c0663b4810e
[INFO] [stdout]                                at /rustc/90b35a6239c3d8bdabc530a6a0816f7ff89a0aaf/library/core/src/result.rs:1104:23
[INFO] [stdout]   20:     0x60f471722fc6 - tket2::optimiser::badger::qtz_circuit::tests::test_read_complete::h28851d8c19dd7720
[INFO] [stdout]                                at /opt/rustwide/workdir/src/optimiser/badger/qtz_circuit.rs:158:20
[INFO] [stdout]   21:     0x60f471722f47 - tket2::optimiser::badger::qtz_circuit::tests::test_read_complete::{{closure}}::h78890e96b942663a
[INFO] [stdout]                                at /opt/rustwide/workdir/src/optimiser/badger/qtz_circuit.rs:157:28
[INFO] [stdout]   22:     0x60f4716f24d6 - core::ops::function::FnOnce::call_once::he8fe6e80995d3885
[INFO] [stdout]                                at /rustc/90b35a6239c3d8bdabc530a6a0816f7ff89a0aaf/library/core/src/ops/function.rs:250:5
[INFO] [stdout]   23:     0x60f47188cacb - core::ops::function::FnOnce::call_once::h109cf8051a59b34e
[INFO] [stdout]                                at /rustc/90b35a6239c3d8bdabc530a6a0816f7ff89a0aaf/library/core/src/ops/function.rs:250:5
[INFO] [stdout]   24:     0x60f47188cacb - test::__rust_begin_short_backtrace::hf4fff89d377446ba
[INFO] [stdout]                                at /rustc/90b35a6239c3d8bdabc530a6a0816f7ff89a0aaf/library/test/src/lib.rs:621:18
[INFO] [stdout]   25:     0x60f47188c307 - test::run_test_in_process::{{closure}}::h0e39181dd7ee5a43
[INFO] [stdout]                                at /rustc/90b35a6239c3d8bdabc530a6a0816f7ff89a0aaf/library/test/src/lib.rs:644:60
[INFO] [stdout]   26:     0x60f47188c307 - <core::panic::unwind_safe::AssertUnwindSafe<F> as core::ops::function::FnOnce<()>>::call_once::hc5a66a30f0bdfd1f
[INFO] [stdout]                                at /rustc/90b35a6239c3d8bdabc530a6a0816f7ff89a0aaf/library/core/src/panic/unwind_safe.rs:272:9
[INFO] [stdout]   27:     0x60f47188c307 - std::panicking::try::do_call::h873b7cf639554a5e
[INFO] [stdout]                                at /rustc/90b35a6239c3d8bdabc530a6a0816f7ff89a0aaf/library/std/src/panicking.rs:557:40
[INFO] [stdout]   28:     0x60f47188c307 - std::panicking::try::hdb19862fad9c8bd1
[INFO] [stdout]                                at /rustc/90b35a6239c3d8bdabc530a6a0816f7ff89a0aaf/library/std/src/panicking.rs:520:19
[INFO] [stdout]   29:     0x60f47188c307 - std::panic::catch_unwind::h281fe732d236d260
[INFO] [stdout]                                at /rustc/90b35a6239c3d8bdabc530a6a0816f7ff89a0aaf/library/std/src/panic.rs:358:14
[INFO] [stdout]   30:     0x60f47188c307 - test::run_test_in_process::h949b6df8457ed338
[INFO] [stdout]                                at /rustc/90b35a6239c3d8bdabc530a6a0816f7ff89a0aaf/library/test/src/lib.rs:644:27
[INFO] [stdout]   31:     0x60f47188c307 - test::run_test::{{closure}}::h52c556a6d4740e10
[INFO] [stdout]                                at /rustc/90b35a6239c3d8bdabc530a6a0816f7ff89a0aaf/library/test/src/lib.rs:565:43
[INFO] [stdout]   32:     0x60f4718515e4 - test::run_test::{{closure}}::h4237f6381c45ccb9
[INFO] [stdout]                                at /rustc/90b35a6239c3d8bdabc530a6a0816f7ff89a0aaf/library/test/src/lib.rs:595:41
[INFO] [stdout]   33:     0x60f4718515e4 - std::sys::backtrace::__rust_begin_short_backtrace::h505c97a579eca628
[INFO] [stdout]                                at /rustc/90b35a6239c3d8bdabc530a6a0816f7ff89a0aaf/library/std/src/sys/backtrace.rs:154:18
[INFO] [stdout]   34:     0x60f471854cae - std::thread::Builder::spawn_unchecked_::{{closure}}::{{closure}}::h9e86b2e2bc107ea3
[INFO] [stdout]                                at /rustc/90b35a6239c3d8bdabc530a6a0816f7ff89a0aaf/library/std/src/thread/mod.rs:538:17
[INFO] [stdout]   35:     0x60f471854cae - <core::panic::unwind_safe::AssertUnwindSafe<F> as core::ops::function::FnOnce<()>>::call_once::h8b06ddb275ff4a25
[INFO] [stdout]                                at /rustc/90b35a6239c3d8bdabc530a6a0816f7ff89a0aaf/library/core/src/panic/unwind_safe.rs:272:9
[INFO] [stdout]   36:     0x60f471854cae - std::panicking::try::do_call::hb26ecd7cd9a9355d
[INFO] [stdout]                                at /rustc/90b35a6239c3d8bdabc530a6a0816f7ff89a0aaf/library/std/src/panicking.rs:557:40
[INFO] [stdout]   37:     0x60f471854cae - std::panicking::try::h8ddeca9d705f9069
[INFO] [stdout]                                at /rustc/90b35a6239c3d8bdabc530a6a0816f7ff89a0aaf/library/std/src/panicking.rs:520:19
[INFO] [stdout]   38:     0x60f471854cae - std::panic::catch_unwind::h49e1c33078844c46
[INFO] [stdout]                                at /rustc/90b35a6239c3d8bdabc530a6a0816f7ff89a0aaf/library/std/src/panic.rs:358:14
[INFO] [stdout]   39:     0x60f471854cae - std::thread::Builder::spawn_unchecked_::{{closure}}::h6073db6ff56ad35d
[INFO] [stdout]                                at /rustc/90b35a6239c3d8bdabc530a6a0816f7ff89a0aaf/library/std/src/thread/mod.rs:537:30
[INFO] [stdout]   40:     0x60f471854cae - core::ops::function::FnOnce::call_once{{vtable.shim}}::h2c5a5f3779c774f1
[INFO] [stdout]                                at /rustc/90b35a6239c3d8bdabc530a6a0816f7ff89a0aaf/library/core/src/ops/function.rs:250:5
[INFO] [stdout]   41:     0x60f471c6706b - <alloc::boxed::Box<F,A> as core::ops::function::FnOnce<Args>>::call_once::hf75717d9f28faebf
[INFO] [stdout]                                at /rustc/90b35a6239c3d8bdabc530a6a0816f7ff89a0aaf/library/alloc/src/boxed.rs:2454:9
[INFO] [stdout]   42:     0x60f471c6706b - <alloc::boxed::Box<F,A> as core::ops::function::FnOnce<Args>>::call_once::h7bd883a5f3c5f3c1
[INFO] [stdout]                                at /rustc/90b35a6239c3d8bdabc530a6a0816f7ff89a0aaf/library/alloc/src/boxed.rs:2454:9
[INFO] [stdout]   43:     0x60f471c6706b - std::sys::pal::unix::thread::Thread::new::thread_start::hcc78f3943333fa94
[INFO] [stdout]                                at /rustc/90b35a6239c3d8bdabc530a6a0816f7ff89a0aaf/library/std/src/sys/pal/unix/thread.rs:105:17
[INFO] [stdout]   44:     0x70a9ed797ac3 - <unknown>
[INFO] [stdout]   45:     0x70a9ed828a04 - clone
[INFO] [stdout]   46:                0x0 - <unknown>
[INFO] [stdout] 
[INFO] [stdout] ---- optimiser::badger::qtz_circuit::tests::test_read_rep stdout ----
[INFO] [stdout] thread 'optimiser::badger::qtz_circuit::tests::test_read_rep' panicked at src/optimiser/badger/qtz_circuit.rs:137:51:
[INFO] [stdout] called `Result::unwrap()` on an `Err` value: Os { code: 2, kind: NotFound, message: "No such file or directory" }
[INFO] [stdout] stack backtrace:
[INFO] [stdout]    0:     0x60f471c6180a - std::backtrace_rs::backtrace::libunwind::trace::h5a5b8284f2d0c266
[INFO] [stdout]                                at /rustc/90b35a6239c3d8bdabc530a6a0816f7ff89a0aaf/library/std/src/../../backtrace/src/backtrace/libunwind.rs:116:5
[INFO] [stdout]    1:     0x60f471c6180a - std::backtrace_rs::backtrace::trace_unsynchronized::h76d4f1c9b0b875e3
[INFO] [stdout]                                at /rustc/90b35a6239c3d8bdabc530a6a0816f7ff89a0aaf/library/std/src/../../backtrace/src/backtrace/mod.rs:66:5
[INFO] [stdout]    2:     0x60f471c6180a - std::sys::backtrace::_print_fmt::hc4546b8364a537c6
[INFO] [stdout]                                at /rustc/90b35a6239c3d8bdabc530a6a0816f7ff89a0aaf/library/std/src/sys/backtrace.rs:66:9
[INFO] [stdout]    3:     0x60f471c6180a - <std::sys::backtrace::BacktraceLock::print::DisplayBacktrace as core::fmt::Display>::fmt::h5b6bd5631a6d1f6b
[INFO] [stdout]                                at /rustc/90b35a6239c3d8bdabc530a6a0816f7ff89a0aaf/library/std/src/sys/backtrace.rs:39:26
[INFO] [stdout]    4:     0x60f471c889f3 - core::fmt::rt::Argument::fmt::h270f6602a2b96f62
[INFO] [stdout]                                at /rustc/90b35a6239c3d8bdabc530a6a0816f7ff89a0aaf/library/core/src/fmt/rt.rs:177:76
[INFO] [stdout]    5:     0x60f471c889f3 - core::fmt::write::h7550c97b06c86515
[INFO] [stdout]                                at /rustc/90b35a6239c3d8bdabc530a6a0816f7ff89a0aaf/library/core/src/fmt/mod.rs:1186:21
[INFO] [stdout]    6:     0x60f471c5e9d3 - std::io::Write::write_fmt::h509ff860e5956e5e
[INFO] [stdout]                                at /rustc/90b35a6239c3d8bdabc530a6a0816f7ff89a0aaf/library/std/src/io/mod.rs:1839:15
[INFO] [stdout]    7:     0x60f471c61652 - std::sys::backtrace::BacktraceLock::print::h2395ccd2c84ba3aa
[INFO] [stdout]                                at /rustc/90b35a6239c3d8bdabc530a6a0816f7ff89a0aaf/library/std/src/sys/backtrace.rs:42:9
[INFO] [stdout]    8:     0x60f471c62c6a - std::panicking::default_hook::{{closure}}::he19d4c7230e07961
[INFO] [stdout]                                at /rustc/90b35a6239c3d8bdabc530a6a0816f7ff89a0aaf/library/std/src/panicking.rs:268:22
[INFO] [stdout]    9:     0x60f471c62a74 - std::panicking::default_hook::hf614597d3c67bbdb
[INFO] [stdout]                                at /rustc/90b35a6239c3d8bdabc530a6a0816f7ff89a0aaf/library/std/src/panicking.rs:292:9
[INFO] [stdout]   10:     0x60f471888109 - <alloc::boxed::Box<F,A> as core::ops::function::Fn<Args>>::call::h39b51ce4599c23d1
[INFO] [stdout]                                at /rustc/90b35a6239c3d8bdabc530a6a0816f7ff89a0aaf/library/alloc/src/boxed.rs:2468:9
[INFO] [stdout]   11:     0x60f471888109 - test::test_main::{{closure}}::he977ae839a582784
[INFO] [stdout]                                at /rustc/90b35a6239c3d8bdabc530a6a0816f7ff89a0aaf/library/test/src/lib.rs:133:21
[INFO] [stdout]   12:     0x60f471c63308 - <alloc::boxed::Box<F,A> as core::ops::function::Fn<Args>>::call::h9455091b6b06f9fb
[INFO] [stdout]                                at /rustc/90b35a6239c3d8bdabc530a6a0816f7ff89a0aaf/library/alloc/src/boxed.rs:2468:9
[INFO] [stdout]   13:     0x60f471c63308 - std::panicking::rust_panic_with_hook::h8942133a8b252070
[INFO] [stdout]                                at /rustc/90b35a6239c3d8bdabc530a6a0816f7ff89a0aaf/library/std/src/panicking.rs:809:13
[INFO] [stdout]   14:     0x60f471c630ca - std::panicking::begin_panic_handler::{{closure}}::hb5f5963570096b29
[INFO] [stdout]                                at /rustc/90b35a6239c3d8bdabc530a6a0816f7ff89a0aaf/library/std/src/panicking.rs:674:13
[INFO] [stdout]   15:     0x60f471c61ce9 - std::sys::backtrace::__rust_end_short_backtrace::h6208cedc1922feda
[INFO] [stdout]                                at /rustc/90b35a6239c3d8bdabc530a6a0816f7ff89a0aaf/library/std/src/sys/backtrace.rs:170:18
[INFO] [stdout]   16:     0x60f471c62d5c - rust_begin_unwind
[INFO] [stdout]                                at /rustc/90b35a6239c3d8bdabc530a6a0816f7ff89a0aaf/library/std/src/panicking.rs:665:5
[INFO] [stdout]   17:     0x60f4714790d0 - core::panicking::panic_fmt::h0c3082644d1bf418
[INFO] [stdout]                                at /rustc/90b35a6239c3d8bdabc530a6a0816f7ff89a0aaf/library/core/src/panicking.rs:74:14
[INFO] [stdout]   18:     0x60f471479556 - core::result::unwrap_failed::hd20b4aa073bda1e2
[INFO] [stdout]                                at /rustc/90b35a6239c3d8bdabc530a6a0816f7ff89a0aaf/library/core/src/result.rs:1700:5
[INFO] [stdout]   19:     0x60f47170e8c4 - core::result::Result<T,E>::unwrap::h67162869d4b3aae3
[INFO] [stdout]                                at /rustc/90b35a6239c3d8bdabc530a6a0816f7ff89a0aaf/library/core/src/result.rs:1104:23
[INFO] [stdout]   20:     0x60f47170e8c4 - tket2::optimiser::badger::qtz_circuit::tests::load_representative_set::h3f67fb2ee7429858
[INFO] [stdout]                                at /opt/rustwide/workdir/src/optimiser/badger/qtz_circuit.rs:137:21
[INFO] [stdout]   21:     0x60f471722d32 - tket2::optimiser::badger::qtz_circuit::tests::test_read_rep::h89542e325ed76498
[INFO] [stdout]                                at /opt/rustwide/workdir/src/optimiser/badger/qtz_circuit.rs:148:23
[INFO] [stdout]   22:     0x60f471722cf7 - tket2::optimiser::badger::qtz_circuit::tests::test_read_rep::{{closure}}::h5002120fe0075529
[INFO] [stdout]                                at /opt/rustwide/workdir/src/optimiser/badger/qtz_circuit.rs:147:23
[INFO] [stdout]   23:     0x60f4716f06c6 - core::ops::function::FnOnce::call_once::h9efadcc7061a8ce3
[INFO] [stdout]                                at /rustc/90b35a6239c3d8bdabc530a6a0816f7ff89a0aaf/library/core/src/ops/function.rs:250:5
[INFO] [stdout]   24:     0x60f47188cacb - core::ops::function::FnOnce::call_once::h109cf8051a59b34e
[INFO] [stdout]                                at /rustc/90b35a6239c3d8bdabc530a6a0816f7ff89a0aaf/library/core/src/ops/function.rs:250:5
[INFO] [stdout]   25:     0x60f47188cacb - test::__rust_begin_short_backtrace::hf4fff89d377446ba
[INFO] [stdout]                                at /rustc/90b35a6239c3d8bdabc530a6a0816f7ff89a0aaf/library/test/src/lib.rs:621:18
[INFO] [stdout]   26:     0x60f47188c307 - test::run_test_in_process::{{closure}}::h0e39181dd7ee5a43
[INFO] [stdout]                                at /rustc/90b35a6239c3d8bdabc530a6a0816f7ff89a0aaf/library/test/src/lib.rs:644:60
[INFO] [stdout]   27:     0x60f47188c307 - <core::panic::unwind_safe::AssertUnwindSafe<F> as core::ops::function::FnOnce<()>>::call_once::hc5a66a30f0bdfd1f
[INFO] [stdout]                                at /rustc/90b35a6239c3d8bdabc530a6a0816f7ff89a0aaf/library/core/src/panic/unwind_safe.rs:272:9
[INFO] [stdout]   28:     0x60f47188c307 - std::panicking::try::do_call::h873b7cf639554a5e
[INFO] [stdout]                                at /rustc/90b35a6239c3d8bdabc530a6a0816f7ff89a0aaf/library/std/src/panicking.rs:557:40
[INFO] [stdout]   29:     0x60f47188c307 - std::panicking::try::hdb19862fad9c8bd1
[INFO] [stdout]                                at /rustc/90b35a6239c3d8bdabc530a6a0816f7ff89a0aaf/library/std/src/panicking.rs:520:19
[INFO] [stdout]   30:     0x60f47188c307 - std::panic::catch_unwind::h281fe732d236d260
[INFO] [stdout]                                at /rustc/90b35a6239c3d8bdabc530a6a0816f7ff89a0aaf/library/std/src/panic.rs:358:14
[INFO] [stdout]   31:     0x60f47188c307 - test::run_test_in_process::h949b6df8457ed338
[INFO] [stdout]                                at /rustc/90b35a6239c3d8bdabc530a6a0816f7ff89a0aaf/library/test/src/lib.rs:644:27
[INFO] [stdout]   32:     0x60f47188c307 - test::run_test::{{closure}}::h52c556a6d4740e10
[INFO] [stdout]                                at /rustc/90b35a6239c3d8bdabc530a6a0816f7ff89a0aaf/library/test/src/lib.rs:565:43
[INFO] [stdout]   33:     0x60f4718515e4 - test::run_test::{{closure}}::h4237f6381c45ccb9
[INFO] [stdout]                                at /rustc/90b35a6239c3d8bdabc530a6a0816f7ff89a0aaf/library/test/src/lib.rs:595:41
[INFO] [stdout]   34:     0x60f4718515e4 - std::sys::backtrace::__rust_begin_short_backtrace::h505c97a579eca628
[INFO] [stdout]                                at /rustc/90b35a6239c3d8bdabc530a6a0816f7ff89a0aaf/library/std/src/sys/backtrace.rs:154:18
[INFO] [stdout]   35:     0x60f471854cae - std::thread::Builder::spawn_unchecked_::{{closure}}::{{closure}}::h9e86b2e2bc107ea3
[INFO] [stdout]                                at /rustc/90b35a6239c3d8bdabc530a6a0816f7ff89a0aaf/library/std/src/thread/mod.rs:538:17
[INFO] [stdout]   36:     0x60f471854cae - <core::panic::unwind_safe::AssertUnwindSafe<F> as core::ops::function::FnOnce<()>>::call_once::h8b06ddb275ff4a25
[INFO] [stdout]                                at /rustc/90b35a6239c3d8bdabc530a6a0816f7ff89a0aaf/library/core/src/panic/unwind_safe.rs:272:9
[INFO] [stdout]   37:     0x60f471854cae - std::panicking::try::do_call::hb26ecd7cd9a9355d
[INFO] [stdout]                                at /rustc/90b35a6239c3d8bdabc530a6a0816f7ff89a0aaf/library/std/src/panicking.rs:557:40
[INFO] [stdout]   38:     0x60f471854cae - std::panicking::try::h8ddeca9d705f9069
[INFO] [stdout]                                at /rustc/90b35a6239c3d8bdabc530a6a0816f7ff89a0aaf/library/std/src/panicking.rs:520:19
[INFO] [stdout]   39:     0x60f471854cae - std::panic::catch_unwind::h49e1c33078844c46
[INFO] [stdout]                                at /rustc/90b35a6239c3d8bdabc530a6a0816f7ff89a0aaf/library/std/src/panic.rs:358:14
[INFO] [stdout]   40:     0x60f471854cae - std::thread::Builder::spawn_unchecked_::{{closure}}::h6073db6ff56ad35d
[INFO] [stdout]                                at /rustc/90b35a6239c3d8bdabc530a6a0816f7ff89a0aaf/library/std/src/thread/mod.rs:537:30
[INFO] [stdout]   41:     0x60f471854cae - core::ops::function::FnOnce::call_once{{vtable.shim}}::h2c5a5f3779c774f1
[INFO] [stdout]                                at /rustc/90b35a6239c3d8bdabc530a6a0816f7ff89a0aaf/library/core/src/ops/function.rs:250:5
[INFO] [stdout]   42:     0x60f471c6706b - <alloc::boxed::Box<F,A> as core::ops::function::FnOnce<Args>>::call_once::hf75717d9f28faebf
[INFO] [stdout]                                at /rustc/90b35a6239c3d8bdabc530a6a0816f7ff89a0aaf/library/alloc/src/boxed.rs:2454:9
[INFO] [stdout]   43:     0x60f471c6706b - <alloc::boxed::Box<F,A> as core::ops::function::FnOnce<Args>>::call_once::h7bd883a5f3c5f3c1
[INFO] [stdout]                                at /rustc/90b35a6239c3d8bdabc530a6a0816f7ff89a0aaf/library/alloc/src/boxed.rs:2454:9
[INFO] [stdout]   44:     0x60f471c6706b - std::sys::pal::unix::thread::Thread::new::thread_start::hcc78f3943333fa94
[INFO] [stdout]                                at /rustc/90b35a6239c3d8bdabc530a6a0816f7ff89a0aaf/library/std/src/sys/pal/unix/thread.rs:105:17
[INFO] [stdout]   45:     0x70a9ed797ac3 - <unknown>
[INFO] [stdout]   46:     0x70a9ed828a04 - clone
[INFO] [stdout]   47:                0x0 - <unknown>
[INFO] [stdout] 
[INFO] [stdout] ---- passes::pytket::test::test_pytket_lowering::case_1_guppy_like_circuit stdout ----
[INFO] [stdout] thread 'passes::pytket::test::test_pytket_lowering::case_1_guppy_like_circuit' panicked at src/passes/pytket.rs:123:49:
[INFO] [stdout] called `Result::unwrap()` on an `Err` value: WrongNumberOfPorts { node: Node(1), optype: DFG(DFG { signature: FuncTypeBase { input: TypeRowBase { types: [TypeBase(Extension(CustomType { extension: IdentList("prelude"), id: "qubit", args: [], bound: Any }), Any), TypeBase(Extension(CustomType { extension: IdentList("prelude"), id: "qubit", args: [], bound: Any }), Any)] }, output: TypeRowBase { types: [TypeBase(Extension(CustomType { extension: IdentList("prelude"), id: "qubit", args: [], bound: Any }), Any), TypeBase(Extension(CustomType { extension: IdentList("prelude"), id: "qubit", args: [], bound: Any }), Any)] }, extension_reqs: ExtensionSet({}) } }), actual: 1, expected: 3, dir: Incoming }
[INFO] [stdout] stack backtrace:
[INFO] [stdout]    0:     0x60f471c6180a - std::backtrace_rs::backtrace::libunwind::trace::h5a5b8284f2d0c266
[INFO] [stdout]                                at /rustc/90b35a6239c3d8bdabc530a6a0816f7ff89a0aaf/library/std/src/../../backtrace/src/backtrace/libunwind.rs:116:5
[INFO] [stdout]    1:     0x60f471c6180a - std::backtrace_rs::backtrace::trace_unsynchronized::h76d4f1c9b0b875e3
[INFO] [stdout]                                at /rustc/90b35a6239c3d8bdabc530a6a0816f7ff89a0aaf/library/std/src/../../backtrace/src/backtrace/mod.rs:66:5
[INFO] [stdout]    2:     0x60f471c6180a - std::sys::backtrace::_print_fmt::hc4546b8364a537c6
[INFO] [stdout]                                at /rustc/90b35a6239c3d8bdabc530a6a0816f7ff89a0aaf/library/std/src/sys/backtrace.rs:66:9
[INFO] [stdout]    3:     0x60f471c6180a - <std::sys::backtrace::BacktraceLock::print::DisplayBacktrace as core::fmt::Display>::fmt::h5b6bd5631a6d1f6b
[INFO] [stdout]                                at /rustc/90b35a6239c3d8bdabc530a6a0816f7ff89a0aaf/library/std/src/sys/backtrace.rs:39:26
[INFO] [stdout]    4:     0x60f471c889f3 - core::fmt::rt::Argument::fmt::h270f6602a2b96f62
[INFO] [stdout]                                at /rustc/90b35a6239c3d8bdabc530a6a0816f7ff89a0aaf/library/core/src/fmt/rt.rs:177:76
[INFO] [stdout]    5:     0x60f471c889f3 - core::fmt::write::h7550c97b06c86515
[INFO] [stdout]                                at /rustc/90b35a6239c3d8bdabc530a6a0816f7ff89a0aaf/library/core/src/fmt/mod.rs:1186:21
[INFO] [stdout]    6:     0x60f471c5e9d3 - std::io::Write::write_fmt::h509ff860e5956e5e
[INFO] [stdout]                                at /rustc/90b35a6239c3d8bdabc530a6a0816f7ff89a0aaf/library/std/src/io/mod.rs:1839:15
[INFO] [stdout]    7:     0x60f471c61652 - std::sys::backtrace::BacktraceLock::print::h2395ccd2c84ba3aa
[INFO] [stdout]                                at /rustc/90b35a6239c3d8bdabc530a6a0816f7ff89a0aaf/library/std/src/sys/backtrace.rs:42:9
[INFO] [stdout]    8:     0x60f471c62c6a - std::panicking::default_hook::{{closure}}::he19d4c7230e07961
[INFO] [stdout]                                at /rustc/90b35a6239c3d8bdabc530a6a0816f7ff89a0aaf/library/std/src/panicking.rs:268:22
[INFO] [stdout]    9:     0x60f471c62a74 - std::panicking::default_hook::hf614597d3c67bbdb
[INFO] [stdout]                                at /rustc/90b35a6239c3d8bdabc530a6a0816f7ff89a0aaf/library/std/src/panicking.rs:292:9
[INFO] [stdout]   10:     0x60f471888109 - <alloc::boxed::Box<F,A> as core::ops::function::Fn<Args>>::call::h39b51ce4599c23d1
[INFO] [stdout]                                at /rustc/90b35a6239c3d8bdabc530a6a0816f7ff89a0aaf/library/alloc/src/boxed.rs:2468:9
[INFO] [stdout]   11:     0x60f471888109 - test::test_main::{{closure}}::he977ae839a582784
[INFO] [stdout]                                at /rustc/90b35a6239c3d8bdabc530a6a0816f7ff89a0aaf/library/test/src/lib.rs:133:21
[INFO] [stdout]   12:     0x60f471c63308 - <alloc::boxed::Box<F,A> as core::ops::function::Fn<Args>>::call::h9455091b6b06f9fb
[INFO] [stdout]                                at /rustc/90b35a6239c3d8bdabc530a6a0816f7ff89a0aaf/library/alloc/src/boxed.rs:2468:9
[INFO] [stdout]   13:     0x60f471c63308 - std::panicking::rust_panic_with_hook::h8942133a8b252070
[INFO] [stdout]                                at /rustc/90b35a6239c3d8bdabc530a6a0816f7ff89a0aaf/library/std/src/panicking.rs:809:13
[INFO] [stdout]   14:     0x60f471c630ca - std::panicking::begin_panic_handler::{{closure}}::hb5f5963570096b29
[INFO] [stdout]                                at /rustc/90b35a6239c3d8bdabc530a6a0816f7ff89a0aaf/library/std/src/panicking.rs:674:13
[INFO] [stdout]   15:     0x60f471c61ce9 - std::sys::backtrace::__rust_end_short_backtrace::h6208cedc1922feda
[INFO] [stdout]                                at /rustc/90b35a6239c3d8bdabc530a6a0816f7ff89a0aaf/library/std/src/sys/backtrace.rs:170:18
[INFO] [stdout]   16:     0x60f471c62d5c - rust_begin_unwind
[INFO] [stdout]                                at /rustc/90b35a6239c3d8bdabc530a6a0816f7ff89a0aaf/library/std/src/panicking.rs:665:5
[INFO] [stdout]   17:     0x60f4714790d0 - core::panicking::panic_fmt::h0c3082644d1bf418
[INFO] [stdout]                                at /rustc/90b35a6239c3d8bdabc530a6a0816f7ff89a0aaf/library/core/src/panicking.rs:74:14
[INFO] [stdout]   18:     0x60f471479556 - core::result::unwrap_failed::hd20b4aa073bda1e2
[INFO] [stdout]                                at /rustc/90b35a6239c3d8bdabc530a6a0816f7ff89a0aaf/library/core/src/result.rs:1700:5
[INFO] [stdout]   19:     0x60f47172b511 - core::result::Result<T,E>::unwrap::hb21e4b9a7a95ea25
[INFO] [stdout]                                at /rustc/90b35a6239c3d8bdabc530a6a0816f7ff89a0aaf/library/core/src/result.rs:1104:23
[INFO] [stdout]   20:     0x60f47172b511 - tket2::passes::pytket::test::test_pytket_lowering::h21a0144bd833e634
[INFO] [stdout]                                at /opt/rustwide/workdir/src/passes/pytket.rs:123:9
[INFO] [stdout]   21:     0x60f471625017 - tket2::passes::pytket::test::test_pytket_lowering::case_1_guppy_like_circuit::h39ed289ad491ee34
[INFO] [stdout]                                at /opt/rustwide/workdir/src/passes/pytket.rs:117:5
[INFO] [stdout]   22:     0x60f471624fe7 - tket2::passes::pytket::test::test_pytket_lowering::case_1_guppy_like_circuit::{{closure}}::h643b29bd13919db1
[INFO] [stdout]                                at /opt/rustwide/workdir/src/passes/pytket.rs:117:14
[INFO] [stdout]   23:     0x60f4716f0836 - core::ops::function::FnOnce::call_once::ha39cfb8e580a0bab
[INFO] [stdout]                                at /rustc/90b35a6239c3d8bdabc530a6a0816f7ff89a0aaf/library/core/src/ops/function.rs:250:5
[INFO] [stdout]   24:     0x60f47188cacb - core::ops::function::FnOnce::call_once::h109cf8051a59b34e
[INFO] [stdout]                                at /rustc/90b35a6239c3d8bdabc530a6a0816f7ff89a0aaf/library/core/src/ops/function.rs:250:5
[INFO] [stdout]   25:     0x60f47188cacb - test::__rust_begin_short_backtrace::hf4fff89d377446ba
[INFO] [stdout]                                at /rustc/90b35a6239c3d8bdabc530a6a0816f7ff89a0aaf/library/test/src/lib.rs:621:18
[INFO] [stdout]   26:     0x60f47188c307 - test::run_test_in_process::{{closure}}::h0e39181dd7ee5a43
[INFO] [stdout]                                at /rustc/90b35a6239c3d8bdabc530a6a0816f7ff89a0aaf/library/test/src/lib.rs:644:60
[INFO] [stdout]   27:     0x60f47188c307 - <core::panic::unwind_safe::AssertUnwindSafe<F> as core::ops::function::FnOnce<()>>::call_once::hc5a66a30f0bdfd1f
[INFO] [stdout]                                at /rustc/90b35a6239c3d8bdabc530a6a0816f7ff89a0aaf/library/core/src/panic/unwind_safe.rs:272:9
[INFO] [stdout]   28:     0x60f47188c307 - std::panicking::try::do_call::h873b7cf639554a5e
[INFO] [stdout]                                at /rustc/90b35a6239c3d8bdabc530a6a0816f7ff89a0aaf/library/std/src/panicking.rs:557:40
[INFO] [stdout]   29:     0x60f47188c307 - std::panicking::try::hdb19862fad9c8bd1
[INFO] [stdout]                                at /rustc/90b35a6239c3d8bdabc530a6a0816f7ff89a0aaf/library/std/src/panicking.rs:520:19
[INFO] [stdout]   30:     0x60f47188c307 - std::panic::catch_unwind::h281fe732d236d260
[INFO] [stdout]                                at /rustc/90b35a6239c3d8bdabc530a6a0816f7ff89a0aaf/library/std/src/panic.rs:358:14
[INFO] [stdout]   31:     0x60f47188c307 - test::run_test_in_process::h949b6df8457ed338
[INFO] [stdout]                                at /rustc/90b35a6239c3d8bdabc530a6a0816f7ff89a0aaf/library/test/src/lib.rs:644:27
[INFO] [stdout]   32:     0x60f47188c307 - test::run_test::{{closure}}::h52c556a6d4740e10
[INFO] [stdout]                                at /rustc/90b35a6239c3d8bdabc530a6a0816f7ff89a0aaf/library/test/src/lib.rs:565:43
[INFO] [stdout]   33:     0x60f4718515e4 - test::run_test::{{closure}}::h4237f6381c45ccb9
[INFO] [stdout]                                at /rustc/90b35a6239c3d8bdabc530a6a0816f7ff89a0aaf/library/test/src/lib.rs:595:41
[INFO] [stdout]   34:     0x60f4718515e4 - std::sys::backtrace::__rust_begin_short_backtrace::h505c97a579eca628
[INFO] [stdout]                                at /rustc/90b35a6239c3d8bdabc530a6a0816f7ff89a0aaf/library/std/src/sys/backtrace.rs:154:18
[INFO] [stdout]   35:     0x60f471854cae - std::thread::Builder::spawn_unchecked_::{{closure}}::{{closure}}::h9e86b2e2bc107ea3
[INFO] [stdout]                                at /rustc/90b35a6239c3d8bdabc530a6a0816f7ff89a0aaf/library/std/src/thread/mod.rs:538:17
[INFO] [stdout]   36:     0x60f471854cae - <core::panic::unwind_safe::AssertUnwindSafe<F> as core::ops::function::FnOnce<()>>::call_once::h8b06ddb275ff4a25
[INFO] [stdout]                                at /rustc/90b35a6239c3d8bdabc530a6a0816f7ff89a0aaf/library/core/src/panic/unwind_safe.rs:272:9
[INFO] [stdout]   37:     0x60f471854cae - std::panicking::try::do_call::hb26ecd7cd9a9355d
[INFO] [stdout]                                at /rustc/90b35a6239c3d8bdabc530a6a0816f7ff89a0aaf/library/std/src/panicking.rs:557:40
[INFO] [stdout]   38:     0x60f471854cae - std::panicking::try::h8ddeca9d705f9069
[INFO] [stdout]                                at /rustc/90b35a6239c3d8bdabc530a6a0816f7ff89a0aaf/library/std/src/panicking.rs:520:19
[INFO] [stdout]   39:     0x60f471854cae - std::panic::catch_unwind::h49e1c33078844c46
[INFO] [stdout]                                at /rustc/90b35a6239c3d8bdabc530a6a0816f7ff89a0aaf/library/std/src/panic.rs:358:14
[INFO] [stdout]   40:     0x60f471854cae - std::thread::Builder::spawn_unchecked_::{{closure}}::h6073db6ff56ad35d
[INFO] [stdout]                                at /rustc/90b35a6239c3d8bdabc530a6a0816f7ff89a0aaf/library/std/src/thread/mod.rs:537:30
[INFO] [stdout]   41:     0x60f471854cae - core::ops::function::FnOnce::call_once{{vtable.shim}}::h2c5a5f3779c774f1
[INFO] [stdout]                                at /rustc/90b35a6239c3d8bdabc530a6a0816f7ff89a0aaf/library/core/src/ops/function.rs:250:5
[INFO] [stdout]   42:     0x60f471c6706b - <alloc::boxed::Box<F,A> as core::ops::function::FnOnce<Args>>::call_once::hf75717d9f28faebf
[INFO] [stdout]                                at /rustc/90b35a6239c3d8bdabc530a6a0816f7ff89a0aaf/library/alloc/src/boxed.rs:2454:9
[INFO] [stdout]   43:     0x60f471c6706b - <alloc::boxed::Box<F,A> as core::ops::function::FnOnce<Args>>::call_once::h7bd883a5f3c5f3c1
[INFO] [stdout]                                at /rustc/90b35a6239c3d8bdabc530a6a0816f7ff89a0aaf/library/alloc/src/boxed.rs:2454:9
[INFO] [stdout]   44:     0x60f471c6706b - std::sys::pal::unix::thread::Thread::new::thread_start::hcc78f3943333fa94
[INFO] [stdout]                                at /rustc/90b35a6239c3d8bdabc530a6a0816f7ff89a0aaf/library/std/src/sys/pal/unix/thread.rs:105:17
[INFO] [stdout]   45:     0x70a9ed797ac3 - <unknown>
[INFO] [stdout]   46:     0x70a9ed828a04 - clone
[INFO] [stdout]   47:                0x0 - <unknown>
[INFO] [stdout] 
[INFO] [stdout] ---- serialize::pytket::tests::json_file_roundtrip::case_1_barenco_tof_10 stdout ----
[INFO] [stdout] thread 'serialize::pytket::tests::json_file_roundtrip::case_1_barenco_tof_10' panicked at src/serialize/pytket/tests.rs:332:59:
[INFO] [stdout] called `Result::unwrap()` on an `Err` value: Os { code: 2, kind: NotFound, message: "No such file or directory" }
[INFO] [stdout] stack backtrace:
[INFO] [stdout]    0:     0x60f471c6180a - std::backtrace_rs::backtrace::libunwind::trace::h5a5b8284f2d0c266
[INFO] [stdout]                                at /rustc/90b35a6239c3d8bdabc530a6a0816f7ff89a0aaf/library/std/src/../../backtrace/src/backtrace/libunwind.rs:116:5
[INFO] [stdout]    1:     0x60f471c6180a - std::backtrace_rs::backtrace::trace_unsynchronized::h76d4f1c9b0b875e3
[INFO] [stdout]                                at /rustc/90b35a6239c3d8bdabc530a6a0816f7ff89a0aaf/library/std/src/../../backtrace/src/backtrace/mod.rs:66:5
[INFO] [stdout]    2:     0x60f471c6180a - std::sys::backtrace::_print_fmt::hc4546b8364a537c6
[INFO] [stdout]                                at /rustc/90b35a6239c3d8bdabc530a6a0816f7ff89a0aaf/library/std/src/sys/backtrace.rs:66:9
[INFO] [stdout]    3:     0x60f471c6180a - <std::sys::backtrace::BacktraceLock::print::DisplayBacktrace as core::fmt::Display>::fmt::h5b6bd5631a6d1f6b
[INFO] [stdout]                                at /rustc/90b35a6239c3d8bdabc530a6a0816f7ff89a0aaf/library/std/src/sys/backtrace.rs:39:26
[INFO] [stdout]    4:     0x60f471c889f3 - core::fmt::rt::Argument::fmt::h270f6602a2b96f62
[INFO] [stdout]                                at /rustc/90b35a6239c3d8bdabc530a6a0816f7ff89a0aaf/library/core/src/fmt/rt.rs:177:76
[INFO] [stdout]    5:     0x60f471c889f3 - core::fmt::write::h7550c97b06c86515
[INFO] [stdout]                                at /rustc/90b35a6239c3d8bdabc530a6a0816f7ff89a0aaf/library/core/src/fmt/mod.rs:1186:21
[INFO] [stdout]    6:     0x60f471c5e9d3 - std::io::Write::write_fmt::h509ff860e5956e5e
[INFO] [stdout]                                at /rustc/90b35a6239c3d8bdabc530a6a0816f7ff89a0aaf/library/std/src/io/mod.rs:1839:15
[INFO] [stdout]    7:     0x60f471c61652 - std::sys::backtrace::BacktraceLock::print::h2395ccd2c84ba3aa
[INFO] [stdout]                                at /rustc/90b35a6239c3d8bdabc530a6a0816f7ff89a0aaf/library/std/src/sys/backtrace.rs:42:9
[INFO] [stdout]    8:     0x60f471c62c6a - std::panicking::default_hook::{{closure}}::he19d4c7230e07961
[INFO] [stdout]                                at /rustc/90b35a6239c3d8bdabc530a6a0816f7ff89a0aaf/library/std/src/panicking.rs:268:22
[INFO] [stdout]    9:     0x60f471c62a74 - std::panicking::default_hook::hf614597d3c67bbdb
[INFO] [stdout]                                at /rustc/90b35a6239c3d8bdabc530a6a0816f7ff89a0aaf/library/std/src/panicking.rs:292:9
[INFO] [stdout]   10:     0x60f471888109 - <alloc::boxed::Box<F,A> as core::ops::function::Fn<Args>>::call::h39b51ce4599c23d1
[INFO] [stdout]                                at /rustc/90b35a6239c3d8bdabc530a6a0816f7ff89a0aaf/library/alloc/src/boxed.rs:2468:9
[INFO] [stdout]   11:     0x60f471888109 - test::test_main::{{closure}}::he977ae839a582784
[INFO] [stdout]                                at /rustc/90b35a6239c3d8bdabc530a6a0816f7ff89a0aaf/library/test/src/lib.rs:133:21
[INFO] [stdout]   12:     0x60f471c63308 - <alloc::boxed::Box<F,A> as core::ops::function::Fn<Args>>::call::h9455091b6b06f9fb
[INFO] [stdout]                                at /rustc/90b35a6239c3d8bdabc530a6a0816f7ff89a0aaf/library/alloc/src/boxed.rs:2468:9
[INFO] [stdout]   13:     0x60f471c63308 - std::panicking::rust_panic_with_hook::h8942133a8b252070
[INFO] [stdout]                                at /rustc/90b35a6239c3d8bdabc530a6a0816f7ff89a0aaf/library/std/src/panicking.rs:809:13
[INFO] [stdout]   14:     0x60f471c630ca - std::panicking::begin_panic_handler::{{closure}}::hb5f5963570096b29
[INFO] [stdout]                                at /rustc/90b35a6239c3d8bdabc530a6a0816f7ff89a0aaf/library/std/src/panicking.rs:674:13
[INFO] [stdout]   15:     0x60f471c61ce9 - std::sys::backtrace::__rust_end_short_backtrace::h6208cedc1922feda
[INFO] [stdout]                                at /rustc/90b35a6239c3d8bdabc530a6a0816f7ff89a0aaf/library/std/src/sys/backtrace.rs:170:18
[INFO] [stdout]   16:     0x60f471c62d5c - rust_begin_unwind
[INFO] [stdout]                                at /rustc/90b35a6239c3d8bdabc530a6a0816f7ff89a0aaf/library/std/src/panicking.rs:665:5
[INFO] [stdout]   17:     0x60f4714790d0 - core::panicking::panic_fmt::h0c3082644d1bf418
[INFO] [stdout]                                at /rustc/90b35a6239c3d8bdabc530a6a0816f7ff89a0aaf/library/core/src/panicking.rs:74:14
[INFO] [stdout]   18:     0x60f471479556 - core::result::unwrap_failed::hd20b4aa073bda1e2
[INFO] [stdout]                                at /rustc/90b35a6239c3d8bdabc530a6a0816f7ff89a0aaf/library/core/src/result.rs:1700:5
[INFO] [stdout]   19:     0x60f471780060 - core::result::Result<T,E>::unwrap::h441464b23c1497dd
[INFO] [stdout]                                at /rustc/90b35a6239c3d8bdabc530a6a0816f7ff89a0aaf/library/core/src/result.rs:1104:23
[INFO] [stdout]   20:     0x60f471780060 - tket2::serialize::pytket::tests::json_file_roundtrip::h71de39c052af5645
[INFO] [stdout]                                at /opt/rustwide/workdir/src/serialize/pytket/tests.rs:332:33
[INFO] [stdout]   21:     0x60f47153e64a - tket2::serialize::pytket::tests::json_file_roundtrip::case_1_barenco_tof_10::h51fa2e2c2f2a06a7
[INFO] [stdout]                                at /opt/rustwide/workdir/src/serialize/pytket/tests.rs:328:1
[INFO] [stdout]   22:     0x60f47153e607 - tket2::serialize::pytket::tests::json_file_roundtrip::case_1_barenco_tof_10::{{closure}}::h2cf169cfa755f234
[INFO] [stdout]                                at /opt/rustwide/workdir/src/serialize/pytket/tests.rs:328:10
[INFO] [stdout]   23:     0x60f4716ec846 - core::ops::function::FnOnce::call_once::h228f6a82e35e713b
[INFO] [stdout]                                at /rustc/90b35a6239c3d8bdabc530a6a0816f7ff89a0aaf/library/core/src/ops/function.rs:250:5
[INFO] [stdout]   24:     0x60f47188cacb - core::ops::function::FnOnce::call_once::h109cf8051a59b34e
[INFO] [stdout]                                at /rustc/90b35a6239c3d8bdabc530a6a0816f7ff89a0aaf/library/core/src/ops/function.rs:250:5
[INFO] [stdout]   25:     0x60f47188cacb - test::__rust_begin_short_backtrace::hf4fff89d377446ba
[INFO] [stdout]                                at /rustc/90b35a6239c3d8bdabc530a6a0816f7ff89a0aaf/library/test/src/lib.rs:621:18
[INFO] [stdout]   26:     0x60f47188c307 - test::run_test_in_process::{{closure}}::h0e39181dd7ee5a43
[INFO] [stdout]                                at /rustc/90b35a6239c3d8bdabc530a6a0816f7ff89a0aaf/library/test/src/lib.rs:644:60
[INFO] [stdout]   27:     0x60f47188c307 - <core::panic::unwind_safe::AssertUnwindSafe<F> as core::ops::function::FnOnce<()>>::call_once::hc5a66a30f0bdfd1f
[INFO] [stdout]                                at /rustc/90b35a6239c3d8bdabc530a6a0816f7ff89a0aaf/library/core/src/panic/unwind_safe.rs:272:9
[INFO] [stdout]   28:     0x60f47188c307 - std::panicking::try::do_call::h873b7cf639554a5e
[INFO] [stdout]                                at /rustc/90b35a6239c3d8bdabc530a6a0816f7ff89a0aaf/library/std/src/panicking.rs:557:40
[INFO] [stdout]   29:     0x60f47188c307 - std::panicking::try::hdb19862fad9c8bd1
[INFO] [stdout]                                at /rustc/90b35a6239c3d8bdabc530a6a0816f7ff89a0aaf/library/std/src/panicking.rs:520:19
[INFO] [stdout]   30:     0x60f47188c307 - std::panic::catch_unwind::h281fe732d236d260
[INFO] [stdout]                                at /rustc/90b35a6239c3d8bdabc530a6a0816f7ff89a0aaf/library/std/src/panic.rs:358:14
[INFO] [stdout]   31:     0x60f47188c307 - test::run_test_in_process::h949b6df8457ed338
[INFO] [stdout]                                at /rustc/90b35a6239c3d8bdabc530a6a0816f7ff89a0aaf/library/test/src/lib.rs:644:27
[INFO] [stdout]   32:     0x60f47188c307 - test::run_test::{{closure}}::h52c556a6d4740e10
[INFO] [stdout]                                at /rustc/90b35a6239c3d8bdabc530a6a0816f7ff89a0aaf/library/test/src/lib.rs:565:43
[INFO] [stdout]   33:     0x60f4718515e4 - test::run_test::{{closure}}::h4237f6381c45ccb9
[INFO] [stdout]                                at /rustc/90b35a6239c3d8bdabc530a6a0816f7ff89a0aaf/library/test/src/lib.rs:595:41
[INFO] [stdout]   34:     0x60f4718515e4 - std::sys::backtrace::__rust_begin_short_backtrace::h505c97a579eca628
[INFO] [stdout]                                at /rustc/90b35a6239c3d8bdabc530a6a0816f7ff89a0aaf/library/std/src/sys/backtrace.rs:154:18
[INFO] [stdout]   35:     0x60f471854cae - std::thread::Builder::spawn_unchecked_::{{closure}}::{{closure}}::h9e86b2e2bc107ea3
[INFO] [stdout]                                at /rustc/90b35a6239c3d8bdabc530a6a0816f7ff89a0aaf/library/std/src/thread/mod.rs:538:17
[INFO] [stdout]   36:     0x60f471854cae - <core::panic::unwind_safe::AssertUnwindSafe<F> as core::ops::function::FnOnce<()>>::call_once::h8b06ddb275ff4a25
[INFO] [stdout]                                at /rustc/90b35a6239c3d8bdabc530a6a0816f7ff89a0aaf/library/core/src/panic/unwind_safe.rs:272:9
[INFO] [stdout]   37:     0x60f471854cae - std::panicking::try::do_call::hb26ecd7cd9a9355d
[INFO] [stdout]                                at /rustc/90b35a6239c3d8bdabc530a6a0816f7ff89a0aaf/library/std/src/panicking.rs:557:40
[INFO] [stdout]   38:     0x60f471854cae - std::panicking::try::h8ddeca9d705f9069
[INFO] [stdout]                                at /rustc/90b35a6239c3d8bdabc530a6a0816f7ff89a0aaf/library/std/src/panicking.rs:520:19
[INFO] [stdout]   39:     0x60f471854cae - std::panic::catch_unwind::h49e1c33078844c46
[INFO] [stdout]                                at /rustc/90b35a6239c3d8bdabc530a6a0816f7ff89a0aaf/library/std/src/panic.rs:358:14
[INFO] [stdout]   40:     0x60f471854cae - std::thread::Builder::spawn_unchecked_::{{closure}}::h6073db6ff56ad35d
[INFO] [stdout]                                at /rustc/90b35a6239c3d8bdabc530a6a0816f7ff89a0aaf/library/std/src/thread/mod.rs:537:30
[INFO] [stdout]   41:     0x60f471854cae - core::ops::function::FnOnce::call_once{{vtable.shim}}::h2c5a5f3779c774f1
[INFO] [stdout]                                at /rustc/90b35a6239c3d8bdabc530a6a0816f7ff89a0aaf/library/core/src/ops/function.rs:250:5
[INFO] [stdout]   42:     0x60f471c6706b - <alloc::boxed::Box<F,A> as core::ops::function::FnOnce<Args>>::call_once::hf75717d9f28faebf
[INFO] [stdout]                                at /rustc/90b35a6239c3d8bdabc530a6a0816f7ff89a0aaf/library/alloc/src/boxed.rs:2454:9
[INFO] [stdout]   43:     0x60f471c6706b - <alloc::boxed::Box<F,A> as core::ops::function::FnOnce<Args>>::call_once::h7bd883a5f3c5f3c1
[INFO] [stdout]                                at /rustc/90b35a6239c3d8bdabc530a6a0816f7ff89a0aaf/library/alloc/src/boxed.rs:2454:9
[INFO] [stdout]   44:     0x60f471c6706b - std::sys::pal::unix::thread::Thread::new::thread_start::hcc78f3943333fa94
[INFO] [stdout]                                at /rustc/90b35a6239c3d8bdabc530a6a0816f7ff89a0aaf/library/std/src/sys/pal/unix/thread.rs:105:17
[INFO] [stdout]   45:     0x70a9ed797ac3 - <unknown>
[INFO] [stdout]   46:     0x70a9ed828a04 - clone
[INFO] [stdout]   47:                0x0 - <unknown>
[INFO] [stdout] 
[INFO] [stdout] 
[INFO] [stdout] failures:
[INFO] [stdout]     optimiser::badger::qtz_circuit::tests::test_read_complete
[INFO] [stdout]     optimiser::badger::qtz_circuit::tests::test_read_rep
[INFO] [stdout]     passes::pytket::test::test_pytket_lowering::case_1_guppy_like_circuit
[INFO] [stdout]     serialize::pytket::tests::json_file_roundtrip::case_1_barenco_tof_10
[INFO] [stdout] 
[INFO] [stdout] test result: FAILED. 89 passed; 4 failed; 0 ignored; 0 measured; 0 filtered out; finished in 0.34s
[INFO] [stdout] 
[INFO] [stderr] error: test failed, to rerun pass `--lib`
[INFO] running `Command { std: "docker" "inspect" "003f3191ad4f8f7b22b0dd9072601de080b67214bd1d8ebc495bd06abd0735f4", kill_on_drop: false }`
[INFO] running `Command { std: "docker" "rm" "-f" "003f3191ad4f8f7b22b0dd9072601de080b67214bd1d8ebc495bd06abd0735f4", kill_on_drop: false }`
[INFO] [stdout] 003f3191ad4f8f7b22b0dd9072601de080b67214bd1d8ebc495bd06abd0735f4
